{"version":"1.0","provider_name":"Creative Ireland Programme","provider_url":"https:\/\/www.creativeireland.gov.ie\/en\/","title":"Michael O Cleirigh Summer School - Creative Ireland Programme","type":"rich","width":600,"height":338,"html":"<blockquote class=\"wp-embedded-content\" data-secret=\"iAQZcffRTo\"><a href=\"https:\/\/www.creativeireland.gov.ie\/en\/event\/michael-o-cleirigh-summer-school-2\/\">Michael O Cleirigh Summer School<\/a><\/blockquote><iframe sandbox=\"allow-scripts\" security=\"restricted\" src=\"https:\/\/www.creativeireland.gov.ie\/en\/event\/michael-o-cleirigh-summer-school-2\/embed\/#?secret=iAQZcffRTo\" width=\"600\" height=\"338\" title=\"&#8220;Michael O Cleirigh Summer School&#8221; &#8212; Creative Ireland Programme\" data-secret=\"iAQZcffRTo\" frameborder=\"0\" marginwidth=\"0\" marginheight=\"0\" scrolling=\"no\" class=\"wp-embedded-content\"><\/iframe><script type=\"text\/javascript\">\n\/* <![CDATA[ *\/\n\/*! This file is auto-generated *\/\n!function(d,l){\"use strict\";l.querySelector&&d.addEventListener&&\"undefined\"!=typeof URL&&(d.wp=d.wp||{},d.wp.receiveEmbedMessage||(d.wp.receiveEmbedMessage=function(e){var t=e.data;if((t||t.secret||t.message||t.value)&&!\/[^a-zA-Z0-9]\/.test(t.secret)){for(var s,r,n,a=l.querySelectorAll('iframe[data-secret=\"'+t.secret+'\"]'),o=l.querySelectorAll('blockquote[data-secret=\"'+t.secret+'\"]'),c=new RegExp(\"^https?:$\",\"i\"),i=0;i<o.length;i++)o[i].style.display=\"none\";for(i=0;i<a.length;i++)s=a[i],e.source===s.contentWindow&&(s.removeAttribute(\"style\"),\"height\"===t.message?(1e3<(r=parseInt(t.value,10))?r=1e3:~~r<200&&(r=200),s.height=r):\"link\"===t.message&&(r=new URL(s.getAttribute(\"src\")),n=new URL(t.value),c.test(n.protocol))&&n.host===r.host&&l.activeElement===s&&(d.top.location.href=t.value))}},d.addEventListener(\"message\",d.wp.receiveEmbedMessage,!1),l.addEventListener(\"DOMContentLoaded\",function(){for(var e,t,s=l.querySelectorAll(\"iframe.wp-embedded-content\"),r=0;r<s.length;r++)(t=(e=s[r]).getAttribute(\"data-secret\"))||(t=Math.random().toString(36).substring(2,12),e.src+=\"#?secret=\"+t,e.setAttribute(\"data-secret\",t)),e.contentWindow.postMessage({message:\"ready\",secret:t},\"*\")},!1)))}(window,document);\n\/* ]]> *\/\n<\/script>\n","thumbnail_url":"https:\/\/www.creativeireland.gov.ie\/app\/uploads\/2024\/07\/moc-2024-january-2024-2-768x291.jpg","thumbnail_width":600,"thumbnail_height":227,"description":"The 2024 M\u00edche\u00e1l \u00d3 Cl\u00e9irigh Summer School was held over the weekend of Friday 10th to Sunday 12th May. The School was established in Rossnowlagh in 2013. The first Summer School took place on 17th May, 2014. The purpose of the school\u00a0 is to celebrate the life and achievements of M\u00edche\u00e1l \u00d3 Cl\u00e9irigh and his [&hellip;]"}

The 2024 Mícheál Ó Cléirigh Summer School was held over the weekend of Friday 10th to Sunday 12th May. The School was established in Rossnowlagh in 2013. The first Summer School took place on 17th May, 2014. The purpose of the school  is to celebrate the life and achievements of Mícheál Ó Cléirigh and his [&hellip;]
