{"id":10527,"date":"2020-06-26T03:03:33","date_gmt":"2020-06-26T02:03:33","guid":{"rendered":"https:\/\/www.creativeireland.gov.ie\/event\/o-ghluin-go-gluin\/"},"modified":"2020-06-26T03:03:33","modified_gmt":"2020-06-26T02:03:33","slug":"o-ghluin-go-gluin","status":"publish","type":"event","link":"https:\/\/www.creativeireland.gov.ie\/en\/event\/o-ghluin-go-gluin\/","title":{"rendered":"\u00d3 Ghl\u00fain go Gl\u00fain"},"content":{"rendered":"<p><span><span><span><span><span><span>\u00d3 Ghl\u00fain go Gl\u00fain (from generation to generation) is a special inter-generational creative project which involves the transfer of traditional craft of quilting and patchwork with primary school children, in creating sensory fidget cushions for older residents of the local nursing home. <\/span><\/span><\/span><\/span><\/span><\/span><\/p>\n<p><span><span><span><span><span><span>Fifth and sixth class pupils from Leitirmeall\u00e1in Primary School will have an opportunity to learn a craft handed down from their grandparents generation in creating these special twiddle cushions in collaboration with the local quilting group.\u00a0<\/span><\/span><\/span><\/span><\/span><\/span><\/p>\n<p><span><span><span><span><span><span>Under the guidance of an artist from the Irish Patchwork Society, the cushions with soft materials and feature sensory attachments are designed to alleviate stress and restlessness and bring comfort to older people living with dementia and Alzheimers.\u00a0 <\/span><\/span><\/span><\/span><\/span><\/span><\/p>\n","protected":false},"author":0,"featured_media":10528,"template":"","class_list":["post-10527","event","type-event","status-publish","has-post-thumbnail","hentry"],"acf":[],"yoast_head":"<!-- This site is optimized with the Yoast SEO plugin v25.9 - https:\/\/yoast.com\/wordpress\/plugins\/seo\/ -->\n<title>\u00d3 Ghl\u00fain go Gl\u00fain - Creative Ireland Programme<\/title>\n<meta name=\"description\" content=\"\u00d3 Ghl\u00fain go Gl\u00fain (from generation to generation) is a special inter-generational creative project which involves the transfer of traditional craft of quilting and patchwork with primary school children, in creating sensory fidget cushions for older residents of the local nursing home.\" \/>\n<meta name=\"robots\" content=\"index, follow, max-snippet:-1, max-image-preview:large, max-video-preview:-1\" \/>\n<link rel=\"canonical\" href=\"https:\/\/www.creativeireland.gov.ie\/en\/event\/o-ghluin-go-gluin\/\" \/>\n<meta property=\"og:locale\" content=\"en_US\" \/>\n<meta property=\"og:type\" content=\"article\" \/>\n<meta property=\"og:title\" content=\"\u00d3 Ghl\u00fain go Gl\u00fain - Creative Ireland Programme\" \/>\n<meta property=\"og:description\" content=\"\u00d3 Ghl\u00fain go Gl\u00fain (from generation to generation) is a special inter-generational creative project which involves the transfer of traditional craft of quilting and patchwork with primary school children, in creating sensory fidget cushions for older residents of the local nursing home. Fifth and sixth class pupils from Leitirmeall\u00e1in Primary School will have an opportunity [&hellip;]\" \/>\n<meta property=\"og:url\" content=\"https:\/\/www.creativeireland.gov.ie\/en\/event\/o-ghluin-go-gluin\/\" \/>\n<meta property=\"og:site_name\" content=\"Creative Ireland Programme\" \/>\n<meta property=\"article:publisher\" content=\"https:\/\/www.facebook.com\/CreativeIrl\/\" \/>\n<meta property=\"og:image\" content=\"https:\/\/www.creativeireland.gov.ie\/app\/uploads\/2020\/06\/nessa-mcmahon-marian-kavanagh.jpg\" \/>\n\t<meta property=\"og:image:width\" content=\"974\" \/>\n\t<meta property=\"og:image:height\" content=\"528\" \/>\n\t<meta property=\"og:image:type\" content=\"image\/jpeg\" \/>\n<meta name=\"twitter:card\" content=\"summary_large_image\" \/>\n<meta name=\"twitter:site\" content=\"@creativeirl\" \/>\n<meta name=\"twitter:label1\" content=\"Est. reading time\" \/>\n\t<meta name=\"twitter:data1\" content=\"1 minute\" \/>\n<script type=\"application\/ld+json\" class=\"yoast-schema-graph\">{\"@context\":\"https:\/\/schema.org\",\"@graph\":[{\"@type\":\"WebPage\",\"@id\":\"https:\/\/www.creativeireland.gov.ie\/en\/event\/o-ghluin-go-gluin\/\",\"url\":\"https:\/\/www.creativeireland.gov.ie\/en\/event\/o-ghluin-go-gluin\/\",\"name\":\"\u00d3 Ghl\u00fain go Gl\u00fain - Creative Ireland Programme\",\"isPartOf\":{\"@id\":\"https:\/\/www.creativeireland.gov.ie\/en\/#website\"},\"primaryImageOfPage\":{\"@id\":\"https:\/\/www.creativeireland.gov.ie\/en\/event\/o-ghluin-go-gluin\/#primaryimage\"},\"image\":{\"@id\":\"https:\/\/www.creativeireland.gov.ie\/en\/event\/o-ghluin-go-gluin\/#primaryimage\"},\"thumbnailUrl\":\"https:\/\/www.creativeireland.gov.ie\/app\/uploads\/2020\/06\/nessa-mcmahon-marian-kavanagh.jpg\",\"datePublished\":\"2020-06-26T02:03:33+00:00\",\"breadcrumb\":{\"@id\":\"https:\/\/www.creativeireland.gov.ie\/en\/event\/o-ghluin-go-gluin\/#breadcrumb\"},\"inLanguage\":\"en-US\",\"potentialAction\":[{\"@type\":\"ReadAction\",\"target\":[\"https:\/\/www.creativeireland.gov.ie\/en\/event\/o-ghluin-go-gluin\/\"]}]},{\"@type\":\"ImageObject\",\"inLanguage\":\"en-US\",\"@id\":\"https:\/\/www.creativeireland.gov.ie\/en\/event\/o-ghluin-go-gluin\/#primaryimage\",\"url\":\"https:\/\/www.creativeireland.gov.ie\/app\/uploads\/2020\/06\/nessa-mcmahon-marian-kavanagh.jpg\",\"contentUrl\":\"https:\/\/www.creativeireland.gov.ie\/app\/uploads\/2020\/06\/nessa-mcmahon-marian-kavanagh.jpg\",\"width\":974,\"height\":528},{\"@type\":\"BreadcrumbList\",\"@id\":\"https:\/\/www.creativeireland.gov.ie\/en\/event\/o-ghluin-go-gluin\/#breadcrumb\",\"itemListElement\":[{\"@type\":\"ListItem\",\"position\":1,\"name\":\"Home\",\"item\":\"https:\/\/www.creativeireland.gov.ie\/en\/\"},{\"@type\":\"ListItem\",\"position\":2,\"name\":\"\u00d3 Ghl\u00fain go Gl\u00fain\"}]},{\"@type\":\"WebSite\",\"@id\":\"https:\/\/www.creativeireland.gov.ie\/en\/#website\",\"url\":\"https:\/\/www.creativeireland.gov.ie\/en\/\",\"name\":\"Creative Ireland Programme\",\"description\":\"The Creative Ireland Programme is guided by a vision that every person in Ireland will have the opportunity to realise their full creative potential. It is a five year all-of-Government initiative, from 2017 to 2022, to place creativity at the centre of public policy.\",\"potentialAction\":[{\"@type\":\"SearchAction\",\"target\":{\"@type\":\"EntryPoint\",\"urlTemplate\":\"https:\/\/www.creativeireland.gov.ie\/en\/?s={search_term_string}\"},\"query-input\":{\"@type\":\"PropertyValueSpecification\",\"valueRequired\":true,\"valueName\":\"search_term_string\"}}],\"inLanguage\":\"en-US\"}]}<\/script>\n<!-- \/ Yoast SEO plugin. -->","yoast_head_json":{"title":"\u00d3 Ghl\u00fain go Gl\u00fain - Creative Ireland Programme","description":"\u00d3 Ghl\u00fain go Gl\u00fain (from generation to generation) is a special inter-generational creative project which involves the transfer of traditional craft of quilting and patchwork with primary school children, in creating sensory fidget cushions for older residents of the local nursing home.","robots":{"index":"index","follow":"follow","max-snippet":"max-snippet:-1","max-image-preview":"max-image-preview:large","max-video-preview":"max-video-preview:-1"},"canonical":"https:\/\/www.creativeireland.gov.ie\/en\/event\/o-ghluin-go-gluin\/","og_locale":"en_US","og_type":"article","og_title":"\u00d3 Ghl\u00fain go Gl\u00fain - Creative Ireland Programme","og_description":"\u00d3 Ghl\u00fain go Gl\u00fain (from generation to generation) is a special inter-generational creative project which involves the transfer of traditional craft of quilting and patchwork with primary school children, in creating sensory fidget cushions for older residents of the local nursing home. Fifth and sixth class pupils from Leitirmeall\u00e1in Primary School will have an opportunity [&hellip;]","og_url":"https:\/\/www.creativeireland.gov.ie\/en\/event\/o-ghluin-go-gluin\/","og_site_name":"Creative Ireland Programme","article_publisher":"https:\/\/www.facebook.com\/CreativeIrl\/","og_image":[{"width":974,"height":528,"url":"https:\/\/www.creativeireland.gov.ie\/app\/uploads\/2020\/06\/nessa-mcmahon-marian-kavanagh.jpg","type":"image\/jpeg"}],"twitter_card":"summary_large_image","twitter_site":"@creativeirl","twitter_misc":{"Est. reading time":"1 minute"},"schema":{"@context":"https:\/\/schema.org","@graph":[{"@type":"WebPage","@id":"https:\/\/www.creativeireland.gov.ie\/en\/event\/o-ghluin-go-gluin\/","url":"https:\/\/www.creativeireland.gov.ie\/en\/event\/o-ghluin-go-gluin\/","name":"\u00d3 Ghl\u00fain go Gl\u00fain - Creative Ireland Programme","isPartOf":{"@id":"https:\/\/www.creativeireland.gov.ie\/en\/#website"},"primaryImageOfPage":{"@id":"https:\/\/www.creativeireland.gov.ie\/en\/event\/o-ghluin-go-gluin\/#primaryimage"},"image":{"@id":"https:\/\/www.creativeireland.gov.ie\/en\/event\/o-ghluin-go-gluin\/#primaryimage"},"thumbnailUrl":"https:\/\/www.creativeireland.gov.ie\/app\/uploads\/2020\/06\/nessa-mcmahon-marian-kavanagh.jpg","datePublished":"2020-06-26T02:03:33+00:00","breadcrumb":{"@id":"https:\/\/www.creativeireland.gov.ie\/en\/event\/o-ghluin-go-gluin\/#breadcrumb"},"inLanguage":"en-US","potentialAction":[{"@type":"ReadAction","target":["https:\/\/www.creativeireland.gov.ie\/en\/event\/o-ghluin-go-gluin\/"]}]},{"@type":"ImageObject","inLanguage":"en-US","@id":"https:\/\/www.creativeireland.gov.ie\/en\/event\/o-ghluin-go-gluin\/#primaryimage","url":"https:\/\/www.creativeireland.gov.ie\/app\/uploads\/2020\/06\/nessa-mcmahon-marian-kavanagh.jpg","contentUrl":"https:\/\/www.creativeireland.gov.ie\/app\/uploads\/2020\/06\/nessa-mcmahon-marian-kavanagh.jpg","width":974,"height":528},{"@type":"BreadcrumbList","@id":"https:\/\/www.creativeireland.gov.ie\/en\/event\/o-ghluin-go-gluin\/#breadcrumb","itemListElement":[{"@type":"ListItem","position":1,"name":"Home","item":"https:\/\/www.creativeireland.gov.ie\/en\/"},{"@type":"ListItem","position":2,"name":"\u00d3 Ghl\u00fain go Gl\u00fain"}]},{"@type":"WebSite","@id":"https:\/\/www.creativeireland.gov.ie\/en\/#website","url":"https:\/\/www.creativeireland.gov.ie\/en\/","name":"Creative Ireland Programme","description":"The Creative Ireland Programme is guided by a vision that every person in Ireland will have the opportunity to realise their full creative potential. It is a five year all-of-Government initiative, from 2017 to 2022, to place creativity at the centre of public policy.","potentialAction":[{"@type":"SearchAction","target":{"@type":"EntryPoint","urlTemplate":"https:\/\/www.creativeireland.gov.ie\/en\/?s={search_term_string}"},"query-input":{"@type":"PropertyValueSpecification","valueRequired":true,"valueName":"search_term_string"}}],"inLanguage":"en-US"}]}},"_links":{"self":[{"href":"https:\/\/www.creativeireland.gov.ie\/en\/wp-json\/wp\/v2\/event\/10527","targetHints":{"allow":["GET"]}}],"collection":[{"href":"https:\/\/www.creativeireland.gov.ie\/en\/wp-json\/wp\/v2\/event"}],"about":[{"href":"https:\/\/www.creativeireland.gov.ie\/en\/wp-json\/wp\/v2\/types\/event"}],"wp:featuredmedia":[{"embeddable":true,"href":"https:\/\/www.creativeireland.gov.ie\/en\/wp-json\/wp\/v2\/media\/10528"}],"wp:attachment":[{"href":"https:\/\/www.creativeireland.gov.ie\/en\/wp-json\/wp\/v2\/media?parent=10527"}],"curies":[{"name":"wp","href":"https:\/\/api.w.org\/{rel}","templated":true}]}}

Ó Ghlúin go Glúin

<p><span><span><span><span><span><span>Ó Ghlúin go Glúin (from generation to generation) is a special inter-generational creative project which involves the transfer of traditional craft of quilting and patchwork with primary school children, in creating sensory fidget cushions for older residents of the local nursing home. </span></span></span></span></span></span></p>
<p><span><span><span><span><span><span>Fifth and sixth class pupils from Leitirmealláin Primary School will have an opportunity to learn a craft handed down from their grandparents generation in creating these special twiddle cushions in collaboration with the local quilting group. </span></span></span></span></span></span></p>
<p><span><span><span><span><span><span>Under the guidance of an artist from the Irish Patchwork Society, the cushions with soft materials and feature sensory attachments are designed to alleviate stress and restlessness and bring comfort to older people living with dementia and Alzheimers.  </span></span></span></span></span></span></p>

<!-- This site is optimized with the Yoast SEO plugin v25.9 - https://yoast.com/wordpress/plugins/seo/ -->
<title>Ó Ghlúin go Glúin - Creative Ireland Programme</title>
<meta name="description" content="Ó Ghlúin go Glúin (from generation to generation) is a special inter-generational creative project which involves the transfer of traditional craft of quilting and patchwork with primary school children, in creating sensory fidget cushions for older residents of the local nursing home." />
<meta name="robots" content="index, follow, max-snippet:-1, max-image-preview:large, max-video-preview:-1" />
<link rel="canonical" href="https://www.creativeireland.gov.ie/en/event/o-ghluin-go-gluin/" />
<meta property="og:locale" content="en_US" />
<meta property="og:type" content="article" />
<meta property="og:title" content="Ó Ghlúin go Glúin - Creative Ireland Programme" />
<meta property="og:description" content="Ó Ghlúin go Glúin (from generation to generation) is a special inter-generational creative project which involves the transfer of traditional craft of quilting and patchwork with primary school children, in creating sensory fidget cushions for older residents of the local nursing home. Fifth and sixth class pupils from Leitirmealláin Primary School will have an opportunity [&hellip;]" />
<meta property="og:url" content="https://www.creativeireland.gov.ie/en/event/o-ghluin-go-gluin/" />
<meta property="og:site_name" content="Creative Ireland Programme" />
<meta property="article:publisher" content="https://www.facebook.com/CreativeIrl/" />
<meta property="og:image" content="https://www.creativeireland.gov.ie/app/uploads/2020/06/nessa-mcmahon-marian-kavanagh.jpg" />
	<meta property="og:image:width" content="974" />
	<meta property="og:image:height" content="528" />
	<meta property="og:image:type" content="image/jpeg" />
<meta name="twitter:card" content="summary_large_image" />
<meta name="twitter:site" content="@creativeirl" />
<meta name="twitter:label1" content="Est. reading time" />
	<meta name="twitter:data1" content="1 minute" />
<script type="application/ld+json" class="yoast-schema-graph">{"@context":"https://schema.org","@graph":[{"@type":"WebPage","@id":"https://www.creativeireland.gov.ie/en/event/o-ghluin-go-gluin/","url":"https://www.creativeireland.gov.ie/en/event/o-ghluin-go-gluin/","name":"Ó Ghlúin go Glúin - Creative Ireland Programme","isPartOf":{"@id":"https://www.creativeireland.gov.ie/en/#website"},"primaryImageOfPage":{"@id":"https://www.creativeireland.gov.ie/en/event/o-ghluin-go-gluin/#primaryimage"},"image":{"@id":"https://www.creativeireland.gov.ie/en/event/o-ghluin-go-gluin/#primaryimage"},"thumbnailUrl":"https://www.creativeireland.gov.ie/app/uploads/2020/06/nessa-mcmahon-marian-kavanagh.jpg","datePublished":"2020-06-26T02:03:33+00:00","breadcrumb":{"@id":"https://www.creativeireland.gov.ie/en/event/o-ghluin-go-gluin/#breadcrumb"},"inLanguage":"en-US","potentialAction":[{"@type":"ReadAction","target":["https://www.creativeireland.gov.ie/en/event/o-ghluin-go-gluin/"]}]},{"@type":"ImageObject","inLanguage":"en-US","@id":"https://www.creativeireland.gov.ie/en/event/o-ghluin-go-gluin/#primaryimage","url":"https://www.creativeireland.gov.ie/app/uploads/2020/06/nessa-mcmahon-marian-kavanagh.jpg","contentUrl":"https://www.creativeireland.gov.ie/app/uploads/2020/06/nessa-mcmahon-marian-kavanagh.jpg","width":974,"height":528},{"@type":"BreadcrumbList","@id":"https://www.creativeireland.gov.ie/en/event/o-ghluin-go-gluin/#breadcrumb","itemListElement":[{"@type":"ListItem","position":1,"name":"Home","item":"https://www.creativeireland.gov.ie/en/"},{"@type":"ListItem","position":2,"name":"Ó Ghlúin go Glúin"}]},{"@type":"WebSite","@id":"https://www.creativeireland.gov.ie/en/#website","url":"https://www.creativeireland.gov.ie/en/","name":"Creative Ireland Programme","description":"The Creative Ireland Programme is guided by a vision that every person in Ireland will have the opportunity to realise their full creative potential. It is a five year all-of-Government initiative, from 2017 to 2022, to place creativity at the centre of public policy.","potentialAction":[{"@type":"SearchAction","target":{"@type":"EntryPoint","urlTemplate":"https://www.creativeireland.gov.ie/en/?s={search_term_string}"},"query-input":{"@type":"PropertyValueSpecification","valueRequired":true,"valueName":"search_term_string"}}],"inLanguage":"en-US"}]}</script>
<!-- / Yoast SEO plugin. -->

Ó Ghlúin go Glúin - Creative Ireland Programme

Ó Ghlúin go Glúin (from generation to generation) is a special inter-generational creative project which involves the transfer of traditional craft of quilting and patchwork with primary school children, in creating sensory fidget cushions for older residents of the local nursing home.

Ó Ghlúin go Glúin (from generation to generation) is a special inter-generational creative project which involves the transfer of traditional craft of quilting and patchwork with primary school children, in creating sensory fidget cushions for older residents of the local nursing home. Fifth and sixth class pupils from Leitirmealláin Primary School will have an opportunity [&hellip;]
