{"id":10557,"date":"2020-07-02T03:04:35","date_gmt":"2020-07-02T02:04:35","guid":{"rendered":"https:\/\/www.creativeireland.gov.ie\/event\/peacog-feile-ealaine-don-oige\/"},"modified":"2020-07-02T03:04:35","modified_gmt":"2020-07-02T02:04:35","slug":"peacog-feile-ealaine-don-oige","status":"publish","type":"event","link":"https:\/\/www.creativeireland.gov.ie\/en\/event\/peacog-feile-ealaine-don-oige\/","title":{"rendered":"P\u00e9ac\u00f3g \u2013 F\u00e9ile Eala\u00edne don \u00d3ige"},"content":{"rendered":"<p><span><span><span>The &#8216;P\u00e9ac\u00f3g&#8217; Art Festival is a bilingual art festival for young people, by young people. The aim is to empower young artists by giving them a stage on which they can create and express themselves in Irish or English. Through their participation in workshops, open mics and events, they will strengthen their artistic skills and gain the opportunity to meet like-minded individuals. The festival hopes to achieve a sense of community in which young people can feel comfortable to practise a gcuid Gaeilge!<\/span><\/span><\/span><\/p>\n<p><span><span><span>The festival will include an art competition to give each participant an opportunity to have their work showcased in our exhibition. <\/span><\/span><\/span><\/p>\n<p><span><span><span>There will be an Open Mic\/Mic\u00a0Oscailte on the 27th November, to give young artists an <em>ard\u00e1n <\/em>so they can express themselves as Gaeilge or in English. Sean-n\u00f3s singers, spoken word poets, amateur actors, dancers of all kinds and anyone with a desire to express are all welcome.<\/span><\/span><\/span><\/p>\n<p><span><span><span>Workshops will be provided to help young people learn new creative skills in the freest and most enjoyable way possible. <\/span><\/span><\/span><\/p>\n<p><span><span><span>Our main aim is to give young people a stage to express themselves, to free their creative spirit, all while embracing the Irish language. As young people ourselves, we live by the motto \u2018by young people, for young people\u2019, and hope that this is reflected in our work. <\/span><\/span><\/span><\/p>\n<p><span><span><span><em>Mar a deir an seanfhocal &#8211; Mol an \u00f3ige agus tiocfaidh s\u00ed!<\/em><\/span><\/span><\/span><\/p>\n<p>\u00a0<\/p>\n<p>\u00a0<\/p>\n","protected":false},"author":0,"featured_media":10558,"template":"","class_list":["post-10557","event","type-event","status-publish","has-post-thumbnail","hentry"],"acf":[],"yoast_head":"<!-- This site is optimized with the Yoast SEO plugin v25.9 - https:\/\/yoast.com\/wordpress\/plugins\/seo\/ -->\n<title>P\u00e9ac\u00f3g \u2013 F\u00e9ile Eala\u00edne don \u00d3ige - Creative Ireland Programme<\/title>\n<meta name=\"description\" content=\"The &#039;P\u00e9ac\u00f3g&#039; Art Festival is a bilingual art festival for young people, by young people.\" \/>\n<meta name=\"robots\" content=\"index, follow, max-snippet:-1, max-image-preview:large, max-video-preview:-1\" \/>\n<link rel=\"canonical\" href=\"https:\/\/www.creativeireland.gov.ie\/en\/event\/peacog-feile-ealaine-don-oige\/\" \/>\n<meta property=\"og:locale\" content=\"en_US\" \/>\n<meta property=\"og:type\" content=\"article\" \/>\n<meta property=\"og:title\" content=\"P\u00e9ac\u00f3g \u2013 F\u00e9ile Eala\u00edne don \u00d3ige - Creative Ireland Programme\" \/>\n<meta property=\"og:description\" content=\"The &#8216;P\u00e9ac\u00f3g&#8217; Art Festival is a bilingual art festival for young people, by young people. The aim is to empower young artists by giving them a stage on which they can create and express themselves in Irish or English. Through their participation in workshops, open mics and events, they will strengthen their artistic skills and [&hellip;]\" \/>\n<meta property=\"og:url\" content=\"https:\/\/www.creativeireland.gov.ie\/en\/event\/peacog-feile-ealaine-don-oige\/\" \/>\n<meta property=\"og:site_name\" content=\"Creative Ireland Programme\" \/>\n<meta property=\"article:publisher\" content=\"https:\/\/www.facebook.com\/CreativeIrl\/\" \/>\n<meta property=\"og:image\" content=\"https:\/\/www.creativeireland.gov.ie\/app\/uploads\/2020\/07\/peacog-festival.jpg\" \/>\n\t<meta property=\"og:image:width\" content=\"750\" \/>\n\t<meta property=\"og:image:height\" content=\"500\" \/>\n\t<meta property=\"og:image:type\" content=\"image\/jpeg\" \/>\n<meta name=\"twitter:card\" content=\"summary_large_image\" \/>\n<meta name=\"twitter:site\" content=\"@creativeirl\" \/>\n<meta name=\"twitter:label1\" content=\"Est. reading time\" \/>\n\t<meta name=\"twitter:data1\" content=\"1 minute\" \/>\n<script type=\"application\/ld+json\" class=\"yoast-schema-graph\">{\"@context\":\"https:\/\/schema.org\",\"@graph\":[{\"@type\":\"WebPage\",\"@id\":\"https:\/\/www.creativeireland.gov.ie\/en\/event\/peacog-feile-ealaine-don-oige\/\",\"url\":\"https:\/\/www.creativeireland.gov.ie\/en\/event\/peacog-feile-ealaine-don-oige\/\",\"name\":\"P\u00e9ac\u00f3g \u2013 F\u00e9ile Eala\u00edne don \u00d3ige - Creative Ireland Programme\",\"isPartOf\":{\"@id\":\"https:\/\/www.creativeireland.gov.ie\/en\/#website\"},\"primaryImageOfPage\":{\"@id\":\"https:\/\/www.creativeireland.gov.ie\/en\/event\/peacog-feile-ealaine-don-oige\/#primaryimage\"},\"image\":{\"@id\":\"https:\/\/www.creativeireland.gov.ie\/en\/event\/peacog-feile-ealaine-don-oige\/#primaryimage\"},\"thumbnailUrl\":\"https:\/\/www.creativeireland.gov.ie\/app\/uploads\/2020\/07\/peacog-festival.jpg\",\"datePublished\":\"2020-07-02T02:04:35+00:00\",\"breadcrumb\":{\"@id\":\"https:\/\/www.creativeireland.gov.ie\/en\/event\/peacog-feile-ealaine-don-oige\/#breadcrumb\"},\"inLanguage\":\"en-US\",\"potentialAction\":[{\"@type\":\"ReadAction\",\"target\":[\"https:\/\/www.creativeireland.gov.ie\/en\/event\/peacog-feile-ealaine-don-oige\/\"]}]},{\"@type\":\"ImageObject\",\"inLanguage\":\"en-US\",\"@id\":\"https:\/\/www.creativeireland.gov.ie\/en\/event\/peacog-feile-ealaine-don-oige\/#primaryimage\",\"url\":\"https:\/\/www.creativeireland.gov.ie\/app\/uploads\/2020\/07\/peacog-festival.jpg\",\"contentUrl\":\"https:\/\/www.creativeireland.gov.ie\/app\/uploads\/2020\/07\/peacog-festival.jpg\",\"width\":750,\"height\":500},{\"@type\":\"BreadcrumbList\",\"@id\":\"https:\/\/www.creativeireland.gov.ie\/en\/event\/peacog-feile-ealaine-don-oige\/#breadcrumb\",\"itemListElement\":[{\"@type\":\"ListItem\",\"position\":1,\"name\":\"Home\",\"item\":\"https:\/\/www.creativeireland.gov.ie\/en\/\"},{\"@type\":\"ListItem\",\"position\":2,\"name\":\"P\u00e9ac\u00f3g \u2013 F\u00e9ile Eala\u00edne don \u00d3ige\"}]},{\"@type\":\"WebSite\",\"@id\":\"https:\/\/www.creativeireland.gov.ie\/en\/#website\",\"url\":\"https:\/\/www.creativeireland.gov.ie\/en\/\",\"name\":\"Creative Ireland Programme\",\"description\":\"The Creative Ireland Programme is guided by a vision that every person in Ireland will have the opportunity to realise their full creative potential. It is a five year all-of-Government initiative, from 2017 to 2022, to place creativity at the centre of public policy.\",\"potentialAction\":[{\"@type\":\"SearchAction\",\"target\":{\"@type\":\"EntryPoint\",\"urlTemplate\":\"https:\/\/www.creativeireland.gov.ie\/en\/?s={search_term_string}\"},\"query-input\":{\"@type\":\"PropertyValueSpecification\",\"valueRequired\":true,\"valueName\":\"search_term_string\"}}],\"inLanguage\":\"en-US\"}]}<\/script>\n<!-- \/ Yoast SEO plugin. -->","yoast_head_json":{"title":"P\u00e9ac\u00f3g \u2013 F\u00e9ile Eala\u00edne don \u00d3ige - Creative Ireland Programme","description":"The 'P\u00e9ac\u00f3g' Art Festival is a bilingual art festival for young people, by young people.","robots":{"index":"index","follow":"follow","max-snippet":"max-snippet:-1","max-image-preview":"max-image-preview:large","max-video-preview":"max-video-preview:-1"},"canonical":"https:\/\/www.creativeireland.gov.ie\/en\/event\/peacog-feile-ealaine-don-oige\/","og_locale":"en_US","og_type":"article","og_title":"P\u00e9ac\u00f3g \u2013 F\u00e9ile Eala\u00edne don \u00d3ige - Creative Ireland Programme","og_description":"The &#8216;P\u00e9ac\u00f3g&#8217; Art Festival is a bilingual art festival for young people, by young people. The aim is to empower young artists by giving them a stage on which they can create and express themselves in Irish or English. Through their participation in workshops, open mics and events, they will strengthen their artistic skills and [&hellip;]","og_url":"https:\/\/www.creativeireland.gov.ie\/en\/event\/peacog-feile-ealaine-don-oige\/","og_site_name":"Creative Ireland Programme","article_publisher":"https:\/\/www.facebook.com\/CreativeIrl\/","og_image":[{"width":750,"height":500,"url":"https:\/\/www.creativeireland.gov.ie\/app\/uploads\/2020\/07\/peacog-festival.jpg","type":"image\/jpeg"}],"twitter_card":"summary_large_image","twitter_site":"@creativeirl","twitter_misc":{"Est. reading time":"1 minute"},"schema":{"@context":"https:\/\/schema.org","@graph":[{"@type":"WebPage","@id":"https:\/\/www.creativeireland.gov.ie\/en\/event\/peacog-feile-ealaine-don-oige\/","url":"https:\/\/www.creativeireland.gov.ie\/en\/event\/peacog-feile-ealaine-don-oige\/","name":"P\u00e9ac\u00f3g \u2013 F\u00e9ile Eala\u00edne don \u00d3ige - Creative Ireland Programme","isPartOf":{"@id":"https:\/\/www.creativeireland.gov.ie\/en\/#website"},"primaryImageOfPage":{"@id":"https:\/\/www.creativeireland.gov.ie\/en\/event\/peacog-feile-ealaine-don-oige\/#primaryimage"},"image":{"@id":"https:\/\/www.creativeireland.gov.ie\/en\/event\/peacog-feile-ealaine-don-oige\/#primaryimage"},"thumbnailUrl":"https:\/\/www.creativeireland.gov.ie\/app\/uploads\/2020\/07\/peacog-festival.jpg","datePublished":"2020-07-02T02:04:35+00:00","breadcrumb":{"@id":"https:\/\/www.creativeireland.gov.ie\/en\/event\/peacog-feile-ealaine-don-oige\/#breadcrumb"},"inLanguage":"en-US","potentialAction":[{"@type":"ReadAction","target":["https:\/\/www.creativeireland.gov.ie\/en\/event\/peacog-feile-ealaine-don-oige\/"]}]},{"@type":"ImageObject","inLanguage":"en-US","@id":"https:\/\/www.creativeireland.gov.ie\/en\/event\/peacog-feile-ealaine-don-oige\/#primaryimage","url":"https:\/\/www.creativeireland.gov.ie\/app\/uploads\/2020\/07\/peacog-festival.jpg","contentUrl":"https:\/\/www.creativeireland.gov.ie\/app\/uploads\/2020\/07\/peacog-festival.jpg","width":750,"height":500},{"@type":"BreadcrumbList","@id":"https:\/\/www.creativeireland.gov.ie\/en\/event\/peacog-feile-ealaine-don-oige\/#breadcrumb","itemListElement":[{"@type":"ListItem","position":1,"name":"Home","item":"https:\/\/www.creativeireland.gov.ie\/en\/"},{"@type":"ListItem","position":2,"name":"P\u00e9ac\u00f3g \u2013 F\u00e9ile Eala\u00edne don \u00d3ige"}]},{"@type":"WebSite","@id":"https:\/\/www.creativeireland.gov.ie\/en\/#website","url":"https:\/\/www.creativeireland.gov.ie\/en\/","name":"Creative Ireland Programme","description":"The Creative Ireland Programme is guided by a vision that every person in Ireland will have the opportunity to realise their full creative potential. It is a five year all-of-Government initiative, from 2017 to 2022, to place creativity at the centre of public policy.","potentialAction":[{"@type":"SearchAction","target":{"@type":"EntryPoint","urlTemplate":"https:\/\/www.creativeireland.gov.ie\/en\/?s={search_term_string}"},"query-input":{"@type":"PropertyValueSpecification","valueRequired":true,"valueName":"search_term_string"}}],"inLanguage":"en-US"}]}},"_links":{"self":[{"href":"https:\/\/www.creativeireland.gov.ie\/en\/wp-json\/wp\/v2\/event\/10557","targetHints":{"allow":["GET"]}}],"collection":[{"href":"https:\/\/www.creativeireland.gov.ie\/en\/wp-json\/wp\/v2\/event"}],"about":[{"href":"https:\/\/www.creativeireland.gov.ie\/en\/wp-json\/wp\/v2\/types\/event"}],"wp:featuredmedia":[{"embeddable":true,"href":"https:\/\/www.creativeireland.gov.ie\/en\/wp-json\/wp\/v2\/media\/10558"}],"wp:attachment":[{"href":"https:\/\/www.creativeireland.gov.ie\/en\/wp-json\/wp\/v2\/media?parent=10557"}],"curies":[{"name":"wp","href":"https:\/\/api.w.org\/{rel}","templated":true}]}}

Péacóg – Féile Ealaíne don Óige

<p><span><span><span>The &#8216;Péacóg&#8217; Art Festival is a bilingual art festival for young people, by young people. The aim is to empower young artists by giving them a stage on which they can create and express themselves in Irish or English. Through their participation in workshops, open mics and events, they will strengthen their artistic skills and gain the opportunity to meet like-minded individuals. The festival hopes to achieve a sense of community in which young people can feel comfortable to practise a gcuid Gaeilge!</span></span></span></p>
<p><span><span><span>The festival will include an art competition to give each participant an opportunity to have their work showcased in our exhibition. </span></span></span></p>
<p><span><span><span>There will be an Open Mic/Mic Oscailte on the 27th November, to give young artists an <em>ardán </em>so they can express themselves as Gaeilge or in English. Sean-nós singers, spoken word poets, amateur actors, dancers of all kinds and anyone with a desire to express are all welcome.</span></span></span></p>
<p><span><span><span>Workshops will be provided to help young people learn new creative skills in the freest and most enjoyable way possible. </span></span></span></p>
<p><span><span><span>Our main aim is to give young people a stage to express themselves, to free their creative spirit, all while embracing the Irish language. As young people ourselves, we live by the motto ‘by young people, for young people’, and hope that this is reflected in our work. </span></span></span></p>
<p><span><span><span><em>Mar a deir an seanfhocal &#8211; Mol an óige agus tiocfaidh sí!</em></span></span></span></p>
<p> </p>
<p> </p>

<!-- This site is optimized with the Yoast SEO plugin v25.9 - https://yoast.com/wordpress/plugins/seo/ -->
<title>Péacóg – Féile Ealaíne don Óige - Creative Ireland Programme</title>
<meta name="description" content="The &#039;Péacóg&#039; Art Festival is a bilingual art festival for young people, by young people." />
<meta name="robots" content="index, follow, max-snippet:-1, max-image-preview:large, max-video-preview:-1" />
<link rel="canonical" href="https://www.creativeireland.gov.ie/en/event/peacog-feile-ealaine-don-oige/" />
<meta property="og:locale" content="en_US" />
<meta property="og:type" content="article" />
<meta property="og:title" content="Péacóg – Féile Ealaíne don Óige - Creative Ireland Programme" />
<meta property="og:description" content="The &#8216;Péacóg&#8217; Art Festival is a bilingual art festival for young people, by young people. The aim is to empower young artists by giving them a stage on which they can create and express themselves in Irish or English. Through their participation in workshops, open mics and events, they will strengthen their artistic skills and [&hellip;]" />
<meta property="og:url" content="https://www.creativeireland.gov.ie/en/event/peacog-feile-ealaine-don-oige/" />
<meta property="og:site_name" content="Creative Ireland Programme" />
<meta property="article:publisher" content="https://www.facebook.com/CreativeIrl/" />
<meta property="og:image" content="https://www.creativeireland.gov.ie/app/uploads/2020/07/peacog-festival.jpg" />
	<meta property="og:image:width" content="750" />
	<meta property="og:image:height" content="500" />
	<meta property="og:image:type" content="image/jpeg" />
<meta name="twitter:card" content="summary_large_image" />
<meta name="twitter:site" content="@creativeirl" />
<meta name="twitter:label1" content="Est. reading time" />
	<meta name="twitter:data1" content="1 minute" />
<script type="application/ld+json" class="yoast-schema-graph">{"@context":"https://schema.org","@graph":[{"@type":"WebPage","@id":"https://www.creativeireland.gov.ie/en/event/peacog-feile-ealaine-don-oige/","url":"https://www.creativeireland.gov.ie/en/event/peacog-feile-ealaine-don-oige/","name":"Péacóg – Féile Ealaíne don Óige - Creative Ireland Programme","isPartOf":{"@id":"https://www.creativeireland.gov.ie/en/#website"},"primaryImageOfPage":{"@id":"https://www.creativeireland.gov.ie/en/event/peacog-feile-ealaine-don-oige/#primaryimage"},"image":{"@id":"https://www.creativeireland.gov.ie/en/event/peacog-feile-ealaine-don-oige/#primaryimage"},"thumbnailUrl":"https://www.creativeireland.gov.ie/app/uploads/2020/07/peacog-festival.jpg","datePublished":"2020-07-02T02:04:35+00:00","breadcrumb":{"@id":"https://www.creativeireland.gov.ie/en/event/peacog-feile-ealaine-don-oige/#breadcrumb"},"inLanguage":"en-US","potentialAction":[{"@type":"ReadAction","target":["https://www.creativeireland.gov.ie/en/event/peacog-feile-ealaine-don-oige/"]}]},{"@type":"ImageObject","inLanguage":"en-US","@id":"https://www.creativeireland.gov.ie/en/event/peacog-feile-ealaine-don-oige/#primaryimage","url":"https://www.creativeireland.gov.ie/app/uploads/2020/07/peacog-festival.jpg","contentUrl":"https://www.creativeireland.gov.ie/app/uploads/2020/07/peacog-festival.jpg","width":750,"height":500},{"@type":"BreadcrumbList","@id":"https://www.creativeireland.gov.ie/en/event/peacog-feile-ealaine-don-oige/#breadcrumb","itemListElement":[{"@type":"ListItem","position":1,"name":"Home","item":"https://www.creativeireland.gov.ie/en/"},{"@type":"ListItem","position":2,"name":"Péacóg – Féile Ealaíne don Óige"}]},{"@type":"WebSite","@id":"https://www.creativeireland.gov.ie/en/#website","url":"https://www.creativeireland.gov.ie/en/","name":"Creative Ireland Programme","description":"The Creative Ireland Programme is guided by a vision that every person in Ireland will have the opportunity to realise their full creative potential. It is a five year all-of-Government initiative, from 2017 to 2022, to place creativity at the centre of public policy.","potentialAction":[{"@type":"SearchAction","target":{"@type":"EntryPoint","urlTemplate":"https://www.creativeireland.gov.ie/en/?s={search_term_string}"},"query-input":{"@type":"PropertyValueSpecification","valueRequired":true,"valueName":"search_term_string"}}],"inLanguage":"en-US"}]}</script>
<!-- / Yoast SEO plugin. -->

Péacóg – Féile Ealaíne don Óige - Creative Ireland Programme

The 'Péacóg' Art Festival is a bilingual art festival for young people, by young people.

The &#8216;Péacóg&#8217; Art Festival is a bilingual art festival for young people, by young people. The aim is to empower young artists by giving them a stage on which they can create and express themselves in Irish or English. Through their participation in workshops, open mics and events, they will strengthen their artistic skills and [&hellip;]
