{"id":11637,"date":"2022-04-21T15:06:42","date_gmt":"2022-04-21T14:06:42","guid":{"rendered":"https:\/\/www.creativeireland.gov.ie\/event\/eilis-dillon-cuimhni-clainne-visual-art-commission\/"},"modified":"2022-04-21T15:06:42","modified_gmt":"2022-04-21T14:06:42","slug":"galways-great-read-eilis-dillon-cuimhni-clainne-family-memories","status":"publish","type":"event","link":"https:\/\/www.creativeireland.gov.ie\/en\/event\/galways-great-read-eilis-dillon-cuimhni-clainne-family-memories\/","title":{"rendered":"Galway&#8217;s Great Read: Eil\u00eds Dillon; Cuimhn\u00ed Clainne \/ Family Memories"},"content":{"rendered":"<p>As part of &#8216;Galway&#8217;s Great Read 2020&#8217;,<span><span><span><span><span><span> Galway Public Libraries has commissioned visual artist Ruth O&#8217;Donnell <\/span><\/span><\/span><\/span><\/span><\/span>to create a new unique artwork to commemorate and celebrate the life and work of<span><span><span><span><span><span> one of the West of Ireland\u2019s most versatile writers, Eil\u00eds Dillon, in the centenary year of her birth.\u00a0<\/span><\/span><\/span><\/span><\/span><\/span><\/p>\n<p>Eil\u00eds Dillon\u2019s lineage is steeped in history, literature and art. Members of Eil\u00eds\u2019s family, namely her son Cormac \u00d3 Cuillean\u00e1in, daughter Eil\u00e9an N\u00ed Chuillean\u00e1in and granddaughter L\u00e9an N\u00ed Chuillean\u00e1in, will be invited by the artist to share their memories of and perspectives on Eil\u00eds and her work.\u00a0Collaboration with Dillon&#8217;s family was a central aspect of this work, exploring family memories of their mother\/grandmother, her contribution to the canon of Irish literature and the prominent role she played in Irish culture, which informed and inspired the creation of this commissioned piece\u00a0launched on 17th December 2020.\u00a0<\/p>\n","protected":false},"author":26,"featured_media":11707,"template":"","class_list":["post-11637","event","type-event","status-publish","has-post-thumbnail","hentry"],"acf":[],"yoast_head":"<!-- This site is optimized with the Yoast SEO plugin v25.9 - https:\/\/yoast.com\/wordpress\/plugins\/seo\/ -->\n<title>Galway&#039;s Great Read: Eil\u00eds Dillon; Cuimhn\u00ed Clainne \/ Family Memories - Creative Ireland Programme<\/title>\n<meta name=\"description\" content=\"As part of &#039;Galway&#039;s Great Read 2020&#039;, Galway Public Libraries has commissioned visual artist Ruth O&#039;Donnell to create a new unique artwork to commemorate and celebrate the life and work of one of the West of Ireland\u2019s most versatile writers, Eil\u00eds Dillon, in the centenary year of her birth.\" \/>\n<meta name=\"robots\" content=\"index, follow, max-snippet:-1, max-image-preview:large, max-video-preview:-1\" \/>\n<link rel=\"canonical\" href=\"https:\/\/www.creativeireland.gov.ie\/en\/event\/galways-great-read-eilis-dillon-cuimhni-clainne-family-memories\/\" \/>\n<meta property=\"og:locale\" content=\"en_US\" \/>\n<meta property=\"og:type\" content=\"article\" \/>\n<meta property=\"og:title\" content=\"Galway&#039;s Great Read: Eil\u00eds Dillon; Cuimhn\u00ed Clainne \/ Family Memories - Creative Ireland Programme\" \/>\n<meta property=\"og:description\" content=\"As part of &#8216;Galway&#8217;s Great Read 2020&#8217;, Galway Public Libraries has commissioned visual artist Ruth O&#8217;Donnell to create a new unique artwork to commemorate and celebrate the life and work of one of the West of Ireland\u2019s most versatile writers, Eil\u00eds Dillon, in the centenary year of her birth.\u00a0 Eil\u00eds Dillon\u2019s lineage is steeped in [&hellip;]\" \/>\n<meta property=\"og:url\" content=\"https:\/\/www.creativeireland.gov.ie\/en\/event\/galways-great-read-eilis-dillon-cuimhni-clainne-family-memories\/\" \/>\n<meta property=\"og:site_name\" content=\"Creative Ireland Programme\" \/>\n<meta property=\"article:publisher\" content=\"https:\/\/www.facebook.com\/CreativeIrl\/\" \/>\n<meta property=\"og:image\" content=\"https:\/\/www.creativeireland.gov.ie\/app\/uploads\/2020\/10\/visual-art-commission-ruthodonnell.jpg\" \/>\n\t<meta property=\"og:image:width\" content=\"1500\" \/>\n\t<meta property=\"og:image:height\" content=\"2248\" \/>\n\t<meta property=\"og:image:type\" content=\"image\/jpeg\" \/>\n<meta name=\"twitter:card\" content=\"summary_large_image\" \/>\n<meta name=\"twitter:site\" content=\"@creativeirl\" \/>\n<meta name=\"twitter:label1\" content=\"Est. reading time\" \/>\n\t<meta name=\"twitter:data1\" content=\"1 minute\" \/>\n<script type=\"application\/ld+json\" class=\"yoast-schema-graph\">{\"@context\":\"https:\/\/schema.org\",\"@graph\":[{\"@type\":\"WebPage\",\"@id\":\"https:\/\/www.creativeireland.gov.ie\/en\/event\/galways-great-read-eilis-dillon-cuimhni-clainne-family-memories\/\",\"url\":\"https:\/\/www.creativeireland.gov.ie\/en\/event\/galways-great-read-eilis-dillon-cuimhni-clainne-family-memories\/\",\"name\":\"Galway's Great Read: Eil\u00eds Dillon; Cuimhn\u00ed Clainne \/ Family Memories - Creative Ireland Programme\",\"isPartOf\":{\"@id\":\"https:\/\/www.creativeireland.gov.ie\/en\/#website\"},\"primaryImageOfPage\":{\"@id\":\"https:\/\/www.creativeireland.gov.ie\/en\/event\/galways-great-read-eilis-dillon-cuimhni-clainne-family-memories\/#primaryimage\"},\"image\":{\"@id\":\"https:\/\/www.creativeireland.gov.ie\/en\/event\/galways-great-read-eilis-dillon-cuimhni-clainne-family-memories\/#primaryimage\"},\"thumbnailUrl\":\"https:\/\/www.creativeireland.gov.ie\/app\/uploads\/2020\/10\/visual-art-commission-ruthodonnell.jpg\",\"datePublished\":\"2022-04-21T14:06:42+00:00\",\"breadcrumb\":{\"@id\":\"https:\/\/www.creativeireland.gov.ie\/en\/event\/galways-great-read-eilis-dillon-cuimhni-clainne-family-memories\/#breadcrumb\"},\"inLanguage\":\"en-US\",\"potentialAction\":[{\"@type\":\"ReadAction\",\"target\":[\"https:\/\/www.creativeireland.gov.ie\/en\/event\/galways-great-read-eilis-dillon-cuimhni-clainne-family-memories\/\"]}]},{\"@type\":\"ImageObject\",\"inLanguage\":\"en-US\",\"@id\":\"https:\/\/www.creativeireland.gov.ie\/en\/event\/galways-great-read-eilis-dillon-cuimhni-clainne-family-memories\/#primaryimage\",\"url\":\"https:\/\/www.creativeireland.gov.ie\/app\/uploads\/2020\/10\/visual-art-commission-ruthodonnell.jpg\",\"contentUrl\":\"https:\/\/www.creativeireland.gov.ie\/app\/uploads\/2020\/10\/visual-art-commission-ruthodonnell.jpg\",\"width\":1500,\"height\":2248},{\"@type\":\"BreadcrumbList\",\"@id\":\"https:\/\/www.creativeireland.gov.ie\/en\/event\/galways-great-read-eilis-dillon-cuimhni-clainne-family-memories\/#breadcrumb\",\"itemListElement\":[{\"@type\":\"ListItem\",\"position\":1,\"name\":\"Home\",\"item\":\"https:\/\/www.creativeireland.gov.ie\/en\/\"},{\"@type\":\"ListItem\",\"position\":2,\"name\":\"Galway&#8217;s Great Read: Eil\u00eds Dillon; Cuimhn\u00ed Clainne \/ Family Memories\"}]},{\"@type\":\"WebSite\",\"@id\":\"https:\/\/www.creativeireland.gov.ie\/en\/#website\",\"url\":\"https:\/\/www.creativeireland.gov.ie\/en\/\",\"name\":\"Creative Ireland Programme\",\"description\":\"The Creative Ireland Programme is guided by a vision that every person in Ireland will have the opportunity to realise their full creative potential. It is a five year all-of-Government initiative, from 2017 to 2022, to place creativity at the centre of public policy.\",\"potentialAction\":[{\"@type\":\"SearchAction\",\"target\":{\"@type\":\"EntryPoint\",\"urlTemplate\":\"https:\/\/www.creativeireland.gov.ie\/en\/?s={search_term_string}\"},\"query-input\":{\"@type\":\"PropertyValueSpecification\",\"valueRequired\":true,\"valueName\":\"search_term_string\"}}],\"inLanguage\":\"en-US\"}]}<\/script>\n<!-- \/ Yoast SEO plugin. -->","yoast_head_json":{"title":"Galway's Great Read: Eil\u00eds Dillon; Cuimhn\u00ed Clainne \/ Family Memories - Creative Ireland Programme","description":"As part of 'Galway's Great Read 2020', Galway Public Libraries has commissioned visual artist Ruth O'Donnell to create a new unique artwork to commemorate and celebrate the life and work of one of the West of Ireland\u2019s most versatile writers, Eil\u00eds Dillon, in the centenary year of her birth.","robots":{"index":"index","follow":"follow","max-snippet":"max-snippet:-1","max-image-preview":"max-image-preview:large","max-video-preview":"max-video-preview:-1"},"canonical":"https:\/\/www.creativeireland.gov.ie\/en\/event\/galways-great-read-eilis-dillon-cuimhni-clainne-family-memories\/","og_locale":"en_US","og_type":"article","og_title":"Galway's Great Read: Eil\u00eds Dillon; Cuimhn\u00ed Clainne \/ Family Memories - Creative Ireland Programme","og_description":"As part of &#8216;Galway&#8217;s Great Read 2020&#8217;, Galway Public Libraries has commissioned visual artist Ruth O&#8217;Donnell to create a new unique artwork to commemorate and celebrate the life and work of one of the West of Ireland\u2019s most versatile writers, Eil\u00eds Dillon, in the centenary year of her birth.\u00a0 Eil\u00eds Dillon\u2019s lineage is steeped in [&hellip;]","og_url":"https:\/\/www.creativeireland.gov.ie\/en\/event\/galways-great-read-eilis-dillon-cuimhni-clainne-family-memories\/","og_site_name":"Creative Ireland Programme","article_publisher":"https:\/\/www.facebook.com\/CreativeIrl\/","og_image":[{"width":1500,"height":2248,"url":"https:\/\/www.creativeireland.gov.ie\/app\/uploads\/2020\/10\/visual-art-commission-ruthodonnell.jpg","type":"image\/jpeg"}],"twitter_card":"summary_large_image","twitter_site":"@creativeirl","twitter_misc":{"Est. reading time":"1 minute"},"schema":{"@context":"https:\/\/schema.org","@graph":[{"@type":"WebPage","@id":"https:\/\/www.creativeireland.gov.ie\/en\/event\/galways-great-read-eilis-dillon-cuimhni-clainne-family-memories\/","url":"https:\/\/www.creativeireland.gov.ie\/en\/event\/galways-great-read-eilis-dillon-cuimhni-clainne-family-memories\/","name":"Galway's Great Read: Eil\u00eds Dillon; Cuimhn\u00ed Clainne \/ Family Memories - Creative Ireland Programme","isPartOf":{"@id":"https:\/\/www.creativeireland.gov.ie\/en\/#website"},"primaryImageOfPage":{"@id":"https:\/\/www.creativeireland.gov.ie\/en\/event\/galways-great-read-eilis-dillon-cuimhni-clainne-family-memories\/#primaryimage"},"image":{"@id":"https:\/\/www.creativeireland.gov.ie\/en\/event\/galways-great-read-eilis-dillon-cuimhni-clainne-family-memories\/#primaryimage"},"thumbnailUrl":"https:\/\/www.creativeireland.gov.ie\/app\/uploads\/2020\/10\/visual-art-commission-ruthodonnell.jpg","datePublished":"2022-04-21T14:06:42+00:00","breadcrumb":{"@id":"https:\/\/www.creativeireland.gov.ie\/en\/event\/galways-great-read-eilis-dillon-cuimhni-clainne-family-memories\/#breadcrumb"},"inLanguage":"en-US","potentialAction":[{"@type":"ReadAction","target":["https:\/\/www.creativeireland.gov.ie\/en\/event\/galways-great-read-eilis-dillon-cuimhni-clainne-family-memories\/"]}]},{"@type":"ImageObject","inLanguage":"en-US","@id":"https:\/\/www.creativeireland.gov.ie\/en\/event\/galways-great-read-eilis-dillon-cuimhni-clainne-family-memories\/#primaryimage","url":"https:\/\/www.creativeireland.gov.ie\/app\/uploads\/2020\/10\/visual-art-commission-ruthodonnell.jpg","contentUrl":"https:\/\/www.creativeireland.gov.ie\/app\/uploads\/2020\/10\/visual-art-commission-ruthodonnell.jpg","width":1500,"height":2248},{"@type":"BreadcrumbList","@id":"https:\/\/www.creativeireland.gov.ie\/en\/event\/galways-great-read-eilis-dillon-cuimhni-clainne-family-memories\/#breadcrumb","itemListElement":[{"@type":"ListItem","position":1,"name":"Home","item":"https:\/\/www.creativeireland.gov.ie\/en\/"},{"@type":"ListItem","position":2,"name":"Galway&#8217;s Great Read: Eil\u00eds Dillon; Cuimhn\u00ed Clainne \/ Family Memories"}]},{"@type":"WebSite","@id":"https:\/\/www.creativeireland.gov.ie\/en\/#website","url":"https:\/\/www.creativeireland.gov.ie\/en\/","name":"Creative Ireland Programme","description":"The Creative Ireland Programme is guided by a vision that every person in Ireland will have the opportunity to realise their full creative potential. It is a five year all-of-Government initiative, from 2017 to 2022, to place creativity at the centre of public policy.","potentialAction":[{"@type":"SearchAction","target":{"@type":"EntryPoint","urlTemplate":"https:\/\/www.creativeireland.gov.ie\/en\/?s={search_term_string}"},"query-input":{"@type":"PropertyValueSpecification","valueRequired":true,"valueName":"search_term_string"}}],"inLanguage":"en-US"}]}},"_links":{"self":[{"href":"https:\/\/www.creativeireland.gov.ie\/en\/wp-json\/wp\/v2\/event\/11637","targetHints":{"allow":["GET"]}}],"collection":[{"href":"https:\/\/www.creativeireland.gov.ie\/en\/wp-json\/wp\/v2\/event"}],"about":[{"href":"https:\/\/www.creativeireland.gov.ie\/en\/wp-json\/wp\/v2\/types\/event"}],"author":[{"embeddable":true,"href":"https:\/\/www.creativeireland.gov.ie\/en\/wp-json\/wp\/v2\/users\/26"}],"wp:featuredmedia":[{"embeddable":true,"href":"https:\/\/www.creativeireland.gov.ie\/en\/wp-json\/wp\/v2\/media\/11707"}],"wp:attachment":[{"href":"https:\/\/www.creativeireland.gov.ie\/en\/wp-json\/wp\/v2\/media?parent=11637"}],"curies":[{"name":"wp","href":"https:\/\/api.w.org\/{rel}","templated":true}]}}

Galway&#8217;s Great Read: Eilís Dillon; Cuimhní Clainne / Family Memories

<p>As part of &#8216;Galway&#8217;s Great Read 2020&#8217;,<span><span><span><span><span><span> Galway Public Libraries has commissioned visual artist Ruth O&#8217;Donnell </span></span></span></span></span></span>to create a new unique artwork to commemorate and celebrate the life and work of<span><span><span><span><span><span> one of the West of Ireland’s most versatile writers, Eilís Dillon, in the centenary year of her birth. </span></span></span></span></span></span></p>
<p>Eilís Dillon’s lineage is steeped in history, literature and art. Members of Eilís’s family, namely her son Cormac Ó Cuilleanáin, daughter Eiléan Ní Chuilleanáin and granddaughter Léan Ní Chuilleanáin, will be invited by the artist to share their memories of and perspectives on Eilís and her work. Collaboration with Dillon&#8217;s family was a central aspect of this work, exploring family memories of their mother/grandmother, her contribution to the canon of Irish literature and the prominent role she played in Irish culture, which informed and inspired the creation of this commissioned piece launched on 17th December 2020. </p>

<!-- This site is optimized with the Yoast SEO plugin v25.9 - https://yoast.com/wordpress/plugins/seo/ -->
<title>Galway&#039;s Great Read: Eilís Dillon; Cuimhní Clainne / Family Memories - Creative Ireland Programme</title>
<meta name="description" content="As part of &#039;Galway&#039;s Great Read 2020&#039;, Galway Public Libraries has commissioned visual artist Ruth O&#039;Donnell to create a new unique artwork to commemorate and celebrate the life and work of one of the West of Ireland’s most versatile writers, Eilís Dillon, in the centenary year of her birth." />
<meta name="robots" content="index, follow, max-snippet:-1, max-image-preview:large, max-video-preview:-1" />
<link rel="canonical" href="https://www.creativeireland.gov.ie/en/event/galways-great-read-eilis-dillon-cuimhni-clainne-family-memories/" />
<meta property="og:locale" content="en_US" />
<meta property="og:type" content="article" />
<meta property="og:title" content="Galway&#039;s Great Read: Eilís Dillon; Cuimhní Clainne / Family Memories - Creative Ireland Programme" />
<meta property="og:description" content="As part of &#8216;Galway&#8217;s Great Read 2020&#8217;, Galway Public Libraries has commissioned visual artist Ruth O&#8217;Donnell to create a new unique artwork to commemorate and celebrate the life and work of one of the West of Ireland’s most versatile writers, Eilís Dillon, in the centenary year of her birth.  Eilís Dillon’s lineage is steeped in [&hellip;]" />
<meta property="og:url" content="https://www.creativeireland.gov.ie/en/event/galways-great-read-eilis-dillon-cuimhni-clainne-family-memories/" />
<meta property="og:site_name" content="Creative Ireland Programme" />
<meta property="article:publisher" content="https://www.facebook.com/CreativeIrl/" />
<meta property="og:image" content="https://www.creativeireland.gov.ie/app/uploads/2020/10/visual-art-commission-ruthodonnell.jpg" />
	<meta property="og:image:width" content="1500" />
	<meta property="og:image:height" content="2248" />
	<meta property="og:image:type" content="image/jpeg" />
<meta name="twitter:card" content="summary_large_image" />
<meta name="twitter:site" content="@creativeirl" />
<meta name="twitter:label1" content="Est. reading time" />
	<meta name="twitter:data1" content="1 minute" />
<script type="application/ld+json" class="yoast-schema-graph">{"@context":"https://schema.org","@graph":[{"@type":"WebPage","@id":"https://www.creativeireland.gov.ie/en/event/galways-great-read-eilis-dillon-cuimhni-clainne-family-memories/","url":"https://www.creativeireland.gov.ie/en/event/galways-great-read-eilis-dillon-cuimhni-clainne-family-memories/","name":"Galway's Great Read: Eilís Dillon; Cuimhní Clainne / Family Memories - Creative Ireland Programme","isPartOf":{"@id":"https://www.creativeireland.gov.ie/en/#website"},"primaryImageOfPage":{"@id":"https://www.creativeireland.gov.ie/en/event/galways-great-read-eilis-dillon-cuimhni-clainne-family-memories/#primaryimage"},"image":{"@id":"https://www.creativeireland.gov.ie/en/event/galways-great-read-eilis-dillon-cuimhni-clainne-family-memories/#primaryimage"},"thumbnailUrl":"https://www.creativeireland.gov.ie/app/uploads/2020/10/visual-art-commission-ruthodonnell.jpg","datePublished":"2022-04-21T14:06:42+00:00","breadcrumb":{"@id":"https://www.creativeireland.gov.ie/en/event/galways-great-read-eilis-dillon-cuimhni-clainne-family-memories/#breadcrumb"},"inLanguage":"en-US","potentialAction":[{"@type":"ReadAction","target":["https://www.creativeireland.gov.ie/en/event/galways-great-read-eilis-dillon-cuimhni-clainne-family-memories/"]}]},{"@type":"ImageObject","inLanguage":"en-US","@id":"https://www.creativeireland.gov.ie/en/event/galways-great-read-eilis-dillon-cuimhni-clainne-family-memories/#primaryimage","url":"https://www.creativeireland.gov.ie/app/uploads/2020/10/visual-art-commission-ruthodonnell.jpg","contentUrl":"https://www.creativeireland.gov.ie/app/uploads/2020/10/visual-art-commission-ruthodonnell.jpg","width":1500,"height":2248},{"@type":"BreadcrumbList","@id":"https://www.creativeireland.gov.ie/en/event/galways-great-read-eilis-dillon-cuimhni-clainne-family-memories/#breadcrumb","itemListElement":[{"@type":"ListItem","position":1,"name":"Home","item":"https://www.creativeireland.gov.ie/en/"},{"@type":"ListItem","position":2,"name":"Galway&#8217;s Great Read: Eilís Dillon; Cuimhní Clainne / Family Memories"}]},{"@type":"WebSite","@id":"https://www.creativeireland.gov.ie/en/#website","url":"https://www.creativeireland.gov.ie/en/","name":"Creative Ireland Programme","description":"The Creative Ireland Programme is guided by a vision that every person in Ireland will have the opportunity to realise their full creative potential. It is a five year all-of-Government initiative, from 2017 to 2022, to place creativity at the centre of public policy.","potentialAction":[{"@type":"SearchAction","target":{"@type":"EntryPoint","urlTemplate":"https://www.creativeireland.gov.ie/en/?s={search_term_string}"},"query-input":{"@type":"PropertyValueSpecification","valueRequired":true,"valueName":"search_term_string"}}],"inLanguage":"en-US"}]}</script>
<!-- / Yoast SEO plugin. -->

Galway's Great Read: Eilís Dillon; Cuimhní Clainne / Family Memories - Creative Ireland Programme

As part of 'Galway's Great Read 2020', Galway Public Libraries has commissioned visual artist Ruth O'Donnell to create a new unique artwork to commemorate and celebrate the life and work of one of the West of Ireland’s most versatile writers, Eilís Dillon, in the centenary year of her birth.

As part of &#8216;Galway&#8217;s Great Read 2020&#8217;, Galway Public Libraries has commissioned visual artist Ruth O&#8217;Donnell to create a new unique artwork to commemorate and celebrate the life and work of one of the West of Ireland’s most versatile writers, Eilís Dillon, in the centenary year of her birth.  Eilís Dillon’s lineage is steeped in [&hellip;]
