{"id":12028,"date":"2020-11-04T03:01:54","date_gmt":"2020-11-04T03:01:54","guid":{"rendered":"https:\/\/www.creativeireland.gov.ie\/event\/faitios-short-film\/"},"modified":"2020-11-04T03:01:54","modified_gmt":"2020-11-04T03:01:54","slug":"faitios-short-film","status":"publish","type":"event","link":"https:\/\/www.creativeireland.gov.ie\/en\/event\/faitios-short-film\/","title":{"rendered":"FAIT\u00cdOS (Short Film)"},"content":{"rendered":"<p><span><span><span>FAIT\u00cdOS is a short film by Fizz &amp; Chips Productions shooting in Ticknevin County Kildare. <\/span><\/span><\/span><\/p>\n<p><span><span><span><span><span><span>FAIT\u00cdOS or <em>The First Fear,<\/em> was written by Martha Fitzgerald and Orlaith N\u00ed Chearra. An original score to accompany the film has been commissioned by Fizz &amp; Chips Productions. Working with two young Irish emerging actors, Molly Mew and Ross Fitzpatrick, the film will be directed by Martha Fitzgerald assisted by Orlaith Carr. A Director of Photography, Film Editor and Sound Technician will also be employed for the project and the film will be produced to a film festival standard. <\/span><\/span><\/span><\/span><\/span><\/span><\/p>\n<p><span><span><span><span><span><span>Fait\u00edos is an Irish language coming-of-age film that plays with filmic genre and deals with the themes of culturally-inherited sexual shame, adolescent anxiety, and growing up in Ireland.<\/span><\/span><\/span><\/span><\/span><\/span><\/p>\n","protected":false},"author":0,"featured_media":12029,"template":"","class_list":["post-12028","event","type-event","status-publish","has-post-thumbnail","hentry"],"acf":[],"yoast_head":"<!-- This site is optimized with the Yoast SEO plugin v25.9 - https:\/\/yoast.com\/wordpress\/plugins\/seo\/ -->\n<title>FAIT\u00cdOS (Short Film) - Creative Ireland Programme<\/title>\n<meta name=\"description\" content=\"FAIT\u00cdOS is a short film by Fizz &amp; Chips Productions shooting in Ticknevin County Kildare.\" \/>\n<meta name=\"robots\" content=\"index, follow, max-snippet:-1, max-image-preview:large, max-video-preview:-1\" \/>\n<link rel=\"canonical\" href=\"https:\/\/www.creativeireland.gov.ie\/en\/event\/faitios-short-film\/\" \/>\n<meta property=\"og:locale\" content=\"en_US\" \/>\n<meta property=\"og:type\" content=\"article\" \/>\n<meta property=\"og:title\" content=\"FAIT\u00cdOS (Short Film) - Creative Ireland Programme\" \/>\n<meta property=\"og:description\" content=\"FAIT\u00cdOS is a short film by Fizz &amp; Chips Productions shooting in Ticknevin County Kildare. FAIT\u00cdOS or The First Fear, was written by Martha Fitzgerald and Orlaith N\u00ed Chearra. An original score to accompany the film has been commissioned by Fizz &amp; Chips Productions. Working with two young Irish emerging actors, Molly Mew and Ross [&hellip;]\" \/>\n<meta property=\"og:url\" content=\"https:\/\/www.creativeireland.gov.ie\/en\/event\/faitios-short-film\/\" \/>\n<meta property=\"og:site_name\" content=\"Creative Ireland Programme\" \/>\n<meta property=\"article:publisher\" content=\"https:\/\/www.facebook.com\/CreativeIrl\/\" \/>\n<meta property=\"og:image\" content=\"https:\/\/www.creativeireland.gov.ie\/app\/uploads\/2020\/11\/orlaith-image.jpg\" \/>\n\t<meta property=\"og:image:width\" content=\"489\" \/>\n\t<meta property=\"og:image:height\" content=\"291\" \/>\n\t<meta property=\"og:image:type\" content=\"image\/jpeg\" \/>\n<meta name=\"twitter:card\" content=\"summary_large_image\" \/>\n<meta name=\"twitter:site\" content=\"@creativeirl\" \/>\n<meta name=\"twitter:label1\" content=\"Est. reading time\" \/>\n\t<meta name=\"twitter:data1\" content=\"1 minute\" \/>\n<script type=\"application\/ld+json\" class=\"yoast-schema-graph\">{\"@context\":\"https:\/\/schema.org\",\"@graph\":[{\"@type\":\"WebPage\",\"@id\":\"https:\/\/www.creativeireland.gov.ie\/en\/event\/faitios-short-film\/\",\"url\":\"https:\/\/www.creativeireland.gov.ie\/en\/event\/faitios-short-film\/\",\"name\":\"FAIT\u00cdOS (Short Film) - Creative Ireland Programme\",\"isPartOf\":{\"@id\":\"https:\/\/www.creativeireland.gov.ie\/en\/#website\"},\"primaryImageOfPage\":{\"@id\":\"https:\/\/www.creativeireland.gov.ie\/en\/event\/faitios-short-film\/#primaryimage\"},\"image\":{\"@id\":\"https:\/\/www.creativeireland.gov.ie\/en\/event\/faitios-short-film\/#primaryimage\"},\"thumbnailUrl\":\"https:\/\/www.creativeireland.gov.ie\/app\/uploads\/2020\/11\/orlaith-image.jpg\",\"datePublished\":\"2020-11-04T03:01:54+00:00\",\"breadcrumb\":{\"@id\":\"https:\/\/www.creativeireland.gov.ie\/en\/event\/faitios-short-film\/#breadcrumb\"},\"inLanguage\":\"en-US\",\"potentialAction\":[{\"@type\":\"ReadAction\",\"target\":[\"https:\/\/www.creativeireland.gov.ie\/en\/event\/faitios-short-film\/\"]}]},{\"@type\":\"ImageObject\",\"inLanguage\":\"en-US\",\"@id\":\"https:\/\/www.creativeireland.gov.ie\/en\/event\/faitios-short-film\/#primaryimage\",\"url\":\"https:\/\/www.creativeireland.gov.ie\/app\/uploads\/2020\/11\/orlaith-image.jpg\",\"contentUrl\":\"https:\/\/www.creativeireland.gov.ie\/app\/uploads\/2020\/11\/orlaith-image.jpg\",\"width\":489,\"height\":291},{\"@type\":\"BreadcrumbList\",\"@id\":\"https:\/\/www.creativeireland.gov.ie\/en\/event\/faitios-short-film\/#breadcrumb\",\"itemListElement\":[{\"@type\":\"ListItem\",\"position\":1,\"name\":\"Home\",\"item\":\"https:\/\/www.creativeireland.gov.ie\/en\/\"},{\"@type\":\"ListItem\",\"position\":2,\"name\":\"FAIT\u00cdOS (Short Film)\"}]},{\"@type\":\"WebSite\",\"@id\":\"https:\/\/www.creativeireland.gov.ie\/en\/#website\",\"url\":\"https:\/\/www.creativeireland.gov.ie\/en\/\",\"name\":\"Creative Ireland Programme\",\"description\":\"The Creative Ireland Programme is guided by a vision that every person in Ireland will have the opportunity to realise their full creative potential. It is a five year all-of-Government initiative, from 2017 to 2022, to place creativity at the centre of public policy.\",\"potentialAction\":[{\"@type\":\"SearchAction\",\"target\":{\"@type\":\"EntryPoint\",\"urlTemplate\":\"https:\/\/www.creativeireland.gov.ie\/en\/?s={search_term_string}\"},\"query-input\":{\"@type\":\"PropertyValueSpecification\",\"valueRequired\":true,\"valueName\":\"search_term_string\"}}],\"inLanguage\":\"en-US\"}]}<\/script>\n<!-- \/ Yoast SEO plugin. -->","yoast_head_json":{"title":"FAIT\u00cdOS (Short Film) - Creative Ireland Programme","description":"FAIT\u00cdOS is a short film by Fizz &amp; Chips Productions shooting in Ticknevin County Kildare.","robots":{"index":"index","follow":"follow","max-snippet":"max-snippet:-1","max-image-preview":"max-image-preview:large","max-video-preview":"max-video-preview:-1"},"canonical":"https:\/\/www.creativeireland.gov.ie\/en\/event\/faitios-short-film\/","og_locale":"en_US","og_type":"article","og_title":"FAIT\u00cdOS (Short Film) - Creative Ireland Programme","og_description":"FAIT\u00cdOS is a short film by Fizz &amp; Chips Productions shooting in Ticknevin County Kildare. FAIT\u00cdOS or The First Fear, was written by Martha Fitzgerald and Orlaith N\u00ed Chearra. An original score to accompany the film has been commissioned by Fizz &amp; Chips Productions. Working with two young Irish emerging actors, Molly Mew and Ross [&hellip;]","og_url":"https:\/\/www.creativeireland.gov.ie\/en\/event\/faitios-short-film\/","og_site_name":"Creative Ireland Programme","article_publisher":"https:\/\/www.facebook.com\/CreativeIrl\/","og_image":[{"width":489,"height":291,"url":"https:\/\/www.creativeireland.gov.ie\/app\/uploads\/2020\/11\/orlaith-image.jpg","type":"image\/jpeg"}],"twitter_card":"summary_large_image","twitter_site":"@creativeirl","twitter_misc":{"Est. reading time":"1 minute"},"schema":{"@context":"https:\/\/schema.org","@graph":[{"@type":"WebPage","@id":"https:\/\/www.creativeireland.gov.ie\/en\/event\/faitios-short-film\/","url":"https:\/\/www.creativeireland.gov.ie\/en\/event\/faitios-short-film\/","name":"FAIT\u00cdOS (Short Film) - Creative Ireland Programme","isPartOf":{"@id":"https:\/\/www.creativeireland.gov.ie\/en\/#website"},"primaryImageOfPage":{"@id":"https:\/\/www.creativeireland.gov.ie\/en\/event\/faitios-short-film\/#primaryimage"},"image":{"@id":"https:\/\/www.creativeireland.gov.ie\/en\/event\/faitios-short-film\/#primaryimage"},"thumbnailUrl":"https:\/\/www.creativeireland.gov.ie\/app\/uploads\/2020\/11\/orlaith-image.jpg","datePublished":"2020-11-04T03:01:54+00:00","breadcrumb":{"@id":"https:\/\/www.creativeireland.gov.ie\/en\/event\/faitios-short-film\/#breadcrumb"},"inLanguage":"en-US","potentialAction":[{"@type":"ReadAction","target":["https:\/\/www.creativeireland.gov.ie\/en\/event\/faitios-short-film\/"]}]},{"@type":"ImageObject","inLanguage":"en-US","@id":"https:\/\/www.creativeireland.gov.ie\/en\/event\/faitios-short-film\/#primaryimage","url":"https:\/\/www.creativeireland.gov.ie\/app\/uploads\/2020\/11\/orlaith-image.jpg","contentUrl":"https:\/\/www.creativeireland.gov.ie\/app\/uploads\/2020\/11\/orlaith-image.jpg","width":489,"height":291},{"@type":"BreadcrumbList","@id":"https:\/\/www.creativeireland.gov.ie\/en\/event\/faitios-short-film\/#breadcrumb","itemListElement":[{"@type":"ListItem","position":1,"name":"Home","item":"https:\/\/www.creativeireland.gov.ie\/en\/"},{"@type":"ListItem","position":2,"name":"FAIT\u00cdOS (Short Film)"}]},{"@type":"WebSite","@id":"https:\/\/www.creativeireland.gov.ie\/en\/#website","url":"https:\/\/www.creativeireland.gov.ie\/en\/","name":"Creative Ireland Programme","description":"The Creative Ireland Programme is guided by a vision that every person in Ireland will have the opportunity to realise their full creative potential. It is a five year all-of-Government initiative, from 2017 to 2022, to place creativity at the centre of public policy.","potentialAction":[{"@type":"SearchAction","target":{"@type":"EntryPoint","urlTemplate":"https:\/\/www.creativeireland.gov.ie\/en\/?s={search_term_string}"},"query-input":{"@type":"PropertyValueSpecification","valueRequired":true,"valueName":"search_term_string"}}],"inLanguage":"en-US"}]}},"_links":{"self":[{"href":"https:\/\/www.creativeireland.gov.ie\/en\/wp-json\/wp\/v2\/event\/12028","targetHints":{"allow":["GET"]}}],"collection":[{"href":"https:\/\/www.creativeireland.gov.ie\/en\/wp-json\/wp\/v2\/event"}],"about":[{"href":"https:\/\/www.creativeireland.gov.ie\/en\/wp-json\/wp\/v2\/types\/event"}],"wp:featuredmedia":[{"embeddable":true,"href":"https:\/\/www.creativeireland.gov.ie\/en\/wp-json\/wp\/v2\/media\/12029"}],"wp:attachment":[{"href":"https:\/\/www.creativeireland.gov.ie\/en\/wp-json\/wp\/v2\/media?parent=12028"}],"curies":[{"name":"wp","href":"https:\/\/api.w.org\/{rel}","templated":true}]}}

FAITÍOS (Short Film)

<p><span><span><span>FAITÍOS is a short film by Fizz &amp; Chips Productions shooting in Ticknevin County Kildare. </span></span></span></p>
<p><span><span><span><span><span><span>FAITÍOS or <em>The First Fear,</em> was written by Martha Fitzgerald and Orlaith Ní Chearra. An original score to accompany the film has been commissioned by Fizz &amp; Chips Productions. Working with two young Irish emerging actors, Molly Mew and Ross Fitzpatrick, the film will be directed by Martha Fitzgerald assisted by Orlaith Carr. A Director of Photography, Film Editor and Sound Technician will also be employed for the project and the film will be produced to a film festival standard. </span></span></span></span></span></span></p>
<p><span><span><span><span><span><span>Faitíos is an Irish language coming-of-age film that plays with filmic genre and deals with the themes of culturally-inherited sexual shame, adolescent anxiety, and growing up in Ireland.</span></span></span></span></span></span></p>

<!-- This site is optimized with the Yoast SEO plugin v25.9 - https://yoast.com/wordpress/plugins/seo/ -->
<title>FAITÍOS (Short Film) - Creative Ireland Programme</title>
<meta name="description" content="FAITÍOS is a short film by Fizz &amp; Chips Productions shooting in Ticknevin County Kildare." />
<meta name="robots" content="index, follow, max-snippet:-1, max-image-preview:large, max-video-preview:-1" />
<link rel="canonical" href="https://www.creativeireland.gov.ie/en/event/faitios-short-film/" />
<meta property="og:locale" content="en_US" />
<meta property="og:type" content="article" />
<meta property="og:title" content="FAITÍOS (Short Film) - Creative Ireland Programme" />
<meta property="og:description" content="FAITÍOS is a short film by Fizz &amp; Chips Productions shooting in Ticknevin County Kildare. FAITÍOS or The First Fear, was written by Martha Fitzgerald and Orlaith Ní Chearra. An original score to accompany the film has been commissioned by Fizz &amp; Chips Productions. Working with two young Irish emerging actors, Molly Mew and Ross [&hellip;]" />
<meta property="og:url" content="https://www.creativeireland.gov.ie/en/event/faitios-short-film/" />
<meta property="og:site_name" content="Creative Ireland Programme" />
<meta property="article:publisher" content="https://www.facebook.com/CreativeIrl/" />
<meta property="og:image" content="https://www.creativeireland.gov.ie/app/uploads/2020/11/orlaith-image.jpg" />
	<meta property="og:image:width" content="489" />
	<meta property="og:image:height" content="291" />
	<meta property="og:image:type" content="image/jpeg" />
<meta name="twitter:card" content="summary_large_image" />
<meta name="twitter:site" content="@creativeirl" />
<meta name="twitter:label1" content="Est. reading time" />
	<meta name="twitter:data1" content="1 minute" />
<script type="application/ld+json" class="yoast-schema-graph">{"@context":"https://schema.org","@graph":[{"@type":"WebPage","@id":"https://www.creativeireland.gov.ie/en/event/faitios-short-film/","url":"https://www.creativeireland.gov.ie/en/event/faitios-short-film/","name":"FAITÍOS (Short Film) - Creative Ireland Programme","isPartOf":{"@id":"https://www.creativeireland.gov.ie/en/#website"},"primaryImageOfPage":{"@id":"https://www.creativeireland.gov.ie/en/event/faitios-short-film/#primaryimage"},"image":{"@id":"https://www.creativeireland.gov.ie/en/event/faitios-short-film/#primaryimage"},"thumbnailUrl":"https://www.creativeireland.gov.ie/app/uploads/2020/11/orlaith-image.jpg","datePublished":"2020-11-04T03:01:54+00:00","breadcrumb":{"@id":"https://www.creativeireland.gov.ie/en/event/faitios-short-film/#breadcrumb"},"inLanguage":"en-US","potentialAction":[{"@type":"ReadAction","target":["https://www.creativeireland.gov.ie/en/event/faitios-short-film/"]}]},{"@type":"ImageObject","inLanguage":"en-US","@id":"https://www.creativeireland.gov.ie/en/event/faitios-short-film/#primaryimage","url":"https://www.creativeireland.gov.ie/app/uploads/2020/11/orlaith-image.jpg","contentUrl":"https://www.creativeireland.gov.ie/app/uploads/2020/11/orlaith-image.jpg","width":489,"height":291},{"@type":"BreadcrumbList","@id":"https://www.creativeireland.gov.ie/en/event/faitios-short-film/#breadcrumb","itemListElement":[{"@type":"ListItem","position":1,"name":"Home","item":"https://www.creativeireland.gov.ie/en/"},{"@type":"ListItem","position":2,"name":"FAITÍOS (Short Film)"}]},{"@type":"WebSite","@id":"https://www.creativeireland.gov.ie/en/#website","url":"https://www.creativeireland.gov.ie/en/","name":"Creative Ireland Programme","description":"The Creative Ireland Programme is guided by a vision that every person in Ireland will have the opportunity to realise their full creative potential. It is a five year all-of-Government initiative, from 2017 to 2022, to place creativity at the centre of public policy.","potentialAction":[{"@type":"SearchAction","target":{"@type":"EntryPoint","urlTemplate":"https://www.creativeireland.gov.ie/en/?s={search_term_string}"},"query-input":{"@type":"PropertyValueSpecification","valueRequired":true,"valueName":"search_term_string"}}],"inLanguage":"en-US"}]}</script>
<!-- / Yoast SEO plugin. -->

FAITÍOS (Short Film) - Creative Ireland Programme

FAITÍOS is a short film by Fizz &amp; Chips Productions shooting in Ticknevin County Kildare.

FAITÍOS is a short film by Fizz &amp; Chips Productions shooting in Ticknevin County Kildare. FAITÍOS or The First Fear, was written by Martha Fitzgerald and Orlaith Ní Chearra. An original score to accompany the film has been commissioned by Fizz &amp; Chips Productions. Working with two young Irish emerging actors, Molly Mew and Ross [&hellip;]
