{"id":14210,"date":"2021-05-01T04:02:26","date_gmt":"2021-05-01T03:02:26","guid":{"rendered":"https:\/\/www.creativeireland.gov.ie\/event\/cultir-hinterland-3\/"},"modified":"2021-05-01T04:02:26","modified_gmt":"2021-05-01T03:02:26","slug":"cultir-hinterland-3","status":"publish","type":"event","link":"https:\/\/www.creativeireland.gov.ie\/en\/event\/cultir-hinterland-3\/","title":{"rendered":"C\u00falt\u00edr &#8211; Hinterland"},"content":{"rendered":"<p><span><span><span><span lang=\"EN-US\" xml:lang=\"EN-US\"><span><span><span>C\u00falt\u00edr is a vibrant one hour television show championing the arts in Fingal\u00a0with music, song, art, literature and poetry at the heart of each episode. In addition to the production C\u00falt\u00edr provides short films and social media content to generate renewed interest, engagement and debate around the best characteristics of Fingal&#8217;s\u00a0identity and community.<\/span><\/span><\/span><\/span><\/span><\/span><\/span><\/p>\n<p><span><span><span><span lang=\"EN-US\" xml:lang=\"EN-US\"><span><span><span>Each programme is punctuated with interviewees and contributors from Fingal between performances filmed on location or at a site of meaning or merit. Critically the production will embrace and involve people and interested parties from local communities, locations and sites in the production process in effect creating a mini-festival in each and every location in which we film.<\/span><\/span><\/span><\/span><\/span><\/span><\/span><\/p>\n<p><span><span><span><span lang=\"EN-US\" xml:lang=\"EN-US\"><span><span><span>Three beautifully produced county \u2018character\u2019 or profile type films will further underpin each part of every episode. These insert films focus on a variety of stories taking the<strong> <\/strong>viewing audience out across Fingal to showcase heritage sites, iconic locations, cultural facilities and arts initiatives.<\/span><\/span><\/span><\/span><\/span><\/span><\/span><\/p>\n<p><span><span><span><span lang=\"EN-US\" xml:lang=\"EN-US\"><span><span><span>The primary remit of the production\u00a0is to deploy its resources to bring together musicians, writers and artists from that county to perform, share and participate in a unique celebration. C\u00falt\u00edr seeks to amplify and enhance a sense of belonging and pride of place rooted in indivdual counties and communities. We <strong>s<\/strong>hare that celebration with a local, regional, national and international audience involving local communities in the production. <\/span><\/span><\/span><\/span><\/span><\/span><\/span><\/p>\n<p>\u00a0<\/p>\n","protected":false},"author":0,"featured_media":14211,"template":"","class_list":["post-14210","event","type-event","status-publish","has-post-thumbnail","hentry"],"acf":[],"yoast_head":"<!-- This site is optimized with the Yoast SEO plugin v25.9 - https:\/\/yoast.com\/wordpress\/plugins\/seo\/ -->\n<title>C\u00falt\u00edr - Hinterland - Creative Ireland Programme<\/title>\n<meta name=\"description\" content=\"C\u00falt\u00edr is a vibrant one hour television show championing the arts in Fingal\u00a0with music, song, art, literature and poetry at the heart of each episode.\" \/>\n<meta name=\"robots\" content=\"index, follow, max-snippet:-1, max-image-preview:large, max-video-preview:-1\" \/>\n<link rel=\"canonical\" href=\"https:\/\/www.creativeireland.gov.ie\/en\/event\/cultir-hinterland-3\/\" \/>\n<meta property=\"og:locale\" content=\"en_US\" \/>\n<meta property=\"og:type\" content=\"article\" \/>\n<meta property=\"og:title\" content=\"C\u00falt\u00edr - Hinterland - Creative Ireland Programme\" \/>\n<meta property=\"og:description\" content=\"C\u00falt\u00edr is a vibrant one hour television show championing the arts in Fingal\u00a0with music, song, art, literature and poetry at the heart of each episode. In addition to the production C\u00falt\u00edr provides short films and social media content to generate renewed interest, engagement and debate around the best characteristics of Fingal&#8217;s\u00a0identity and community. Each programme [&hellip;]\" \/>\n<meta property=\"og:url\" content=\"https:\/\/www.creativeireland.gov.ie\/en\/event\/cultir-hinterland-3\/\" \/>\n<meta property=\"og:site_name\" content=\"Creative Ireland Programme\" \/>\n<meta property=\"article:publisher\" content=\"https:\/\/www.facebook.com\/CreativeIrl\/\" \/>\n<meta property=\"og:image\" content=\"https:\/\/www.creativeireland.gov.ie\/app\/uploads\/2021\/05\/cuiltir-scaled.jpg\" \/>\n\t<meta property=\"og:image:width\" content=\"2560\" \/>\n\t<meta property=\"og:image:height\" content=\"1607\" \/>\n\t<meta property=\"og:image:type\" content=\"image\/jpeg\" \/>\n<meta name=\"twitter:card\" content=\"summary_large_image\" \/>\n<meta name=\"twitter:site\" content=\"@creativeirl\" \/>\n<meta name=\"twitter:label1\" content=\"Est. reading time\" \/>\n\t<meta name=\"twitter:data1\" content=\"1 minute\" \/>\n<script type=\"application\/ld+json\" class=\"yoast-schema-graph\">{\"@context\":\"https:\/\/schema.org\",\"@graph\":[{\"@type\":\"WebPage\",\"@id\":\"https:\/\/www.creativeireland.gov.ie\/en\/event\/cultir-hinterland-3\/\",\"url\":\"https:\/\/www.creativeireland.gov.ie\/en\/event\/cultir-hinterland-3\/\",\"name\":\"C\u00falt\u00edr - Hinterland - Creative Ireland Programme\",\"isPartOf\":{\"@id\":\"https:\/\/www.creativeireland.gov.ie\/en\/#website\"},\"primaryImageOfPage\":{\"@id\":\"https:\/\/www.creativeireland.gov.ie\/en\/event\/cultir-hinterland-3\/#primaryimage\"},\"image\":{\"@id\":\"https:\/\/www.creativeireland.gov.ie\/en\/event\/cultir-hinterland-3\/#primaryimage\"},\"thumbnailUrl\":\"https:\/\/www.creativeireland.gov.ie\/app\/uploads\/2021\/05\/cuiltir-scaled.jpg\",\"datePublished\":\"2021-05-01T03:02:26+00:00\",\"breadcrumb\":{\"@id\":\"https:\/\/www.creativeireland.gov.ie\/en\/event\/cultir-hinterland-3\/#breadcrumb\"},\"inLanguage\":\"en-US\",\"potentialAction\":[{\"@type\":\"ReadAction\",\"target\":[\"https:\/\/www.creativeireland.gov.ie\/en\/event\/cultir-hinterland-3\/\"]}]},{\"@type\":\"ImageObject\",\"inLanguage\":\"en-US\",\"@id\":\"https:\/\/www.creativeireland.gov.ie\/en\/event\/cultir-hinterland-3\/#primaryimage\",\"url\":\"https:\/\/www.creativeireland.gov.ie\/app\/uploads\/2021\/05\/cuiltir-scaled.jpg\",\"contentUrl\":\"https:\/\/www.creativeireland.gov.ie\/app\/uploads\/2021\/05\/cuiltir-scaled.jpg\",\"width\":2560,\"height\":1607},{\"@type\":\"BreadcrumbList\",\"@id\":\"https:\/\/www.creativeireland.gov.ie\/en\/event\/cultir-hinterland-3\/#breadcrumb\",\"itemListElement\":[{\"@type\":\"ListItem\",\"position\":1,\"name\":\"Home\",\"item\":\"https:\/\/www.creativeireland.gov.ie\/en\/\"},{\"@type\":\"ListItem\",\"position\":2,\"name\":\"C\u00falt\u00edr &#8211; Hinterland\"}]},{\"@type\":\"WebSite\",\"@id\":\"https:\/\/www.creativeireland.gov.ie\/en\/#website\",\"url\":\"https:\/\/www.creativeireland.gov.ie\/en\/\",\"name\":\"Creative Ireland Programme\",\"description\":\"The Creative Ireland Programme is guided by a vision that every person in Ireland will have the opportunity to realise their full creative potential. It is a five year all-of-Government initiative, from 2017 to 2022, to place creativity at the centre of public policy.\",\"potentialAction\":[{\"@type\":\"SearchAction\",\"target\":{\"@type\":\"EntryPoint\",\"urlTemplate\":\"https:\/\/www.creativeireland.gov.ie\/en\/?s={search_term_string}\"},\"query-input\":{\"@type\":\"PropertyValueSpecification\",\"valueRequired\":true,\"valueName\":\"search_term_string\"}}],\"inLanguage\":\"en-US\"}]}<\/script>\n<!-- \/ Yoast SEO plugin. -->","yoast_head_json":{"title":"C\u00falt\u00edr - Hinterland - Creative Ireland Programme","description":"C\u00falt\u00edr is a vibrant one hour television show championing the arts in Fingal\u00a0with music, song, art, literature and poetry at the heart of each episode.","robots":{"index":"index","follow":"follow","max-snippet":"max-snippet:-1","max-image-preview":"max-image-preview:large","max-video-preview":"max-video-preview:-1"},"canonical":"https:\/\/www.creativeireland.gov.ie\/en\/event\/cultir-hinterland-3\/","og_locale":"en_US","og_type":"article","og_title":"C\u00falt\u00edr - Hinterland - Creative Ireland Programme","og_description":"C\u00falt\u00edr is a vibrant one hour television show championing the arts in Fingal\u00a0with music, song, art, literature and poetry at the heart of each episode. In addition to the production C\u00falt\u00edr provides short films and social media content to generate renewed interest, engagement and debate around the best characteristics of Fingal&#8217;s\u00a0identity and community. Each programme [&hellip;]","og_url":"https:\/\/www.creativeireland.gov.ie\/en\/event\/cultir-hinterland-3\/","og_site_name":"Creative Ireland Programme","article_publisher":"https:\/\/www.facebook.com\/CreativeIrl\/","og_image":[{"width":2560,"height":1607,"url":"https:\/\/www.creativeireland.gov.ie\/app\/uploads\/2021\/05\/cuiltir-scaled.jpg","type":"image\/jpeg"}],"twitter_card":"summary_large_image","twitter_site":"@creativeirl","twitter_misc":{"Est. reading time":"1 minute"},"schema":{"@context":"https:\/\/schema.org","@graph":[{"@type":"WebPage","@id":"https:\/\/www.creativeireland.gov.ie\/en\/event\/cultir-hinterland-3\/","url":"https:\/\/www.creativeireland.gov.ie\/en\/event\/cultir-hinterland-3\/","name":"C\u00falt\u00edr - Hinterland - Creative Ireland Programme","isPartOf":{"@id":"https:\/\/www.creativeireland.gov.ie\/en\/#website"},"primaryImageOfPage":{"@id":"https:\/\/www.creativeireland.gov.ie\/en\/event\/cultir-hinterland-3\/#primaryimage"},"image":{"@id":"https:\/\/www.creativeireland.gov.ie\/en\/event\/cultir-hinterland-3\/#primaryimage"},"thumbnailUrl":"https:\/\/www.creativeireland.gov.ie\/app\/uploads\/2021\/05\/cuiltir-scaled.jpg","datePublished":"2021-05-01T03:02:26+00:00","breadcrumb":{"@id":"https:\/\/www.creativeireland.gov.ie\/en\/event\/cultir-hinterland-3\/#breadcrumb"},"inLanguage":"en-US","potentialAction":[{"@type":"ReadAction","target":["https:\/\/www.creativeireland.gov.ie\/en\/event\/cultir-hinterland-3\/"]}]},{"@type":"ImageObject","inLanguage":"en-US","@id":"https:\/\/www.creativeireland.gov.ie\/en\/event\/cultir-hinterland-3\/#primaryimage","url":"https:\/\/www.creativeireland.gov.ie\/app\/uploads\/2021\/05\/cuiltir-scaled.jpg","contentUrl":"https:\/\/www.creativeireland.gov.ie\/app\/uploads\/2021\/05\/cuiltir-scaled.jpg","width":2560,"height":1607},{"@type":"BreadcrumbList","@id":"https:\/\/www.creativeireland.gov.ie\/en\/event\/cultir-hinterland-3\/#breadcrumb","itemListElement":[{"@type":"ListItem","position":1,"name":"Home","item":"https:\/\/www.creativeireland.gov.ie\/en\/"},{"@type":"ListItem","position":2,"name":"C\u00falt\u00edr &#8211; Hinterland"}]},{"@type":"WebSite","@id":"https:\/\/www.creativeireland.gov.ie\/en\/#website","url":"https:\/\/www.creativeireland.gov.ie\/en\/","name":"Creative Ireland Programme","description":"The Creative Ireland Programme is guided by a vision that every person in Ireland will have the opportunity to realise their full creative potential. It is a five year all-of-Government initiative, from 2017 to 2022, to place creativity at the centre of public policy.","potentialAction":[{"@type":"SearchAction","target":{"@type":"EntryPoint","urlTemplate":"https:\/\/www.creativeireland.gov.ie\/en\/?s={search_term_string}"},"query-input":{"@type":"PropertyValueSpecification","valueRequired":true,"valueName":"search_term_string"}}],"inLanguage":"en-US"}]}},"_links":{"self":[{"href":"https:\/\/www.creativeireland.gov.ie\/en\/wp-json\/wp\/v2\/event\/14210","targetHints":{"allow":["GET"]}}],"collection":[{"href":"https:\/\/www.creativeireland.gov.ie\/en\/wp-json\/wp\/v2\/event"}],"about":[{"href":"https:\/\/www.creativeireland.gov.ie\/en\/wp-json\/wp\/v2\/types\/event"}],"wp:featuredmedia":[{"embeddable":true,"href":"https:\/\/www.creativeireland.gov.ie\/en\/wp-json\/wp\/v2\/media\/14211"}],"wp:attachment":[{"href":"https:\/\/www.creativeireland.gov.ie\/en\/wp-json\/wp\/v2\/media?parent=14210"}],"curies":[{"name":"wp","href":"https:\/\/api.w.org\/{rel}","templated":true}]}}

Cúltír &#8211; Hinterland

<p><span><span><span><span lang="EN-US" xml:lang="EN-US"><span><span><span>Cúltír is a vibrant one hour television show championing the arts in Fingal with music, song, art, literature and poetry at the heart of each episode. In addition to the production Cúltír provides short films and social media content to generate renewed interest, engagement and debate around the best characteristics of Fingal&#8217;s identity and community.</span></span></span></span></span></span></span></p>
<p><span><span><span><span lang="EN-US" xml:lang="EN-US"><span><span><span>Each programme is punctuated with interviewees and contributors from Fingal between performances filmed on location or at a site of meaning or merit. Critically the production will embrace and involve people and interested parties from local communities, locations and sites in the production process in effect creating a mini-festival in each and every location in which we film.</span></span></span></span></span></span></span></p>
<p><span><span><span><span lang="EN-US" xml:lang="EN-US"><span><span><span>Three beautifully produced county ‘character’ or profile type films will further underpin each part of every episode. These insert films focus on a variety of stories taking the<strong> </strong>viewing audience out across Fingal to showcase heritage sites, iconic locations, cultural facilities and arts initiatives.</span></span></span></span></span></span></span></p>
<p><span><span><span><span lang="EN-US" xml:lang="EN-US"><span><span><span>The primary remit of the production is to deploy its resources to bring together musicians, writers and artists from that county to perform, share and participate in a unique celebration. Cúltír seeks to amplify and enhance a sense of belonging and pride of place rooted in indivdual counties and communities. We <strong>s</strong>hare that celebration with a local, regional, national and international audience involving local communities in the production. </span></span></span></span></span></span></span></p>
<p> </p>

<!-- This site is optimized with the Yoast SEO plugin v25.9 - https://yoast.com/wordpress/plugins/seo/ -->
<title>Cúltír - Hinterland - Creative Ireland Programme</title>
<meta name="description" content="Cúltír is a vibrant one hour television show championing the arts in Fingal with music, song, art, literature and poetry at the heart of each episode." />
<meta name="robots" content="index, follow, max-snippet:-1, max-image-preview:large, max-video-preview:-1" />
<link rel="canonical" href="https://www.creativeireland.gov.ie/en/event/cultir-hinterland-3/" />
<meta property="og:locale" content="en_US" />
<meta property="og:type" content="article" />
<meta property="og:title" content="Cúltír - Hinterland - Creative Ireland Programme" />
<meta property="og:description" content="Cúltír is a vibrant one hour television show championing the arts in Fingal with music, song, art, literature and poetry at the heart of each episode. In addition to the production Cúltír provides short films and social media content to generate renewed interest, engagement and debate around the best characteristics of Fingal&#8217;s identity and community. Each programme [&hellip;]" />
<meta property="og:url" content="https://www.creativeireland.gov.ie/en/event/cultir-hinterland-3/" />
<meta property="og:site_name" content="Creative Ireland Programme" />
<meta property="article:publisher" content="https://www.facebook.com/CreativeIrl/" />
<meta property="og:image" content="https://www.creativeireland.gov.ie/app/uploads/2021/05/cuiltir-scaled.jpg" />
	<meta property="og:image:width" content="2560" />
	<meta property="og:image:height" content="1607" />
	<meta property="og:image:type" content="image/jpeg" />
<meta name="twitter:card" content="summary_large_image" />
<meta name="twitter:site" content="@creativeirl" />
<meta name="twitter:label1" content="Est. reading time" />
	<meta name="twitter:data1" content="1 minute" />
<script type="application/ld+json" class="yoast-schema-graph">{"@context":"https://schema.org","@graph":[{"@type":"WebPage","@id":"https://www.creativeireland.gov.ie/en/event/cultir-hinterland-3/","url":"https://www.creativeireland.gov.ie/en/event/cultir-hinterland-3/","name":"Cúltír - Hinterland - Creative Ireland Programme","isPartOf":{"@id":"https://www.creativeireland.gov.ie/en/#website"},"primaryImageOfPage":{"@id":"https://www.creativeireland.gov.ie/en/event/cultir-hinterland-3/#primaryimage"},"image":{"@id":"https://www.creativeireland.gov.ie/en/event/cultir-hinterland-3/#primaryimage"},"thumbnailUrl":"https://www.creativeireland.gov.ie/app/uploads/2021/05/cuiltir-scaled.jpg","datePublished":"2021-05-01T03:02:26+00:00","breadcrumb":{"@id":"https://www.creativeireland.gov.ie/en/event/cultir-hinterland-3/#breadcrumb"},"inLanguage":"en-US","potentialAction":[{"@type":"ReadAction","target":["https://www.creativeireland.gov.ie/en/event/cultir-hinterland-3/"]}]},{"@type":"ImageObject","inLanguage":"en-US","@id":"https://www.creativeireland.gov.ie/en/event/cultir-hinterland-3/#primaryimage","url":"https://www.creativeireland.gov.ie/app/uploads/2021/05/cuiltir-scaled.jpg","contentUrl":"https://www.creativeireland.gov.ie/app/uploads/2021/05/cuiltir-scaled.jpg","width":2560,"height":1607},{"@type":"BreadcrumbList","@id":"https://www.creativeireland.gov.ie/en/event/cultir-hinterland-3/#breadcrumb","itemListElement":[{"@type":"ListItem","position":1,"name":"Home","item":"https://www.creativeireland.gov.ie/en/"},{"@type":"ListItem","position":2,"name":"Cúltír &#8211; Hinterland"}]},{"@type":"WebSite","@id":"https://www.creativeireland.gov.ie/en/#website","url":"https://www.creativeireland.gov.ie/en/","name":"Creative Ireland Programme","description":"The Creative Ireland Programme is guided by a vision that every person in Ireland will have the opportunity to realise their full creative potential. It is a five year all-of-Government initiative, from 2017 to 2022, to place creativity at the centre of public policy.","potentialAction":[{"@type":"SearchAction","target":{"@type":"EntryPoint","urlTemplate":"https://www.creativeireland.gov.ie/en/?s={search_term_string}"},"query-input":{"@type":"PropertyValueSpecification","valueRequired":true,"valueName":"search_term_string"}}],"inLanguage":"en-US"}]}</script>
<!-- / Yoast SEO plugin. -->

Cúltír - Hinterland - Creative Ireland Programme

Cúltír is a vibrant one hour television show championing the arts in Fingal with music, song, art, literature and poetry at the heart of each episode.

Cúltír is a vibrant one hour television show championing the arts in Fingal with music, song, art, literature and poetry at the heart of each episode. In addition to the production Cúltír provides short films and social media content to generate renewed interest, engagement and debate around the best characteristics of Fingal&#8217;s identity and community. Each programme [&hellip;]
