{"id":16256,"date":"2021-09-28T04:02:41","date_gmt":"2021-09-28T03:02:41","guid":{"rendered":"https:\/\/www.creativeireland.gov.ie\/event\/dial-a-seanchai\/"},"modified":"2021-10-04T13:33:45","modified_gmt":"2021-10-04T12:33:45","slug":"dial-a-seanchai","status":"publish","type":"event","link":"https:\/\/www.creativeireland.gov.ie\/en\/event\/dial-a-seanchai\/","title":{"rendered":"Dial-a-Seancha\u00ed: The lines are now live"},"content":{"rendered":"\n<div class=\"wp-block-group\"><div class=\"wp-block-group__inner-container is-layout-flow wp-block-group-is-layout-flow\">\n<p><a href=\"https:\/\/www.rte.ie\/radio\/radio1\/clips\/22011514\/\"><em style=\"font-size: inherit;\">RT\u00c9 Radio 1 &#8211; Old Songs Down the Line<\/em><\/a><\/p>\n\n\n\n<p> <em>Dial-a-Seancha\u00ed is now live at 065-6723000<\/em> <\/p>\n<\/div><\/div>\n\n\n\n<p>Commissioned by the Clare Arts Office and gl\u00f3r, this unique audio experience celebrates Irish folklore, storytelling, and song. The project is curated and produced by John Lillis. This phone service will allow members of the public to listen to curated Irish folklore stories and songs from six contemporary voices. The phone service will operate between the 1st of October and the 1st of November 2021, and callers will be invited to choose from the list of short recordings by well-known Irish artists and performers.&nbsp;The recordings are a mix of story and song, with themes universal to mythology the world over &#8211; widows, witches, lost islands, sun gods, drunkards, and devils.<\/p>\n\n\n\n<p>The Seancha\u00ed is the custodian of an oral tradition, preserving the past for future generations. This is a contemporary re-imagining of the 1988 project introduced by the Clare Arts Officer at that time, Kay Sheehy. The original project was developed to share the storytelling tradition of the seancha\u00ed, and featured recordings made by&nbsp;three renowned seanchaithe in Co. Clare: Junior Crehan of Mullagh; Francie Kennelly of Miltown Malbay, and Eddie Lenihan of Crusheen.<\/p>\n\n\n\n<p>The 2021 recordings are from six acclaimed Irish artists invited to reinterpret existing Irish folklore tales for a contemporary audience. Featured artists are Lisa O&#8217;Neill; Aindrias De Staic; Ruth Smith; Ian Lynch; Ceara Conway and Kevin Barry.<\/p>\n","protected":false},"author":53,"featured_media":16429,"template":"","class_list":["post-16256","event","type-event","status-publish","has-post-thumbnail","hentry"],"acf":[],"yoast_head":"<!-- This site is optimized with the Yoast SEO plugin v25.9 - https:\/\/yoast.com\/wordpress\/plugins\/seo\/ -->\n<title>Dial-a-Seancha\u00ed: The lines are now live - Creative Ireland Programme<\/title>\n<meta name=\"description\" content=\"RT\u00c9 Radio 1 - Old Songs Down the Line\n\n\n\n Dial-a-Seancha\u00ed is now live at 065-6723000 \n\n\n\n\nCommissioned by the Clare Arts Office and gl\u00f3r, this unique audio experience celebrates Irish folklore, storytelling, and song.\" \/>\n<meta name=\"robots\" content=\"index, follow, max-snippet:-1, max-image-preview:large, max-video-preview:-1\" \/>\n<link rel=\"canonical\" href=\"https:\/\/www.creativeireland.gov.ie\/en\/event\/dial-a-seanchai\/\" \/>\n<meta property=\"og:locale\" content=\"en_US\" \/>\n<meta property=\"og:type\" content=\"article\" \/>\n<meta property=\"og:title\" content=\"Dial-a-Seancha\u00ed: The lines are now live - Creative Ireland Programme\" \/>\n<meta property=\"og:description\" content=\"RT\u00c9 Radio 1 &#8211; Old Songs Down the Line Dial-a-Seancha\u00ed is now live at 065-6723000 Commissioned by the Clare Arts Office and gl\u00f3r, this unique audio experience celebrates Irish folklore, storytelling, and song. The project is curated and produced by John Lillis. This phone service will allow members of the public to listen to curated [&hellip;]\" \/>\n<meta property=\"og:url\" content=\"https:\/\/www.creativeireland.gov.ie\/en\/event\/dial-a-seanchai\/\" \/>\n<meta property=\"og:site_name\" content=\"Creative Ireland Programme\" \/>\n<meta property=\"article:publisher\" content=\"https:\/\/www.facebook.com\/CreativeIrl\/\" \/>\n<meta property=\"article:modified_time\" content=\"2021-10-04T12:33:45+00:00\" \/>\n<meta property=\"og:image\" content=\"https:\/\/www.creativeireland.gov.ie\/app\/uploads\/2021\/09\/Aindrias-de-Staic_portrait_myriam-Riand-scaled.jpg\" \/>\n\t<meta property=\"og:image:width\" content=\"2560\" \/>\n\t<meta property=\"og:image:height\" content=\"1712\" \/>\n\t<meta property=\"og:image:type\" content=\"image\/jpeg\" \/>\n<meta name=\"twitter:card\" content=\"summary_large_image\" \/>\n<meta name=\"twitter:site\" content=\"@creativeirl\" \/>\n<meta name=\"twitter:label1\" content=\"Est. reading time\" \/>\n\t<meta name=\"twitter:data1\" content=\"1 minute\" \/>\n<script type=\"application\/ld+json\" class=\"yoast-schema-graph\">{\"@context\":\"https:\/\/schema.org\",\"@graph\":[{\"@type\":\"WebPage\",\"@id\":\"https:\/\/www.creativeireland.gov.ie\/en\/event\/dial-a-seanchai\/\",\"url\":\"https:\/\/www.creativeireland.gov.ie\/en\/event\/dial-a-seanchai\/\",\"name\":\"Dial-a-Seancha\u00ed: The lines are now live - Creative Ireland Programme\",\"isPartOf\":{\"@id\":\"https:\/\/www.creativeireland.gov.ie\/en\/#website\"},\"primaryImageOfPage\":{\"@id\":\"https:\/\/www.creativeireland.gov.ie\/en\/event\/dial-a-seanchai\/#primaryimage\"},\"image\":{\"@id\":\"https:\/\/www.creativeireland.gov.ie\/en\/event\/dial-a-seanchai\/#primaryimage\"},\"thumbnailUrl\":\"https:\/\/www.creativeireland.gov.ie\/app\/uploads\/2021\/09\/Aindrias-de-Staic_portrait_myriam-Riand-scaled.jpg\",\"datePublished\":\"2021-09-28T03:02:41+00:00\",\"dateModified\":\"2021-10-04T12:33:45+00:00\",\"breadcrumb\":{\"@id\":\"https:\/\/www.creativeireland.gov.ie\/en\/event\/dial-a-seanchai\/#breadcrumb\"},\"inLanguage\":\"en-US\",\"potentialAction\":[{\"@type\":\"ReadAction\",\"target\":[\"https:\/\/www.creativeireland.gov.ie\/en\/event\/dial-a-seanchai\/\"]}]},{\"@type\":\"ImageObject\",\"inLanguage\":\"en-US\",\"@id\":\"https:\/\/www.creativeireland.gov.ie\/en\/event\/dial-a-seanchai\/#primaryimage\",\"url\":\"https:\/\/www.creativeireland.gov.ie\/app\/uploads\/2021\/09\/Aindrias-de-Staic_portrait_myriam-Riand-scaled.jpg\",\"contentUrl\":\"https:\/\/www.creativeireland.gov.ie\/app\/uploads\/2021\/09\/Aindrias-de-Staic_portrait_myriam-Riand-scaled.jpg\",\"width\":2560,\"height\":1712,\"caption\":\"Credit: Myriam Riand\"},{\"@type\":\"BreadcrumbList\",\"@id\":\"https:\/\/www.creativeireland.gov.ie\/en\/event\/dial-a-seanchai\/#breadcrumb\",\"itemListElement\":[{\"@type\":\"ListItem\",\"position\":1,\"name\":\"Home\",\"item\":\"https:\/\/www.creativeireland.gov.ie\/en\/\"},{\"@type\":\"ListItem\",\"position\":2,\"name\":\"Dial-a-Seancha\u00ed: The lines are now live\"}]},{\"@type\":\"WebSite\",\"@id\":\"https:\/\/www.creativeireland.gov.ie\/en\/#website\",\"url\":\"https:\/\/www.creativeireland.gov.ie\/en\/\",\"name\":\"Creative Ireland Programme\",\"description\":\"The Creative Ireland Programme is guided by a vision that every person in Ireland will have the opportunity to realise their full creative potential. It is a five year all-of-Government initiative, from 2017 to 2022, to place creativity at the centre of public policy.\",\"potentialAction\":[{\"@type\":\"SearchAction\",\"target\":{\"@type\":\"EntryPoint\",\"urlTemplate\":\"https:\/\/www.creativeireland.gov.ie\/en\/?s={search_term_string}\"},\"query-input\":{\"@type\":\"PropertyValueSpecification\",\"valueRequired\":true,\"valueName\":\"search_term_string\"}}],\"inLanguage\":\"en-US\"}]}<\/script>\n<!-- \/ Yoast SEO plugin. -->","yoast_head_json":{"title":"Dial-a-Seancha\u00ed: The lines are now live - Creative Ireland Programme","description":"RT\u00c9 Radio 1 - Old Songs Down the Line\n\n\n\n Dial-a-Seancha\u00ed is now live at 065-6723000 \n\n\n\n\nCommissioned by the Clare Arts Office and gl\u00f3r, this unique audio experience celebrates Irish folklore, storytelling, and song.","robots":{"index":"index","follow":"follow","max-snippet":"max-snippet:-1","max-image-preview":"max-image-preview:large","max-video-preview":"max-video-preview:-1"},"canonical":"https:\/\/www.creativeireland.gov.ie\/en\/event\/dial-a-seanchai\/","og_locale":"en_US","og_type":"article","og_title":"Dial-a-Seancha\u00ed: The lines are now live - Creative Ireland Programme","og_description":"RT\u00c9 Radio 1 &#8211; Old Songs Down the Line Dial-a-Seancha\u00ed is now live at 065-6723000 Commissioned by the Clare Arts Office and gl\u00f3r, this unique audio experience celebrates Irish folklore, storytelling, and song. The project is curated and produced by John Lillis. This phone service will allow members of the public to listen to curated [&hellip;]","og_url":"https:\/\/www.creativeireland.gov.ie\/en\/event\/dial-a-seanchai\/","og_site_name":"Creative Ireland Programme","article_publisher":"https:\/\/www.facebook.com\/CreativeIrl\/","article_modified_time":"2021-10-04T12:33:45+00:00","og_image":[{"width":2560,"height":1712,"url":"https:\/\/www.creativeireland.gov.ie\/app\/uploads\/2021\/09\/Aindrias-de-Staic_portrait_myriam-Riand-scaled.jpg","type":"image\/jpeg"}],"twitter_card":"summary_large_image","twitter_site":"@creativeirl","twitter_misc":{"Est. reading time":"1 minute"},"schema":{"@context":"https:\/\/schema.org","@graph":[{"@type":"WebPage","@id":"https:\/\/www.creativeireland.gov.ie\/en\/event\/dial-a-seanchai\/","url":"https:\/\/www.creativeireland.gov.ie\/en\/event\/dial-a-seanchai\/","name":"Dial-a-Seancha\u00ed: The lines are now live - Creative Ireland Programme","isPartOf":{"@id":"https:\/\/www.creativeireland.gov.ie\/en\/#website"},"primaryImageOfPage":{"@id":"https:\/\/www.creativeireland.gov.ie\/en\/event\/dial-a-seanchai\/#primaryimage"},"image":{"@id":"https:\/\/www.creativeireland.gov.ie\/en\/event\/dial-a-seanchai\/#primaryimage"},"thumbnailUrl":"https:\/\/www.creativeireland.gov.ie\/app\/uploads\/2021\/09\/Aindrias-de-Staic_portrait_myriam-Riand-scaled.jpg","datePublished":"2021-09-28T03:02:41+00:00","dateModified":"2021-10-04T12:33:45+00:00","breadcrumb":{"@id":"https:\/\/www.creativeireland.gov.ie\/en\/event\/dial-a-seanchai\/#breadcrumb"},"inLanguage":"en-US","potentialAction":[{"@type":"ReadAction","target":["https:\/\/www.creativeireland.gov.ie\/en\/event\/dial-a-seanchai\/"]}]},{"@type":"ImageObject","inLanguage":"en-US","@id":"https:\/\/www.creativeireland.gov.ie\/en\/event\/dial-a-seanchai\/#primaryimage","url":"https:\/\/www.creativeireland.gov.ie\/app\/uploads\/2021\/09\/Aindrias-de-Staic_portrait_myriam-Riand-scaled.jpg","contentUrl":"https:\/\/www.creativeireland.gov.ie\/app\/uploads\/2021\/09\/Aindrias-de-Staic_portrait_myriam-Riand-scaled.jpg","width":2560,"height":1712,"caption":"Credit: Myriam Riand"},{"@type":"BreadcrumbList","@id":"https:\/\/www.creativeireland.gov.ie\/en\/event\/dial-a-seanchai\/#breadcrumb","itemListElement":[{"@type":"ListItem","position":1,"name":"Home","item":"https:\/\/www.creativeireland.gov.ie\/en\/"},{"@type":"ListItem","position":2,"name":"Dial-a-Seancha\u00ed: The lines are now live"}]},{"@type":"WebSite","@id":"https:\/\/www.creativeireland.gov.ie\/en\/#website","url":"https:\/\/www.creativeireland.gov.ie\/en\/","name":"Creative Ireland Programme","description":"The Creative Ireland Programme is guided by a vision that every person in Ireland will have the opportunity to realise their full creative potential. It is a five year all-of-Government initiative, from 2017 to 2022, to place creativity at the centre of public policy.","potentialAction":[{"@type":"SearchAction","target":{"@type":"EntryPoint","urlTemplate":"https:\/\/www.creativeireland.gov.ie\/en\/?s={search_term_string}"},"query-input":{"@type":"PropertyValueSpecification","valueRequired":true,"valueName":"search_term_string"}}],"inLanguage":"en-US"}]}},"_links":{"self":[{"href":"https:\/\/www.creativeireland.gov.ie\/en\/wp-json\/wp\/v2\/event\/16256","targetHints":{"allow":["GET"]}}],"collection":[{"href":"https:\/\/www.creativeireland.gov.ie\/en\/wp-json\/wp\/v2\/event"}],"about":[{"href":"https:\/\/www.creativeireland.gov.ie\/en\/wp-json\/wp\/v2\/types\/event"}],"author":[{"embeddable":true,"href":"https:\/\/www.creativeireland.gov.ie\/en\/wp-json\/wp\/v2\/users\/53"}],"wp:featuredmedia":[{"embeddable":true,"href":"https:\/\/www.creativeireland.gov.ie\/en\/wp-json\/wp\/v2\/media\/16429"}],"wp:attachment":[{"href":"https:\/\/www.creativeireland.gov.ie\/en\/wp-json\/wp\/v2\/media?parent=16256"}],"curies":[{"name":"wp","href":"https:\/\/api.w.org\/{rel}","templated":true}]}}

Dial-a-Seanchaí: The lines are now live

<div class="wp-block-group"><div class="wp-block-group__inner-container is-layout-flow wp-block-group-is-layout-flow">
<p><a href="https://www.rte.ie/radio/radio1/clips/22011514/"><em style="font-size: inherit;">RTÉ Radio 1 &#8211; Old Songs Down the Line</em></a></p>



<p> <em>Dial-a-Seanchaí is now live at 065-6723000</em> </p>
</div></div>



<p>Commissioned by the Clare Arts Office and glór, this unique audio experience celebrates Irish folklore, storytelling, and song. The project is curated and produced by John Lillis. This phone service will allow members of the public to listen to curated Irish folklore stories and songs from six contemporary voices. The phone service will operate between the 1st of October and the 1st of November 2021, and callers will be invited to choose from the list of short recordings by well-known Irish artists and performers.&nbsp;The recordings are a mix of story and song, with themes universal to mythology the world over &#8211; widows, witches, lost islands, sun gods, drunkards, and devils.</p>



<p>The Seanchaí is the custodian of an oral tradition, preserving the past for future generations. This is a contemporary re-imagining of the 1988 project introduced by the Clare Arts Officer at that time, Kay Sheehy. The original project was developed to share the storytelling tradition of the seanchaí, and featured recordings made by&nbsp;three renowned seanchaithe in Co. Clare: Junior Crehan of Mullagh; Francie Kennelly of Miltown Malbay, and Eddie Lenihan of Crusheen.</p>



<p>The 2021 recordings are from six acclaimed Irish artists invited to reinterpret existing Irish folklore tales for a contemporary audience. Featured artists are Lisa O&#8217;Neill; Aindrias De Staic; Ruth Smith; Ian Lynch; Ceara Conway and Kevin Barry.</p>

<!-- This site is optimized with the Yoast SEO plugin v25.9 - https://yoast.com/wordpress/plugins/seo/ -->
<title>Dial-a-Seanchaí: The lines are now live - Creative Ireland Programme</title>
<meta name="description" content="RTÉ Radio 1 - Old Songs Down the Line



 Dial-a-Seanchaí is now live at 065-6723000 




Commissioned by the Clare Arts Office and glór, this unique audio experience celebrates Irish folklore, storytelling, and song." />
<meta name="robots" content="index, follow, max-snippet:-1, max-image-preview:large, max-video-preview:-1" />
<link rel="canonical" href="https://www.creativeireland.gov.ie/en/event/dial-a-seanchai/" />
<meta property="og:locale" content="en_US" />
<meta property="og:type" content="article" />
<meta property="og:title" content="Dial-a-Seanchaí: The lines are now live - Creative Ireland Programme" />
<meta property="og:description" content="RTÉ Radio 1 &#8211; Old Songs Down the Line Dial-a-Seanchaí is now live at 065-6723000 Commissioned by the Clare Arts Office and glór, this unique audio experience celebrates Irish folklore, storytelling, and song. The project is curated and produced by John Lillis. This phone service will allow members of the public to listen to curated [&hellip;]" />
<meta property="og:url" content="https://www.creativeireland.gov.ie/en/event/dial-a-seanchai/" />
<meta property="og:site_name" content="Creative Ireland Programme" />
<meta property="article:publisher" content="https://www.facebook.com/CreativeIrl/" />
<meta property="article:modified_time" content="2021-10-04T12:33:45+00:00" />
<meta property="og:image" content="https://www.creativeireland.gov.ie/app/uploads/2021/09/Aindrias-de-Staic_portrait_myriam-Riand-scaled.jpg" />
	<meta property="og:image:width" content="2560" />
	<meta property="og:image:height" content="1712" />
	<meta property="og:image:type" content="image/jpeg" />
<meta name="twitter:card" content="summary_large_image" />
<meta name="twitter:site" content="@creativeirl" />
<meta name="twitter:label1" content="Est. reading time" />
	<meta name="twitter:data1" content="1 minute" />
<script type="application/ld+json" class="yoast-schema-graph">{"@context":"https://schema.org","@graph":[{"@type":"WebPage","@id":"https://www.creativeireland.gov.ie/en/event/dial-a-seanchai/","url":"https://www.creativeireland.gov.ie/en/event/dial-a-seanchai/","name":"Dial-a-Seanchaí: The lines are now live - Creative Ireland Programme","isPartOf":{"@id":"https://www.creativeireland.gov.ie/en/#website"},"primaryImageOfPage":{"@id":"https://www.creativeireland.gov.ie/en/event/dial-a-seanchai/#primaryimage"},"image":{"@id":"https://www.creativeireland.gov.ie/en/event/dial-a-seanchai/#primaryimage"},"thumbnailUrl":"https://www.creativeireland.gov.ie/app/uploads/2021/09/Aindrias-de-Staic_portrait_myriam-Riand-scaled.jpg","datePublished":"2021-09-28T03:02:41+00:00","dateModified":"2021-10-04T12:33:45+00:00","breadcrumb":{"@id":"https://www.creativeireland.gov.ie/en/event/dial-a-seanchai/#breadcrumb"},"inLanguage":"en-US","potentialAction":[{"@type":"ReadAction","target":["https://www.creativeireland.gov.ie/en/event/dial-a-seanchai/"]}]},{"@type":"ImageObject","inLanguage":"en-US","@id":"https://www.creativeireland.gov.ie/en/event/dial-a-seanchai/#primaryimage","url":"https://www.creativeireland.gov.ie/app/uploads/2021/09/Aindrias-de-Staic_portrait_myriam-Riand-scaled.jpg","contentUrl":"https://www.creativeireland.gov.ie/app/uploads/2021/09/Aindrias-de-Staic_portrait_myriam-Riand-scaled.jpg","width":2560,"height":1712,"caption":"Credit: Myriam Riand"},{"@type":"BreadcrumbList","@id":"https://www.creativeireland.gov.ie/en/event/dial-a-seanchai/#breadcrumb","itemListElement":[{"@type":"ListItem","position":1,"name":"Home","item":"https://www.creativeireland.gov.ie/en/"},{"@type":"ListItem","position":2,"name":"Dial-a-Seanchaí: The lines are now live"}]},{"@type":"WebSite","@id":"https://www.creativeireland.gov.ie/en/#website","url":"https://www.creativeireland.gov.ie/en/","name":"Creative Ireland Programme","description":"The Creative Ireland Programme is guided by a vision that every person in Ireland will have the opportunity to realise their full creative potential. It is a five year all-of-Government initiative, from 2017 to 2022, to place creativity at the centre of public policy.","potentialAction":[{"@type":"SearchAction","target":{"@type":"EntryPoint","urlTemplate":"https://www.creativeireland.gov.ie/en/?s={search_term_string}"},"query-input":{"@type":"PropertyValueSpecification","valueRequired":true,"valueName":"search_term_string"}}],"inLanguage":"en-US"}]}</script>
<!-- / Yoast SEO plugin. -->

Dial-a-Seanchaí: The lines are now live - Creative Ireland Programme

RTÉ Radio 1 - Old Songs Down the Line



 Dial-a-Seanchaí is now live at 065-6723000 




Commissioned by the Clare Arts Office and glór, this unique audio experience celebrates Irish folklore, storytelling, and song.

RTÉ Radio 1 &#8211; Old Songs Down the Line Dial-a-Seanchaí is now live at 065-6723000 Commissioned by the Clare Arts Office and glór, this unique audio experience celebrates Irish folklore, storytelling, and song. The project is curated and produced by John Lillis. This phone service will allow members of the public to listen to curated [&hellip;]
