{"id":16328,"date":"2021-09-25T04:02:46","date_gmt":"2021-09-25T03:02:46","guid":{"rendered":"https:\/\/www.creativeireland.gov.ie\/event\/oileanra\/"},"modified":"2021-09-25T04:02:46","modified_gmt":"2021-09-25T03:02:46","slug":"oileanra","status":"publish","type":"event","link":"https:\/\/www.creativeireland.gov.ie\/en\/event\/oileanra\/","title":{"rendered":"Oile\u00e1nra"},"content":{"rendered":"<p><span><span><span>&#8220;Oile\u00e1nra&#8221; introduces all sectors of the Community to a taster course in our natural heritage, language, archaeology, geology, history and biodiversity. The project enables course participants to develop heritage projects based in Letter Mullen and Ceantar na nOile\u00e1n. The participants will receive training and important skills that would be\u00a0lost or buried in the ground. The findings will be documented and shared with local and international\u00a0audiences through videos and virtual tours of important sites and monuments. Technologies that allow the sharing of cultural heritage digitally will also be explored. <\/span><\/span><\/span><\/p>\n<p><span><span><span>A variety of topics will be delivered to participants by a\u00a0module leader. The project draws on the expertise of several people including John Bhaba Jeaic O\u2019Congha\u00edle from Letter Mullen who is the Director of Letter Mullen Heritage Centre. John voluntary travels the country giving talks about our nation\u2019s land and sea culture, history and heritage. Archaeologists Miche\u00e1l \u00d3 Giob\u00fain and Richard Long will also deliver modules. Their expertise includes research on ancient remains in Ceantar na nOile\u00e1n which showed that humans lived there 7,000 years ago.\u00a0<\/span><\/span><\/span><\/p>\n<p><span><span><span>One of the objectives is to produce a Web Story Map of the area integrating maps, legends, text, photos, and videos providing public information for locals, visitors and tourists, promote events, educate or simply inspire. <\/span><\/span><\/span><\/p>\n<p><span><span><span>See <a href=\"https:\/\/www.facebook.com\/Oileanra\" target=\"_blank\" rel=\"noopener noreferrer\">Facebook <\/a>for information on how to get involved.<\/span><\/span><\/span><\/p>\n","protected":false},"author":0,"featured_media":16329,"template":"","class_list":["post-16328","event","type-event","status-publish","has-post-thumbnail","hentry"],"acf":[],"yoast_head":"<!-- This site is optimized with the Yoast SEO plugin v25.9 - https:\/\/yoast.com\/wordpress\/plugins\/seo\/ -->\n<title>Oile\u00e1nra - Creative Ireland Programme<\/title>\n<meta name=\"description\" content=\"&quot;Oile\u00e1nra&quot; introduces all sectors of the Community to a taster course in our natural heritage, language, archaeology, geology, history and biodiversity.\" \/>\n<meta name=\"robots\" content=\"index, follow, max-snippet:-1, max-image-preview:large, max-video-preview:-1\" \/>\n<link rel=\"canonical\" href=\"https:\/\/www.creativeireland.gov.ie\/en\/event\/oileanra\/\" \/>\n<meta property=\"og:locale\" content=\"en_US\" \/>\n<meta property=\"og:type\" content=\"article\" \/>\n<meta property=\"og:title\" content=\"Oile\u00e1nra - Creative Ireland Programme\" \/>\n<meta property=\"og:description\" content=\"&#8220;Oile\u00e1nra&#8221; introduces all sectors of the Community to a taster course in our natural heritage, language, archaeology, geology, history and biodiversity. The project enables course participants to develop heritage projects based in Letter Mullen and Ceantar na nOile\u00e1n. The participants will receive training and important skills that would be\u00a0lost or buried in the ground. The [&hellip;]\" \/>\n<meta property=\"og:url\" content=\"https:\/\/www.creativeireland.gov.ie\/en\/event\/oileanra\/\" \/>\n<meta property=\"og:site_name\" content=\"Creative Ireland Programme\" \/>\n<meta property=\"article:publisher\" content=\"https:\/\/www.facebook.com\/CreativeIrl\/\" \/>\n<meta property=\"og:image\" content=\"https:\/\/www.creativeireland.gov.ie\/app\/uploads\/2021\/09\/oileanra-image-1-by-aengus-mcmahon-scaled.jpg\" \/>\n\t<meta property=\"og:image:width\" content=\"2560\" \/>\n\t<meta property=\"og:image:height\" content=\"858\" \/>\n\t<meta property=\"og:image:type\" content=\"image\/jpeg\" \/>\n<meta name=\"twitter:card\" content=\"summary_large_image\" \/>\n<meta name=\"twitter:site\" content=\"@creativeirl\" \/>\n<meta name=\"twitter:label1\" content=\"Est. reading time\" \/>\n\t<meta name=\"twitter:data1\" content=\"1 minute\" \/>\n<script type=\"application\/ld+json\" class=\"yoast-schema-graph\">{\"@context\":\"https:\/\/schema.org\",\"@graph\":[{\"@type\":\"WebPage\",\"@id\":\"https:\/\/www.creativeireland.gov.ie\/en\/event\/oileanra\/\",\"url\":\"https:\/\/www.creativeireland.gov.ie\/en\/event\/oileanra\/\",\"name\":\"Oile\u00e1nra - Creative Ireland Programme\",\"isPartOf\":{\"@id\":\"https:\/\/www.creativeireland.gov.ie\/en\/#website\"},\"primaryImageOfPage\":{\"@id\":\"https:\/\/www.creativeireland.gov.ie\/en\/event\/oileanra\/#primaryimage\"},\"image\":{\"@id\":\"https:\/\/www.creativeireland.gov.ie\/en\/event\/oileanra\/#primaryimage\"},\"thumbnailUrl\":\"https:\/\/www.creativeireland.gov.ie\/app\/uploads\/2021\/09\/oileanra-image-1-by-aengus-mcmahon-scaled.jpg\",\"datePublished\":\"2021-09-25T03:02:46+00:00\",\"breadcrumb\":{\"@id\":\"https:\/\/www.creativeireland.gov.ie\/en\/event\/oileanra\/#breadcrumb\"},\"inLanguage\":\"en-US\",\"potentialAction\":[{\"@type\":\"ReadAction\",\"target\":[\"https:\/\/www.creativeireland.gov.ie\/en\/event\/oileanra\/\"]}]},{\"@type\":\"ImageObject\",\"inLanguage\":\"en-US\",\"@id\":\"https:\/\/www.creativeireland.gov.ie\/en\/event\/oileanra\/#primaryimage\",\"url\":\"https:\/\/www.creativeireland.gov.ie\/app\/uploads\/2021\/09\/oileanra-image-1-by-aengus-mcmahon-scaled.jpg\",\"contentUrl\":\"https:\/\/www.creativeireland.gov.ie\/app\/uploads\/2021\/09\/oileanra-image-1-by-aengus-mcmahon-scaled.jpg\",\"width\":2560,\"height\":858},{\"@type\":\"BreadcrumbList\",\"@id\":\"https:\/\/www.creativeireland.gov.ie\/en\/event\/oileanra\/#breadcrumb\",\"itemListElement\":[{\"@type\":\"ListItem\",\"position\":1,\"name\":\"Home\",\"item\":\"https:\/\/www.creativeireland.gov.ie\/en\/\"},{\"@type\":\"ListItem\",\"position\":2,\"name\":\"Oile\u00e1nra\"}]},{\"@type\":\"WebSite\",\"@id\":\"https:\/\/www.creativeireland.gov.ie\/en\/#website\",\"url\":\"https:\/\/www.creativeireland.gov.ie\/en\/\",\"name\":\"Creative Ireland Programme\",\"description\":\"The Creative Ireland Programme is guided by a vision that every person in Ireland will have the opportunity to realise their full creative potential. It is a five year all-of-Government initiative, from 2017 to 2022, to place creativity at the centre of public policy.\",\"potentialAction\":[{\"@type\":\"SearchAction\",\"target\":{\"@type\":\"EntryPoint\",\"urlTemplate\":\"https:\/\/www.creativeireland.gov.ie\/en\/?s={search_term_string}\"},\"query-input\":{\"@type\":\"PropertyValueSpecification\",\"valueRequired\":true,\"valueName\":\"search_term_string\"}}],\"inLanguage\":\"en-US\"}]}<\/script>\n<!-- \/ Yoast SEO plugin. -->","yoast_head_json":{"title":"Oile\u00e1nra - Creative Ireland Programme","description":"\"Oile\u00e1nra\" introduces all sectors of the Community to a taster course in our natural heritage, language, archaeology, geology, history and biodiversity.","robots":{"index":"index","follow":"follow","max-snippet":"max-snippet:-1","max-image-preview":"max-image-preview:large","max-video-preview":"max-video-preview:-1"},"canonical":"https:\/\/www.creativeireland.gov.ie\/en\/event\/oileanra\/","og_locale":"en_US","og_type":"article","og_title":"Oile\u00e1nra - Creative Ireland Programme","og_description":"&#8220;Oile\u00e1nra&#8221; introduces all sectors of the Community to a taster course in our natural heritage, language, archaeology, geology, history and biodiversity. The project enables course participants to develop heritage projects based in Letter Mullen and Ceantar na nOile\u00e1n. The participants will receive training and important skills that would be\u00a0lost or buried in the ground. The [&hellip;]","og_url":"https:\/\/www.creativeireland.gov.ie\/en\/event\/oileanra\/","og_site_name":"Creative Ireland Programme","article_publisher":"https:\/\/www.facebook.com\/CreativeIrl\/","og_image":[{"width":2560,"height":858,"url":"https:\/\/www.creativeireland.gov.ie\/app\/uploads\/2021\/09\/oileanra-image-1-by-aengus-mcmahon-scaled.jpg","type":"image\/jpeg"}],"twitter_card":"summary_large_image","twitter_site":"@creativeirl","twitter_misc":{"Est. reading time":"1 minute"},"schema":{"@context":"https:\/\/schema.org","@graph":[{"@type":"WebPage","@id":"https:\/\/www.creativeireland.gov.ie\/en\/event\/oileanra\/","url":"https:\/\/www.creativeireland.gov.ie\/en\/event\/oileanra\/","name":"Oile\u00e1nra - Creative Ireland Programme","isPartOf":{"@id":"https:\/\/www.creativeireland.gov.ie\/en\/#website"},"primaryImageOfPage":{"@id":"https:\/\/www.creativeireland.gov.ie\/en\/event\/oileanra\/#primaryimage"},"image":{"@id":"https:\/\/www.creativeireland.gov.ie\/en\/event\/oileanra\/#primaryimage"},"thumbnailUrl":"https:\/\/www.creativeireland.gov.ie\/app\/uploads\/2021\/09\/oileanra-image-1-by-aengus-mcmahon-scaled.jpg","datePublished":"2021-09-25T03:02:46+00:00","breadcrumb":{"@id":"https:\/\/www.creativeireland.gov.ie\/en\/event\/oileanra\/#breadcrumb"},"inLanguage":"en-US","potentialAction":[{"@type":"ReadAction","target":["https:\/\/www.creativeireland.gov.ie\/en\/event\/oileanra\/"]}]},{"@type":"ImageObject","inLanguage":"en-US","@id":"https:\/\/www.creativeireland.gov.ie\/en\/event\/oileanra\/#primaryimage","url":"https:\/\/www.creativeireland.gov.ie\/app\/uploads\/2021\/09\/oileanra-image-1-by-aengus-mcmahon-scaled.jpg","contentUrl":"https:\/\/www.creativeireland.gov.ie\/app\/uploads\/2021\/09\/oileanra-image-1-by-aengus-mcmahon-scaled.jpg","width":2560,"height":858},{"@type":"BreadcrumbList","@id":"https:\/\/www.creativeireland.gov.ie\/en\/event\/oileanra\/#breadcrumb","itemListElement":[{"@type":"ListItem","position":1,"name":"Home","item":"https:\/\/www.creativeireland.gov.ie\/en\/"},{"@type":"ListItem","position":2,"name":"Oile\u00e1nra"}]},{"@type":"WebSite","@id":"https:\/\/www.creativeireland.gov.ie\/en\/#website","url":"https:\/\/www.creativeireland.gov.ie\/en\/","name":"Creative Ireland Programme","description":"The Creative Ireland Programme is guided by a vision that every person in Ireland will have the opportunity to realise their full creative potential. It is a five year all-of-Government initiative, from 2017 to 2022, to place creativity at the centre of public policy.","potentialAction":[{"@type":"SearchAction","target":{"@type":"EntryPoint","urlTemplate":"https:\/\/www.creativeireland.gov.ie\/en\/?s={search_term_string}"},"query-input":{"@type":"PropertyValueSpecification","valueRequired":true,"valueName":"search_term_string"}}],"inLanguage":"en-US"}]}},"_links":{"self":[{"href":"https:\/\/www.creativeireland.gov.ie\/en\/wp-json\/wp\/v2\/event\/16328","targetHints":{"allow":["GET"]}}],"collection":[{"href":"https:\/\/www.creativeireland.gov.ie\/en\/wp-json\/wp\/v2\/event"}],"about":[{"href":"https:\/\/www.creativeireland.gov.ie\/en\/wp-json\/wp\/v2\/types\/event"}],"wp:featuredmedia":[{"embeddable":true,"href":"https:\/\/www.creativeireland.gov.ie\/en\/wp-json\/wp\/v2\/media\/16329"}],"wp:attachment":[{"href":"https:\/\/www.creativeireland.gov.ie\/en\/wp-json\/wp\/v2\/media?parent=16328"}],"curies":[{"name":"wp","href":"https:\/\/api.w.org\/{rel}","templated":true}]}}

Oileánra

<p><span><span><span>&#8220;Oileánra&#8221; introduces all sectors of the Community to a taster course in our natural heritage, language, archaeology, geology, history and biodiversity. The project enables course participants to develop heritage projects based in Letter Mullen and Ceantar na nOileán. The participants will receive training and important skills that would be lost or buried in the ground. The findings will be documented and shared with local and international audiences through videos and virtual tours of important sites and monuments. Technologies that allow the sharing of cultural heritage digitally will also be explored. </span></span></span></p>
<p><span><span><span>A variety of topics will be delivered to participants by a module leader. The project draws on the expertise of several people including John Bhaba Jeaic O’Conghaíle from Letter Mullen who is the Director of Letter Mullen Heritage Centre. John voluntary travels the country giving talks about our nation’s land and sea culture, history and heritage. Archaeologists Micheál Ó Giobúin and Richard Long will also deliver modules. Their expertise includes research on ancient remains in Ceantar na nOileán which showed that humans lived there 7,000 years ago. </span></span></span></p>
<p><span><span><span>One of the objectives is to produce a Web Story Map of the area integrating maps, legends, text, photos, and videos providing public information for locals, visitors and tourists, promote events, educate or simply inspire. </span></span></span></p>
<p><span><span><span>See <a href="https://www.facebook.com/Oileanra" target="_blank" rel="noopener noreferrer">Facebook </a>for information on how to get involved.</span></span></span></p>

<!-- This site is optimized with the Yoast SEO plugin v25.9 - https://yoast.com/wordpress/plugins/seo/ -->
<title>Oileánra - Creative Ireland Programme</title>
<meta name="description" content="&quot;Oileánra&quot; introduces all sectors of the Community to a taster course in our natural heritage, language, archaeology, geology, history and biodiversity." />
<meta name="robots" content="index, follow, max-snippet:-1, max-image-preview:large, max-video-preview:-1" />
<link rel="canonical" href="https://www.creativeireland.gov.ie/en/event/oileanra/" />
<meta property="og:locale" content="en_US" />
<meta property="og:type" content="article" />
<meta property="og:title" content="Oileánra - Creative Ireland Programme" />
<meta property="og:description" content="&#8220;Oileánra&#8221; introduces all sectors of the Community to a taster course in our natural heritage, language, archaeology, geology, history and biodiversity. The project enables course participants to develop heritage projects based in Letter Mullen and Ceantar na nOileán. The participants will receive training and important skills that would be lost or buried in the ground. The [&hellip;]" />
<meta property="og:url" content="https://www.creativeireland.gov.ie/en/event/oileanra/" />
<meta property="og:site_name" content="Creative Ireland Programme" />
<meta property="article:publisher" content="https://www.facebook.com/CreativeIrl/" />
<meta property="og:image" content="https://www.creativeireland.gov.ie/app/uploads/2021/09/oileanra-image-1-by-aengus-mcmahon-scaled.jpg" />
	<meta property="og:image:width" content="2560" />
	<meta property="og:image:height" content="858" />
	<meta property="og:image:type" content="image/jpeg" />
<meta name="twitter:card" content="summary_large_image" />
<meta name="twitter:site" content="@creativeirl" />
<meta name="twitter:label1" content="Est. reading time" />
	<meta name="twitter:data1" content="1 minute" />
<script type="application/ld+json" class="yoast-schema-graph">{"@context":"https://schema.org","@graph":[{"@type":"WebPage","@id":"https://www.creativeireland.gov.ie/en/event/oileanra/","url":"https://www.creativeireland.gov.ie/en/event/oileanra/","name":"Oileánra - Creative Ireland Programme","isPartOf":{"@id":"https://www.creativeireland.gov.ie/en/#website"},"primaryImageOfPage":{"@id":"https://www.creativeireland.gov.ie/en/event/oileanra/#primaryimage"},"image":{"@id":"https://www.creativeireland.gov.ie/en/event/oileanra/#primaryimage"},"thumbnailUrl":"https://www.creativeireland.gov.ie/app/uploads/2021/09/oileanra-image-1-by-aengus-mcmahon-scaled.jpg","datePublished":"2021-09-25T03:02:46+00:00","breadcrumb":{"@id":"https://www.creativeireland.gov.ie/en/event/oileanra/#breadcrumb"},"inLanguage":"en-US","potentialAction":[{"@type":"ReadAction","target":["https://www.creativeireland.gov.ie/en/event/oileanra/"]}]},{"@type":"ImageObject","inLanguage":"en-US","@id":"https://www.creativeireland.gov.ie/en/event/oileanra/#primaryimage","url":"https://www.creativeireland.gov.ie/app/uploads/2021/09/oileanra-image-1-by-aengus-mcmahon-scaled.jpg","contentUrl":"https://www.creativeireland.gov.ie/app/uploads/2021/09/oileanra-image-1-by-aengus-mcmahon-scaled.jpg","width":2560,"height":858},{"@type":"BreadcrumbList","@id":"https://www.creativeireland.gov.ie/en/event/oileanra/#breadcrumb","itemListElement":[{"@type":"ListItem","position":1,"name":"Home","item":"https://www.creativeireland.gov.ie/en/"},{"@type":"ListItem","position":2,"name":"Oileánra"}]},{"@type":"WebSite","@id":"https://www.creativeireland.gov.ie/en/#website","url":"https://www.creativeireland.gov.ie/en/","name":"Creative Ireland Programme","description":"The Creative Ireland Programme is guided by a vision that every person in Ireland will have the opportunity to realise their full creative potential. It is a five year all-of-Government initiative, from 2017 to 2022, to place creativity at the centre of public policy.","potentialAction":[{"@type":"SearchAction","target":{"@type":"EntryPoint","urlTemplate":"https://www.creativeireland.gov.ie/en/?s={search_term_string}"},"query-input":{"@type":"PropertyValueSpecification","valueRequired":true,"valueName":"search_term_string"}}],"inLanguage":"en-US"}]}</script>
<!-- / Yoast SEO plugin. -->

Oileánra - Creative Ireland Programme

"Oileánra" introduces all sectors of the Community to a taster course in our natural heritage, language, archaeology, geology, history and biodiversity.

&#8220;Oileánra&#8221; introduces all sectors of the Community to a taster course in our natural heritage, language, archaeology, geology, history and biodiversity. The project enables course participants to develop heritage projects based in Letter Mullen and Ceantar na nOileán. The participants will receive training and important skills that would be lost or buried in the ground. The [&hellip;]
