{"id":17187,"date":"2021-11-05T03:02:31","date_gmt":"2021-11-05T03:02:31","guid":{"rendered":"https:\/\/www.creativeireland.gov.ie\/event\/leaves-festival-of-writing-song\/"},"modified":"2021-11-05T03:02:31","modified_gmt":"2021-11-05T03:02:31","slug":"leaves-festival-of-writing-song","status":"publish","type":"event","link":"https:\/\/www.creativeireland.gov.ie\/en\/event\/leaves-festival-of-writing-song\/","title":{"rendered":"Leaves Festival of Writing &amp; Song"},"content":{"rendered":"<p>Laois Arts Office and Dunamaise Arts Centre are delighted to present Leaves 2021, the 14th annual festival of writing and music in Laois. <strong>Cl\u00edodhna N\u00ed Anluain <\/strong>is<strong> <\/strong>the Guest Curator\u00a0this year and the festival takes place at Dunamaise Arts Centre, celebrating a diverse and rich synthesis of contributors within a multi-media programme featuring live and virtual events with everything from conversations to music, fiction, non-fiction, poetry, film, theatre, essays, workshops and more, including:<\/p>\n<p><span><span><span><span><span><span><span><span><span><span>A live reading by short-story supremo <strong>Philip \u00d3 Ceallaigh<\/strong> from his 2021 collection <em>Troubles<\/em> and in conversation with writer <strong>Enda Wyley<\/strong>. <\/span><\/span><\/span><\/span><\/span><\/span><\/span><\/span><\/span><\/span><\/p>\n<p><span><span><span><span><span><span><span><span><span><span>Portlaoise native <strong>Pauline Clooney<\/strong> on her new novel <em>Charlotte and Arthur<\/em> with novelist <strong>Marianne Lee<\/strong>. The writing lives of trail-blazing Irish women including <strong>\u00c9ilis N\u00ed Dhuibhne, Celia de Fr\u00e9ine and Phil Herbert<\/strong>. <strong>Selina Guinness<\/strong> in conversation with two young writers<\/span><span>: <strong>Louise Nealon<\/strong>&#8216;s debut novel <em>Snowflakes<\/em> and <strong>Sheila Armstrong<\/strong>&#8216;s first short story collection.\u00a0\u00a0 <\/span><\/span><\/span><\/span><\/span><\/span><\/span><\/span><\/span><\/span><\/p>\n<p><span><span><span><span><span><span><span><span><em><span>The Alphabet of Birds<\/span><\/em><span>, a wonderful hybrid production combining a screening, a spoken essay performed by visual artist <strong>Sara Baume<\/strong>, along with live music by <strong>Irene Buckley<\/strong>. \u00a0<\/span><\/span><\/span><\/span><\/span><\/span><\/span><\/span><\/span><\/p>\n<p><span><span><span><span><span><span><span><span><span><strong><span lang=\"EN-GB\" xml:lang=\"EN-GB\">Collapsing Horse Theatre Company<\/span><\/strong><span lang=\"EN-GB\" xml:lang=\"EN-GB\"> bring the highly acclaimed <strong><em>A Very Old Man with Enormous Wings\u00a0<\/em><\/strong>for younger book and theatre enthusiasts. Also, <strong>Decadent Theatre<\/strong> will present award-winning play <strong><em>Eden<\/em><\/strong>, written by\u00a0<\/span><strong><span lang=\"EN-GB\" xml:lang=\"EN-GB\">Eugene O\u2019Brien<\/span><\/strong><span lang=\"EN-GB\" xml:lang=\"EN-GB\"> in 2001, for this story of stale love and fresh lust in the Irish midlands!<\/span><\/span><\/span><\/span><\/span><\/span><\/span><\/span><\/span><\/span><\/p>\n","protected":false},"author":0,"featured_media":17188,"template":"","class_list":["post-17187","event","type-event","status-publish","has-post-thumbnail","hentry"],"acf":[],"yoast_head":"<!-- This site is optimized with the Yoast SEO plugin v25.9 - https:\/\/yoast.com\/wordpress\/plugins\/seo\/ -->\n<title>Leaves Festival of Writing &amp; Song - Creative Ireland Programme<\/title>\n<meta name=\"description\" content=\"Laois Arts Office and Dunamaise Arts Centre are delighted to present Leaves 2021, the 14th annual festival of writing and music in Laois.\" \/>\n<meta name=\"robots\" content=\"index, follow, max-snippet:-1, max-image-preview:large, max-video-preview:-1\" \/>\n<link rel=\"canonical\" href=\"https:\/\/www.creativeireland.gov.ie\/en\/event\/leaves-festival-of-writing-song\/\" \/>\n<meta property=\"og:locale\" content=\"en_US\" \/>\n<meta property=\"og:type\" content=\"article\" \/>\n<meta property=\"og:title\" content=\"Leaves Festival of Writing &amp; Song - Creative Ireland Programme\" \/>\n<meta property=\"og:description\" content=\"Laois Arts Office and Dunamaise Arts Centre are delighted to present Leaves 2021, the 14th annual festival of writing and music in Laois. Cl\u00edodhna N\u00ed Anluain is the Guest Curator\u00a0this year and the festival takes place at Dunamaise Arts Centre, celebrating a diverse and rich synthesis of contributors within a multi-media programme featuring live and [&hellip;]\" \/>\n<meta property=\"og:url\" content=\"https:\/\/www.creativeireland.gov.ie\/en\/event\/leaves-festival-of-writing-song\/\" \/>\n<meta property=\"og:site_name\" content=\"Creative Ireland Programme\" \/>\n<meta property=\"article:publisher\" content=\"https:\/\/www.facebook.com\/CreativeIrl\/\" \/>\n<meta property=\"og:image\" content=\"https:\/\/www.creativeireland.gov.ie\/app\/uploads\/2021\/11\/leaves_fest2021_a3_cmyk-scaled.jpg\" \/>\n\t<meta property=\"og:image:width\" content=\"1810\" \/>\n\t<meta property=\"og:image:height\" content=\"2560\" \/>\n\t<meta property=\"og:image:type\" content=\"image\/jpeg\" \/>\n<meta name=\"twitter:card\" content=\"summary_large_image\" \/>\n<meta name=\"twitter:site\" content=\"@creativeirl\" \/>\n<meta name=\"twitter:label1\" content=\"Est. reading time\" \/>\n\t<meta name=\"twitter:data1\" content=\"1 minute\" \/>\n<script type=\"application\/ld+json\" class=\"yoast-schema-graph\">{\"@context\":\"https:\/\/schema.org\",\"@graph\":[{\"@type\":\"WebPage\",\"@id\":\"https:\/\/www.creativeireland.gov.ie\/en\/event\/leaves-festival-of-writing-song\/\",\"url\":\"https:\/\/www.creativeireland.gov.ie\/en\/event\/leaves-festival-of-writing-song\/\",\"name\":\"Leaves Festival of Writing &amp; Song - Creative Ireland Programme\",\"isPartOf\":{\"@id\":\"https:\/\/www.creativeireland.gov.ie\/en\/#website\"},\"primaryImageOfPage\":{\"@id\":\"https:\/\/www.creativeireland.gov.ie\/en\/event\/leaves-festival-of-writing-song\/#primaryimage\"},\"image\":{\"@id\":\"https:\/\/www.creativeireland.gov.ie\/en\/event\/leaves-festival-of-writing-song\/#primaryimage\"},\"thumbnailUrl\":\"https:\/\/www.creativeireland.gov.ie\/app\/uploads\/2021\/11\/leaves_fest2021_a3_cmyk-scaled.jpg\",\"datePublished\":\"2021-11-05T03:02:31+00:00\",\"breadcrumb\":{\"@id\":\"https:\/\/www.creativeireland.gov.ie\/en\/event\/leaves-festival-of-writing-song\/#breadcrumb\"},\"inLanguage\":\"en-US\",\"potentialAction\":[{\"@type\":\"ReadAction\",\"target\":[\"https:\/\/www.creativeireland.gov.ie\/en\/event\/leaves-festival-of-writing-song\/\"]}]},{\"@type\":\"ImageObject\",\"inLanguage\":\"en-US\",\"@id\":\"https:\/\/www.creativeireland.gov.ie\/en\/event\/leaves-festival-of-writing-song\/#primaryimage\",\"url\":\"https:\/\/www.creativeireland.gov.ie\/app\/uploads\/2021\/11\/leaves_fest2021_a3_cmyk-scaled.jpg\",\"contentUrl\":\"https:\/\/www.creativeireland.gov.ie\/app\/uploads\/2021\/11\/leaves_fest2021_a3_cmyk-scaled.jpg\",\"width\":1810,\"height\":2560},{\"@type\":\"BreadcrumbList\",\"@id\":\"https:\/\/www.creativeireland.gov.ie\/en\/event\/leaves-festival-of-writing-song\/#breadcrumb\",\"itemListElement\":[{\"@type\":\"ListItem\",\"position\":1,\"name\":\"Home\",\"item\":\"https:\/\/www.creativeireland.gov.ie\/en\/\"},{\"@type\":\"ListItem\",\"position\":2,\"name\":\"Leaves Festival of Writing &amp; Song\"}]},{\"@type\":\"WebSite\",\"@id\":\"https:\/\/www.creativeireland.gov.ie\/en\/#website\",\"url\":\"https:\/\/www.creativeireland.gov.ie\/en\/\",\"name\":\"Creative Ireland Programme\",\"description\":\"The Creative Ireland Programme is guided by a vision that every person in Ireland will have the opportunity to realise their full creative potential. It is a five year all-of-Government initiative, from 2017 to 2022, to place creativity at the centre of public policy.\",\"potentialAction\":[{\"@type\":\"SearchAction\",\"target\":{\"@type\":\"EntryPoint\",\"urlTemplate\":\"https:\/\/www.creativeireland.gov.ie\/en\/?s={search_term_string}\"},\"query-input\":{\"@type\":\"PropertyValueSpecification\",\"valueRequired\":true,\"valueName\":\"search_term_string\"}}],\"inLanguage\":\"en-US\"}]}<\/script>\n<!-- \/ Yoast SEO plugin. -->","yoast_head_json":{"title":"Leaves Festival of Writing &amp; Song - Creative Ireland Programme","description":"Laois Arts Office and Dunamaise Arts Centre are delighted to present Leaves 2021, the 14th annual festival of writing and music in Laois.","robots":{"index":"index","follow":"follow","max-snippet":"max-snippet:-1","max-image-preview":"max-image-preview:large","max-video-preview":"max-video-preview:-1"},"canonical":"https:\/\/www.creativeireland.gov.ie\/en\/event\/leaves-festival-of-writing-song\/","og_locale":"en_US","og_type":"article","og_title":"Leaves Festival of Writing &amp; Song - Creative Ireland Programme","og_description":"Laois Arts Office and Dunamaise Arts Centre are delighted to present Leaves 2021, the 14th annual festival of writing and music in Laois. Cl\u00edodhna N\u00ed Anluain is the Guest Curator\u00a0this year and the festival takes place at Dunamaise Arts Centre, celebrating a diverse and rich synthesis of contributors within a multi-media programme featuring live and [&hellip;]","og_url":"https:\/\/www.creativeireland.gov.ie\/en\/event\/leaves-festival-of-writing-song\/","og_site_name":"Creative Ireland Programme","article_publisher":"https:\/\/www.facebook.com\/CreativeIrl\/","og_image":[{"width":1810,"height":2560,"url":"https:\/\/www.creativeireland.gov.ie\/app\/uploads\/2021\/11\/leaves_fest2021_a3_cmyk-scaled.jpg","type":"image\/jpeg"}],"twitter_card":"summary_large_image","twitter_site":"@creativeirl","twitter_misc":{"Est. reading time":"1 minute"},"schema":{"@context":"https:\/\/schema.org","@graph":[{"@type":"WebPage","@id":"https:\/\/www.creativeireland.gov.ie\/en\/event\/leaves-festival-of-writing-song\/","url":"https:\/\/www.creativeireland.gov.ie\/en\/event\/leaves-festival-of-writing-song\/","name":"Leaves Festival of Writing &amp; Song - Creative Ireland Programme","isPartOf":{"@id":"https:\/\/www.creativeireland.gov.ie\/en\/#website"},"primaryImageOfPage":{"@id":"https:\/\/www.creativeireland.gov.ie\/en\/event\/leaves-festival-of-writing-song\/#primaryimage"},"image":{"@id":"https:\/\/www.creativeireland.gov.ie\/en\/event\/leaves-festival-of-writing-song\/#primaryimage"},"thumbnailUrl":"https:\/\/www.creativeireland.gov.ie\/app\/uploads\/2021\/11\/leaves_fest2021_a3_cmyk-scaled.jpg","datePublished":"2021-11-05T03:02:31+00:00","breadcrumb":{"@id":"https:\/\/www.creativeireland.gov.ie\/en\/event\/leaves-festival-of-writing-song\/#breadcrumb"},"inLanguage":"en-US","potentialAction":[{"@type":"ReadAction","target":["https:\/\/www.creativeireland.gov.ie\/en\/event\/leaves-festival-of-writing-song\/"]}]},{"@type":"ImageObject","inLanguage":"en-US","@id":"https:\/\/www.creativeireland.gov.ie\/en\/event\/leaves-festival-of-writing-song\/#primaryimage","url":"https:\/\/www.creativeireland.gov.ie\/app\/uploads\/2021\/11\/leaves_fest2021_a3_cmyk-scaled.jpg","contentUrl":"https:\/\/www.creativeireland.gov.ie\/app\/uploads\/2021\/11\/leaves_fest2021_a3_cmyk-scaled.jpg","width":1810,"height":2560},{"@type":"BreadcrumbList","@id":"https:\/\/www.creativeireland.gov.ie\/en\/event\/leaves-festival-of-writing-song\/#breadcrumb","itemListElement":[{"@type":"ListItem","position":1,"name":"Home","item":"https:\/\/www.creativeireland.gov.ie\/en\/"},{"@type":"ListItem","position":2,"name":"Leaves Festival of Writing &amp; Song"}]},{"@type":"WebSite","@id":"https:\/\/www.creativeireland.gov.ie\/en\/#website","url":"https:\/\/www.creativeireland.gov.ie\/en\/","name":"Creative Ireland Programme","description":"The Creative Ireland Programme is guided by a vision that every person in Ireland will have the opportunity to realise their full creative potential. It is a five year all-of-Government initiative, from 2017 to 2022, to place creativity at the centre of public policy.","potentialAction":[{"@type":"SearchAction","target":{"@type":"EntryPoint","urlTemplate":"https:\/\/www.creativeireland.gov.ie\/en\/?s={search_term_string}"},"query-input":{"@type":"PropertyValueSpecification","valueRequired":true,"valueName":"search_term_string"}}],"inLanguage":"en-US"}]}},"_links":{"self":[{"href":"https:\/\/www.creativeireland.gov.ie\/en\/wp-json\/wp\/v2\/event\/17187","targetHints":{"allow":["GET"]}}],"collection":[{"href":"https:\/\/www.creativeireland.gov.ie\/en\/wp-json\/wp\/v2\/event"}],"about":[{"href":"https:\/\/www.creativeireland.gov.ie\/en\/wp-json\/wp\/v2\/types\/event"}],"wp:featuredmedia":[{"embeddable":true,"href":"https:\/\/www.creativeireland.gov.ie\/en\/wp-json\/wp\/v2\/media\/17188"}],"wp:attachment":[{"href":"https:\/\/www.creativeireland.gov.ie\/en\/wp-json\/wp\/v2\/media?parent=17187"}],"curies":[{"name":"wp","href":"https:\/\/api.w.org\/{rel}","templated":true}]}}

<p>Laois Arts Office and Dunamaise Arts Centre are delighted to present Leaves 2021, the 14th annual festival of writing and music in Laois. <strong>Clíodhna Ní Anluain </strong>is<strong> </strong>the Guest Curator this year and the festival takes place at Dunamaise Arts Centre, celebrating a diverse and rich synthesis of contributors within a multi-media programme featuring live and virtual events with everything from conversations to music, fiction, non-fiction, poetry, film, theatre, essays, workshops and more, including:</p>
<p><span><span><span><span><span><span><span><span><span><span>A live reading by short-story supremo <strong>Philip Ó Ceallaigh</strong> from his 2021 collection <em>Troubles</em> and in conversation with writer <strong>Enda Wyley</strong>. </span></span></span></span></span></span></span></span></span></span></p>
<p><span><span><span><span><span><span><span><span><span><span>Portlaoise native <strong>Pauline Clooney</strong> on her new novel <em>Charlotte and Arthur</em> with novelist <strong>Marianne Lee</strong>. The writing lives of trail-blazing Irish women including <strong>Éilis Ní Dhuibhne, Celia de Fréine and Phil Herbert</strong>. <strong>Selina Guinness</strong> in conversation with two young writers</span><span>: <strong>Louise Nealon</strong>&#8216;s debut novel <em>Snowflakes</em> and <strong>Sheila Armstrong</strong>&#8216;s first short story collection.   </span></span></span></span></span></span></span></span></span></span></p>
<p><span><span><span><span><span><span><span><span><em><span>The Alphabet of Birds</span></em><span>, a wonderful hybrid production combining a screening, a spoken essay performed by visual artist <strong>Sara Baume</strong>, along with live music by <strong>Irene Buckley</strong>.  </span></span></span></span></span></span></span></span></span></p>
<p><span><span><span><span><span><span><span><span><span><strong><span lang="EN-GB" xml:lang="EN-GB">Collapsing Horse Theatre Company</span></strong><span lang="EN-GB" xml:lang="EN-GB"> bring the highly acclaimed <strong><em>A Very Old Man with Enormous Wings </em></strong>for younger book and theatre enthusiasts. Also, <strong>Decadent Theatre</strong> will present award-winning play <strong><em>Eden</em></strong>, written by </span><strong><span lang="EN-GB" xml:lang="EN-GB">Eugene O’Brien</span></strong><span lang="EN-GB" xml:lang="EN-GB"> in 2001, for this story of stale love and fresh lust in the Irish midlands!</span></span></span></span></span></span></span></span></span></span></p>

<!-- This site is optimized with the Yoast SEO plugin v25.9 - https://yoast.com/wordpress/plugins/seo/ -->
<title>Leaves Festival of Writing &amp; Song - Creative Ireland Programme</title>
<meta name="description" content="Laois Arts Office and Dunamaise Arts Centre are delighted to present Leaves 2021, the 14th annual festival of writing and music in Laois." />
<meta name="robots" content="index, follow, max-snippet:-1, max-image-preview:large, max-video-preview:-1" />
<link rel="canonical" href="https://www.creativeireland.gov.ie/en/event/leaves-festival-of-writing-song/" />
<meta property="og:locale" content="en_US" />
<meta property="og:type" content="article" />
<meta property="og:title" content="Leaves Festival of Writing &amp; Song - Creative Ireland Programme" />
<meta property="og:description" content="Laois Arts Office and Dunamaise Arts Centre are delighted to present Leaves 2021, the 14th annual festival of writing and music in Laois. Clíodhna Ní Anluain is the Guest Curator this year and the festival takes place at Dunamaise Arts Centre, celebrating a diverse and rich synthesis of contributors within a multi-media programme featuring live and [&hellip;]" />
<meta property="og:url" content="https://www.creativeireland.gov.ie/en/event/leaves-festival-of-writing-song/" />
<meta property="og:site_name" content="Creative Ireland Programme" />
<meta property="article:publisher" content="https://www.facebook.com/CreativeIrl/" />
<meta property="og:image" content="https://www.creativeireland.gov.ie/app/uploads/2021/11/leaves_fest2021_a3_cmyk-scaled.jpg" />
	<meta property="og:image:width" content="1810" />
	<meta property="og:image:height" content="2560" />
	<meta property="og:image:type" content="image/jpeg" />
<meta name="twitter:card" content="summary_large_image" />
<meta name="twitter:site" content="@creativeirl" />
<meta name="twitter:label1" content="Est. reading time" />
	<meta name="twitter:data1" content="1 minute" />
<script type="application/ld+json" class="yoast-schema-graph">{"@context":"https://schema.org","@graph":[{"@type":"WebPage","@id":"https://www.creativeireland.gov.ie/en/event/leaves-festival-of-writing-song/","url":"https://www.creativeireland.gov.ie/en/event/leaves-festival-of-writing-song/","name":"Leaves Festival of Writing &amp; Song - Creative Ireland Programme","isPartOf":{"@id":"https://www.creativeireland.gov.ie/en/#website"},"primaryImageOfPage":{"@id":"https://www.creativeireland.gov.ie/en/event/leaves-festival-of-writing-song/#primaryimage"},"image":{"@id":"https://www.creativeireland.gov.ie/en/event/leaves-festival-of-writing-song/#primaryimage"},"thumbnailUrl":"https://www.creativeireland.gov.ie/app/uploads/2021/11/leaves_fest2021_a3_cmyk-scaled.jpg","datePublished":"2021-11-05T03:02:31+00:00","breadcrumb":{"@id":"https://www.creativeireland.gov.ie/en/event/leaves-festival-of-writing-song/#breadcrumb"},"inLanguage":"en-US","potentialAction":[{"@type":"ReadAction","target":["https://www.creativeireland.gov.ie/en/event/leaves-festival-of-writing-song/"]}]},{"@type":"ImageObject","inLanguage":"en-US","@id":"https://www.creativeireland.gov.ie/en/event/leaves-festival-of-writing-song/#primaryimage","url":"https://www.creativeireland.gov.ie/app/uploads/2021/11/leaves_fest2021_a3_cmyk-scaled.jpg","contentUrl":"https://www.creativeireland.gov.ie/app/uploads/2021/11/leaves_fest2021_a3_cmyk-scaled.jpg","width":1810,"height":2560},{"@type":"BreadcrumbList","@id":"https://www.creativeireland.gov.ie/en/event/leaves-festival-of-writing-song/#breadcrumb","itemListElement":[{"@type":"ListItem","position":1,"name":"Home","item":"https://www.creativeireland.gov.ie/en/"},{"@type":"ListItem","position":2,"name":"Leaves Festival of Writing &amp; Song"}]},{"@type":"WebSite","@id":"https://www.creativeireland.gov.ie/en/#website","url":"https://www.creativeireland.gov.ie/en/","name":"Creative Ireland Programme","description":"The Creative Ireland Programme is guided by a vision that every person in Ireland will have the opportunity to realise their full creative potential. It is a five year all-of-Government initiative, from 2017 to 2022, to place creativity at the centre of public policy.","potentialAction":[{"@type":"SearchAction","target":{"@type":"EntryPoint","urlTemplate":"https://www.creativeireland.gov.ie/en/?s={search_term_string}"},"query-input":{"@type":"PropertyValueSpecification","valueRequired":true,"valueName":"search_term_string"}}],"inLanguage":"en-US"}]}</script>
<!-- / Yoast SEO plugin. -->

Laois Arts Office and Dunamaise Arts Centre are delighted to present Leaves 2021, the 14th annual festival of writing and music in Laois. Clíodhna Ní Anluain is the Guest Curator this year and the festival takes place at Dunamaise Arts Centre, celebrating a diverse and rich synthesis of contributors within a multi-media programme featuring live and [&hellip;]
