{"id":19705,"date":"2022-05-21T03:02:09","date_gmt":"2022-05-21T02:02:09","guid":{"rendered":"https:\/\/www.creativeireland.gov.ie\/event\/amhrain-gus-ait\/"},"modified":"2022-05-21T03:02:09","modified_gmt":"2022-05-21T02:02:09","slug":"amhrain-gus-ait","status":"publish","type":"event","link":"https:\/\/www.creativeireland.gov.ie\/en\/event\/amhrain-gus-ait\/","title":{"rendered":"Amhr\u00e1in \u2018gus \u00c1it"},"content":{"rendered":"<p><span><span><span><span lang=\"EN-GB\" xml:lang=\"EN-GB\">Amhr\u00e1in \u2018gus \u00c1it is a research and performance project devised and produced by Rachel U\u00ed Fhaol\u00e1in <\/span><span lang=\"EN-GB\" xml:lang=\"EN-GB\">and John \u00d3 Faol\u00e1in. The project <\/span><span lang=\"EN-GB\" xml:lang=\"EN-GB\">aims to<\/span><span lang=\"EN-GB\" xml:lang=\"EN-GB\"> connect song<\/span><span lang=\"EN-GB\" xml:lang=\"EN-GB\">s with place, to increase community engagement with music and to facilitate song transmission across the generations.\u00a0<\/span><\/span><\/span><\/span><\/p>\n<p><span><span><span><span lang=\"EN-GB\" xml:lang=\"EN-GB\">Amhr\u00e1in \u2018gus \u00c1it\u00a0 will focus on the song <\/span><\/span><\/span><\/span><span lang=\"EN-GB\" xml:lang=\"EN-GB\"><span><span><span>repertoire<\/span><\/span><\/span><\/span><span><span><span><span lang=\"EN-GB\" xml:lang=\"EN-GB\"> of the late Jamesie McCarthy <\/span><span>(1898-1977).<\/span><span lang=\"EN-GB\" xml:lang=\"EN-GB\"> J<\/span><span lang=\"EN-GB\" xml:lang=\"EN-GB\"><span>amesie McCarthy, born in Quilty in Co. Clare had a varied repertoire although he was known mainly as a singer of comic songs. <\/span><\/span><span lang=\"EN-GB\" xml:lang=\"EN-GB\">There<\/span><span> will be a particular focus on the song \u2018St. Brigid\u2019s Well\u2019, thanks to the support of both Jim Carroll and Pat McKenzie who recorded this song from Jamesie McCarthy<\/span><span lang=\"EN-GB\" xml:lang=\"EN-GB\"> in 1976. <\/span> <span lang=\"EN-GB\" xml:lang=\"EN-GB\">The recording<\/span><span> is part of The Car<\/span><span lang=\"EN-GB\" xml:lang=\"EN-GB\">r<\/span><span>oll MacKenzie Collection at Clare County Library Archives. <\/span><\/span><\/span><\/span><\/p>\n<p><span><span><span>Rachel U\u00ed Fhaol\u00e1in will be filmed performing &#8216;St. Brigid&#8217;s Well&#8217; on location at St. Brigid\u2019s Well in Liscannor with her two children \u00c9ire agus Chulainn. John \u00d3 Faol\u00e1in will produce an educational film piece with subtitles and lyrics on screen to encourage community participation and learning outcomes across all ages.<\/span><\/span><\/span><\/p>\n<p><span><span>The film will be screened on our social media platforms Facebook &amp; YouTube &#8211; Ceol Mo Chro\u00ed &amp; Traditional Archive Channel.<\/span><\/span><\/p>\n<p><span><span><span>Thanks to Jim Carroll and Pat MacKenzie for their support and for permission to use their photo. <\/span><\/span><\/span><\/p>\n","protected":false},"author":0,"featured_media":19706,"template":"","class_list":["post-19705","event","type-event","status-publish","has-post-thumbnail","hentry"],"acf":[],"yoast_head":"<!-- This site is optimized with the Yoast SEO plugin v25.9 - https:\/\/yoast.com\/wordpress\/plugins\/seo\/ -->\n<title>Amhr\u00e1in \u2018gus \u00c1it - Creative Ireland Programme<\/title>\n<meta name=\"description\" content=\"Amhr\u00e1in \u2018gus \u00c1it is a research and performance project devised and produced by Rachel U\u00ed Fhaol\u00e1in and John \u00d3 Faol\u00e1in.\" \/>\n<meta name=\"robots\" content=\"index, follow, max-snippet:-1, max-image-preview:large, max-video-preview:-1\" \/>\n<link rel=\"canonical\" href=\"https:\/\/www.creativeireland.gov.ie\/en\/event\/amhrain-gus-ait\/\" \/>\n<meta property=\"og:locale\" content=\"en_US\" \/>\n<meta property=\"og:type\" content=\"article\" \/>\n<meta property=\"og:title\" content=\"Amhr\u00e1in \u2018gus \u00c1it - Creative Ireland Programme\" \/>\n<meta property=\"og:description\" content=\"Amhr\u00e1in \u2018gus \u00c1it is a research and performance project devised and produced by Rachel U\u00ed Fhaol\u00e1in and John \u00d3 Faol\u00e1in. The project aims to connect songs with place, to increase community engagement with music and to facilitate song transmission across the generations.\u00a0 Amhr\u00e1in \u2018gus \u00c1it\u00a0 will focus on the song repertoire of the late Jamesie [&hellip;]\" \/>\n<meta property=\"og:url\" content=\"https:\/\/www.creativeireland.gov.ie\/en\/event\/amhrain-gus-ait\/\" \/>\n<meta property=\"og:site_name\" content=\"Creative Ireland Programme\" \/>\n<meta property=\"article:publisher\" content=\"https:\/\/www.facebook.com\/CreativeIrl\/\" \/>\n<meta name=\"twitter:card\" content=\"summary_large_image\" \/>\n<meta name=\"twitter:site\" content=\"@creativeirl\" \/>\n<meta name=\"twitter:label1\" content=\"Est. reading time\" \/>\n\t<meta name=\"twitter:data1\" content=\"1 minute\" \/>\n<script type=\"application\/ld+json\" class=\"yoast-schema-graph\">{\"@context\":\"https:\/\/schema.org\",\"@graph\":[{\"@type\":\"WebPage\",\"@id\":\"https:\/\/www.creativeireland.gov.ie\/en\/event\/amhrain-gus-ait\/\",\"url\":\"https:\/\/www.creativeireland.gov.ie\/en\/event\/amhrain-gus-ait\/\",\"name\":\"Amhr\u00e1in \u2018gus \u00c1it - Creative Ireland Programme\",\"isPartOf\":{\"@id\":\"https:\/\/www.creativeireland.gov.ie\/en\/#website\"},\"primaryImageOfPage\":{\"@id\":\"https:\/\/www.creativeireland.gov.ie\/en\/event\/amhrain-gus-ait\/#primaryimage\"},\"image\":{\"@id\":\"https:\/\/www.creativeireland.gov.ie\/en\/event\/amhrain-gus-ait\/#primaryimage\"},\"thumbnailUrl\":\"https:\/\/www.creativeireland.gov.ie\/app\/uploads\/2022\/05\/rachel-ui-fhaolain-eire-ni-fhaolain-chulainn-o-faolain-.jpg\",\"datePublished\":\"2022-05-21T02:02:09+00:00\",\"breadcrumb\":{\"@id\":\"https:\/\/www.creativeireland.gov.ie\/en\/event\/amhrain-gus-ait\/#breadcrumb\"},\"inLanguage\":\"en-US\",\"potentialAction\":[{\"@type\":\"ReadAction\",\"target\":[\"https:\/\/www.creativeireland.gov.ie\/en\/event\/amhrain-gus-ait\/\"]}]},{\"@type\":\"ImageObject\",\"inLanguage\":\"en-US\",\"@id\":\"https:\/\/www.creativeireland.gov.ie\/en\/event\/amhrain-gus-ait\/#primaryimage\",\"url\":\"https:\/\/www.creativeireland.gov.ie\/app\/uploads\/2022\/05\/rachel-ui-fhaolain-eire-ni-fhaolain-chulainn-o-faolain-.jpg\",\"contentUrl\":\"https:\/\/www.creativeireland.gov.ie\/app\/uploads\/2022\/05\/rachel-ui-fhaolain-eire-ni-fhaolain-chulainn-o-faolain-.jpg\",\"width\":807,\"height\":762},{\"@type\":\"BreadcrumbList\",\"@id\":\"https:\/\/www.creativeireland.gov.ie\/en\/event\/amhrain-gus-ait\/#breadcrumb\",\"itemListElement\":[{\"@type\":\"ListItem\",\"position\":1,\"name\":\"Home\",\"item\":\"https:\/\/www.creativeireland.gov.ie\/en\/\"},{\"@type\":\"ListItem\",\"position\":2,\"name\":\"Amhr\u00e1in \u2018gus \u00c1it\"}]},{\"@type\":\"WebSite\",\"@id\":\"https:\/\/www.creativeireland.gov.ie\/en\/#website\",\"url\":\"https:\/\/www.creativeireland.gov.ie\/en\/\",\"name\":\"Creative Ireland Programme\",\"description\":\"The Creative Ireland Programme is guided by a vision that every person in Ireland will have the opportunity to realise their full creative potential. It is a five year all-of-Government initiative, from 2017 to 2022, to place creativity at the centre of public policy.\",\"potentialAction\":[{\"@type\":\"SearchAction\",\"target\":{\"@type\":\"EntryPoint\",\"urlTemplate\":\"https:\/\/www.creativeireland.gov.ie\/en\/?s={search_term_string}\"},\"query-input\":{\"@type\":\"PropertyValueSpecification\",\"valueRequired\":true,\"valueName\":\"search_term_string\"}}],\"inLanguage\":\"en-US\"}]}<\/script>\n<!-- \/ Yoast SEO plugin. -->","yoast_head_json":{"title":"Amhr\u00e1in \u2018gus \u00c1it - Creative Ireland Programme","description":"Amhr\u00e1in \u2018gus \u00c1it is a research and performance project devised and produced by Rachel U\u00ed Fhaol\u00e1in and John \u00d3 Faol\u00e1in.","robots":{"index":"index","follow":"follow","max-snippet":"max-snippet:-1","max-image-preview":"max-image-preview:large","max-video-preview":"max-video-preview:-1"},"canonical":"https:\/\/www.creativeireland.gov.ie\/en\/event\/amhrain-gus-ait\/","og_locale":"en_US","og_type":"article","og_title":"Amhr\u00e1in \u2018gus \u00c1it - Creative Ireland Programme","og_description":"Amhr\u00e1in \u2018gus \u00c1it is a research and performance project devised and produced by Rachel U\u00ed Fhaol\u00e1in and John \u00d3 Faol\u00e1in. The project aims to connect songs with place, to increase community engagement with music and to facilitate song transmission across the generations.\u00a0 Amhr\u00e1in \u2018gus \u00c1it\u00a0 will focus on the song repertoire of the late Jamesie [&hellip;]","og_url":"https:\/\/www.creativeireland.gov.ie\/en\/event\/amhrain-gus-ait\/","og_site_name":"Creative Ireland Programme","article_publisher":"https:\/\/www.facebook.com\/CreativeIrl\/","twitter_card":"summary_large_image","twitter_site":"@creativeirl","twitter_misc":{"Est. reading time":"1 minute"},"schema":{"@context":"https:\/\/schema.org","@graph":[{"@type":"WebPage","@id":"https:\/\/www.creativeireland.gov.ie\/en\/event\/amhrain-gus-ait\/","url":"https:\/\/www.creativeireland.gov.ie\/en\/event\/amhrain-gus-ait\/","name":"Amhr\u00e1in \u2018gus \u00c1it - Creative Ireland Programme","isPartOf":{"@id":"https:\/\/www.creativeireland.gov.ie\/en\/#website"},"primaryImageOfPage":{"@id":"https:\/\/www.creativeireland.gov.ie\/en\/event\/amhrain-gus-ait\/#primaryimage"},"image":{"@id":"https:\/\/www.creativeireland.gov.ie\/en\/event\/amhrain-gus-ait\/#primaryimage"},"thumbnailUrl":"https:\/\/www.creativeireland.gov.ie\/app\/uploads\/2022\/05\/rachel-ui-fhaolain-eire-ni-fhaolain-chulainn-o-faolain-.jpg","datePublished":"2022-05-21T02:02:09+00:00","breadcrumb":{"@id":"https:\/\/www.creativeireland.gov.ie\/en\/event\/amhrain-gus-ait\/#breadcrumb"},"inLanguage":"en-US","potentialAction":[{"@type":"ReadAction","target":["https:\/\/www.creativeireland.gov.ie\/en\/event\/amhrain-gus-ait\/"]}]},{"@type":"ImageObject","inLanguage":"en-US","@id":"https:\/\/www.creativeireland.gov.ie\/en\/event\/amhrain-gus-ait\/#primaryimage","url":"https:\/\/www.creativeireland.gov.ie\/app\/uploads\/2022\/05\/rachel-ui-fhaolain-eire-ni-fhaolain-chulainn-o-faolain-.jpg","contentUrl":"https:\/\/www.creativeireland.gov.ie\/app\/uploads\/2022\/05\/rachel-ui-fhaolain-eire-ni-fhaolain-chulainn-o-faolain-.jpg","width":807,"height":762},{"@type":"BreadcrumbList","@id":"https:\/\/www.creativeireland.gov.ie\/en\/event\/amhrain-gus-ait\/#breadcrumb","itemListElement":[{"@type":"ListItem","position":1,"name":"Home","item":"https:\/\/www.creativeireland.gov.ie\/en\/"},{"@type":"ListItem","position":2,"name":"Amhr\u00e1in \u2018gus \u00c1it"}]},{"@type":"WebSite","@id":"https:\/\/www.creativeireland.gov.ie\/en\/#website","url":"https:\/\/www.creativeireland.gov.ie\/en\/","name":"Creative Ireland Programme","description":"The Creative Ireland Programme is guided by a vision that every person in Ireland will have the opportunity to realise their full creative potential. It is a five year all-of-Government initiative, from 2017 to 2022, to place creativity at the centre of public policy.","potentialAction":[{"@type":"SearchAction","target":{"@type":"EntryPoint","urlTemplate":"https:\/\/www.creativeireland.gov.ie\/en\/?s={search_term_string}"},"query-input":{"@type":"PropertyValueSpecification","valueRequired":true,"valueName":"search_term_string"}}],"inLanguage":"en-US"}]}},"_links":{"self":[{"href":"https:\/\/www.creativeireland.gov.ie\/en\/wp-json\/wp\/v2\/event\/19705","targetHints":{"allow":["GET"]}}],"collection":[{"href":"https:\/\/www.creativeireland.gov.ie\/en\/wp-json\/wp\/v2\/event"}],"about":[{"href":"https:\/\/www.creativeireland.gov.ie\/en\/wp-json\/wp\/v2\/types\/event"}],"wp:featuredmedia":[{"embeddable":true,"href":"https:\/\/www.creativeireland.gov.ie\/en\/wp-json\/wp\/v2\/media\/19706"}],"wp:attachment":[{"href":"https:\/\/www.creativeireland.gov.ie\/en\/wp-json\/wp\/v2\/media?parent=19705"}],"curies":[{"name":"wp","href":"https:\/\/api.w.org\/{rel}","templated":true}]}}

Amhráin ‘gus Áit

<p><span><span><span><span lang="EN-GB" xml:lang="EN-GB">Amhráin ‘gus Áit is a research and performance project devised and produced by Rachel Uí Fhaoláin </span><span lang="EN-GB" xml:lang="EN-GB">and John Ó Faoláin. The project </span><span lang="EN-GB" xml:lang="EN-GB">aims to</span><span lang="EN-GB" xml:lang="EN-GB"> connect song</span><span lang="EN-GB" xml:lang="EN-GB">s with place, to increase community engagement with music and to facilitate song transmission across the generations. </span></span></span></span></p>
<p><span><span><span><span lang="EN-GB" xml:lang="EN-GB">Amhráin ‘gus Áit  will focus on the song </span></span></span></span><span lang="EN-GB" xml:lang="EN-GB"><span><span><span>repertoire</span></span></span></span><span><span><span><span lang="EN-GB" xml:lang="EN-GB"> of the late Jamesie McCarthy </span><span>(1898-1977).</span><span lang="EN-GB" xml:lang="EN-GB"> J</span><span lang="EN-GB" xml:lang="EN-GB"><span>amesie McCarthy, born in Quilty in Co. Clare had a varied repertoire although he was known mainly as a singer of comic songs. </span></span><span lang="EN-GB" xml:lang="EN-GB">There</span><span> will be a particular focus on the song ‘St. Brigid’s Well’, thanks to the support of both Jim Carroll and Pat McKenzie who recorded this song from Jamesie McCarthy</span><span lang="EN-GB" xml:lang="EN-GB"> in 1976. </span> <span lang="EN-GB" xml:lang="EN-GB">The recording</span><span> is part of The Car</span><span lang="EN-GB" xml:lang="EN-GB">r</span><span>oll MacKenzie Collection at Clare County Library Archives. </span></span></span></span></p>
<p><span><span><span>Rachel Uí Fhaoláin will be filmed performing &#8216;St. Brigid&#8217;s Well&#8217; on location at St. Brigid’s Well in Liscannor with her two children Éire agus Chulainn. John Ó Faoláin will produce an educational film piece with subtitles and lyrics on screen to encourage community participation and learning outcomes across all ages.</span></span></span></p>
<p><span><span>The film will be screened on our social media platforms Facebook &amp; YouTube &#8211; Ceol Mo Chroí &amp; Traditional Archive Channel.</span></span></p>
<p><span><span><span>Thanks to Jim Carroll and Pat MacKenzie for their support and for permission to use their photo. </span></span></span></p>

<!-- This site is optimized with the Yoast SEO plugin v25.9 - https://yoast.com/wordpress/plugins/seo/ -->
<title>Amhráin ‘gus Áit - Creative Ireland Programme</title>
<meta name="description" content="Amhráin ‘gus Áit is a research and performance project devised and produced by Rachel Uí Fhaoláin and John Ó Faoláin." />
<meta name="robots" content="index, follow, max-snippet:-1, max-image-preview:large, max-video-preview:-1" />
<link rel="canonical" href="https://www.creativeireland.gov.ie/en/event/amhrain-gus-ait/" />
<meta property="og:locale" content="en_US" />
<meta property="og:type" content="article" />
<meta property="og:title" content="Amhráin ‘gus Áit - Creative Ireland Programme" />
<meta property="og:description" content="Amhráin ‘gus Áit is a research and performance project devised and produced by Rachel Uí Fhaoláin and John Ó Faoláin. The project aims to connect songs with place, to increase community engagement with music and to facilitate song transmission across the generations.  Amhráin ‘gus Áit  will focus on the song repertoire of the late Jamesie [&hellip;]" />
<meta property="og:url" content="https://www.creativeireland.gov.ie/en/event/amhrain-gus-ait/" />
<meta property="og:site_name" content="Creative Ireland Programme" />
<meta property="article:publisher" content="https://www.facebook.com/CreativeIrl/" />
<meta name="twitter:card" content="summary_large_image" />
<meta name="twitter:site" content="@creativeirl" />
<meta name="twitter:label1" content="Est. reading time" />
	<meta name="twitter:data1" content="1 minute" />
<script type="application/ld+json" class="yoast-schema-graph">{"@context":"https://schema.org","@graph":[{"@type":"WebPage","@id":"https://www.creativeireland.gov.ie/en/event/amhrain-gus-ait/","url":"https://www.creativeireland.gov.ie/en/event/amhrain-gus-ait/","name":"Amhráin ‘gus Áit - Creative Ireland Programme","isPartOf":{"@id":"https://www.creativeireland.gov.ie/en/#website"},"primaryImageOfPage":{"@id":"https://www.creativeireland.gov.ie/en/event/amhrain-gus-ait/#primaryimage"},"image":{"@id":"https://www.creativeireland.gov.ie/en/event/amhrain-gus-ait/#primaryimage"},"thumbnailUrl":"https://www.creativeireland.gov.ie/app/uploads/2022/05/rachel-ui-fhaolain-eire-ni-fhaolain-chulainn-o-faolain-.jpg","datePublished":"2022-05-21T02:02:09+00:00","breadcrumb":{"@id":"https://www.creativeireland.gov.ie/en/event/amhrain-gus-ait/#breadcrumb"},"inLanguage":"en-US","potentialAction":[{"@type":"ReadAction","target":["https://www.creativeireland.gov.ie/en/event/amhrain-gus-ait/"]}]},{"@type":"ImageObject","inLanguage":"en-US","@id":"https://www.creativeireland.gov.ie/en/event/amhrain-gus-ait/#primaryimage","url":"https://www.creativeireland.gov.ie/app/uploads/2022/05/rachel-ui-fhaolain-eire-ni-fhaolain-chulainn-o-faolain-.jpg","contentUrl":"https://www.creativeireland.gov.ie/app/uploads/2022/05/rachel-ui-fhaolain-eire-ni-fhaolain-chulainn-o-faolain-.jpg","width":807,"height":762},{"@type":"BreadcrumbList","@id":"https://www.creativeireland.gov.ie/en/event/amhrain-gus-ait/#breadcrumb","itemListElement":[{"@type":"ListItem","position":1,"name":"Home","item":"https://www.creativeireland.gov.ie/en/"},{"@type":"ListItem","position":2,"name":"Amhráin ‘gus Áit"}]},{"@type":"WebSite","@id":"https://www.creativeireland.gov.ie/en/#website","url":"https://www.creativeireland.gov.ie/en/","name":"Creative Ireland Programme","description":"The Creative Ireland Programme is guided by a vision that every person in Ireland will have the opportunity to realise their full creative potential. It is a five year all-of-Government initiative, from 2017 to 2022, to place creativity at the centre of public policy.","potentialAction":[{"@type":"SearchAction","target":{"@type":"EntryPoint","urlTemplate":"https://www.creativeireland.gov.ie/en/?s={search_term_string}"},"query-input":{"@type":"PropertyValueSpecification","valueRequired":true,"valueName":"search_term_string"}}],"inLanguage":"en-US"}]}</script>
<!-- / Yoast SEO plugin. -->

Amhráin ‘gus Áit - Creative Ireland Programme

Amhráin ‘gus Áit is a research and performance project devised and produced by Rachel Uí Fhaoláin and John Ó Faoláin.

Amhráin ‘gus Áit is a research and performance project devised and produced by Rachel Uí Fhaoláin and John Ó Faoláin. The project aims to connect songs with place, to increase community engagement with music and to facilitate song transmission across the generations.  Amhráin ‘gus Áit  will focus on the song repertoire of the late Jamesie [&hellip;]
