{"id":19717,"date":"2022-05-21T03:02:13","date_gmt":"2022-05-21T02:02:13","guid":{"rendered":"https:\/\/www.creativeireland.gov.ie\/event\/tionscadail-logainmneacha-na-scoileanna-schools-placenames-project\/"},"modified":"2022-05-21T03:02:13","modified_gmt":"2022-05-21T02:02:13","slug":"tionscadail-logainmneacha-na-scoileanna-schools-placenames-project","status":"publish","type":"event","link":"https:\/\/www.creativeireland.gov.ie\/en\/event\/tionscadail-logainmneacha-na-scoileanna-schools-placenames-project\/","title":{"rendered":"Tionscadail Logainmneacha na Scoileanna \/ Schools Placenames Project"},"content":{"rendered":"<p><span><span><span><span><span>T\u00e1 <strong>Tionscadal Logainmneacha na Scoileanna<\/strong> eagraithe ag an gCartlanna\u00ed; Oifigeach Gaeilge; An Coiste Logainmneacha agus an Oifig Eala\u00edon ar mhaithe le logainmneacha \u00e1iti\u00fala a chur ar a s\u00faile do ph\u00e1ist\u00ed bunscoile agus deis a thabhairt d\u00f3ibh taighde a dh\u00e9anamh ar ainmneacha \u00e1iti\u00fala \u00e1iteanna. <\/span><\/span><\/span><\/span><\/span><\/p>\n<p><span><span><span><span><span>T\u00e1 s\u00e9 i gceist againn an tionscadal a chur i bhfeidhm i dtr\u00ed scoil nua sa bhF\u00f3mhar, ag uasl\u00f3d\u00e1il a gcuid saothar ar Suirbh\u00e9 123, ar n\u00f3s an sc\u00e9im ph\u00edol\u00f3tach a re\u00e1cht\u00e1ileadh anuraidh i Scoil N\u00e1isi\u00fanta na hAirde M\u00f3ire agus an t-eolas a bhailigh scoileanna roimhe seo a uasl\u00f3d\u00e1il ar an l\u00e9arsc\u00e1il ar l\u00edne, ionas go mbeidh an obair ar fad ar f\u00e1il do thaighdeoir\u00ed ar l\u00edne tr\u00ed<\/span><\/span> <strong><a href=\"http:\/\/www.deiselogainm.ie\"><span>www.deiselogainm.ie<\/span><\/a><span> <\/span><\/strong><\/span><\/span><\/span><\/p>\n<p><span><span><span><span>The <strong>Schools Placenames Project<\/strong> is organised by the Archivist; Oifigeach Gaeilge; Placenames Committee and Arts Office to introduce primary school children to their local placenames and provide them with the opportunity to research local names of places. <\/span><\/span><\/span><\/span><\/p>\n<p><span><span><span><span>We intend to roll out the project to three new schools in the Autumn of 2022, including uploading the work to Survey 123, as piloted last year with Ardmore National School and to upload the information gathered to date onto the online map that will be available on <\/span><strong><a href=\"http:\/\/www.deiselogainm.ie\"><span>www.deiselogainm.ie<\/span><\/a> <\/strong><\/span><\/span><\/span><\/p>\n<p>\u00a0<\/p>\n","protected":false},"author":0,"featured_media":19718,"template":"","class_list":["post-19717","event","type-event","status-publish","has-post-thumbnail","hentry"],"acf":[],"yoast_head":"<!-- This site is optimized with the Yoast SEO plugin v25.9 - https:\/\/yoast.com\/wordpress\/plugins\/seo\/ -->\n<title>Tionscadail Logainmneacha na Scoileanna \/ Schools Placenames Project - Creative Ireland Programme<\/title>\n<meta name=\"description\" content=\"T\u00e1 Tionscadal Logainmneacha na Scoileanna eagraithe ag an gCartlanna\u00ed; Oifigeach Gaeilge; An Coiste Logainmneacha agus an Oifig Eala\u00edon ar mhaithe le logainmneacha \u00e1iti\u00fala a chur ar a s\u00faile do ph\u00e1ist\u00ed bunscoile agus deis a thabhairt d\u00f3ibh taighde a dh\u00e9anamh ar ainmneacha \u00e1iti\u00fala \u00e1iteanna.\" \/>\n<meta name=\"robots\" content=\"index, follow, max-snippet:-1, max-image-preview:large, max-video-preview:-1\" \/>\n<link rel=\"canonical\" href=\"https:\/\/www.creativeireland.gov.ie\/en\/event\/tionscadail-logainmneacha-na-scoileanna-schools-placenames-project\/\" \/>\n<meta property=\"og:locale\" content=\"en_US\" \/>\n<meta property=\"og:type\" content=\"article\" \/>\n<meta property=\"og:title\" content=\"Tionscadail Logainmneacha na Scoileanna \/ Schools Placenames Project - Creative Ireland Programme\" \/>\n<meta property=\"og:description\" content=\"T\u00e1 Tionscadal Logainmneacha na Scoileanna eagraithe ag an gCartlanna\u00ed; Oifigeach Gaeilge; An Coiste Logainmneacha agus an Oifig Eala\u00edon ar mhaithe le logainmneacha \u00e1iti\u00fala a chur ar a s\u00faile do ph\u00e1ist\u00ed bunscoile agus deis a thabhairt d\u00f3ibh taighde a dh\u00e9anamh ar ainmneacha \u00e1iti\u00fala \u00e1iteanna. T\u00e1 s\u00e9 i gceist againn an tionscadal a chur i bhfeidhm i [&hellip;]\" \/>\n<meta property=\"og:url\" content=\"https:\/\/www.creativeireland.gov.ie\/en\/event\/tionscadail-logainmneacha-na-scoileanna-schools-placenames-project\/\" \/>\n<meta property=\"og:site_name\" content=\"Creative Ireland Programme\" \/>\n<meta property=\"article:publisher\" content=\"https:\/\/www.facebook.com\/CreativeIrl\/\" \/>\n<meta name=\"twitter:card\" content=\"summary_large_image\" \/>\n<meta name=\"twitter:site\" content=\"@creativeirl\" \/>\n<meta name=\"twitter:label1\" content=\"Est. reading time\" \/>\n\t<meta name=\"twitter:data1\" content=\"1 minute\" \/>\n<script type=\"application\/ld+json\" class=\"yoast-schema-graph\">{\"@context\":\"https:\/\/schema.org\",\"@graph\":[{\"@type\":\"WebPage\",\"@id\":\"https:\/\/www.creativeireland.gov.ie\/en\/event\/tionscadail-logainmneacha-na-scoileanna-schools-placenames-project\/\",\"url\":\"https:\/\/www.creativeireland.gov.ie\/en\/event\/tionscadail-logainmneacha-na-scoileanna-schools-placenames-project\/\",\"name\":\"Tionscadail Logainmneacha na Scoileanna \/ Schools Placenames Project - Creative Ireland Programme\",\"isPartOf\":{\"@id\":\"https:\/\/www.creativeireland.gov.ie\/en\/#website\"},\"primaryImageOfPage\":{\"@id\":\"https:\/\/www.creativeireland.gov.ie\/en\/event\/tionscadail-logainmneacha-na-scoileanna-schools-placenames-project\/#primaryimage\"},\"image\":{\"@id\":\"https:\/\/www.creativeireland.gov.ie\/en\/event\/tionscadail-logainmneacha-na-scoileanna-schools-placenames-project\/#primaryimage\"},\"thumbnailUrl\":\"https:\/\/www.creativeireland.gov.ie\/app\/uploads\/2022\/05\/aglish-drawing-no.-2-scaled.jpg\",\"datePublished\":\"2022-05-21T02:02:13+00:00\",\"breadcrumb\":{\"@id\":\"https:\/\/www.creativeireland.gov.ie\/en\/event\/tionscadail-logainmneacha-na-scoileanna-schools-placenames-project\/#breadcrumb\"},\"inLanguage\":\"en-US\",\"potentialAction\":[{\"@type\":\"ReadAction\",\"target\":[\"https:\/\/www.creativeireland.gov.ie\/en\/event\/tionscadail-logainmneacha-na-scoileanna-schools-placenames-project\/\"]}]},{\"@type\":\"ImageObject\",\"inLanguage\":\"en-US\",\"@id\":\"https:\/\/www.creativeireland.gov.ie\/en\/event\/tionscadail-logainmneacha-na-scoileanna-schools-placenames-project\/#primaryimage\",\"url\":\"https:\/\/www.creativeireland.gov.ie\/app\/uploads\/2022\/05\/aglish-drawing-no.-2-scaled.jpg\",\"contentUrl\":\"https:\/\/www.creativeireland.gov.ie\/app\/uploads\/2022\/05\/aglish-drawing-no.-2-scaled.jpg\",\"width\":2560,\"height\":1810},{\"@type\":\"BreadcrumbList\",\"@id\":\"https:\/\/www.creativeireland.gov.ie\/en\/event\/tionscadail-logainmneacha-na-scoileanna-schools-placenames-project\/#breadcrumb\",\"itemListElement\":[{\"@type\":\"ListItem\",\"position\":1,\"name\":\"Home\",\"item\":\"https:\/\/www.creativeireland.gov.ie\/en\/\"},{\"@type\":\"ListItem\",\"position\":2,\"name\":\"Tionscadail Logainmneacha na Scoileanna \/ Schools Placenames Project\"}]},{\"@type\":\"WebSite\",\"@id\":\"https:\/\/www.creativeireland.gov.ie\/en\/#website\",\"url\":\"https:\/\/www.creativeireland.gov.ie\/en\/\",\"name\":\"Creative Ireland Programme\",\"description\":\"The Creative Ireland Programme is guided by a vision that every person in Ireland will have the opportunity to realise their full creative potential. It is a five year all-of-Government initiative, from 2017 to 2022, to place creativity at the centre of public policy.\",\"potentialAction\":[{\"@type\":\"SearchAction\",\"target\":{\"@type\":\"EntryPoint\",\"urlTemplate\":\"https:\/\/www.creativeireland.gov.ie\/en\/?s={search_term_string}\"},\"query-input\":{\"@type\":\"PropertyValueSpecification\",\"valueRequired\":true,\"valueName\":\"search_term_string\"}}],\"inLanguage\":\"en-US\"}]}<\/script>\n<!-- \/ Yoast SEO plugin. -->","yoast_head_json":{"title":"Tionscadail Logainmneacha na Scoileanna \/ Schools Placenames Project - Creative Ireland Programme","description":"T\u00e1 Tionscadal Logainmneacha na Scoileanna eagraithe ag an gCartlanna\u00ed; Oifigeach Gaeilge; An Coiste Logainmneacha agus an Oifig Eala\u00edon ar mhaithe le logainmneacha \u00e1iti\u00fala a chur ar a s\u00faile do ph\u00e1ist\u00ed bunscoile agus deis a thabhairt d\u00f3ibh taighde a dh\u00e9anamh ar ainmneacha \u00e1iti\u00fala \u00e1iteanna.","robots":{"index":"index","follow":"follow","max-snippet":"max-snippet:-1","max-image-preview":"max-image-preview:large","max-video-preview":"max-video-preview:-1"},"canonical":"https:\/\/www.creativeireland.gov.ie\/en\/event\/tionscadail-logainmneacha-na-scoileanna-schools-placenames-project\/","og_locale":"en_US","og_type":"article","og_title":"Tionscadail Logainmneacha na Scoileanna \/ Schools Placenames Project - Creative Ireland Programme","og_description":"T\u00e1 Tionscadal Logainmneacha na Scoileanna eagraithe ag an gCartlanna\u00ed; Oifigeach Gaeilge; An Coiste Logainmneacha agus an Oifig Eala\u00edon ar mhaithe le logainmneacha \u00e1iti\u00fala a chur ar a s\u00faile do ph\u00e1ist\u00ed bunscoile agus deis a thabhairt d\u00f3ibh taighde a dh\u00e9anamh ar ainmneacha \u00e1iti\u00fala \u00e1iteanna. T\u00e1 s\u00e9 i gceist againn an tionscadal a chur i bhfeidhm i [&hellip;]","og_url":"https:\/\/www.creativeireland.gov.ie\/en\/event\/tionscadail-logainmneacha-na-scoileanna-schools-placenames-project\/","og_site_name":"Creative Ireland Programme","article_publisher":"https:\/\/www.facebook.com\/CreativeIrl\/","twitter_card":"summary_large_image","twitter_site":"@creativeirl","twitter_misc":{"Est. reading time":"1 minute"},"schema":{"@context":"https:\/\/schema.org","@graph":[{"@type":"WebPage","@id":"https:\/\/www.creativeireland.gov.ie\/en\/event\/tionscadail-logainmneacha-na-scoileanna-schools-placenames-project\/","url":"https:\/\/www.creativeireland.gov.ie\/en\/event\/tionscadail-logainmneacha-na-scoileanna-schools-placenames-project\/","name":"Tionscadail Logainmneacha na Scoileanna \/ Schools Placenames Project - Creative Ireland Programme","isPartOf":{"@id":"https:\/\/www.creativeireland.gov.ie\/en\/#website"},"primaryImageOfPage":{"@id":"https:\/\/www.creativeireland.gov.ie\/en\/event\/tionscadail-logainmneacha-na-scoileanna-schools-placenames-project\/#primaryimage"},"image":{"@id":"https:\/\/www.creativeireland.gov.ie\/en\/event\/tionscadail-logainmneacha-na-scoileanna-schools-placenames-project\/#primaryimage"},"thumbnailUrl":"https:\/\/www.creativeireland.gov.ie\/app\/uploads\/2022\/05\/aglish-drawing-no.-2-scaled.jpg","datePublished":"2022-05-21T02:02:13+00:00","breadcrumb":{"@id":"https:\/\/www.creativeireland.gov.ie\/en\/event\/tionscadail-logainmneacha-na-scoileanna-schools-placenames-project\/#breadcrumb"},"inLanguage":"en-US","potentialAction":[{"@type":"ReadAction","target":["https:\/\/www.creativeireland.gov.ie\/en\/event\/tionscadail-logainmneacha-na-scoileanna-schools-placenames-project\/"]}]},{"@type":"ImageObject","inLanguage":"en-US","@id":"https:\/\/www.creativeireland.gov.ie\/en\/event\/tionscadail-logainmneacha-na-scoileanna-schools-placenames-project\/#primaryimage","url":"https:\/\/www.creativeireland.gov.ie\/app\/uploads\/2022\/05\/aglish-drawing-no.-2-scaled.jpg","contentUrl":"https:\/\/www.creativeireland.gov.ie\/app\/uploads\/2022\/05\/aglish-drawing-no.-2-scaled.jpg","width":2560,"height":1810},{"@type":"BreadcrumbList","@id":"https:\/\/www.creativeireland.gov.ie\/en\/event\/tionscadail-logainmneacha-na-scoileanna-schools-placenames-project\/#breadcrumb","itemListElement":[{"@type":"ListItem","position":1,"name":"Home","item":"https:\/\/www.creativeireland.gov.ie\/en\/"},{"@type":"ListItem","position":2,"name":"Tionscadail Logainmneacha na Scoileanna \/ Schools Placenames Project"}]},{"@type":"WebSite","@id":"https:\/\/www.creativeireland.gov.ie\/en\/#website","url":"https:\/\/www.creativeireland.gov.ie\/en\/","name":"Creative Ireland Programme","description":"The Creative Ireland Programme is guided by a vision that every person in Ireland will have the opportunity to realise their full creative potential. It is a five year all-of-Government initiative, from 2017 to 2022, to place creativity at the centre of public policy.","potentialAction":[{"@type":"SearchAction","target":{"@type":"EntryPoint","urlTemplate":"https:\/\/www.creativeireland.gov.ie\/en\/?s={search_term_string}"},"query-input":{"@type":"PropertyValueSpecification","valueRequired":true,"valueName":"search_term_string"}}],"inLanguage":"en-US"}]}},"_links":{"self":[{"href":"https:\/\/www.creativeireland.gov.ie\/en\/wp-json\/wp\/v2\/event\/19717","targetHints":{"allow":["GET"]}}],"collection":[{"href":"https:\/\/www.creativeireland.gov.ie\/en\/wp-json\/wp\/v2\/event"}],"about":[{"href":"https:\/\/www.creativeireland.gov.ie\/en\/wp-json\/wp\/v2\/types\/event"}],"wp:featuredmedia":[{"embeddable":true,"href":"https:\/\/www.creativeireland.gov.ie\/en\/wp-json\/wp\/v2\/media\/19718"}],"wp:attachment":[{"href":"https:\/\/www.creativeireland.gov.ie\/en\/wp-json\/wp\/v2\/media?parent=19717"}],"curies":[{"name":"wp","href":"https:\/\/api.w.org\/{rel}","templated":true}]}}

<p><span><span><span><span><span>Tá <strong>Tionscadal Logainmneacha na Scoileanna</strong> eagraithe ag an gCartlannaí; Oifigeach Gaeilge; An Coiste Logainmneacha agus an Oifig Ealaíon ar mhaithe le logainmneacha áitiúla a chur ar a súile do pháistí bunscoile agus deis a thabhairt dóibh taighde a dhéanamh ar ainmneacha áitiúla áiteanna. </span></span></span></span></span></p>
<p><span><span><span><span><span>Tá sé i gceist againn an tionscadal a chur i bhfeidhm i dtrí scoil nua sa bhFómhar, ag uaslódáil a gcuid saothar ar Suirbhé 123, ar nós an scéim phíolótach a reáchtáileadh anuraidh i Scoil Náisiúnta na hAirde Móire agus an t-eolas a bhailigh scoileanna roimhe seo a uaslódáil ar an léarscáil ar líne, ionas go mbeidh an obair ar fad ar fáil do thaighdeoirí ar líne trí</span></span> <strong><a href="http://www.deiselogainm.ie"><span>www.deiselogainm.ie</span></a><span> </span></strong></span></span></span></p>
<p><span><span><span><span>The <strong>Schools Placenames Project</strong> is organised by the Archivist; Oifigeach Gaeilge; Placenames Committee and Arts Office to introduce primary school children to their local placenames and provide them with the opportunity to research local names of places. </span></span></span></span></p>
<p><span><span><span><span>We intend to roll out the project to three new schools in the Autumn of 2022, including uploading the work to Survey 123, as piloted last year with Ardmore National School and to upload the information gathered to date onto the online map that will be available on </span><strong><a href="http://www.deiselogainm.ie"><span>www.deiselogainm.ie</span></a> </strong></span></span></span></p>
<p> </p>

<!-- This site is optimized with the Yoast SEO plugin v25.9 - https://yoast.com/wordpress/plugins/seo/ -->
<title>Tionscadail Logainmneacha na Scoileanna / Schools Placenames Project - Creative Ireland Programme</title>
<meta name="description" content="Tá Tionscadal Logainmneacha na Scoileanna eagraithe ag an gCartlannaí; Oifigeach Gaeilge; An Coiste Logainmneacha agus an Oifig Ealaíon ar mhaithe le logainmneacha áitiúla a chur ar a súile do pháistí bunscoile agus deis a thabhairt dóibh taighde a dhéanamh ar ainmneacha áitiúla áiteanna." />
<meta name="robots" content="index, follow, max-snippet:-1, max-image-preview:large, max-video-preview:-1" />
<link rel="canonical" href="https://www.creativeireland.gov.ie/en/event/tionscadail-logainmneacha-na-scoileanna-schools-placenames-project/" />
<meta property="og:locale" content="en_US" />
<meta property="og:type" content="article" />
<meta property="og:title" content="Tionscadail Logainmneacha na Scoileanna / Schools Placenames Project - Creative Ireland Programme" />
<meta property="og:description" content="Tá Tionscadal Logainmneacha na Scoileanna eagraithe ag an gCartlannaí; Oifigeach Gaeilge; An Coiste Logainmneacha agus an Oifig Ealaíon ar mhaithe le logainmneacha áitiúla a chur ar a súile do pháistí bunscoile agus deis a thabhairt dóibh taighde a dhéanamh ar ainmneacha áitiúla áiteanna. Tá sé i gceist againn an tionscadal a chur i bhfeidhm i [&hellip;]" />
<meta property="og:url" content="https://www.creativeireland.gov.ie/en/event/tionscadail-logainmneacha-na-scoileanna-schools-placenames-project/" />
<meta property="og:site_name" content="Creative Ireland Programme" />
<meta property="article:publisher" content="https://www.facebook.com/CreativeIrl/" />
<meta name="twitter:card" content="summary_large_image" />
<meta name="twitter:site" content="@creativeirl" />
<meta name="twitter:label1" content="Est. reading time" />
	<meta name="twitter:data1" content="1 minute" />
<script type="application/ld+json" class="yoast-schema-graph">{"@context":"https://schema.org","@graph":[{"@type":"WebPage","@id":"https://www.creativeireland.gov.ie/en/event/tionscadail-logainmneacha-na-scoileanna-schools-placenames-project/","url":"https://www.creativeireland.gov.ie/en/event/tionscadail-logainmneacha-na-scoileanna-schools-placenames-project/","name":"Tionscadail Logainmneacha na Scoileanna / Schools Placenames Project - Creative Ireland Programme","isPartOf":{"@id":"https://www.creativeireland.gov.ie/en/#website"},"primaryImageOfPage":{"@id":"https://www.creativeireland.gov.ie/en/event/tionscadail-logainmneacha-na-scoileanna-schools-placenames-project/#primaryimage"},"image":{"@id":"https://www.creativeireland.gov.ie/en/event/tionscadail-logainmneacha-na-scoileanna-schools-placenames-project/#primaryimage"},"thumbnailUrl":"https://www.creativeireland.gov.ie/app/uploads/2022/05/aglish-drawing-no.-2-scaled.jpg","datePublished":"2022-05-21T02:02:13+00:00","breadcrumb":{"@id":"https://www.creativeireland.gov.ie/en/event/tionscadail-logainmneacha-na-scoileanna-schools-placenames-project/#breadcrumb"},"inLanguage":"en-US","potentialAction":[{"@type":"ReadAction","target":["https://www.creativeireland.gov.ie/en/event/tionscadail-logainmneacha-na-scoileanna-schools-placenames-project/"]}]},{"@type":"ImageObject","inLanguage":"en-US","@id":"https://www.creativeireland.gov.ie/en/event/tionscadail-logainmneacha-na-scoileanna-schools-placenames-project/#primaryimage","url":"https://www.creativeireland.gov.ie/app/uploads/2022/05/aglish-drawing-no.-2-scaled.jpg","contentUrl":"https://www.creativeireland.gov.ie/app/uploads/2022/05/aglish-drawing-no.-2-scaled.jpg","width":2560,"height":1810},{"@type":"BreadcrumbList","@id":"https://www.creativeireland.gov.ie/en/event/tionscadail-logainmneacha-na-scoileanna-schools-placenames-project/#breadcrumb","itemListElement":[{"@type":"ListItem","position":1,"name":"Home","item":"https://www.creativeireland.gov.ie/en/"},{"@type":"ListItem","position":2,"name":"Tionscadail Logainmneacha na Scoileanna / Schools Placenames Project"}]},{"@type":"WebSite","@id":"https://www.creativeireland.gov.ie/en/#website","url":"https://www.creativeireland.gov.ie/en/","name":"Creative Ireland Programme","description":"The Creative Ireland Programme is guided by a vision that every person in Ireland will have the opportunity to realise their full creative potential. It is a five year all-of-Government initiative, from 2017 to 2022, to place creativity at the centre of public policy.","potentialAction":[{"@type":"SearchAction","target":{"@type":"EntryPoint","urlTemplate":"https://www.creativeireland.gov.ie/en/?s={search_term_string}"},"query-input":{"@type":"PropertyValueSpecification","valueRequired":true,"valueName":"search_term_string"}}],"inLanguage":"en-US"}]}</script>
<!-- / Yoast SEO plugin. -->

Tá Tionscadal Logainmneacha na Scoileanna eagraithe ag an gCartlannaí; Oifigeach Gaeilge; An Coiste Logainmneacha agus an Oifig Ealaíon ar mhaithe le logainmneacha áitiúla a chur ar a súile do pháistí bunscoile agus deis a thabhairt dóibh taighde a dhéanamh ar ainmneacha áitiúla áiteanna.

Tá Tionscadal Logainmneacha na Scoileanna eagraithe ag an gCartlannaí; Oifigeach Gaeilge; An Coiste Logainmneacha agus an Oifig Ealaíon ar mhaithe le logainmneacha áitiúla a chur ar a súile do pháistí bunscoile agus deis a thabhairt dóibh taighde a dhéanamh ar ainmneacha áitiúla áiteanna. Tá sé i gceist againn an tionscadal a chur i bhfeidhm i [&hellip;]
