{"id":21969,"date":"2022-10-14T03:02:16","date_gmt":"2022-10-14T02:02:16","guid":{"rendered":"https:\/\/www.creativeireland.gov.ie\/event\/eithne-ni-ghallchobhair-agus-annie-quinn-scealaiocht-agus-ceardlann-ealaine\/"},"modified":"2022-10-14T03:02:16","modified_gmt":"2022-10-14T02:02:16","slug":"eithne-ni-ghallchobhair-agus-annie-quinn-scealaiocht-agus-ceardlann-ealaine","status":"publish","type":"event","link":"https:\/\/www.creativeireland.gov.ie\/en\/event\/eithne-ni-ghallchobhair-agus-annie-quinn-scealaiocht-agus-ceardlann-ealaine\/","title":{"rendered":"Eithne N\u00ed Ghallchobhair agus Annie Quinn Sc\u00e9ala\u00edocht agus Ceardlann Eala\u00edne"},"content":{"rendered":"<p><span><span><strong><em>In light of the tragedy in Creeslough, Wainfest Children\u2019s Arts &amp; Book Festival 2022 will not proceed as planned. It is intended to reschedule the majority of the events and this listing will be updated as soon as possible. <\/em><\/strong><\/span><\/span><\/p>\n<p>Cuirfidh an t-\u00fadar agus sc\u00e9ala\u00ed aitheanta Eithne N\u00ed Ghallchobhair na p\u00e1ist\u00ed faoi gheasa lena gcuid sc\u00e9alta f\u00edorsp\u00e9isi\u00fala agus le ceardlann siams\u00fail eala\u00edne le hAnnie Quinn ina dhiaidh sin. (Uair go leith ar fhad)<\/p>\n<p>Leabharlann Phobail na Rosann 10.30<\/p>\n<p>Leabharlann Phobail na Rosann 12.30<\/p>\n","protected":false},"author":0,"featured_media":21970,"template":"","class_list":["post-21969","event","type-event","status-publish","has-post-thumbnail","hentry"],"acf":[],"yoast_head":"<!-- This site is optimized with the Yoast SEO plugin v25.9 - https:\/\/yoast.com\/wordpress\/plugins\/seo\/ -->\n<title>Eithne N\u00ed Ghallchobhair agus Annie Quinn Sc\u00e9ala\u00edocht agus Ceardlann Eala\u00edne - Creative Ireland Programme<\/title>\n<meta name=\"description\" content=\"In light of the tragedy in Creeslough, Wainfest Children\u2019s Arts &amp; Book Festival 2022 will not proceed as planned.\" \/>\n<meta name=\"robots\" content=\"index, follow, max-snippet:-1, max-image-preview:large, max-video-preview:-1\" \/>\n<link rel=\"canonical\" href=\"https:\/\/www.creativeireland.gov.ie\/en\/event\/eithne-ni-ghallchobhair-agus-annie-quinn-scealaiocht-agus-ceardlann-ealaine\/\" \/>\n<meta property=\"og:locale\" content=\"en_US\" \/>\n<meta property=\"og:type\" content=\"article\" \/>\n<meta property=\"og:title\" content=\"Eithne N\u00ed Ghallchobhair agus Annie Quinn Sc\u00e9ala\u00edocht agus Ceardlann Eala\u00edne - Creative Ireland Programme\" \/>\n<meta property=\"og:description\" content=\"In light of the tragedy in Creeslough, Wainfest Children\u2019s Arts &amp; Book Festival 2022 will not proceed as planned. It is intended to reschedule the majority of the events and this listing will be updated as soon as possible. Cuirfidh an t-\u00fadar agus sc\u00e9ala\u00ed aitheanta Eithne N\u00ed Ghallchobhair na p\u00e1ist\u00ed faoi gheasa lena gcuid sc\u00e9alta [&hellip;]\" \/>\n<meta property=\"og:url\" content=\"https:\/\/www.creativeireland.gov.ie\/en\/event\/eithne-ni-ghallchobhair-agus-annie-quinn-scealaiocht-agus-ceardlann-ealaine\/\" \/>\n<meta property=\"og:site_name\" content=\"Creative Ireland Programme\" \/>\n<meta property=\"article:publisher\" content=\"https:\/\/www.facebook.com\/CreativeIrl\/\" \/>\n<meta property=\"og:image\" content=\"https:\/\/www.creativeireland.gov.ie\/app\/uploads\/2022\/10\/annie-quinn.png\" \/>\n\t<meta property=\"og:image:width\" content=\"386\" \/>\n\t<meta property=\"og:image:height\" content=\"640\" \/>\n\t<meta property=\"og:image:type\" content=\"image\/png\" \/>\n<meta name=\"twitter:card\" content=\"summary_large_image\" \/>\n<meta name=\"twitter:site\" content=\"@creativeirl\" \/>\n<script type=\"application\/ld+json\" class=\"yoast-schema-graph\">{\"@context\":\"https:\/\/schema.org\",\"@graph\":[{\"@type\":\"WebPage\",\"@id\":\"https:\/\/www.creativeireland.gov.ie\/en\/event\/eithne-ni-ghallchobhair-agus-annie-quinn-scealaiocht-agus-ceardlann-ealaine\/\",\"url\":\"https:\/\/www.creativeireland.gov.ie\/en\/event\/eithne-ni-ghallchobhair-agus-annie-quinn-scealaiocht-agus-ceardlann-ealaine\/\",\"name\":\"Eithne N\u00ed Ghallchobhair agus Annie Quinn Sc\u00e9ala\u00edocht agus Ceardlann Eala\u00edne - Creative Ireland Programme\",\"isPartOf\":{\"@id\":\"https:\/\/www.creativeireland.gov.ie\/en\/#website\"},\"primaryImageOfPage\":{\"@id\":\"https:\/\/www.creativeireland.gov.ie\/en\/event\/eithne-ni-ghallchobhair-agus-annie-quinn-scealaiocht-agus-ceardlann-ealaine\/#primaryimage\"},\"image\":{\"@id\":\"https:\/\/www.creativeireland.gov.ie\/en\/event\/eithne-ni-ghallchobhair-agus-annie-quinn-scealaiocht-agus-ceardlann-ealaine\/#primaryimage\"},\"thumbnailUrl\":\"https:\/\/www.creativeireland.gov.ie\/app\/uploads\/2022\/10\/annie-quinn.png\",\"datePublished\":\"2022-10-14T02:02:16+00:00\",\"breadcrumb\":{\"@id\":\"https:\/\/www.creativeireland.gov.ie\/en\/event\/eithne-ni-ghallchobhair-agus-annie-quinn-scealaiocht-agus-ceardlann-ealaine\/#breadcrumb\"},\"inLanguage\":\"en-US\",\"potentialAction\":[{\"@type\":\"ReadAction\",\"target\":[\"https:\/\/www.creativeireland.gov.ie\/en\/event\/eithne-ni-ghallchobhair-agus-annie-quinn-scealaiocht-agus-ceardlann-ealaine\/\"]}]},{\"@type\":\"ImageObject\",\"inLanguage\":\"en-US\",\"@id\":\"https:\/\/www.creativeireland.gov.ie\/en\/event\/eithne-ni-ghallchobhair-agus-annie-quinn-scealaiocht-agus-ceardlann-ealaine\/#primaryimage\",\"url\":\"https:\/\/www.creativeireland.gov.ie\/app\/uploads\/2022\/10\/annie-quinn.png\",\"contentUrl\":\"https:\/\/www.creativeireland.gov.ie\/app\/uploads\/2022\/10\/annie-quinn.png\",\"width\":386,\"height\":640},{\"@type\":\"BreadcrumbList\",\"@id\":\"https:\/\/www.creativeireland.gov.ie\/en\/event\/eithne-ni-ghallchobhair-agus-annie-quinn-scealaiocht-agus-ceardlann-ealaine\/#breadcrumb\",\"itemListElement\":[{\"@type\":\"ListItem\",\"position\":1,\"name\":\"Home\",\"item\":\"https:\/\/www.creativeireland.gov.ie\/en\/\"},{\"@type\":\"ListItem\",\"position\":2,\"name\":\"Eithne N\u00ed Ghallchobhair agus Annie Quinn Sc\u00e9ala\u00edocht agus Ceardlann Eala\u00edne\"}]},{\"@type\":\"WebSite\",\"@id\":\"https:\/\/www.creativeireland.gov.ie\/en\/#website\",\"url\":\"https:\/\/www.creativeireland.gov.ie\/en\/\",\"name\":\"Creative Ireland Programme\",\"description\":\"The Creative Ireland Programme is guided by a vision that every person in Ireland will have the opportunity to realise their full creative potential. It is a five year all-of-Government initiative, from 2017 to 2022, to place creativity at the centre of public policy.\",\"potentialAction\":[{\"@type\":\"SearchAction\",\"target\":{\"@type\":\"EntryPoint\",\"urlTemplate\":\"https:\/\/www.creativeireland.gov.ie\/en\/?s={search_term_string}\"},\"query-input\":{\"@type\":\"PropertyValueSpecification\",\"valueRequired\":true,\"valueName\":\"search_term_string\"}}],\"inLanguage\":\"en-US\"}]}<\/script>\n<!-- \/ Yoast SEO plugin. -->","yoast_head_json":{"title":"Eithne N\u00ed Ghallchobhair agus Annie Quinn Sc\u00e9ala\u00edocht agus Ceardlann Eala\u00edne - Creative Ireland Programme","description":"In light of the tragedy in Creeslough, Wainfest Children\u2019s Arts &amp; Book Festival 2022 will not proceed as planned.","robots":{"index":"index","follow":"follow","max-snippet":"max-snippet:-1","max-image-preview":"max-image-preview:large","max-video-preview":"max-video-preview:-1"},"canonical":"https:\/\/www.creativeireland.gov.ie\/en\/event\/eithne-ni-ghallchobhair-agus-annie-quinn-scealaiocht-agus-ceardlann-ealaine\/","og_locale":"en_US","og_type":"article","og_title":"Eithne N\u00ed Ghallchobhair agus Annie Quinn Sc\u00e9ala\u00edocht agus Ceardlann Eala\u00edne - Creative Ireland Programme","og_description":"In light of the tragedy in Creeslough, Wainfest Children\u2019s Arts &amp; Book Festival 2022 will not proceed as planned. It is intended to reschedule the majority of the events and this listing will be updated as soon as possible. Cuirfidh an t-\u00fadar agus sc\u00e9ala\u00ed aitheanta Eithne N\u00ed Ghallchobhair na p\u00e1ist\u00ed faoi gheasa lena gcuid sc\u00e9alta [&hellip;]","og_url":"https:\/\/www.creativeireland.gov.ie\/en\/event\/eithne-ni-ghallchobhair-agus-annie-quinn-scealaiocht-agus-ceardlann-ealaine\/","og_site_name":"Creative Ireland Programme","article_publisher":"https:\/\/www.facebook.com\/CreativeIrl\/","og_image":[{"width":386,"height":640,"url":"https:\/\/www.creativeireland.gov.ie\/app\/uploads\/2022\/10\/annie-quinn.png","type":"image\/png"}],"twitter_card":"summary_large_image","twitter_site":"@creativeirl","schema":{"@context":"https:\/\/schema.org","@graph":[{"@type":"WebPage","@id":"https:\/\/www.creativeireland.gov.ie\/en\/event\/eithne-ni-ghallchobhair-agus-annie-quinn-scealaiocht-agus-ceardlann-ealaine\/","url":"https:\/\/www.creativeireland.gov.ie\/en\/event\/eithne-ni-ghallchobhair-agus-annie-quinn-scealaiocht-agus-ceardlann-ealaine\/","name":"Eithne N\u00ed Ghallchobhair agus Annie Quinn Sc\u00e9ala\u00edocht agus Ceardlann Eala\u00edne - Creative Ireland Programme","isPartOf":{"@id":"https:\/\/www.creativeireland.gov.ie\/en\/#website"},"primaryImageOfPage":{"@id":"https:\/\/www.creativeireland.gov.ie\/en\/event\/eithne-ni-ghallchobhair-agus-annie-quinn-scealaiocht-agus-ceardlann-ealaine\/#primaryimage"},"image":{"@id":"https:\/\/www.creativeireland.gov.ie\/en\/event\/eithne-ni-ghallchobhair-agus-annie-quinn-scealaiocht-agus-ceardlann-ealaine\/#primaryimage"},"thumbnailUrl":"https:\/\/www.creativeireland.gov.ie\/app\/uploads\/2022\/10\/annie-quinn.png","datePublished":"2022-10-14T02:02:16+00:00","breadcrumb":{"@id":"https:\/\/www.creativeireland.gov.ie\/en\/event\/eithne-ni-ghallchobhair-agus-annie-quinn-scealaiocht-agus-ceardlann-ealaine\/#breadcrumb"},"inLanguage":"en-US","potentialAction":[{"@type":"ReadAction","target":["https:\/\/www.creativeireland.gov.ie\/en\/event\/eithne-ni-ghallchobhair-agus-annie-quinn-scealaiocht-agus-ceardlann-ealaine\/"]}]},{"@type":"ImageObject","inLanguage":"en-US","@id":"https:\/\/www.creativeireland.gov.ie\/en\/event\/eithne-ni-ghallchobhair-agus-annie-quinn-scealaiocht-agus-ceardlann-ealaine\/#primaryimage","url":"https:\/\/www.creativeireland.gov.ie\/app\/uploads\/2022\/10\/annie-quinn.png","contentUrl":"https:\/\/www.creativeireland.gov.ie\/app\/uploads\/2022\/10\/annie-quinn.png","width":386,"height":640},{"@type":"BreadcrumbList","@id":"https:\/\/www.creativeireland.gov.ie\/en\/event\/eithne-ni-ghallchobhair-agus-annie-quinn-scealaiocht-agus-ceardlann-ealaine\/#breadcrumb","itemListElement":[{"@type":"ListItem","position":1,"name":"Home","item":"https:\/\/www.creativeireland.gov.ie\/en\/"},{"@type":"ListItem","position":2,"name":"Eithne N\u00ed Ghallchobhair agus Annie Quinn Sc\u00e9ala\u00edocht agus Ceardlann Eala\u00edne"}]},{"@type":"WebSite","@id":"https:\/\/www.creativeireland.gov.ie\/en\/#website","url":"https:\/\/www.creativeireland.gov.ie\/en\/","name":"Creative Ireland Programme","description":"The Creative Ireland Programme is guided by a vision that every person in Ireland will have the opportunity to realise their full creative potential. It is a five year all-of-Government initiative, from 2017 to 2022, to place creativity at the centre of public policy.","potentialAction":[{"@type":"SearchAction","target":{"@type":"EntryPoint","urlTemplate":"https:\/\/www.creativeireland.gov.ie\/en\/?s={search_term_string}"},"query-input":{"@type":"PropertyValueSpecification","valueRequired":true,"valueName":"search_term_string"}}],"inLanguage":"en-US"}]}},"_links":{"self":[{"href":"https:\/\/www.creativeireland.gov.ie\/en\/wp-json\/wp\/v2\/event\/21969","targetHints":{"allow":["GET"]}}],"collection":[{"href":"https:\/\/www.creativeireland.gov.ie\/en\/wp-json\/wp\/v2\/event"}],"about":[{"href":"https:\/\/www.creativeireland.gov.ie\/en\/wp-json\/wp\/v2\/types\/event"}],"wp:featuredmedia":[{"embeddable":true,"href":"https:\/\/www.creativeireland.gov.ie\/en\/wp-json\/wp\/v2\/media\/21970"}],"wp:attachment":[{"href":"https:\/\/www.creativeireland.gov.ie\/en\/wp-json\/wp\/v2\/media?parent=21969"}],"curies":[{"name":"wp","href":"https:\/\/api.w.org\/{rel}","templated":true}]}}

Eithne Ní Ghallchobhair agus Annie Quinn Scéalaíocht agus Ceardlann Ealaíne

<p><span><span><strong><em>In light of the tragedy in Creeslough, Wainfest Children’s Arts &amp; Book Festival 2022 will not proceed as planned. It is intended to reschedule the majority of the events and this listing will be updated as soon as possible. </em></strong></span></span></p>
<p>Cuirfidh an t-údar agus scéalaí aitheanta Eithne Ní Ghallchobhair na páistí faoi gheasa lena gcuid scéalta fíorspéisiúla agus le ceardlann siamsúil ealaíne le hAnnie Quinn ina dhiaidh sin. (Uair go leith ar fhad)</p>
<p>Leabharlann Phobail na Rosann 10.30</p>
<p>Leabharlann Phobail na Rosann 12.30</p>

<!-- This site is optimized with the Yoast SEO plugin v25.9 - https://yoast.com/wordpress/plugins/seo/ -->
<title>Eithne Ní Ghallchobhair agus Annie Quinn Scéalaíocht agus Ceardlann Ealaíne - Creative Ireland Programme</title>
<meta name="description" content="In light of the tragedy in Creeslough, Wainfest Children’s Arts &amp; Book Festival 2022 will not proceed as planned." />
<meta name="robots" content="index, follow, max-snippet:-1, max-image-preview:large, max-video-preview:-1" />
<link rel="canonical" href="https://www.creativeireland.gov.ie/en/event/eithne-ni-ghallchobhair-agus-annie-quinn-scealaiocht-agus-ceardlann-ealaine/" />
<meta property="og:locale" content="en_US" />
<meta property="og:type" content="article" />
<meta property="og:title" content="Eithne Ní Ghallchobhair agus Annie Quinn Scéalaíocht agus Ceardlann Ealaíne - Creative Ireland Programme" />
<meta property="og:description" content="In light of the tragedy in Creeslough, Wainfest Children’s Arts &amp; Book Festival 2022 will not proceed as planned. It is intended to reschedule the majority of the events and this listing will be updated as soon as possible. Cuirfidh an t-údar agus scéalaí aitheanta Eithne Ní Ghallchobhair na páistí faoi gheasa lena gcuid scéalta [&hellip;]" />
<meta property="og:url" content="https://www.creativeireland.gov.ie/en/event/eithne-ni-ghallchobhair-agus-annie-quinn-scealaiocht-agus-ceardlann-ealaine/" />
<meta property="og:site_name" content="Creative Ireland Programme" />
<meta property="article:publisher" content="https://www.facebook.com/CreativeIrl/" />
<meta property="og:image" content="https://www.creativeireland.gov.ie/app/uploads/2022/10/annie-quinn.png" />
	<meta property="og:image:width" content="386" />
	<meta property="og:image:height" content="640" />
	<meta property="og:image:type" content="image/png" />
<meta name="twitter:card" content="summary_large_image" />
<meta name="twitter:site" content="@creativeirl" />
<script type="application/ld+json" class="yoast-schema-graph">{"@context":"https://schema.org","@graph":[{"@type":"WebPage","@id":"https://www.creativeireland.gov.ie/en/event/eithne-ni-ghallchobhair-agus-annie-quinn-scealaiocht-agus-ceardlann-ealaine/","url":"https://www.creativeireland.gov.ie/en/event/eithne-ni-ghallchobhair-agus-annie-quinn-scealaiocht-agus-ceardlann-ealaine/","name":"Eithne Ní Ghallchobhair agus Annie Quinn Scéalaíocht agus Ceardlann Ealaíne - Creative Ireland Programme","isPartOf":{"@id":"https://www.creativeireland.gov.ie/en/#website"},"primaryImageOfPage":{"@id":"https://www.creativeireland.gov.ie/en/event/eithne-ni-ghallchobhair-agus-annie-quinn-scealaiocht-agus-ceardlann-ealaine/#primaryimage"},"image":{"@id":"https://www.creativeireland.gov.ie/en/event/eithne-ni-ghallchobhair-agus-annie-quinn-scealaiocht-agus-ceardlann-ealaine/#primaryimage"},"thumbnailUrl":"https://www.creativeireland.gov.ie/app/uploads/2022/10/annie-quinn.png","datePublished":"2022-10-14T02:02:16+00:00","breadcrumb":{"@id":"https://www.creativeireland.gov.ie/en/event/eithne-ni-ghallchobhair-agus-annie-quinn-scealaiocht-agus-ceardlann-ealaine/#breadcrumb"},"inLanguage":"en-US","potentialAction":[{"@type":"ReadAction","target":["https://www.creativeireland.gov.ie/en/event/eithne-ni-ghallchobhair-agus-annie-quinn-scealaiocht-agus-ceardlann-ealaine/"]}]},{"@type":"ImageObject","inLanguage":"en-US","@id":"https://www.creativeireland.gov.ie/en/event/eithne-ni-ghallchobhair-agus-annie-quinn-scealaiocht-agus-ceardlann-ealaine/#primaryimage","url":"https://www.creativeireland.gov.ie/app/uploads/2022/10/annie-quinn.png","contentUrl":"https://www.creativeireland.gov.ie/app/uploads/2022/10/annie-quinn.png","width":386,"height":640},{"@type":"BreadcrumbList","@id":"https://www.creativeireland.gov.ie/en/event/eithne-ni-ghallchobhair-agus-annie-quinn-scealaiocht-agus-ceardlann-ealaine/#breadcrumb","itemListElement":[{"@type":"ListItem","position":1,"name":"Home","item":"https://www.creativeireland.gov.ie/en/"},{"@type":"ListItem","position":2,"name":"Eithne Ní Ghallchobhair agus Annie Quinn Scéalaíocht agus Ceardlann Ealaíne"}]},{"@type":"WebSite","@id":"https://www.creativeireland.gov.ie/en/#website","url":"https://www.creativeireland.gov.ie/en/","name":"Creative Ireland Programme","description":"The Creative Ireland Programme is guided by a vision that every person in Ireland will have the opportunity to realise their full creative potential. It is a five year all-of-Government initiative, from 2017 to 2022, to place creativity at the centre of public policy.","potentialAction":[{"@type":"SearchAction","target":{"@type":"EntryPoint","urlTemplate":"https://www.creativeireland.gov.ie/en/?s={search_term_string}"},"query-input":{"@type":"PropertyValueSpecification","valueRequired":true,"valueName":"search_term_string"}}],"inLanguage":"en-US"}]}</script>
<!-- / Yoast SEO plugin. -->

Eithne Ní Ghallchobhair agus Annie Quinn Scéalaíocht agus Ceardlann Ealaíne - Creative Ireland Programme

In light of the tragedy in Creeslough, Wainfest Children’s Arts &amp; Book Festival 2022 will not proceed as planned. It is intended to reschedule the majority of the events and this listing will be updated as soon as possible. Cuirfidh an t-údar agus scéalaí aitheanta Eithne Ní Ghallchobhair na páistí faoi gheasa lena gcuid scéalta [&hellip;]
