{"id":23829,"date":"2024-12-10T03:02:43","date_gmt":"2024-12-10T03:02:43","guid":{"rendered":"https:\/\/www.creativeireland.gov.ie\/event\/cruinniu-na-nog-2023-voice-of-the-child\/"},"modified":"2024-12-10T03:02:43","modified_gmt":"2024-12-10T03:02:43","slug":"cruinniu-na-nog-2023-voice-of-the-child","status":"publish","type":"event","link":"https:\/\/www.creativeireland.gov.ie\/en\/event\/cruinniu-na-nog-2023-voice-of-the-child\/","title":{"rendered":"Cruinni\u00fa na n\u00d3g 2023 &#8211; Voice of the Child"},"content":{"rendered":"<p><span><strong>Make Your Voice Heard for&nbsp;Cruinni\u00fa na n\u00d3g 2023<\/strong><\/span><\/p>\n<p><span>Cruinni\u00fa na n\u00d3g, a national day of creativity, will celebrate its sixth year on June 10th, 2023. It enables young people aged 0-18 to explore their creative potential by offering free opportunities to do, see, make, or try. If you are or know a young person under the age of 18, please ask them to submit their suggestions. It\u2019s completely anonymous and will help shape a meaningful creative day for young people throughout the county.<\/span><\/p>\n<p><span>Simply submit ideas <strong>by &nbsp;February 17th 2023<\/strong>&nbsp;at&nbsp;<\/span><a href=\"http:\/\/www.wainfest.ie\/\" target=\"_blank\" rel=\"noopener\"><span>www.wainfest.ie<\/span><\/a><span> or call in to your local library, Donegal County Museum or the Regional Cultural Centre, Letterkenny Parents and guardians of younger children are invited to submit suggestions on their behalf.<\/span><\/p>\n<p><span lang=\"EN-GB\">For <strong>Further Information.<\/strong> Please Contact <strong>Karen Sheehy<\/strong> at&nbsp;&nbsp;<\/span><br \/><span lang=\"EN-GB\">T: 087 2379385&nbsp; &nbsp; E:&nbsp; <\/span><a href=\"mailto:ksheehy@donegalcoco.ie\"><span lang=\"EN-GB\">ksheehy@donegalcoco.ie<\/span><\/a><\/p>\n<p><span><strong>Cur do chuid smaointe chun tosaigh do Chruinni\u00fa na n\u00d3g 2023<\/strong><\/span><\/p>\n<p><span lang=\"GA\">T\u00e1 l\u00e1 cruthaitheachta saor in aisce ar si\u00fal D\u00e9 Sathairn 10 Meitheamh, 2023 agus t\u00e1 Comhairle Contae Dh\u00fan na nGall ag iarraidh ar leana\u00ed agus ar dhaoine \u00f3ga Dh\u00fan na nGall cuidi\u00fa linn na himeachta\u00ed a tharla\u00edonn go h\u00e1iti\u00fail do Chruinni\u00fa na n\u00d3g a chur le ch\u00e9ile don bhliain seo.&nbsp; Thig leat do chuid&nbsp; smaointe a chur isteach <strong>roimh 17\u00fa Feabhra 2023<\/strong> ag <\/span><a href=\"http:\/\/www.wainfest.ie\/\"><span>www.wainfest.ie<\/span><\/a><span lang=\"GA\"> n\u00f3 scairt a chur ar do leabharlann \u00e1iti\u00fail, M\u00fasaem Chontae Dh\u00fan na nGall n\u00f3 ar an Ionad Cult\u00fartha R\u00e9igi\u00fanach, Leitir Ceanainn.&nbsp;<\/span><br \/>&nbsp;<\/p>\n<p><span lang=\"GA\">Le haghaidh tuilleadh eolais. D\u00e9an teagmh\u00e1il le do thoil le <strong>Karen Sheehy<\/strong> ag F\u00f3n: 087 2379385<\/span><\/p>\n","protected":false},"author":0,"featured_media":23830,"template":"","class_list":["post-23829","event","type-event","status-publish","has-post-thumbnail","hentry"],"acf":[],"yoast_head":"<!-- This site is optimized with the Yoast SEO plugin v25.9 - https:\/\/yoast.com\/wordpress\/plugins\/seo\/ -->\n<title>Cruinni\u00fa na n\u00d3g 2023 - Voice of the Child - Creative Ireland Programme<\/title>\n<meta name=\"description\" content=\"Make Your Voice Heard for&nbsp;Cruinni\u00fa na n\u00d3g 2023Cruinni\u00fa na n\u00d3g, a national day of creativity, will celebrate its sixth year on June 10th, 2023.\" \/>\n<meta name=\"robots\" content=\"index, follow, max-snippet:-1, max-image-preview:large, max-video-preview:-1\" \/>\n<link rel=\"canonical\" href=\"https:\/\/www.creativeireland.gov.ie\/en\/event\/cruinniu-na-nog-2023-voice-of-the-child\/\" \/>\n<meta property=\"og:locale\" content=\"en_US\" \/>\n<meta property=\"og:type\" content=\"article\" \/>\n<meta property=\"og:title\" content=\"Cruinni\u00fa na n\u00d3g 2023 - Voice of the Child - Creative Ireland Programme\" \/>\n<meta property=\"og:description\" content=\"Make Your Voice Heard for&nbsp;Cruinni\u00fa na n\u00d3g 2023 Cruinni\u00fa na n\u00d3g, a national day of creativity, will celebrate its sixth year on June 10th, 2023. It enables young people aged 0-18 to explore their creative potential by offering free opportunities to do, see, make, or try. If you are or know a young person under [&hellip;]\" \/>\n<meta property=\"og:url\" content=\"https:\/\/www.creativeireland.gov.ie\/en\/event\/cruinniu-na-nog-2023-voice-of-the-child\/\" \/>\n<meta property=\"og:site_name\" content=\"Creative Ireland Programme\" \/>\n<meta property=\"article:publisher\" content=\"https:\/\/www.facebook.com\/CreativeIrl\/\" \/>\n<meta property=\"og:image\" content=\"https:\/\/www.creativeireland.gov.ie\/app\/uploads\/2023\/03\/cruinniu-na-nog-2023.jpg\" \/>\n\t<meta property=\"og:image:width\" content=\"1600\" \/>\n\t<meta property=\"og:image:height\" content=\"1137\" \/>\n\t<meta property=\"og:image:type\" content=\"image\/jpeg\" \/>\n<meta name=\"twitter:card\" content=\"summary_large_image\" \/>\n<meta name=\"twitter:site\" content=\"@creativeirl\" \/>\n<meta name=\"twitter:label1\" content=\"Est. reading time\" \/>\n\t<meta name=\"twitter:data1\" content=\"1 minute\" \/>\n<script type=\"application\/ld+json\" class=\"yoast-schema-graph\">{\"@context\":\"https:\/\/schema.org\",\"@graph\":[{\"@type\":\"WebPage\",\"@id\":\"https:\/\/www.creativeireland.gov.ie\/en\/event\/cruinniu-na-nog-2023-voice-of-the-child\/\",\"url\":\"https:\/\/www.creativeireland.gov.ie\/en\/event\/cruinniu-na-nog-2023-voice-of-the-child\/\",\"name\":\"Cruinni\u00fa na n\u00d3g 2023 - Voice of the Child - Creative Ireland Programme\",\"isPartOf\":{\"@id\":\"https:\/\/www.creativeireland.gov.ie\/en\/#website\"},\"primaryImageOfPage\":{\"@id\":\"https:\/\/www.creativeireland.gov.ie\/en\/event\/cruinniu-na-nog-2023-voice-of-the-child\/#primaryimage\"},\"image\":{\"@id\":\"https:\/\/www.creativeireland.gov.ie\/en\/event\/cruinniu-na-nog-2023-voice-of-the-child\/#primaryimage\"},\"thumbnailUrl\":\"https:\/\/www.creativeireland.gov.ie\/app\/uploads\/2023\/03\/cruinniu-na-nog-2023.jpg\",\"datePublished\":\"2024-12-10T03:02:43+00:00\",\"breadcrumb\":{\"@id\":\"https:\/\/www.creativeireland.gov.ie\/en\/event\/cruinniu-na-nog-2023-voice-of-the-child\/#breadcrumb\"},\"inLanguage\":\"en-US\",\"potentialAction\":[{\"@type\":\"ReadAction\",\"target\":[\"https:\/\/www.creativeireland.gov.ie\/en\/event\/cruinniu-na-nog-2023-voice-of-the-child\/\"]}]},{\"@type\":\"ImageObject\",\"inLanguage\":\"en-US\",\"@id\":\"https:\/\/www.creativeireland.gov.ie\/en\/event\/cruinniu-na-nog-2023-voice-of-the-child\/#primaryimage\",\"url\":\"https:\/\/www.creativeireland.gov.ie\/app\/uploads\/2023\/03\/cruinniu-na-nog-2023.jpg\",\"contentUrl\":\"https:\/\/www.creativeireland.gov.ie\/app\/uploads\/2023\/03\/cruinniu-na-nog-2023.jpg\",\"width\":1600,\"height\":1137},{\"@type\":\"BreadcrumbList\",\"@id\":\"https:\/\/www.creativeireland.gov.ie\/en\/event\/cruinniu-na-nog-2023-voice-of-the-child\/#breadcrumb\",\"itemListElement\":[{\"@type\":\"ListItem\",\"position\":1,\"name\":\"Home\",\"item\":\"https:\/\/www.creativeireland.gov.ie\/en\/\"},{\"@type\":\"ListItem\",\"position\":2,\"name\":\"Cruinni\u00fa na n\u00d3g 2023 &#8211; Voice of the Child\"}]},{\"@type\":\"WebSite\",\"@id\":\"https:\/\/www.creativeireland.gov.ie\/en\/#website\",\"url\":\"https:\/\/www.creativeireland.gov.ie\/en\/\",\"name\":\"Creative Ireland Programme\",\"description\":\"The Creative Ireland Programme is guided by a vision that every person in Ireland will have the opportunity to realise their full creative potential. It is a five year all-of-Government initiative, from 2017 to 2022, to place creativity at the centre of public policy.\",\"potentialAction\":[{\"@type\":\"SearchAction\",\"target\":{\"@type\":\"EntryPoint\",\"urlTemplate\":\"https:\/\/www.creativeireland.gov.ie\/en\/?s={search_term_string}\"},\"query-input\":{\"@type\":\"PropertyValueSpecification\",\"valueRequired\":true,\"valueName\":\"search_term_string\"}}],\"inLanguage\":\"en-US\"}]}<\/script>\n<!-- \/ Yoast SEO plugin. -->","yoast_head_json":{"title":"Cruinni\u00fa na n\u00d3g 2023 - Voice of the Child - Creative Ireland Programme","description":"Make Your Voice Heard for&nbsp;Cruinni\u00fa na n\u00d3g 2023Cruinni\u00fa na n\u00d3g, a national day of creativity, will celebrate its sixth year on June 10th, 2023.","robots":{"index":"index","follow":"follow","max-snippet":"max-snippet:-1","max-image-preview":"max-image-preview:large","max-video-preview":"max-video-preview:-1"},"canonical":"https:\/\/www.creativeireland.gov.ie\/en\/event\/cruinniu-na-nog-2023-voice-of-the-child\/","og_locale":"en_US","og_type":"article","og_title":"Cruinni\u00fa na n\u00d3g 2023 - Voice of the Child - Creative Ireland Programme","og_description":"Make Your Voice Heard for&nbsp;Cruinni\u00fa na n\u00d3g 2023 Cruinni\u00fa na n\u00d3g, a national day of creativity, will celebrate its sixth year on June 10th, 2023. It enables young people aged 0-18 to explore their creative potential by offering free opportunities to do, see, make, or try. If you are or know a young person under [&hellip;]","og_url":"https:\/\/www.creativeireland.gov.ie\/en\/event\/cruinniu-na-nog-2023-voice-of-the-child\/","og_site_name":"Creative Ireland Programme","article_publisher":"https:\/\/www.facebook.com\/CreativeIrl\/","og_image":[{"width":1600,"height":1137,"url":"https:\/\/www.creativeireland.gov.ie\/app\/uploads\/2023\/03\/cruinniu-na-nog-2023.jpg","type":"image\/jpeg"}],"twitter_card":"summary_large_image","twitter_site":"@creativeirl","twitter_misc":{"Est. reading time":"1 minute"},"schema":{"@context":"https:\/\/schema.org","@graph":[{"@type":"WebPage","@id":"https:\/\/www.creativeireland.gov.ie\/en\/event\/cruinniu-na-nog-2023-voice-of-the-child\/","url":"https:\/\/www.creativeireland.gov.ie\/en\/event\/cruinniu-na-nog-2023-voice-of-the-child\/","name":"Cruinni\u00fa na n\u00d3g 2023 - Voice of the Child - Creative Ireland Programme","isPartOf":{"@id":"https:\/\/www.creativeireland.gov.ie\/en\/#website"},"primaryImageOfPage":{"@id":"https:\/\/www.creativeireland.gov.ie\/en\/event\/cruinniu-na-nog-2023-voice-of-the-child\/#primaryimage"},"image":{"@id":"https:\/\/www.creativeireland.gov.ie\/en\/event\/cruinniu-na-nog-2023-voice-of-the-child\/#primaryimage"},"thumbnailUrl":"https:\/\/www.creativeireland.gov.ie\/app\/uploads\/2023\/03\/cruinniu-na-nog-2023.jpg","datePublished":"2024-12-10T03:02:43+00:00","breadcrumb":{"@id":"https:\/\/www.creativeireland.gov.ie\/en\/event\/cruinniu-na-nog-2023-voice-of-the-child\/#breadcrumb"},"inLanguage":"en-US","potentialAction":[{"@type":"ReadAction","target":["https:\/\/www.creativeireland.gov.ie\/en\/event\/cruinniu-na-nog-2023-voice-of-the-child\/"]}]},{"@type":"ImageObject","inLanguage":"en-US","@id":"https:\/\/www.creativeireland.gov.ie\/en\/event\/cruinniu-na-nog-2023-voice-of-the-child\/#primaryimage","url":"https:\/\/www.creativeireland.gov.ie\/app\/uploads\/2023\/03\/cruinniu-na-nog-2023.jpg","contentUrl":"https:\/\/www.creativeireland.gov.ie\/app\/uploads\/2023\/03\/cruinniu-na-nog-2023.jpg","width":1600,"height":1137},{"@type":"BreadcrumbList","@id":"https:\/\/www.creativeireland.gov.ie\/en\/event\/cruinniu-na-nog-2023-voice-of-the-child\/#breadcrumb","itemListElement":[{"@type":"ListItem","position":1,"name":"Home","item":"https:\/\/www.creativeireland.gov.ie\/en\/"},{"@type":"ListItem","position":2,"name":"Cruinni\u00fa na n\u00d3g 2023 &#8211; Voice of the Child"}]},{"@type":"WebSite","@id":"https:\/\/www.creativeireland.gov.ie\/en\/#website","url":"https:\/\/www.creativeireland.gov.ie\/en\/","name":"Creative Ireland Programme","description":"The Creative Ireland Programme is guided by a vision that every person in Ireland will have the opportunity to realise their full creative potential. It is a five year all-of-Government initiative, from 2017 to 2022, to place creativity at the centre of public policy.","potentialAction":[{"@type":"SearchAction","target":{"@type":"EntryPoint","urlTemplate":"https:\/\/www.creativeireland.gov.ie\/en\/?s={search_term_string}"},"query-input":{"@type":"PropertyValueSpecification","valueRequired":true,"valueName":"search_term_string"}}],"inLanguage":"en-US"}]}},"_links":{"self":[{"href":"https:\/\/www.creativeireland.gov.ie\/en\/wp-json\/wp\/v2\/event\/23829","targetHints":{"allow":["GET"]}}],"collection":[{"href":"https:\/\/www.creativeireland.gov.ie\/en\/wp-json\/wp\/v2\/event"}],"about":[{"href":"https:\/\/www.creativeireland.gov.ie\/en\/wp-json\/wp\/v2\/types\/event"}],"wp:featuredmedia":[{"embeddable":true,"href":"https:\/\/www.creativeireland.gov.ie\/en\/wp-json\/wp\/v2\/media\/23830"}],"wp:attachment":[{"href":"https:\/\/www.creativeireland.gov.ie\/en\/wp-json\/wp\/v2\/media?parent=23829"}],"curies":[{"name":"wp","href":"https:\/\/api.w.org\/{rel}","templated":true}]}}

Cruinniú na nÓg 2023 &#8211; Voice of the Child

<p><span><strong>Make Your Voice Heard for&nbsp;Cruinniú na nÓg 2023</strong></span></p>
<p><span>Cruinniú na nÓg, a national day of creativity, will celebrate its sixth year on June 10th, 2023. It enables young people aged 0-18 to explore their creative potential by offering free opportunities to do, see, make, or try. If you are or know a young person under the age of 18, please ask them to submit their suggestions. It’s completely anonymous and will help shape a meaningful creative day for young people throughout the county.</span></p>
<p><span>Simply submit ideas <strong>by &nbsp;February 17th 2023</strong>&nbsp;at&nbsp;</span><a href="http://www.wainfest.ie/" target="_blank" rel="noopener"><span>www.wainfest.ie</span></a><span> or call in to your local library, Donegal County Museum or the Regional Cultural Centre, Letterkenny Parents and guardians of younger children are invited to submit suggestions on their behalf.</span></p>
<p><span lang="EN-GB">For <strong>Further Information.</strong> Please Contact <strong>Karen Sheehy</strong> at&nbsp;&nbsp;</span><br /><span lang="EN-GB">T: 087 2379385&nbsp; &nbsp; E:&nbsp; </span><a href="mailto:ksheehy@donegalcoco.ie"><span lang="EN-GB">ksheehy@donegalcoco.ie</span></a></p>
<p><span><strong>Cur do chuid smaointe chun tosaigh do Chruinniú na nÓg 2023</strong></span></p>
<p><span lang="GA">Tá lá cruthaitheachta saor in aisce ar siúl Dé Sathairn 10 Meitheamh, 2023 agus tá Comhairle Contae Dhún na nGall ag iarraidh ar leanaí agus ar dhaoine óga Dhún na nGall cuidiú linn na himeachtaí a tharlaíonn go háitiúil do Chruinniú na nÓg a chur le chéile don bhliain seo.&nbsp; Thig leat do chuid&nbsp; smaointe a chur isteach <strong>roimh 17ú Feabhra 2023</strong> ag </span><a href="http://www.wainfest.ie/"><span>www.wainfest.ie</span></a><span lang="GA"> nó scairt a chur ar do leabharlann áitiúil, Músaem Chontae Dhún na nGall nó ar an Ionad Cultúrtha Réigiúnach, Leitir Ceanainn.&nbsp;</span><br />&nbsp;</p>
<p><span lang="GA">Le haghaidh tuilleadh eolais. Déan teagmháil le do thoil le <strong>Karen Sheehy</strong> ag Fón: 087 2379385</span></p>

<!-- This site is optimized with the Yoast SEO plugin v25.9 - https://yoast.com/wordpress/plugins/seo/ -->
<title>Cruinniú na nÓg 2023 - Voice of the Child - Creative Ireland Programme</title>
<meta name="description" content="Make Your Voice Heard for&nbsp;Cruinniú na nÓg 2023Cruinniú na nÓg, a national day of creativity, will celebrate its sixth year on June 10th, 2023." />
<meta name="robots" content="index, follow, max-snippet:-1, max-image-preview:large, max-video-preview:-1" />
<link rel="canonical" href="https://www.creativeireland.gov.ie/en/event/cruinniu-na-nog-2023-voice-of-the-child/" />
<meta property="og:locale" content="en_US" />
<meta property="og:type" content="article" />
<meta property="og:title" content="Cruinniú na nÓg 2023 - Voice of the Child - Creative Ireland Programme" />
<meta property="og:description" content="Make Your Voice Heard for&nbsp;Cruinniú na nÓg 2023 Cruinniú na nÓg, a national day of creativity, will celebrate its sixth year on June 10th, 2023. It enables young people aged 0-18 to explore their creative potential by offering free opportunities to do, see, make, or try. If you are or know a young person under [&hellip;]" />
<meta property="og:url" content="https://www.creativeireland.gov.ie/en/event/cruinniu-na-nog-2023-voice-of-the-child/" />
<meta property="og:site_name" content="Creative Ireland Programme" />
<meta property="article:publisher" content="https://www.facebook.com/CreativeIrl/" />
<meta property="og:image" content="https://www.creativeireland.gov.ie/app/uploads/2023/03/cruinniu-na-nog-2023.jpg" />
	<meta property="og:image:width" content="1600" />
	<meta property="og:image:height" content="1137" />
	<meta property="og:image:type" content="image/jpeg" />
<meta name="twitter:card" content="summary_large_image" />
<meta name="twitter:site" content="@creativeirl" />
<meta name="twitter:label1" content="Est. reading time" />
	<meta name="twitter:data1" content="1 minute" />
<script type="application/ld+json" class="yoast-schema-graph">{"@context":"https://schema.org","@graph":[{"@type":"WebPage","@id":"https://www.creativeireland.gov.ie/en/event/cruinniu-na-nog-2023-voice-of-the-child/","url":"https://www.creativeireland.gov.ie/en/event/cruinniu-na-nog-2023-voice-of-the-child/","name":"Cruinniú na nÓg 2023 - Voice of the Child - Creative Ireland Programme","isPartOf":{"@id":"https://www.creativeireland.gov.ie/en/#website"},"primaryImageOfPage":{"@id":"https://www.creativeireland.gov.ie/en/event/cruinniu-na-nog-2023-voice-of-the-child/#primaryimage"},"image":{"@id":"https://www.creativeireland.gov.ie/en/event/cruinniu-na-nog-2023-voice-of-the-child/#primaryimage"},"thumbnailUrl":"https://www.creativeireland.gov.ie/app/uploads/2023/03/cruinniu-na-nog-2023.jpg","datePublished":"2024-12-10T03:02:43+00:00","breadcrumb":{"@id":"https://www.creativeireland.gov.ie/en/event/cruinniu-na-nog-2023-voice-of-the-child/#breadcrumb"},"inLanguage":"en-US","potentialAction":[{"@type":"ReadAction","target":["https://www.creativeireland.gov.ie/en/event/cruinniu-na-nog-2023-voice-of-the-child/"]}]},{"@type":"ImageObject","inLanguage":"en-US","@id":"https://www.creativeireland.gov.ie/en/event/cruinniu-na-nog-2023-voice-of-the-child/#primaryimage","url":"https://www.creativeireland.gov.ie/app/uploads/2023/03/cruinniu-na-nog-2023.jpg","contentUrl":"https://www.creativeireland.gov.ie/app/uploads/2023/03/cruinniu-na-nog-2023.jpg","width":1600,"height":1137},{"@type":"BreadcrumbList","@id":"https://www.creativeireland.gov.ie/en/event/cruinniu-na-nog-2023-voice-of-the-child/#breadcrumb","itemListElement":[{"@type":"ListItem","position":1,"name":"Home","item":"https://www.creativeireland.gov.ie/en/"},{"@type":"ListItem","position":2,"name":"Cruinniú na nÓg 2023 &#8211; Voice of the Child"}]},{"@type":"WebSite","@id":"https://www.creativeireland.gov.ie/en/#website","url":"https://www.creativeireland.gov.ie/en/","name":"Creative Ireland Programme","description":"The Creative Ireland Programme is guided by a vision that every person in Ireland will have the opportunity to realise their full creative potential. It is a five year all-of-Government initiative, from 2017 to 2022, to place creativity at the centre of public policy.","potentialAction":[{"@type":"SearchAction","target":{"@type":"EntryPoint","urlTemplate":"https://www.creativeireland.gov.ie/en/?s={search_term_string}"},"query-input":{"@type":"PropertyValueSpecification","valueRequired":true,"valueName":"search_term_string"}}],"inLanguage":"en-US"}]}</script>
<!-- / Yoast SEO plugin. -->

Cruinniú na nÓg 2023 - Voice of the Child - Creative Ireland Programme

Make Your Voice Heard for&nbsp;Cruinniú na nÓg 2023Cruinniú na nÓg, a national day of creativity, will celebrate its sixth year on June 10th, 2023.

Make Your Voice Heard for&nbsp;Cruinniú na nÓg 2023 Cruinniú na nÓg, a national day of creativity, will celebrate its sixth year on June 10th, 2023. It enables young people aged 0-18 to explore their creative potential by offering free opportunities to do, see, make, or try. If you are or know a young person under [&hellip;]
