{"id":23973,"date":"2024-12-10T03:02:42","date_gmt":"2024-12-10T03:02:42","guid":{"rendered":"https:\/\/www.creativeireland.gov.ie\/event\/cruinniu-na-nog-open-call-2\/"},"modified":"2024-12-10T03:02:42","modified_gmt":"2024-12-10T03:02:42","slug":"cruinniu-na-nog-open-call-2","status":"publish","type":"event","link":"https:\/\/www.creativeireland.gov.ie\/en\/event\/cruinniu-na-nog-open-call-2\/","title":{"rendered":"Cruinni\u00fa na n\u00d3g Open Call"},"content":{"rendered":"<p><span><strong>Cruinni\u00fa na n\u00d3g Open Call<\/strong><\/span><\/p>\n<p><span>The national day of creativity for children and young people, Cruinni\u00fa na n\u00d3g takes place on <strong>Saturday 10th June 2023.<\/strong><\/span><\/p>\n<p><span>It aims to celebrate and encourage children and young people\u2019s participation in culture and creativity by providing free, activity-based action in their own locality.<\/span><\/p>\n<p><span><strong>An Open Call is now live until March 19th to community groups, organisations and creatives to propose ideas.<\/strong><\/span><\/p>\n<p><span>More information is available&nbsp;<\/span><a href=\"https:\/\/eur04.safelinks.protection.outlook.com\/?url=https%3A%2F%2Fwww.donegallibrary.ie%2Fphotoslider%2Fcruinniunanogopencall%2F&amp;data=05%7C01%7CCreativeIreland%40Donegalcoco.ie%7C6dccc51e195b4c85fe9008db1bd05749%7C0f6dd92f401a42d4acd99578b5b96c42%7C0%7C0%7C638134353855871584%7CUnknown%7CTWFpbGZsb3d8eyJWIjoiMC4wLjAwMDAiLCJQIjoiV2luMzIiLCJBTiI6Ik1haWwiLCJXVCI6Mn0%3D%7C3000%7C%7C%7C&amp;sdata=QD3BKB%2FNfLh%2FMrQP9kITfUTRZt9NdXfLiXsVhODtQ3E%3D&amp;reserved=0\"><span><strong>here<\/strong><\/span><\/a><span>.&nbsp;<\/span><\/p>\n<p>&nbsp;<\/p>\n","protected":false},"author":0,"featured_media":23974,"template":"","class_list":["post-23973","event","type-event","status-publish","has-post-thumbnail","hentry"],"acf":[],"yoast_head":"<!-- This site is optimized with the Yoast SEO plugin v25.9 - https:\/\/yoast.com\/wordpress\/plugins\/seo\/ -->\n<title>Cruinni\u00fa na n\u00d3g Open Call - Creative Ireland Programme<\/title>\n<meta name=\"description\" content=\"Cruinni\u00fa na n\u00d3g Open CallThe national day of creativity for children and young people, Cruinni\u00fa na n\u00d3g takes place on Saturday 10th June 2023.\" \/>\n<meta name=\"robots\" content=\"index, follow, max-snippet:-1, max-image-preview:large, max-video-preview:-1\" \/>\n<link rel=\"canonical\" href=\"https:\/\/www.creativeireland.gov.ie\/en\/event\/cruinniu-na-nog-open-call-2\/\" \/>\n<meta property=\"og:locale\" content=\"en_US\" \/>\n<meta property=\"og:type\" content=\"article\" \/>\n<meta property=\"og:title\" content=\"Cruinni\u00fa na n\u00d3g Open Call - Creative Ireland Programme\" \/>\n<meta property=\"og:description\" content=\"Cruinni\u00fa na n\u00d3g Open Call The national day of creativity for children and young people, Cruinni\u00fa na n\u00d3g takes place on Saturday 10th June 2023. It aims to celebrate and encourage children and young people\u2019s participation in culture and creativity by providing free, activity-based action in their own locality. An Open Call is now live [&hellip;]\" \/>\n<meta property=\"og:url\" content=\"https:\/\/www.creativeireland.gov.ie\/en\/event\/cruinniu-na-nog-open-call-2\/\" \/>\n<meta property=\"og:site_name\" content=\"Creative Ireland Programme\" \/>\n<meta property=\"article:publisher\" content=\"https:\/\/www.facebook.com\/CreativeIrl\/\" \/>\n<meta property=\"og:image\" content=\"https:\/\/www.creativeireland.gov.ie\/app\/uploads\/2023\/03\/john-soffe-7-imgl0268.jpg\" \/>\n\t<meta property=\"og:image:width\" content=\"1600\" \/>\n\t<meta property=\"og:image:height\" content=\"1137\" \/>\n\t<meta property=\"og:image:type\" content=\"image\/jpeg\" \/>\n<meta name=\"twitter:card\" content=\"summary_large_image\" \/>\n<meta name=\"twitter:site\" content=\"@creativeirl\" \/>\n<script type=\"application\/ld+json\" class=\"yoast-schema-graph\">{\"@context\":\"https:\/\/schema.org\",\"@graph\":[{\"@type\":\"WebPage\",\"@id\":\"https:\/\/www.creativeireland.gov.ie\/en\/event\/cruinniu-na-nog-open-call-2\/\",\"url\":\"https:\/\/www.creativeireland.gov.ie\/en\/event\/cruinniu-na-nog-open-call-2\/\",\"name\":\"Cruinni\u00fa na n\u00d3g Open Call - Creative Ireland Programme\",\"isPartOf\":{\"@id\":\"https:\/\/www.creativeireland.gov.ie\/en\/#website\"},\"primaryImageOfPage\":{\"@id\":\"https:\/\/www.creativeireland.gov.ie\/en\/event\/cruinniu-na-nog-open-call-2\/#primaryimage\"},\"image\":{\"@id\":\"https:\/\/www.creativeireland.gov.ie\/en\/event\/cruinniu-na-nog-open-call-2\/#primaryimage\"},\"thumbnailUrl\":\"https:\/\/www.creativeireland.gov.ie\/app\/uploads\/2023\/03\/john-soffe-7-imgl0268.jpg\",\"datePublished\":\"2024-12-10T03:02:42+00:00\",\"breadcrumb\":{\"@id\":\"https:\/\/www.creativeireland.gov.ie\/en\/event\/cruinniu-na-nog-open-call-2\/#breadcrumb\"},\"inLanguage\":\"en-US\",\"potentialAction\":[{\"@type\":\"ReadAction\",\"target\":[\"https:\/\/www.creativeireland.gov.ie\/en\/event\/cruinniu-na-nog-open-call-2\/\"]}]},{\"@type\":\"ImageObject\",\"inLanguage\":\"en-US\",\"@id\":\"https:\/\/www.creativeireland.gov.ie\/en\/event\/cruinniu-na-nog-open-call-2\/#primaryimage\",\"url\":\"https:\/\/www.creativeireland.gov.ie\/app\/uploads\/2023\/03\/john-soffe-7-imgl0268.jpg\",\"contentUrl\":\"https:\/\/www.creativeireland.gov.ie\/app\/uploads\/2023\/03\/john-soffe-7-imgl0268.jpg\",\"width\":1600,\"height\":1137},{\"@type\":\"BreadcrumbList\",\"@id\":\"https:\/\/www.creativeireland.gov.ie\/en\/event\/cruinniu-na-nog-open-call-2\/#breadcrumb\",\"itemListElement\":[{\"@type\":\"ListItem\",\"position\":1,\"name\":\"Home\",\"item\":\"https:\/\/www.creativeireland.gov.ie\/en\/\"},{\"@type\":\"ListItem\",\"position\":2,\"name\":\"Cruinni\u00fa na n\u00d3g Open Call\"}]},{\"@type\":\"WebSite\",\"@id\":\"https:\/\/www.creativeireland.gov.ie\/en\/#website\",\"url\":\"https:\/\/www.creativeireland.gov.ie\/en\/\",\"name\":\"Creative Ireland Programme\",\"description\":\"The Creative Ireland Programme is guided by a vision that every person in Ireland will have the opportunity to realise their full creative potential. It is a five year all-of-Government initiative, from 2017 to 2022, to place creativity at the centre of public policy.\",\"potentialAction\":[{\"@type\":\"SearchAction\",\"target\":{\"@type\":\"EntryPoint\",\"urlTemplate\":\"https:\/\/www.creativeireland.gov.ie\/en\/?s={search_term_string}\"},\"query-input\":{\"@type\":\"PropertyValueSpecification\",\"valueRequired\":true,\"valueName\":\"search_term_string\"}}],\"inLanguage\":\"en-US\"}]}<\/script>\n<!-- \/ Yoast SEO plugin. -->","yoast_head_json":{"title":"Cruinni\u00fa na n\u00d3g Open Call - Creative Ireland Programme","description":"Cruinni\u00fa na n\u00d3g Open CallThe national day of creativity for children and young people, Cruinni\u00fa na n\u00d3g takes place on Saturday 10th June 2023.","robots":{"index":"index","follow":"follow","max-snippet":"max-snippet:-1","max-image-preview":"max-image-preview:large","max-video-preview":"max-video-preview:-1"},"canonical":"https:\/\/www.creativeireland.gov.ie\/en\/event\/cruinniu-na-nog-open-call-2\/","og_locale":"en_US","og_type":"article","og_title":"Cruinni\u00fa na n\u00d3g Open Call - Creative Ireland Programme","og_description":"Cruinni\u00fa na n\u00d3g Open Call The national day of creativity for children and young people, Cruinni\u00fa na n\u00d3g takes place on Saturday 10th June 2023. It aims to celebrate and encourage children and young people\u2019s participation in culture and creativity by providing free, activity-based action in their own locality. An Open Call is now live [&hellip;]","og_url":"https:\/\/www.creativeireland.gov.ie\/en\/event\/cruinniu-na-nog-open-call-2\/","og_site_name":"Creative Ireland Programme","article_publisher":"https:\/\/www.facebook.com\/CreativeIrl\/","og_image":[{"width":1600,"height":1137,"url":"https:\/\/www.creativeireland.gov.ie\/app\/uploads\/2023\/03\/john-soffe-7-imgl0268.jpg","type":"image\/jpeg"}],"twitter_card":"summary_large_image","twitter_site":"@creativeirl","schema":{"@context":"https:\/\/schema.org","@graph":[{"@type":"WebPage","@id":"https:\/\/www.creativeireland.gov.ie\/en\/event\/cruinniu-na-nog-open-call-2\/","url":"https:\/\/www.creativeireland.gov.ie\/en\/event\/cruinniu-na-nog-open-call-2\/","name":"Cruinni\u00fa na n\u00d3g Open Call - Creative Ireland Programme","isPartOf":{"@id":"https:\/\/www.creativeireland.gov.ie\/en\/#website"},"primaryImageOfPage":{"@id":"https:\/\/www.creativeireland.gov.ie\/en\/event\/cruinniu-na-nog-open-call-2\/#primaryimage"},"image":{"@id":"https:\/\/www.creativeireland.gov.ie\/en\/event\/cruinniu-na-nog-open-call-2\/#primaryimage"},"thumbnailUrl":"https:\/\/www.creativeireland.gov.ie\/app\/uploads\/2023\/03\/john-soffe-7-imgl0268.jpg","datePublished":"2024-12-10T03:02:42+00:00","breadcrumb":{"@id":"https:\/\/www.creativeireland.gov.ie\/en\/event\/cruinniu-na-nog-open-call-2\/#breadcrumb"},"inLanguage":"en-US","potentialAction":[{"@type":"ReadAction","target":["https:\/\/www.creativeireland.gov.ie\/en\/event\/cruinniu-na-nog-open-call-2\/"]}]},{"@type":"ImageObject","inLanguage":"en-US","@id":"https:\/\/www.creativeireland.gov.ie\/en\/event\/cruinniu-na-nog-open-call-2\/#primaryimage","url":"https:\/\/www.creativeireland.gov.ie\/app\/uploads\/2023\/03\/john-soffe-7-imgl0268.jpg","contentUrl":"https:\/\/www.creativeireland.gov.ie\/app\/uploads\/2023\/03\/john-soffe-7-imgl0268.jpg","width":1600,"height":1137},{"@type":"BreadcrumbList","@id":"https:\/\/www.creativeireland.gov.ie\/en\/event\/cruinniu-na-nog-open-call-2\/#breadcrumb","itemListElement":[{"@type":"ListItem","position":1,"name":"Home","item":"https:\/\/www.creativeireland.gov.ie\/en\/"},{"@type":"ListItem","position":2,"name":"Cruinni\u00fa na n\u00d3g Open Call"}]},{"@type":"WebSite","@id":"https:\/\/www.creativeireland.gov.ie\/en\/#website","url":"https:\/\/www.creativeireland.gov.ie\/en\/","name":"Creative Ireland Programme","description":"The Creative Ireland Programme is guided by a vision that every person in Ireland will have the opportunity to realise their full creative potential. It is a five year all-of-Government initiative, from 2017 to 2022, to place creativity at the centre of public policy.","potentialAction":[{"@type":"SearchAction","target":{"@type":"EntryPoint","urlTemplate":"https:\/\/www.creativeireland.gov.ie\/en\/?s={search_term_string}"},"query-input":{"@type":"PropertyValueSpecification","valueRequired":true,"valueName":"search_term_string"}}],"inLanguage":"en-US"}]}},"_links":{"self":[{"href":"https:\/\/www.creativeireland.gov.ie\/en\/wp-json\/wp\/v2\/event\/23973","targetHints":{"allow":["GET"]}}],"collection":[{"href":"https:\/\/www.creativeireland.gov.ie\/en\/wp-json\/wp\/v2\/event"}],"about":[{"href":"https:\/\/www.creativeireland.gov.ie\/en\/wp-json\/wp\/v2\/types\/event"}],"wp:featuredmedia":[{"embeddable":true,"href":"https:\/\/www.creativeireland.gov.ie\/en\/wp-json\/wp\/v2\/media\/23974"}],"wp:attachment":[{"href":"https:\/\/www.creativeireland.gov.ie\/en\/wp-json\/wp\/v2\/media?parent=23973"}],"curies":[{"name":"wp","href":"https:\/\/api.w.org\/{rel}","templated":true}]}}

Cruinniú na nÓg Open Call

<p><span><strong>Cruinniú na nÓg Open Call</strong></span></p>
<p><span>The national day of creativity for children and young people, Cruinniú na nÓg takes place on <strong>Saturday 10th June 2023.</strong></span></p>
<p><span>It aims to celebrate and encourage children and young people’s participation in culture and creativity by providing free, activity-based action in their own locality.</span></p>
<p><span><strong>An Open Call is now live until March 19th to community groups, organisations and creatives to propose ideas.</strong></span></p>
<p><span>More information is available&nbsp;</span><a href="https://eur04.safelinks.protection.outlook.com/?url=https%3A%2F%2Fwww.donegallibrary.ie%2Fphotoslider%2Fcruinniunanogopencall%2F&amp;data=05%7C01%7CCreativeIreland%40Donegalcoco.ie%7C6dccc51e195b4c85fe9008db1bd05749%7C0f6dd92f401a42d4acd99578b5b96c42%7C0%7C0%7C638134353855871584%7CUnknown%7CTWFpbGZsb3d8eyJWIjoiMC4wLjAwMDAiLCJQIjoiV2luMzIiLCJBTiI6Ik1haWwiLCJXVCI6Mn0%3D%7C3000%7C%7C%7C&amp;sdata=QD3BKB%2FNfLh%2FMrQP9kITfUTRZt9NdXfLiXsVhODtQ3E%3D&amp;reserved=0"><span><strong>here</strong></span></a><span>.&nbsp;</span></p>
<p>&nbsp;</p>

<!-- This site is optimized with the Yoast SEO plugin v25.9 - https://yoast.com/wordpress/plugins/seo/ -->
<title>Cruinniú na nÓg Open Call - Creative Ireland Programme</title>
<meta name="description" content="Cruinniú na nÓg Open CallThe national day of creativity for children and young people, Cruinniú na nÓg takes place on Saturday 10th June 2023." />
<meta name="robots" content="index, follow, max-snippet:-1, max-image-preview:large, max-video-preview:-1" />
<link rel="canonical" href="https://www.creativeireland.gov.ie/en/event/cruinniu-na-nog-open-call-2/" />
<meta property="og:locale" content="en_US" />
<meta property="og:type" content="article" />
<meta property="og:title" content="Cruinniú na nÓg Open Call - Creative Ireland Programme" />
<meta property="og:description" content="Cruinniú na nÓg Open Call The national day of creativity for children and young people, Cruinniú na nÓg takes place on Saturday 10th June 2023. It aims to celebrate and encourage children and young people’s participation in culture and creativity by providing free, activity-based action in their own locality. An Open Call is now live [&hellip;]" />
<meta property="og:url" content="https://www.creativeireland.gov.ie/en/event/cruinniu-na-nog-open-call-2/" />
<meta property="og:site_name" content="Creative Ireland Programme" />
<meta property="article:publisher" content="https://www.facebook.com/CreativeIrl/" />
<meta property="og:image" content="https://www.creativeireland.gov.ie/app/uploads/2023/03/john-soffe-7-imgl0268.jpg" />
	<meta property="og:image:width" content="1600" />
	<meta property="og:image:height" content="1137" />
	<meta property="og:image:type" content="image/jpeg" />
<meta name="twitter:card" content="summary_large_image" />
<meta name="twitter:site" content="@creativeirl" />
<script type="application/ld+json" class="yoast-schema-graph">{"@context":"https://schema.org","@graph":[{"@type":"WebPage","@id":"https://www.creativeireland.gov.ie/en/event/cruinniu-na-nog-open-call-2/","url":"https://www.creativeireland.gov.ie/en/event/cruinniu-na-nog-open-call-2/","name":"Cruinniú na nÓg Open Call - Creative Ireland Programme","isPartOf":{"@id":"https://www.creativeireland.gov.ie/en/#website"},"primaryImageOfPage":{"@id":"https://www.creativeireland.gov.ie/en/event/cruinniu-na-nog-open-call-2/#primaryimage"},"image":{"@id":"https://www.creativeireland.gov.ie/en/event/cruinniu-na-nog-open-call-2/#primaryimage"},"thumbnailUrl":"https://www.creativeireland.gov.ie/app/uploads/2023/03/john-soffe-7-imgl0268.jpg","datePublished":"2024-12-10T03:02:42+00:00","breadcrumb":{"@id":"https://www.creativeireland.gov.ie/en/event/cruinniu-na-nog-open-call-2/#breadcrumb"},"inLanguage":"en-US","potentialAction":[{"@type":"ReadAction","target":["https://www.creativeireland.gov.ie/en/event/cruinniu-na-nog-open-call-2/"]}]},{"@type":"ImageObject","inLanguage":"en-US","@id":"https://www.creativeireland.gov.ie/en/event/cruinniu-na-nog-open-call-2/#primaryimage","url":"https://www.creativeireland.gov.ie/app/uploads/2023/03/john-soffe-7-imgl0268.jpg","contentUrl":"https://www.creativeireland.gov.ie/app/uploads/2023/03/john-soffe-7-imgl0268.jpg","width":1600,"height":1137},{"@type":"BreadcrumbList","@id":"https://www.creativeireland.gov.ie/en/event/cruinniu-na-nog-open-call-2/#breadcrumb","itemListElement":[{"@type":"ListItem","position":1,"name":"Home","item":"https://www.creativeireland.gov.ie/en/"},{"@type":"ListItem","position":2,"name":"Cruinniú na nÓg Open Call"}]},{"@type":"WebSite","@id":"https://www.creativeireland.gov.ie/en/#website","url":"https://www.creativeireland.gov.ie/en/","name":"Creative Ireland Programme","description":"The Creative Ireland Programme is guided by a vision that every person in Ireland will have the opportunity to realise their full creative potential. It is a five year all-of-Government initiative, from 2017 to 2022, to place creativity at the centre of public policy.","potentialAction":[{"@type":"SearchAction","target":{"@type":"EntryPoint","urlTemplate":"https://www.creativeireland.gov.ie/en/?s={search_term_string}"},"query-input":{"@type":"PropertyValueSpecification","valueRequired":true,"valueName":"search_term_string"}}],"inLanguage":"en-US"}]}</script>
<!-- / Yoast SEO plugin. -->

Cruinniú na nÓg Open Call - Creative Ireland Programme

Cruinniú na nÓg Open CallThe national day of creativity for children and young people, Cruinniú na nÓg takes place on Saturday 10th June 2023.

Cruinniú na nÓg Open Call The national day of creativity for children and young people, Cruinniú na nÓg takes place on Saturday 10th June 2023. It aims to celebrate and encourage children and young people’s participation in culture and creativity by providing free, activity-based action in their own locality. An Open Call is now live [&hellip;]
