{"id":24013,"date":"2023-03-16T03:01:53","date_gmt":"2023-03-16T03:01:53","guid":{"rendered":"https:\/\/www.creativeireland.gov.ie\/event\/seachtain-na-gaeilge-an-cailin-ciuin\/"},"modified":"2023-03-16T03:01:53","modified_gmt":"2023-03-16T03:01:53","slug":"seachtain-na-gaeilge-an-cailin-ciuin","status":"publish","type":"event","link":"https:\/\/www.creativeireland.gov.ie\/en\/event\/seachtain-na-gaeilge-an-cailin-ciuin\/","title":{"rendered":"Seachtain na Gaeilge &#8211; An Cail\u00edn Ci\u00fain"},"content":{"rendered":"<p><span><span><span lang=\"EN-GB\" xml:lang=\"EN-GB\">Beidh \u201cAn Cail\u00edn Ci\u00fain\u201d \u00e1 thaispe\u00e1int i Leabharlann Bhaile U\u00ed Mhath\u00e1in ar 15 M\u00e1rta ag 7.00pm.\u00a0<\/span>T\u00e1 tic\u00e9id ag teast\u00e1il.<\/span><\/span><\/p>\n<p>A free public screening of \u201cAn Cail\u00edn Ci\u00fain\u201d will take place in Ballymahon Community Library on 15th March at 7.00pm.\u00a0 Tickets required.<\/p>\n<p><a href=\"https:\/\/longford.spydus.ie\/cgi-bin\/spydus.exe\/ENQ\/WPAC\/EVSESENQ?SETLVL=&amp;RNI=7022697\" target=\"_blank\" rel=\"noopener\"><span><span>Tic\u00e9id\/Tickets<\/span><\/span><\/a><\/p>\n","protected":false},"author":0,"featured_media":0,"template":"","class_list":["post-24013","event","type-event","status-publish","hentry"],"acf":[],"yoast_head":"<!-- This site is optimized with the Yoast SEO plugin v25.9 - https:\/\/yoast.com\/wordpress\/plugins\/seo\/ -->\n<title>Seachtain na Gaeilge - An Cail\u00edn Ci\u00fain - Creative Ireland Programme<\/title>\n<meta name=\"description\" content=\"Beidh \u201cAn Cail\u00edn Ci\u00fain\u201d \u00e1 thaispe\u00e1int i Leabharlann Bhaile U\u00ed Mhath\u00e1in ar 15 M\u00e1rta ag 7.\" \/>\n<meta name=\"robots\" content=\"index, follow, max-snippet:-1, max-image-preview:large, max-video-preview:-1\" \/>\n<link rel=\"canonical\" href=\"https:\/\/www.creativeireland.gov.ie\/en\/event\/seachtain-na-gaeilge-an-cailin-ciuin\/\" \/>\n<meta property=\"og:locale\" content=\"en_US\" \/>\n<meta property=\"og:type\" content=\"article\" \/>\n<meta property=\"og:title\" content=\"Seachtain na Gaeilge - An Cail\u00edn Ci\u00fain - Creative Ireland Programme\" \/>\n<meta property=\"og:description\" content=\"Beidh \u201cAn Cail\u00edn Ci\u00fain\u201d \u00e1 thaispe\u00e1int i Leabharlann Bhaile U\u00ed Mhath\u00e1in ar 15 M\u00e1rta ag 7.00pm.\u00a0T\u00e1 tic\u00e9id ag teast\u00e1il. A free public screening of \u201cAn Cail\u00edn Ci\u00fain\u201d will take place in Ballymahon Community Library on 15th March at 7.00pm.\u00a0 Tickets required. Tic\u00e9id\/Tickets\" \/>\n<meta property=\"og:url\" content=\"https:\/\/www.creativeireland.gov.ie\/en\/event\/seachtain-na-gaeilge-an-cailin-ciuin\/\" \/>\n<meta property=\"og:site_name\" content=\"Creative Ireland Programme\" \/>\n<meta property=\"article:publisher\" content=\"https:\/\/www.facebook.com\/CreativeIrl\/\" \/>\n<meta name=\"twitter:card\" content=\"summary_large_image\" \/>\n<meta name=\"twitter:site\" content=\"@creativeirl\" \/>\n<script type=\"application\/ld+json\" class=\"yoast-schema-graph\">{\"@context\":\"https:\/\/schema.org\",\"@graph\":[{\"@type\":\"WebPage\",\"@id\":\"https:\/\/www.creativeireland.gov.ie\/en\/event\/seachtain-na-gaeilge-an-cailin-ciuin\/\",\"url\":\"https:\/\/www.creativeireland.gov.ie\/en\/event\/seachtain-na-gaeilge-an-cailin-ciuin\/\",\"name\":\"Seachtain na Gaeilge - An Cail\u00edn Ci\u00fain - Creative Ireland Programme\",\"isPartOf\":{\"@id\":\"https:\/\/www.creativeireland.gov.ie\/en\/#website\"},\"datePublished\":\"2023-03-16T03:01:53+00:00\",\"breadcrumb\":{\"@id\":\"https:\/\/www.creativeireland.gov.ie\/en\/event\/seachtain-na-gaeilge-an-cailin-ciuin\/#breadcrumb\"},\"inLanguage\":\"en-US\",\"potentialAction\":[{\"@type\":\"ReadAction\",\"target\":[\"https:\/\/www.creativeireland.gov.ie\/en\/event\/seachtain-na-gaeilge-an-cailin-ciuin\/\"]}]},{\"@type\":\"BreadcrumbList\",\"@id\":\"https:\/\/www.creativeireland.gov.ie\/en\/event\/seachtain-na-gaeilge-an-cailin-ciuin\/#breadcrumb\",\"itemListElement\":[{\"@type\":\"ListItem\",\"position\":1,\"name\":\"Home\",\"item\":\"https:\/\/www.creativeireland.gov.ie\/en\/\"},{\"@type\":\"ListItem\",\"position\":2,\"name\":\"Seachtain na Gaeilge &#8211; An Cail\u00edn Ci\u00fain\"}]},{\"@type\":\"WebSite\",\"@id\":\"https:\/\/www.creativeireland.gov.ie\/en\/#website\",\"url\":\"https:\/\/www.creativeireland.gov.ie\/en\/\",\"name\":\"Creative Ireland Programme\",\"description\":\"The Creative Ireland Programme is guided by a vision that every person in Ireland will have the opportunity to realise their full creative potential. It is a five year all-of-Government initiative, from 2017 to 2022, to place creativity at the centre of public policy.\",\"potentialAction\":[{\"@type\":\"SearchAction\",\"target\":{\"@type\":\"EntryPoint\",\"urlTemplate\":\"https:\/\/www.creativeireland.gov.ie\/en\/?s={search_term_string}\"},\"query-input\":{\"@type\":\"PropertyValueSpecification\",\"valueRequired\":true,\"valueName\":\"search_term_string\"}}],\"inLanguage\":\"en-US\"}]}<\/script>\n<!-- \/ Yoast SEO plugin. -->","yoast_head_json":{"title":"Seachtain na Gaeilge - An Cail\u00edn Ci\u00fain - Creative Ireland Programme","description":"Beidh \u201cAn Cail\u00edn Ci\u00fain\u201d \u00e1 thaispe\u00e1int i Leabharlann Bhaile U\u00ed Mhath\u00e1in ar 15 M\u00e1rta ag 7.","robots":{"index":"index","follow":"follow","max-snippet":"max-snippet:-1","max-image-preview":"max-image-preview:large","max-video-preview":"max-video-preview:-1"},"canonical":"https:\/\/www.creativeireland.gov.ie\/en\/event\/seachtain-na-gaeilge-an-cailin-ciuin\/","og_locale":"en_US","og_type":"article","og_title":"Seachtain na Gaeilge - An Cail\u00edn Ci\u00fain - Creative Ireland Programme","og_description":"Beidh \u201cAn Cail\u00edn Ci\u00fain\u201d \u00e1 thaispe\u00e1int i Leabharlann Bhaile U\u00ed Mhath\u00e1in ar 15 M\u00e1rta ag 7.00pm.\u00a0T\u00e1 tic\u00e9id ag teast\u00e1il. A free public screening of \u201cAn Cail\u00edn Ci\u00fain\u201d will take place in Ballymahon Community Library on 15th March at 7.00pm.\u00a0 Tickets required. Tic\u00e9id\/Tickets","og_url":"https:\/\/www.creativeireland.gov.ie\/en\/event\/seachtain-na-gaeilge-an-cailin-ciuin\/","og_site_name":"Creative Ireland Programme","article_publisher":"https:\/\/www.facebook.com\/CreativeIrl\/","twitter_card":"summary_large_image","twitter_site":"@creativeirl","schema":{"@context":"https:\/\/schema.org","@graph":[{"@type":"WebPage","@id":"https:\/\/www.creativeireland.gov.ie\/en\/event\/seachtain-na-gaeilge-an-cailin-ciuin\/","url":"https:\/\/www.creativeireland.gov.ie\/en\/event\/seachtain-na-gaeilge-an-cailin-ciuin\/","name":"Seachtain na Gaeilge - An Cail\u00edn Ci\u00fain - Creative Ireland Programme","isPartOf":{"@id":"https:\/\/www.creativeireland.gov.ie\/en\/#website"},"datePublished":"2023-03-16T03:01:53+00:00","breadcrumb":{"@id":"https:\/\/www.creativeireland.gov.ie\/en\/event\/seachtain-na-gaeilge-an-cailin-ciuin\/#breadcrumb"},"inLanguage":"en-US","potentialAction":[{"@type":"ReadAction","target":["https:\/\/www.creativeireland.gov.ie\/en\/event\/seachtain-na-gaeilge-an-cailin-ciuin\/"]}]},{"@type":"BreadcrumbList","@id":"https:\/\/www.creativeireland.gov.ie\/en\/event\/seachtain-na-gaeilge-an-cailin-ciuin\/#breadcrumb","itemListElement":[{"@type":"ListItem","position":1,"name":"Home","item":"https:\/\/www.creativeireland.gov.ie\/en\/"},{"@type":"ListItem","position":2,"name":"Seachtain na Gaeilge &#8211; An Cail\u00edn Ci\u00fain"}]},{"@type":"WebSite","@id":"https:\/\/www.creativeireland.gov.ie\/en\/#website","url":"https:\/\/www.creativeireland.gov.ie\/en\/","name":"Creative Ireland Programme","description":"The Creative Ireland Programme is guided by a vision that every person in Ireland will have the opportunity to realise their full creative potential. It is a five year all-of-Government initiative, from 2017 to 2022, to place creativity at the centre of public policy.","potentialAction":[{"@type":"SearchAction","target":{"@type":"EntryPoint","urlTemplate":"https:\/\/www.creativeireland.gov.ie\/en\/?s={search_term_string}"},"query-input":{"@type":"PropertyValueSpecification","valueRequired":true,"valueName":"search_term_string"}}],"inLanguage":"en-US"}]}},"_links":{"self":[{"href":"https:\/\/www.creativeireland.gov.ie\/en\/wp-json\/wp\/v2\/event\/24013","targetHints":{"allow":["GET"]}}],"collection":[{"href":"https:\/\/www.creativeireland.gov.ie\/en\/wp-json\/wp\/v2\/event"}],"about":[{"href":"https:\/\/www.creativeireland.gov.ie\/en\/wp-json\/wp\/v2\/types\/event"}],"wp:attachment":[{"href":"https:\/\/www.creativeireland.gov.ie\/en\/wp-json\/wp\/v2\/media?parent=24013"}],"curies":[{"name":"wp","href":"https:\/\/api.w.org\/{rel}","templated":true}]}}

Seachtain na Gaeilge &#8211; An Cailín Ciúin

<p><span><span><span lang="EN-GB" xml:lang="EN-GB">Beidh “An Cailín Ciúin” á thaispeáint i Leabharlann Bhaile Uí Mhatháin ar 15 Márta ag 7.00pm. </span>Tá ticéid ag teastáil.</span></span></p>
<p>A free public screening of “An Cailín Ciúin” will take place in Ballymahon Community Library on 15th March at 7.00pm.  Tickets required.</p>
<p><a href="https://longford.spydus.ie/cgi-bin/spydus.exe/ENQ/WPAC/EVSESENQ?SETLVL=&amp;RNI=7022697" target="_blank" rel="noopener"><span><span>Ticéid/Tickets</span></span></a></p>

<!-- This site is optimized with the Yoast SEO plugin v25.9 - https://yoast.com/wordpress/plugins/seo/ -->
<title>Seachtain na Gaeilge - An Cailín Ciúin - Creative Ireland Programme</title>
<meta name="description" content="Beidh “An Cailín Ciúin” á thaispeáint i Leabharlann Bhaile Uí Mhatháin ar 15 Márta ag 7." />
<meta name="robots" content="index, follow, max-snippet:-1, max-image-preview:large, max-video-preview:-1" />
<link rel="canonical" href="https://www.creativeireland.gov.ie/en/event/seachtain-na-gaeilge-an-cailin-ciuin/" />
<meta property="og:locale" content="en_US" />
<meta property="og:type" content="article" />
<meta property="og:title" content="Seachtain na Gaeilge - An Cailín Ciúin - Creative Ireland Programme" />
<meta property="og:description" content="Beidh “An Cailín Ciúin” á thaispeáint i Leabharlann Bhaile Uí Mhatháin ar 15 Márta ag 7.00pm. Tá ticéid ag teastáil. A free public screening of “An Cailín Ciúin” will take place in Ballymahon Community Library on 15th March at 7.00pm.  Tickets required. Ticéid/Tickets" />
<meta property="og:url" content="https://www.creativeireland.gov.ie/en/event/seachtain-na-gaeilge-an-cailin-ciuin/" />
<meta property="og:site_name" content="Creative Ireland Programme" />
<meta property="article:publisher" content="https://www.facebook.com/CreativeIrl/" />
<meta name="twitter:card" content="summary_large_image" />
<meta name="twitter:site" content="@creativeirl" />
<script type="application/ld+json" class="yoast-schema-graph">{"@context":"https://schema.org","@graph":[{"@type":"WebPage","@id":"https://www.creativeireland.gov.ie/en/event/seachtain-na-gaeilge-an-cailin-ciuin/","url":"https://www.creativeireland.gov.ie/en/event/seachtain-na-gaeilge-an-cailin-ciuin/","name":"Seachtain na Gaeilge - An Cailín Ciúin - Creative Ireland Programme","isPartOf":{"@id":"https://www.creativeireland.gov.ie/en/#website"},"datePublished":"2023-03-16T03:01:53+00:00","breadcrumb":{"@id":"https://www.creativeireland.gov.ie/en/event/seachtain-na-gaeilge-an-cailin-ciuin/#breadcrumb"},"inLanguage":"en-US","potentialAction":[{"@type":"ReadAction","target":["https://www.creativeireland.gov.ie/en/event/seachtain-na-gaeilge-an-cailin-ciuin/"]}]},{"@type":"BreadcrumbList","@id":"https://www.creativeireland.gov.ie/en/event/seachtain-na-gaeilge-an-cailin-ciuin/#breadcrumb","itemListElement":[{"@type":"ListItem","position":1,"name":"Home","item":"https://www.creativeireland.gov.ie/en/"},{"@type":"ListItem","position":2,"name":"Seachtain na Gaeilge &#8211; An Cailín Ciúin"}]},{"@type":"WebSite","@id":"https://www.creativeireland.gov.ie/en/#website","url":"https://www.creativeireland.gov.ie/en/","name":"Creative Ireland Programme","description":"The Creative Ireland Programme is guided by a vision that every person in Ireland will have the opportunity to realise their full creative potential. It is a five year all-of-Government initiative, from 2017 to 2022, to place creativity at the centre of public policy.","potentialAction":[{"@type":"SearchAction","target":{"@type":"EntryPoint","urlTemplate":"https://www.creativeireland.gov.ie/en/?s={search_term_string}"},"query-input":{"@type":"PropertyValueSpecification","valueRequired":true,"valueName":"search_term_string"}}],"inLanguage":"en-US"}]}</script>
<!-- / Yoast SEO plugin. -->

Seachtain na Gaeilge - An Cailín Ciúin - Creative Ireland Programme

Beidh “An Cailín Ciúin” á thaispeáint i Leabharlann Bhaile Uí Mhatháin ar 15 Márta ag 7.

Beidh “An Cailín Ciúin” á thaispeáint i Leabharlann Bhaile Uí Mhatháin ar 15 Márta ag 7.00pm. Tá ticéid ag teastáil. A free public screening of “An Cailín Ciúin” will take place in Ballymahon Community Library on 15th March at 7.00pm.  Tickets required. Ticéid/Tickets
