{"id":24906,"date":"2023-05-20T03:02:47","date_gmt":"2023-05-20T02:02:47","guid":{"rendered":"https:\/\/www.creativeireland.gov.ie\/event\/sur-les-routes-du-donegal\/"},"modified":"2023-05-20T03:02:47","modified_gmt":"2023-05-20T02:02:47","slug":"sur-les-routes-du-donegal","status":"publish","type":"event","link":"https:\/\/www.creativeireland.gov.ie\/en\/event\/sur-les-routes-du-donegal\/","title":{"rendered":"\u201cSur les routes du Donegal\u201d"},"content":{"rendered":"<p><span><span><span><em>Sur les routes du Donegal<\/em> is a radio series focusing on the tradition of singing, music and story-telling from West Donegal. The series has been broadcasted on Breton radio RKB since 2020. RKB radio is rooted in the center of Brittany, France, a place with a strong tradition of songs and music. This third season of the show (4 episodes) is about collecting songs, music and stories in County Donegal. The episodes present West Donegal from a strong musical and cultural point of view to French listeners, each one digging in the archives (first episode in the National Folklore Collection, Dublin UCD), exploring the materials collected, the people who collected, talking to the people who are still collecting (R\u00f3n\u00e1n Galvin, Lisa Shields, episodes 2 &amp; 3), and those who use the archive in their music (Mair\u00e9ad Ni Mhaonaigh, episode 4). A substantial interest in the series goes to the Irish language and its preservation, depicting it not only through sean-n\u00f3s but also through history, poetry, story-telling and literature, all of them being closely related to each other. The series also establishes an interesting cultural link between Brittany &amp; Donegal, especially through the shared question of minority languages and through the tradition of singing. This link has been highlighted through a small sound expo about the radio series, installed in the local libraries around Gaoth Dobhair as well. <\/span><\/span><\/span><\/p>\n","protected":false},"author":0,"featured_media":24907,"template":"","class_list":["post-24906","event","type-event","status-publish","has-post-thumbnail","hentry"],"acf":[],"yoast_head":"<!-- This site is optimized with the Yoast SEO plugin v25.9 - https:\/\/yoast.com\/wordpress\/plugins\/seo\/ -->\n<title>\u201cSur les routes du Donegal\u201d - Creative Ireland Programme<\/title>\n<meta name=\"description\" content=\"Sur les routes du Donegal is a radio series focusing on the tradition of singing, music and story-telling from West Donegal.\" \/>\n<meta name=\"robots\" content=\"index, follow, max-snippet:-1, max-image-preview:large, max-video-preview:-1\" \/>\n<link rel=\"canonical\" href=\"https:\/\/www.creativeireland.gov.ie\/en\/event\/sur-les-routes-du-donegal\/\" \/>\n<meta property=\"og:locale\" content=\"en_US\" \/>\n<meta property=\"og:type\" content=\"article\" \/>\n<meta property=\"og:title\" content=\"\u201cSur les routes du Donegal\u201d - Creative Ireland Programme\" \/>\n<meta property=\"og:description\" content=\"Sur les routes du Donegal is a radio series focusing on the tradition of singing, music and story-telling from West Donegal. The series has been broadcasted on Breton radio RKB since 2020. RKB radio is rooted in the center of Brittany, France, a place with a strong tradition of songs and music. This third season [&hellip;]\" \/>\n<meta property=\"og:url\" content=\"https:\/\/www.creativeireland.gov.ie\/en\/event\/sur-les-routes-du-donegal\/\" \/>\n<meta property=\"og:site_name\" content=\"Creative Ireland Programme\" \/>\n<meta property=\"article:publisher\" content=\"https:\/\/www.facebook.com\/CreativeIrl\/\" \/>\n<meta name=\"twitter:card\" content=\"summary_large_image\" \/>\n<meta name=\"twitter:site\" content=\"@creativeirl\" \/>\n<meta name=\"twitter:label1\" content=\"Est. reading time\" \/>\n\t<meta name=\"twitter:data1\" content=\"1 minute\" \/>\n<script type=\"application\/ld+json\" class=\"yoast-schema-graph\">{\"@context\":\"https:\/\/schema.org\",\"@graph\":[{\"@type\":\"WebPage\",\"@id\":\"https:\/\/www.creativeireland.gov.ie\/en\/event\/sur-les-routes-du-donegal\/\",\"url\":\"https:\/\/www.creativeireland.gov.ie\/en\/event\/sur-les-routes-du-donegal\/\",\"name\":\"\u201cSur les routes du Donegal\u201d - Creative Ireland Programme\",\"isPartOf\":{\"@id\":\"https:\/\/www.creativeireland.gov.ie\/en\/#website\"},\"primaryImageOfPage\":{\"@id\":\"https:\/\/www.creativeireland.gov.ie\/en\/event\/sur-les-routes-du-donegal\/#primaryimage\"},\"image\":{\"@id\":\"https:\/\/www.creativeireland.gov.ie\/en\/event\/sur-les-routes-du-donegal\/#primaryimage\"},\"thumbnailUrl\":\"https:\/\/www.creativeireland.gov.ie\/app\/uploads\/2023\/05\/sur-les-routes-du-donegal.jpeg\",\"datePublished\":\"2023-05-20T02:02:47+00:00\",\"breadcrumb\":{\"@id\":\"https:\/\/www.creativeireland.gov.ie\/en\/event\/sur-les-routes-du-donegal\/#breadcrumb\"},\"inLanguage\":\"en-US\",\"potentialAction\":[{\"@type\":\"ReadAction\",\"target\":[\"https:\/\/www.creativeireland.gov.ie\/en\/event\/sur-les-routes-du-donegal\/\"]}]},{\"@type\":\"ImageObject\",\"inLanguage\":\"en-US\",\"@id\":\"https:\/\/www.creativeireland.gov.ie\/en\/event\/sur-les-routes-du-donegal\/#primaryimage\",\"url\":\"https:\/\/www.creativeireland.gov.ie\/app\/uploads\/2023\/05\/sur-les-routes-du-donegal.jpeg\",\"contentUrl\":\"https:\/\/www.creativeireland.gov.ie\/app\/uploads\/2023\/05\/sur-les-routes-du-donegal.jpeg\",\"width\":1280,\"height\":960},{\"@type\":\"BreadcrumbList\",\"@id\":\"https:\/\/www.creativeireland.gov.ie\/en\/event\/sur-les-routes-du-donegal\/#breadcrumb\",\"itemListElement\":[{\"@type\":\"ListItem\",\"position\":1,\"name\":\"Home\",\"item\":\"https:\/\/www.creativeireland.gov.ie\/en\/\"},{\"@type\":\"ListItem\",\"position\":2,\"name\":\"\u201cSur les routes du Donegal\u201d\"}]},{\"@type\":\"WebSite\",\"@id\":\"https:\/\/www.creativeireland.gov.ie\/en\/#website\",\"url\":\"https:\/\/www.creativeireland.gov.ie\/en\/\",\"name\":\"Creative Ireland Programme\",\"description\":\"The Creative Ireland Programme is guided by a vision that every person in Ireland will have the opportunity to realise their full creative potential. It is a five year all-of-Government initiative, from 2017 to 2022, to place creativity at the centre of public policy.\",\"potentialAction\":[{\"@type\":\"SearchAction\",\"target\":{\"@type\":\"EntryPoint\",\"urlTemplate\":\"https:\/\/www.creativeireland.gov.ie\/en\/?s={search_term_string}\"},\"query-input\":{\"@type\":\"PropertyValueSpecification\",\"valueRequired\":true,\"valueName\":\"search_term_string\"}}],\"inLanguage\":\"en-US\"}]}<\/script>\n<!-- \/ Yoast SEO plugin. -->","yoast_head_json":{"title":"\u201cSur les routes du Donegal\u201d - Creative Ireland Programme","description":"Sur les routes du Donegal is a radio series focusing on the tradition of singing, music and story-telling from West Donegal.","robots":{"index":"index","follow":"follow","max-snippet":"max-snippet:-1","max-image-preview":"max-image-preview:large","max-video-preview":"max-video-preview:-1"},"canonical":"https:\/\/www.creativeireland.gov.ie\/en\/event\/sur-les-routes-du-donegal\/","og_locale":"en_US","og_type":"article","og_title":"\u201cSur les routes du Donegal\u201d - Creative Ireland Programme","og_description":"Sur les routes du Donegal is a radio series focusing on the tradition of singing, music and story-telling from West Donegal. The series has been broadcasted on Breton radio RKB since 2020. RKB radio is rooted in the center of Brittany, France, a place with a strong tradition of songs and music. This third season [&hellip;]","og_url":"https:\/\/www.creativeireland.gov.ie\/en\/event\/sur-les-routes-du-donegal\/","og_site_name":"Creative Ireland Programme","article_publisher":"https:\/\/www.facebook.com\/CreativeIrl\/","twitter_card":"summary_large_image","twitter_site":"@creativeirl","twitter_misc":{"Est. reading time":"1 minute"},"schema":{"@context":"https:\/\/schema.org","@graph":[{"@type":"WebPage","@id":"https:\/\/www.creativeireland.gov.ie\/en\/event\/sur-les-routes-du-donegal\/","url":"https:\/\/www.creativeireland.gov.ie\/en\/event\/sur-les-routes-du-donegal\/","name":"\u201cSur les routes du Donegal\u201d - Creative Ireland Programme","isPartOf":{"@id":"https:\/\/www.creativeireland.gov.ie\/en\/#website"},"primaryImageOfPage":{"@id":"https:\/\/www.creativeireland.gov.ie\/en\/event\/sur-les-routes-du-donegal\/#primaryimage"},"image":{"@id":"https:\/\/www.creativeireland.gov.ie\/en\/event\/sur-les-routes-du-donegal\/#primaryimage"},"thumbnailUrl":"https:\/\/www.creativeireland.gov.ie\/app\/uploads\/2023\/05\/sur-les-routes-du-donegal.jpeg","datePublished":"2023-05-20T02:02:47+00:00","breadcrumb":{"@id":"https:\/\/www.creativeireland.gov.ie\/en\/event\/sur-les-routes-du-donegal\/#breadcrumb"},"inLanguage":"en-US","potentialAction":[{"@type":"ReadAction","target":["https:\/\/www.creativeireland.gov.ie\/en\/event\/sur-les-routes-du-donegal\/"]}]},{"@type":"ImageObject","inLanguage":"en-US","@id":"https:\/\/www.creativeireland.gov.ie\/en\/event\/sur-les-routes-du-donegal\/#primaryimage","url":"https:\/\/www.creativeireland.gov.ie\/app\/uploads\/2023\/05\/sur-les-routes-du-donegal.jpeg","contentUrl":"https:\/\/www.creativeireland.gov.ie\/app\/uploads\/2023\/05\/sur-les-routes-du-donegal.jpeg","width":1280,"height":960},{"@type":"BreadcrumbList","@id":"https:\/\/www.creativeireland.gov.ie\/en\/event\/sur-les-routes-du-donegal\/#breadcrumb","itemListElement":[{"@type":"ListItem","position":1,"name":"Home","item":"https:\/\/www.creativeireland.gov.ie\/en\/"},{"@type":"ListItem","position":2,"name":"\u201cSur les routes du Donegal\u201d"}]},{"@type":"WebSite","@id":"https:\/\/www.creativeireland.gov.ie\/en\/#website","url":"https:\/\/www.creativeireland.gov.ie\/en\/","name":"Creative Ireland Programme","description":"The Creative Ireland Programme is guided by a vision that every person in Ireland will have the opportunity to realise their full creative potential. It is a five year all-of-Government initiative, from 2017 to 2022, to place creativity at the centre of public policy.","potentialAction":[{"@type":"SearchAction","target":{"@type":"EntryPoint","urlTemplate":"https:\/\/www.creativeireland.gov.ie\/en\/?s={search_term_string}"},"query-input":{"@type":"PropertyValueSpecification","valueRequired":true,"valueName":"search_term_string"}}],"inLanguage":"en-US"}]}},"_links":{"self":[{"href":"https:\/\/www.creativeireland.gov.ie\/en\/wp-json\/wp\/v2\/event\/24906","targetHints":{"allow":["GET"]}}],"collection":[{"href":"https:\/\/www.creativeireland.gov.ie\/en\/wp-json\/wp\/v2\/event"}],"about":[{"href":"https:\/\/www.creativeireland.gov.ie\/en\/wp-json\/wp\/v2\/types\/event"}],"wp:featuredmedia":[{"embeddable":true,"href":"https:\/\/www.creativeireland.gov.ie\/en\/wp-json\/wp\/v2\/media\/24907"}],"wp:attachment":[{"href":"https:\/\/www.creativeireland.gov.ie\/en\/wp-json\/wp\/v2\/media?parent=24906"}],"curies":[{"name":"wp","href":"https:\/\/api.w.org\/{rel}","templated":true}]}}

<p><span><span><span><em>Sur les routes du Donegal</em> is a radio series focusing on the tradition of singing, music and story-telling from West Donegal. The series has been broadcasted on Breton radio RKB since 2020. RKB radio is rooted in the center of Brittany, France, a place with a strong tradition of songs and music. This third season of the show (4 episodes) is about collecting songs, music and stories in County Donegal. The episodes present West Donegal from a strong musical and cultural point of view to French listeners, each one digging in the archives (first episode in the National Folklore Collection, Dublin UCD), exploring the materials collected, the people who collected, talking to the people who are still collecting (Rónán Galvin, Lisa Shields, episodes 2 &amp; 3), and those who use the archive in their music (Mairéad Ni Mhaonaigh, episode 4). A substantial interest in the series goes to the Irish language and its preservation, depicting it not only through sean-nós but also through history, poetry, story-telling and literature, all of them being closely related to each other. The series also establishes an interesting cultural link between Brittany &amp; Donegal, especially through the shared question of minority languages and through the tradition of singing. This link has been highlighted through a small sound expo about the radio series, installed in the local libraries around Gaoth Dobhair as well. </span></span></span></p>
