{"id":26096,"date":"2023-08-03T03:02:59","date_gmt":"2023-08-03T02:02:59","guid":{"rendered":"https:\/\/www.creativeireland.gov.ie\/event\/the-gweedore-sheep-war\/"},"modified":"2023-08-03T03:02:59","modified_gmt":"2023-08-03T02:02:59","slug":"the-gweedore-sheep-war","status":"publish","type":"event","link":"https:\/\/www.creativeireland.gov.ie\/en\/event\/the-gweedore-sheep-war\/","title":{"rendered":"The Gweedore Sheep War"},"content":{"rendered":"<p><span><span><span><em><span><span>The Sheep War began on 10\/12\/1856 when an estimated 40 young men entered the house of a Scottish shepherd in the isolated mountain area of Altan. What followed was a time of great unrest in North West Donegal which led to a select Committee hearing in the House of Commons.<\/span><\/span><\/em><\/span><\/span><\/span><\/p>\n<p><span><span><span><em><span><span>Saturday 12th August @ 6pm:\u00a0 Join us for an evening of talks which will focus on the events that led to the Sheep War and the ensuing unrest. The guest speakers will deliver talks on what Gweedore and Cloughaneely was like prior to the 1850\u2019s, the first resident landlords in the Dunlewey area, Sir James Dombrain and Lord George Hill and the events of the Sheep War itself.\u00a0 <\/span><\/span><\/em><\/span><\/span><\/span><\/p>\n<p><span><span><span><em><span><span>Location: Ionad Pobail Dh\u00fan L\u00faiche F92 PK22<\/span><\/span><\/em><\/span><\/span><\/span><\/p>\n<p><span><span><span><em><span><span>Sunday 13th August @ 11:00am:\u00a0 Join us on a guided walk to Altan, and hear about the history of the building.\u00a0 Registration at the Ionad Pobail in Dh\u00fan L\u00faiche, transfer to M\u00edn na gCapp\u00f3g to start walk into Altan.\u00a0 Followed by refreshments back in D\u00fan L\u00faiche.<\/span><\/span><\/em><\/span><\/span><\/span><\/p>\n","protected":false},"author":0,"featured_media":26097,"template":"","class_list":["post-26096","event","type-event","status-publish","has-post-thumbnail","hentry"],"acf":[],"yoast_head":"<!-- This site is optimized with the Yoast SEO plugin v25.9 - https:\/\/yoast.com\/wordpress\/plugins\/seo\/ -->\n<title>The Gweedore Sheep War - Creative Ireland Programme<\/title>\n<meta name=\"description\" content=\"The Sheep War began on 10\/12\/1856 when an estimated 40 young men entered the house of a Scottish shepherd in the isolated mountain area of Altan.\" \/>\n<meta name=\"robots\" content=\"index, follow, max-snippet:-1, max-image-preview:large, max-video-preview:-1\" \/>\n<link rel=\"canonical\" href=\"https:\/\/www.creativeireland.gov.ie\/en\/event\/the-gweedore-sheep-war\/\" \/>\n<meta property=\"og:locale\" content=\"en_US\" \/>\n<meta property=\"og:type\" content=\"article\" \/>\n<meta property=\"og:title\" content=\"The Gweedore Sheep War - Creative Ireland Programme\" \/>\n<meta property=\"og:description\" content=\"The Sheep War began on 10\/12\/1856 when an estimated 40 young men entered the house of a Scottish shepherd in the isolated mountain area of Altan. What followed was a time of great unrest in North West Donegal which led to a select Committee hearing in the House of Commons. Saturday 12th August @ 6pm:\u00a0 [&hellip;]\" \/>\n<meta property=\"og:url\" content=\"https:\/\/www.creativeireland.gov.ie\/en\/event\/the-gweedore-sheep-war\/\" \/>\n<meta property=\"og:site_name\" content=\"Creative Ireland Programme\" \/>\n<meta property=\"article:publisher\" content=\"https:\/\/www.facebook.com\/CreativeIrl\/\" \/>\n<meta name=\"twitter:card\" content=\"summary_large_image\" \/>\n<meta name=\"twitter:site\" content=\"@creativeirl\" \/>\n<meta name=\"twitter:label1\" content=\"Est. reading time\" \/>\n\t<meta name=\"twitter:data1\" content=\"1 minute\" \/>\n<script type=\"application\/ld+json\" class=\"yoast-schema-graph\">{\"@context\":\"https:\/\/schema.org\",\"@graph\":[{\"@type\":\"WebPage\",\"@id\":\"https:\/\/www.creativeireland.gov.ie\/en\/event\/the-gweedore-sheep-war\/\",\"url\":\"https:\/\/www.creativeireland.gov.ie\/en\/event\/the-gweedore-sheep-war\/\",\"name\":\"The Gweedore Sheep War - Creative Ireland Programme\",\"isPartOf\":{\"@id\":\"https:\/\/www.creativeireland.gov.ie\/en\/#website\"},\"primaryImageOfPage\":{\"@id\":\"https:\/\/www.creativeireland.gov.ie\/en\/event\/the-gweedore-sheep-war\/#primaryimage\"},\"image\":{\"@id\":\"https:\/\/www.creativeireland.gov.ie\/en\/event\/the-gweedore-sheep-war\/#primaryimage\"},\"thumbnailUrl\":\"https:\/\/www.creativeireland.gov.ie\/app\/uploads\/2023\/08\/istockphoto-529356107-612x612-1.jpg\",\"datePublished\":\"2023-08-03T02:02:59+00:00\",\"breadcrumb\":{\"@id\":\"https:\/\/www.creativeireland.gov.ie\/en\/event\/the-gweedore-sheep-war\/#breadcrumb\"},\"inLanguage\":\"en-US\",\"potentialAction\":[{\"@type\":\"ReadAction\",\"target\":[\"https:\/\/www.creativeireland.gov.ie\/en\/event\/the-gweedore-sheep-war\/\"]}]},{\"@type\":\"ImageObject\",\"inLanguage\":\"en-US\",\"@id\":\"https:\/\/www.creativeireland.gov.ie\/en\/event\/the-gweedore-sheep-war\/#primaryimage\",\"url\":\"https:\/\/www.creativeireland.gov.ie\/app\/uploads\/2023\/08\/istockphoto-529356107-612x612-1.jpg\",\"contentUrl\":\"https:\/\/www.creativeireland.gov.ie\/app\/uploads\/2023\/08\/istockphoto-529356107-612x612-1.jpg\",\"width\":612,\"height\":409},{\"@type\":\"BreadcrumbList\",\"@id\":\"https:\/\/www.creativeireland.gov.ie\/en\/event\/the-gweedore-sheep-war\/#breadcrumb\",\"itemListElement\":[{\"@type\":\"ListItem\",\"position\":1,\"name\":\"Home\",\"item\":\"https:\/\/www.creativeireland.gov.ie\/en\/\"},{\"@type\":\"ListItem\",\"position\":2,\"name\":\"The Gweedore Sheep War\"}]},{\"@type\":\"WebSite\",\"@id\":\"https:\/\/www.creativeireland.gov.ie\/en\/#website\",\"url\":\"https:\/\/www.creativeireland.gov.ie\/en\/\",\"name\":\"Creative Ireland Programme\",\"description\":\"The Creative Ireland Programme is guided by a vision that every person in Ireland will have the opportunity to realise their full creative potential. It is a five year all-of-Government initiative, from 2017 to 2022, to place creativity at the centre of public policy.\",\"potentialAction\":[{\"@type\":\"SearchAction\",\"target\":{\"@type\":\"EntryPoint\",\"urlTemplate\":\"https:\/\/www.creativeireland.gov.ie\/en\/?s={search_term_string}\"},\"query-input\":{\"@type\":\"PropertyValueSpecification\",\"valueRequired\":true,\"valueName\":\"search_term_string\"}}],\"inLanguage\":\"en-US\"}]}<\/script>\n<!-- \/ Yoast SEO plugin. -->","yoast_head_json":{"title":"The Gweedore Sheep War - Creative Ireland Programme","description":"The Sheep War began on 10\/12\/1856 when an estimated 40 young men entered the house of a Scottish shepherd in the isolated mountain area of Altan.","robots":{"index":"index","follow":"follow","max-snippet":"max-snippet:-1","max-image-preview":"max-image-preview:large","max-video-preview":"max-video-preview:-1"},"canonical":"https:\/\/www.creativeireland.gov.ie\/en\/event\/the-gweedore-sheep-war\/","og_locale":"en_US","og_type":"article","og_title":"The Gweedore Sheep War - Creative Ireland Programme","og_description":"The Sheep War began on 10\/12\/1856 when an estimated 40 young men entered the house of a Scottish shepherd in the isolated mountain area of Altan. What followed was a time of great unrest in North West Donegal which led to a select Committee hearing in the House of Commons. Saturday 12th August @ 6pm:\u00a0 [&hellip;]","og_url":"https:\/\/www.creativeireland.gov.ie\/en\/event\/the-gweedore-sheep-war\/","og_site_name":"Creative Ireland Programme","article_publisher":"https:\/\/www.facebook.com\/CreativeIrl\/","twitter_card":"summary_large_image","twitter_site":"@creativeirl","twitter_misc":{"Est. reading time":"1 minute"},"schema":{"@context":"https:\/\/schema.org","@graph":[{"@type":"WebPage","@id":"https:\/\/www.creativeireland.gov.ie\/en\/event\/the-gweedore-sheep-war\/","url":"https:\/\/www.creativeireland.gov.ie\/en\/event\/the-gweedore-sheep-war\/","name":"The Gweedore Sheep War - Creative Ireland Programme","isPartOf":{"@id":"https:\/\/www.creativeireland.gov.ie\/en\/#website"},"primaryImageOfPage":{"@id":"https:\/\/www.creativeireland.gov.ie\/en\/event\/the-gweedore-sheep-war\/#primaryimage"},"image":{"@id":"https:\/\/www.creativeireland.gov.ie\/en\/event\/the-gweedore-sheep-war\/#primaryimage"},"thumbnailUrl":"https:\/\/www.creativeireland.gov.ie\/app\/uploads\/2023\/08\/istockphoto-529356107-612x612-1.jpg","datePublished":"2023-08-03T02:02:59+00:00","breadcrumb":{"@id":"https:\/\/www.creativeireland.gov.ie\/en\/event\/the-gweedore-sheep-war\/#breadcrumb"},"inLanguage":"en-US","potentialAction":[{"@type":"ReadAction","target":["https:\/\/www.creativeireland.gov.ie\/en\/event\/the-gweedore-sheep-war\/"]}]},{"@type":"ImageObject","inLanguage":"en-US","@id":"https:\/\/www.creativeireland.gov.ie\/en\/event\/the-gweedore-sheep-war\/#primaryimage","url":"https:\/\/www.creativeireland.gov.ie\/app\/uploads\/2023\/08\/istockphoto-529356107-612x612-1.jpg","contentUrl":"https:\/\/www.creativeireland.gov.ie\/app\/uploads\/2023\/08\/istockphoto-529356107-612x612-1.jpg","width":612,"height":409},{"@type":"BreadcrumbList","@id":"https:\/\/www.creativeireland.gov.ie\/en\/event\/the-gweedore-sheep-war\/#breadcrumb","itemListElement":[{"@type":"ListItem","position":1,"name":"Home","item":"https:\/\/www.creativeireland.gov.ie\/en\/"},{"@type":"ListItem","position":2,"name":"The Gweedore Sheep War"}]},{"@type":"WebSite","@id":"https:\/\/www.creativeireland.gov.ie\/en\/#website","url":"https:\/\/www.creativeireland.gov.ie\/en\/","name":"Creative Ireland Programme","description":"The Creative Ireland Programme is guided by a vision that every person in Ireland will have the opportunity to realise their full creative potential. It is a five year all-of-Government initiative, from 2017 to 2022, to place creativity at the centre of public policy.","potentialAction":[{"@type":"SearchAction","target":{"@type":"EntryPoint","urlTemplate":"https:\/\/www.creativeireland.gov.ie\/en\/?s={search_term_string}"},"query-input":{"@type":"PropertyValueSpecification","valueRequired":true,"valueName":"search_term_string"}}],"inLanguage":"en-US"}]}},"_links":{"self":[{"href":"https:\/\/www.creativeireland.gov.ie\/en\/wp-json\/wp\/v2\/event\/26096","targetHints":{"allow":["GET"]}}],"collection":[{"href":"https:\/\/www.creativeireland.gov.ie\/en\/wp-json\/wp\/v2\/event"}],"about":[{"href":"https:\/\/www.creativeireland.gov.ie\/en\/wp-json\/wp\/v2\/types\/event"}],"wp:featuredmedia":[{"embeddable":true,"href":"https:\/\/www.creativeireland.gov.ie\/en\/wp-json\/wp\/v2\/media\/26097"}],"wp:attachment":[{"href":"https:\/\/www.creativeireland.gov.ie\/en\/wp-json\/wp\/v2\/media?parent=26096"}],"curies":[{"name":"wp","href":"https:\/\/api.w.org\/{rel}","templated":true}]}}

<p><span><span><span><em><span><span>The Sheep War began on 10/12/1856 when an estimated 40 young men entered the house of a Scottish shepherd in the isolated mountain area of Altan. What followed was a time of great unrest in North West Donegal which led to a select Committee hearing in the House of Commons.</span></span></em></span></span></span></p>
<p><span><span><span><em><span><span>Saturday 12th August @ 6pm:  Join us for an evening of talks which will focus on the events that led to the Sheep War and the ensuing unrest. The guest speakers will deliver talks on what Gweedore and Cloughaneely was like prior to the 1850’s, the first resident landlords in the Dunlewey area, Sir James Dombrain and Lord George Hill and the events of the Sheep War itself.  </span></span></em></span></span></span></p>
<p><span><span><span><em><span><span>Location: Ionad Pobail Dhún Lúiche F92 PK22</span></span></em></span></span></span></p>
<p><span><span><span><em><span><span>Sunday 13th August @ 11:00am:  Join us on a guided walk to Altan, and hear about the history of the building.  Registration at the Ionad Pobail in Dhún Lúiche, transfer to Mín na gCappóg to start walk into Altan.  Followed by refreshments back in Dún Lúiche.</span></span></em></span></span></span></p>
