{"id":26985,"date":"2023-10-06T03:03:32","date_gmt":"2023-10-06T02:03:32","guid":{"rendered":"https:\/\/www.creativeireland.gov.ie\/event\/tostal-an-tsean-thoir\/"},"modified":"2023-10-06T03:03:32","modified_gmt":"2023-10-06T02:03:32","slug":"tostal-an-tsean-thoir","status":"publish","type":"event","link":"https:\/\/www.creativeireland.gov.ie\/en\/event\/tostal-an-tsean-thoir\/","title":{"rendered":"T\u00f3stal an tSean Thoir"},"content":{"rendered":"<p>T\u00f3stal an tSean Thoir (Gathering the Ancient East), our annual cultural festival, includes live performances, workshops, summer camps, cultural exchanges, pub sessions and more!<br \/>In 2023, we have an amazing series of live concerts planned. They will take place on Monday evenings throughout the summer of 2023, beginning in July and running through to August. The concerts will be held at the Br\u00fa na S\u00ed Cultural Centre, a spacious and welcoming venue that is well-known for hosting cultural events. T\u00f3stal an tSean Thoir 2023 is part of our year- long celebration of 40 years of Youghal Comhaltas.<br \/>Each week, a different group of talented musicians will take to the stage at Br\u00fa na S\u00ed to perform a mix of traditional Irish tunes and new music inspired by the Irish tradition. The line-up will feature both local artists and internationally renowned musicians, ensuring a diverse and exciting range of performances throughout the summer. They will also be joined by our very own Ceolta S\u00ed performing groups and perhaps other special guests on the night.<\/p>\n","protected":false},"author":0,"featured_media":26986,"template":"","class_list":["post-26985","event","type-event","status-publish","has-post-thumbnail","hentry"],"acf":[],"yoast_head":"<!-- This site is optimized with the Yoast SEO plugin v25.9 - https:\/\/yoast.com\/wordpress\/plugins\/seo\/ -->\n<title>T\u00f3stal an tSean Thoir - Creative Ireland Programme<\/title>\n<meta name=\"description\" content=\"T\u00f3stal an tSean Thoir (Gathering the Ancient East), our annual cultural festival, includes live performances, workshops, summer camps, cultural exchanges, pub sessions and more!\" \/>\n<meta name=\"robots\" content=\"index, follow, max-snippet:-1, max-image-preview:large, max-video-preview:-1\" \/>\n<link rel=\"canonical\" href=\"https:\/\/www.creativeireland.gov.ie\/en\/event\/tostal-an-tsean-thoir\/\" \/>\n<meta property=\"og:locale\" content=\"en_US\" \/>\n<meta property=\"og:type\" content=\"article\" \/>\n<meta property=\"og:title\" content=\"T\u00f3stal an tSean Thoir - Creative Ireland Programme\" \/>\n<meta property=\"og:description\" content=\"T\u00f3stal an tSean Thoir (Gathering the Ancient East), our annual cultural festival, includes live performances, workshops, summer camps, cultural exchanges, pub sessions and more!In 2023, we have an amazing series of live concerts planned. They will take place on Monday evenings throughout the summer of 2023, beginning in July and running through to August. The [&hellip;]\" \/>\n<meta property=\"og:url\" content=\"https:\/\/www.creativeireland.gov.ie\/en\/event\/tostal-an-tsean-thoir\/\" \/>\n<meta property=\"og:site_name\" content=\"Creative Ireland Programme\" \/>\n<meta property=\"article:publisher\" content=\"https:\/\/www.facebook.com\/CreativeIrl\/\" \/>\n<meta name=\"twitter:card\" content=\"summary_large_image\" \/>\n<meta name=\"twitter:site\" content=\"@creativeirl\" \/>\n<meta name=\"twitter:label1\" content=\"Est. reading time\" \/>\n\t<meta name=\"twitter:data1\" content=\"1 minute\" \/>\n<script type=\"application\/ld+json\" class=\"yoast-schema-graph\">{\"@context\":\"https:\/\/schema.org\",\"@graph\":[{\"@type\":\"WebPage\",\"@id\":\"https:\/\/www.creativeireland.gov.ie\/en\/event\/tostal-an-tsean-thoir\/\",\"url\":\"https:\/\/www.creativeireland.gov.ie\/en\/event\/tostal-an-tsean-thoir\/\",\"name\":\"T\u00f3stal an tSean Thoir - Creative Ireland Programme\",\"isPartOf\":{\"@id\":\"https:\/\/www.creativeireland.gov.ie\/en\/#website\"},\"primaryImageOfPage\":{\"@id\":\"https:\/\/www.creativeireland.gov.ie\/en\/event\/tostal-an-tsean-thoir\/#primaryimage\"},\"image\":{\"@id\":\"https:\/\/www.creativeireland.gov.ie\/en\/event\/tostal-an-tsean-thoir\/#primaryimage\"},\"thumbnailUrl\":\"https:\/\/www.creativeireland.gov.ie\/app\/uploads\/2023\/10\/dsc_6229.jpg\",\"datePublished\":\"2023-10-06T02:03:32+00:00\",\"breadcrumb\":{\"@id\":\"https:\/\/www.creativeireland.gov.ie\/en\/event\/tostal-an-tsean-thoir\/#breadcrumb\"},\"inLanguage\":\"en-US\",\"potentialAction\":[{\"@type\":\"ReadAction\",\"target\":[\"https:\/\/www.creativeireland.gov.ie\/en\/event\/tostal-an-tsean-thoir\/\"]}]},{\"@type\":\"ImageObject\",\"inLanguage\":\"en-US\",\"@id\":\"https:\/\/www.creativeireland.gov.ie\/en\/event\/tostal-an-tsean-thoir\/#primaryimage\",\"url\":\"https:\/\/www.creativeireland.gov.ie\/app\/uploads\/2023\/10\/dsc_6229.jpg\",\"contentUrl\":\"https:\/\/www.creativeireland.gov.ie\/app\/uploads\/2023\/10\/dsc_6229.jpg\",\"width\":1800,\"height\":1198},{\"@type\":\"BreadcrumbList\",\"@id\":\"https:\/\/www.creativeireland.gov.ie\/en\/event\/tostal-an-tsean-thoir\/#breadcrumb\",\"itemListElement\":[{\"@type\":\"ListItem\",\"position\":1,\"name\":\"Home\",\"item\":\"https:\/\/www.creativeireland.gov.ie\/en\/\"},{\"@type\":\"ListItem\",\"position\":2,\"name\":\"T\u00f3stal an tSean Thoir\"}]},{\"@type\":\"WebSite\",\"@id\":\"https:\/\/www.creativeireland.gov.ie\/en\/#website\",\"url\":\"https:\/\/www.creativeireland.gov.ie\/en\/\",\"name\":\"Creative Ireland Programme\",\"description\":\"The Creative Ireland Programme is guided by a vision that every person in Ireland will have the opportunity to realise their full creative potential. It is a five year all-of-Government initiative, from 2017 to 2022, to place creativity at the centre of public policy.\",\"potentialAction\":[{\"@type\":\"SearchAction\",\"target\":{\"@type\":\"EntryPoint\",\"urlTemplate\":\"https:\/\/www.creativeireland.gov.ie\/en\/?s={search_term_string}\"},\"query-input\":{\"@type\":\"PropertyValueSpecification\",\"valueRequired\":true,\"valueName\":\"search_term_string\"}}],\"inLanguage\":\"en-US\"}]}<\/script>\n<!-- \/ Yoast SEO plugin. -->","yoast_head_json":{"title":"T\u00f3stal an tSean Thoir - Creative Ireland Programme","description":"T\u00f3stal an tSean Thoir (Gathering the Ancient East), our annual cultural festival, includes live performances, workshops, summer camps, cultural exchanges, pub sessions and more!","robots":{"index":"index","follow":"follow","max-snippet":"max-snippet:-1","max-image-preview":"max-image-preview:large","max-video-preview":"max-video-preview:-1"},"canonical":"https:\/\/www.creativeireland.gov.ie\/en\/event\/tostal-an-tsean-thoir\/","og_locale":"en_US","og_type":"article","og_title":"T\u00f3stal an tSean Thoir - Creative Ireland Programme","og_description":"T\u00f3stal an tSean Thoir (Gathering the Ancient East), our annual cultural festival, includes live performances, workshops, summer camps, cultural exchanges, pub sessions and more!In 2023, we have an amazing series of live concerts planned. They will take place on Monday evenings throughout the summer of 2023, beginning in July and running through to August. The [&hellip;]","og_url":"https:\/\/www.creativeireland.gov.ie\/en\/event\/tostal-an-tsean-thoir\/","og_site_name":"Creative Ireland Programme","article_publisher":"https:\/\/www.facebook.com\/CreativeIrl\/","twitter_card":"summary_large_image","twitter_site":"@creativeirl","twitter_misc":{"Est. reading time":"1 minute"},"schema":{"@context":"https:\/\/schema.org","@graph":[{"@type":"WebPage","@id":"https:\/\/www.creativeireland.gov.ie\/en\/event\/tostal-an-tsean-thoir\/","url":"https:\/\/www.creativeireland.gov.ie\/en\/event\/tostal-an-tsean-thoir\/","name":"T\u00f3stal an tSean Thoir - Creative Ireland Programme","isPartOf":{"@id":"https:\/\/www.creativeireland.gov.ie\/en\/#website"},"primaryImageOfPage":{"@id":"https:\/\/www.creativeireland.gov.ie\/en\/event\/tostal-an-tsean-thoir\/#primaryimage"},"image":{"@id":"https:\/\/www.creativeireland.gov.ie\/en\/event\/tostal-an-tsean-thoir\/#primaryimage"},"thumbnailUrl":"https:\/\/www.creativeireland.gov.ie\/app\/uploads\/2023\/10\/dsc_6229.jpg","datePublished":"2023-10-06T02:03:32+00:00","breadcrumb":{"@id":"https:\/\/www.creativeireland.gov.ie\/en\/event\/tostal-an-tsean-thoir\/#breadcrumb"},"inLanguage":"en-US","potentialAction":[{"@type":"ReadAction","target":["https:\/\/www.creativeireland.gov.ie\/en\/event\/tostal-an-tsean-thoir\/"]}]},{"@type":"ImageObject","inLanguage":"en-US","@id":"https:\/\/www.creativeireland.gov.ie\/en\/event\/tostal-an-tsean-thoir\/#primaryimage","url":"https:\/\/www.creativeireland.gov.ie\/app\/uploads\/2023\/10\/dsc_6229.jpg","contentUrl":"https:\/\/www.creativeireland.gov.ie\/app\/uploads\/2023\/10\/dsc_6229.jpg","width":1800,"height":1198},{"@type":"BreadcrumbList","@id":"https:\/\/www.creativeireland.gov.ie\/en\/event\/tostal-an-tsean-thoir\/#breadcrumb","itemListElement":[{"@type":"ListItem","position":1,"name":"Home","item":"https:\/\/www.creativeireland.gov.ie\/en\/"},{"@type":"ListItem","position":2,"name":"T\u00f3stal an tSean Thoir"}]},{"@type":"WebSite","@id":"https:\/\/www.creativeireland.gov.ie\/en\/#website","url":"https:\/\/www.creativeireland.gov.ie\/en\/","name":"Creative Ireland Programme","description":"The Creative Ireland Programme is guided by a vision that every person in Ireland will have the opportunity to realise their full creative potential. It is a five year all-of-Government initiative, from 2017 to 2022, to place creativity at the centre of public policy.","potentialAction":[{"@type":"SearchAction","target":{"@type":"EntryPoint","urlTemplate":"https:\/\/www.creativeireland.gov.ie\/en\/?s={search_term_string}"},"query-input":{"@type":"PropertyValueSpecification","valueRequired":true,"valueName":"search_term_string"}}],"inLanguage":"en-US"}]}},"_links":{"self":[{"href":"https:\/\/www.creativeireland.gov.ie\/en\/wp-json\/wp\/v2\/event\/26985","targetHints":{"allow":["GET"]}}],"collection":[{"href":"https:\/\/www.creativeireland.gov.ie\/en\/wp-json\/wp\/v2\/event"}],"about":[{"href":"https:\/\/www.creativeireland.gov.ie\/en\/wp-json\/wp\/v2\/types\/event"}],"wp:featuredmedia":[{"embeddable":true,"href":"https:\/\/www.creativeireland.gov.ie\/en\/wp-json\/wp\/v2\/media\/26986"}],"wp:attachment":[{"href":"https:\/\/www.creativeireland.gov.ie\/en\/wp-json\/wp\/v2\/media?parent=26985"}],"curies":[{"name":"wp","href":"https:\/\/api.w.org\/{rel}","templated":true}]}}

Tóstal an tSean Thoir

<p>Tóstal an tSean Thoir (Gathering the Ancient East), our annual cultural festival, includes live performances, workshops, summer camps, cultural exchanges, pub sessions and more!<br />In 2023, we have an amazing series of live concerts planned. They will take place on Monday evenings throughout the summer of 2023, beginning in July and running through to August. The concerts will be held at the Brú na Sí Cultural Centre, a spacious and welcoming venue that is well-known for hosting cultural events. Tóstal an tSean Thoir 2023 is part of our year- long celebration of 40 years of Youghal Comhaltas.<br />Each week, a different group of talented musicians will take to the stage at Brú na Sí to perform a mix of traditional Irish tunes and new music inspired by the Irish tradition. The line-up will feature both local artists and internationally renowned musicians, ensuring a diverse and exciting range of performances throughout the summer. They will also be joined by our very own Ceolta Sí performing groups and perhaps other special guests on the night.</p>

<!-- This site is optimized with the Yoast SEO plugin v25.9 - https://yoast.com/wordpress/plugins/seo/ -->
<title>Tóstal an tSean Thoir - Creative Ireland Programme</title>
<meta name="description" content="Tóstal an tSean Thoir (Gathering the Ancient East), our annual cultural festival, includes live performances, workshops, summer camps, cultural exchanges, pub sessions and more!" />
<meta name="robots" content="index, follow, max-snippet:-1, max-image-preview:large, max-video-preview:-1" />
<link rel="canonical" href="https://www.creativeireland.gov.ie/en/event/tostal-an-tsean-thoir/" />
<meta property="og:locale" content="en_US" />
<meta property="og:type" content="article" />
<meta property="og:title" content="Tóstal an tSean Thoir - Creative Ireland Programme" />
<meta property="og:description" content="Tóstal an tSean Thoir (Gathering the Ancient East), our annual cultural festival, includes live performances, workshops, summer camps, cultural exchanges, pub sessions and more!In 2023, we have an amazing series of live concerts planned. They will take place on Monday evenings throughout the summer of 2023, beginning in July and running through to August. The [&hellip;]" />
<meta property="og:url" content="https://www.creativeireland.gov.ie/en/event/tostal-an-tsean-thoir/" />
<meta property="og:site_name" content="Creative Ireland Programme" />
<meta property="article:publisher" content="https://www.facebook.com/CreativeIrl/" />
<meta name="twitter:card" content="summary_large_image" />
<meta name="twitter:site" content="@creativeirl" />
<meta name="twitter:label1" content="Est. reading time" />
	<meta name="twitter:data1" content="1 minute" />
<script type="application/ld+json" class="yoast-schema-graph">{"@context":"https://schema.org","@graph":[{"@type":"WebPage","@id":"https://www.creativeireland.gov.ie/en/event/tostal-an-tsean-thoir/","url":"https://www.creativeireland.gov.ie/en/event/tostal-an-tsean-thoir/","name":"Tóstal an tSean Thoir - Creative Ireland Programme","isPartOf":{"@id":"https://www.creativeireland.gov.ie/en/#website"},"primaryImageOfPage":{"@id":"https://www.creativeireland.gov.ie/en/event/tostal-an-tsean-thoir/#primaryimage"},"image":{"@id":"https://www.creativeireland.gov.ie/en/event/tostal-an-tsean-thoir/#primaryimage"},"thumbnailUrl":"https://www.creativeireland.gov.ie/app/uploads/2023/10/dsc_6229.jpg","datePublished":"2023-10-06T02:03:32+00:00","breadcrumb":{"@id":"https://www.creativeireland.gov.ie/en/event/tostal-an-tsean-thoir/#breadcrumb"},"inLanguage":"en-US","potentialAction":[{"@type":"ReadAction","target":["https://www.creativeireland.gov.ie/en/event/tostal-an-tsean-thoir/"]}]},{"@type":"ImageObject","inLanguage":"en-US","@id":"https://www.creativeireland.gov.ie/en/event/tostal-an-tsean-thoir/#primaryimage","url":"https://www.creativeireland.gov.ie/app/uploads/2023/10/dsc_6229.jpg","contentUrl":"https://www.creativeireland.gov.ie/app/uploads/2023/10/dsc_6229.jpg","width":1800,"height":1198},{"@type":"BreadcrumbList","@id":"https://www.creativeireland.gov.ie/en/event/tostal-an-tsean-thoir/#breadcrumb","itemListElement":[{"@type":"ListItem","position":1,"name":"Home","item":"https://www.creativeireland.gov.ie/en/"},{"@type":"ListItem","position":2,"name":"Tóstal an tSean Thoir"}]},{"@type":"WebSite","@id":"https://www.creativeireland.gov.ie/en/#website","url":"https://www.creativeireland.gov.ie/en/","name":"Creative Ireland Programme","description":"The Creative Ireland Programme is guided by a vision that every person in Ireland will have the opportunity to realise their full creative potential. It is a five year all-of-Government initiative, from 2017 to 2022, to place creativity at the centre of public policy.","potentialAction":[{"@type":"SearchAction","target":{"@type":"EntryPoint","urlTemplate":"https://www.creativeireland.gov.ie/en/?s={search_term_string}"},"query-input":{"@type":"PropertyValueSpecification","valueRequired":true,"valueName":"search_term_string"}}],"inLanguage":"en-US"}]}</script>
<!-- / Yoast SEO plugin. -->

Tóstal an tSean Thoir - Creative Ireland Programme

Tóstal an tSean Thoir (Gathering the Ancient East), our annual cultural festival, includes live performances, workshops, summer camps, cultural exchanges, pub sessions and more!

Tóstal an tSean Thoir (Gathering the Ancient East), our annual cultural festival, includes live performances, workshops, summer camps, cultural exchanges, pub sessions and more!In 2023, we have an amazing series of live concerts planned. They will take place on Monday evenings throughout the summer of 2023, beginning in July and running through to August. The [&hellip;]
