{"id":29136,"date":"2024-03-09T03:02:49","date_gmt":"2024-03-09T03:02:49","guid":{"rendered":"https:\/\/www.creativeireland.gov.ie\/event\/feile-sraide-nas-na-riogh-2024\/"},"modified":"2024-03-09T03:02:49","modified_gmt":"2024-03-09T03:02:49","slug":"feile-sraide-nas-na-riogh-2024","status":"publish","type":"event","link":"https:\/\/www.creativeireland.gov.ie\/en\/event\/feile-sraide-nas-na-riogh-2024\/","title":{"rendered":"F\u00e9ile Sr\u00e1ide, N\u00e1s na R\u00edogh 2024"},"content":{"rendered":"<p>Seo an tr\u00ed\u00fa bliain den Fh\u00e9ile Sr\u00e1ide ar L\u00e1 Fh\u00e9ile P\u00e1draig i N\u00e1s na R\u00edogh.\u00a0<\/p>\n<p>Beidh rud \u00e9igin do gach aoisghr\u00fapa agus do gach l\u00e9ibh\u00e9al Gaeilge ar f\u00e1il saor in aisce i N\u00e1s na R\u00edogh ar L\u00e1 Fh\u00e9ile P\u00e1draig. An sprioc at\u00e1 againn n\u00e1 go mbeidh #F\u00e9ileSr\u00e1ide2024 mar an fh\u00e9ile Ghaeilge is m\u00f3 taobh amuigh den Ghaeltacht ar L\u00e1 Fh\u00e9ile P\u00e1draig.<\/p>\n<p>\u00d3 14:00, beidh gr\u00fapa\u00ed \u00e1iti\u00fala ag seinm, ag damhsa agus ag canadh i gceithre shu\u00edomh timpeall bhaile N\u00e1s na R\u00edogh. I measc na himeachta\u00ed ar an l\u00e1, beidh se\u00f3 dra\u00edochta do ph\u00e1ist\u00ed, se\u00f3 ag an bhfear grinn Giggles, fuirseoireacht ar na boinn agus c\u00e9il\u00ed ag Cearn\u00f3g na Poibleoige. Beidh seast\u00e1n ag Cill Dara le Gaeilge ann chun eolas a roinnt leis an bpobal faoi na deiseanna \u00e1iti\u00fala at\u00e1 ann maidir leis an nGaeilge.<\/p>\n<p>Tuilleadh eolais ar f\u00e1il ar: <a href=\"http:\/\/www.sultnasollan.ie\">www.sultnasollan.ie<\/a><\/p>\n<p>\u00a0<\/p>\n<p>This is the third year of the F\u00e9ile Sr\u00e1ide (Street Festival) on St. Patrick\u2019s in Naas.\u00a0<\/p>\n<p>There will be free entertainment for all age groups and all levels of Irish in Naas on St. Patrick&#8217;s Day. Our goal is that our F\u00e9ile Sr\u00e1ide will be the largest Irish language festival outside of the Gaeltacht on St. Patrick&#8217;s Day.<\/p>\n<p>From 14:00, local groups will be playing, dancing and singing in four locations in the heart of Naas. Among the events on the day will be a magic show for children and a show with Giggles the clown, comedy and a c\u00e9il\u00ed at Poplar Square. Cill Dara le Gaeilge will have a stand to distribute information about local Irish language opportunities.<\/p>\n<p>More information available at: <a href=\"http:\/\/www.sultnasollan.ie\">www.sultnasollan.ie<\/a><\/p>\n","protected":false},"author":0,"featured_media":29137,"template":"","class_list":["post-29136","event","type-event","status-publish","has-post-thumbnail","hentry"],"acf":[],"yoast_head":"<!-- This site is optimized with the Yoast SEO plugin v25.9 - https:\/\/yoast.com\/wordpress\/plugins\/seo\/ -->\n<title>F\u00e9ile Sr\u00e1ide, N\u00e1s na R\u00edogh 2024 - Creative Ireland Programme<\/title>\n<meta name=\"description\" content=\"Seo an tr\u00ed\u00fa bliain den Fh\u00e9ile Sr\u00e1ide ar L\u00e1 Fh\u00e9ile P\u00e1draig i N\u00e1s na R\u00edogh.\" \/>\n<meta name=\"robots\" content=\"index, follow, max-snippet:-1, max-image-preview:large, max-video-preview:-1\" \/>\n<link rel=\"canonical\" href=\"https:\/\/www.creativeireland.gov.ie\/en\/event\/feile-sraide-nas-na-riogh-2024\/\" \/>\n<meta property=\"og:locale\" content=\"en_US\" \/>\n<meta property=\"og:type\" content=\"article\" \/>\n<meta property=\"og:title\" content=\"F\u00e9ile Sr\u00e1ide, N\u00e1s na R\u00edogh 2024 - Creative Ireland Programme\" \/>\n<meta property=\"og:description\" content=\"Seo an tr\u00ed\u00fa bliain den Fh\u00e9ile Sr\u00e1ide ar L\u00e1 Fh\u00e9ile P\u00e1draig i N\u00e1s na R\u00edogh.\u00a0 Beidh rud \u00e9igin do gach aoisghr\u00fapa agus do gach l\u00e9ibh\u00e9al Gaeilge ar f\u00e1il saor in aisce i N\u00e1s na R\u00edogh ar L\u00e1 Fh\u00e9ile P\u00e1draig. An sprioc at\u00e1 againn n\u00e1 go mbeidh #F\u00e9ileSr\u00e1ide2024 mar an fh\u00e9ile Ghaeilge is m\u00f3 taobh amuigh [&hellip;]\" \/>\n<meta property=\"og:url\" content=\"https:\/\/www.creativeireland.gov.ie\/en\/event\/feile-sraide-nas-na-riogh-2024\/\" \/>\n<meta property=\"og:site_name\" content=\"Creative Ireland Programme\" \/>\n<meta property=\"article:publisher\" content=\"https:\/\/www.facebook.com\/CreativeIrl\/\" \/>\n<meta name=\"twitter:card\" content=\"summary_large_image\" \/>\n<meta name=\"twitter:site\" content=\"@creativeirl\" \/>\n<meta name=\"twitter:label1\" content=\"Est. reading time\" \/>\n\t<meta name=\"twitter:data1\" content=\"2 minutes\" \/>\n<script type=\"application\/ld+json\" class=\"yoast-schema-graph\">{\"@context\":\"https:\/\/schema.org\",\"@graph\":[{\"@type\":\"WebPage\",\"@id\":\"https:\/\/www.creativeireland.gov.ie\/en\/event\/feile-sraide-nas-na-riogh-2024\/\",\"url\":\"https:\/\/www.creativeireland.gov.ie\/en\/event\/feile-sraide-nas-na-riogh-2024\/\",\"name\":\"F\u00e9ile Sr\u00e1ide, N\u00e1s na R\u00edogh 2024 - Creative Ireland Programme\",\"isPartOf\":{\"@id\":\"https:\/\/www.creativeireland.gov.ie\/en\/#website\"},\"primaryImageOfPage\":{\"@id\":\"https:\/\/www.creativeireland.gov.ie\/en\/event\/feile-sraide-nas-na-riogh-2024\/#primaryimage\"},\"image\":{\"@id\":\"https:\/\/www.creativeireland.gov.ie\/en\/event\/feile-sraide-nas-na-riogh-2024\/#primaryimage\"},\"thumbnailUrl\":\"https:\/\/www.creativeireland.gov.ie\/app\/uploads\/2024\/03\/yan-ming-w1mrsc_jms8-unsplash.jpg\",\"datePublished\":\"2024-03-09T03:02:49+00:00\",\"breadcrumb\":{\"@id\":\"https:\/\/www.creativeireland.gov.ie\/en\/event\/feile-sraide-nas-na-riogh-2024\/#breadcrumb\"},\"inLanguage\":\"en-US\",\"potentialAction\":[{\"@type\":\"ReadAction\",\"target\":[\"https:\/\/www.creativeireland.gov.ie\/en\/event\/feile-sraide-nas-na-riogh-2024\/\"]}]},{\"@type\":\"ImageObject\",\"inLanguage\":\"en-US\",\"@id\":\"https:\/\/www.creativeireland.gov.ie\/en\/event\/feile-sraide-nas-na-riogh-2024\/#primaryimage\",\"url\":\"https:\/\/www.creativeireland.gov.ie\/app\/uploads\/2024\/03\/yan-ming-w1mrsc_jms8-unsplash.jpg\",\"contentUrl\":\"https:\/\/www.creativeireland.gov.ie\/app\/uploads\/2024\/03\/yan-ming-w1mrsc_jms8-unsplash.jpg\",\"width\":1800,\"height\":1200},{\"@type\":\"BreadcrumbList\",\"@id\":\"https:\/\/www.creativeireland.gov.ie\/en\/event\/feile-sraide-nas-na-riogh-2024\/#breadcrumb\",\"itemListElement\":[{\"@type\":\"ListItem\",\"position\":1,\"name\":\"Home\",\"item\":\"https:\/\/www.creativeireland.gov.ie\/en\/\"},{\"@type\":\"ListItem\",\"position\":2,\"name\":\"F\u00e9ile Sr\u00e1ide, N\u00e1s na R\u00edogh 2024\"}]},{\"@type\":\"WebSite\",\"@id\":\"https:\/\/www.creativeireland.gov.ie\/en\/#website\",\"url\":\"https:\/\/www.creativeireland.gov.ie\/en\/\",\"name\":\"Creative Ireland Programme\",\"description\":\"The Creative Ireland Programme is guided by a vision that every person in Ireland will have the opportunity to realise their full creative potential. It is a five year all-of-Government initiative, from 2017 to 2022, to place creativity at the centre of public policy.\",\"potentialAction\":[{\"@type\":\"SearchAction\",\"target\":{\"@type\":\"EntryPoint\",\"urlTemplate\":\"https:\/\/www.creativeireland.gov.ie\/en\/?s={search_term_string}\"},\"query-input\":{\"@type\":\"PropertyValueSpecification\",\"valueRequired\":true,\"valueName\":\"search_term_string\"}}],\"inLanguage\":\"en-US\"}]}<\/script>\n<!-- \/ Yoast SEO plugin. -->","yoast_head_json":{"title":"F\u00e9ile Sr\u00e1ide, N\u00e1s na R\u00edogh 2024 - Creative Ireland Programme","description":"Seo an tr\u00ed\u00fa bliain den Fh\u00e9ile Sr\u00e1ide ar L\u00e1 Fh\u00e9ile P\u00e1draig i N\u00e1s na R\u00edogh.","robots":{"index":"index","follow":"follow","max-snippet":"max-snippet:-1","max-image-preview":"max-image-preview:large","max-video-preview":"max-video-preview:-1"},"canonical":"https:\/\/www.creativeireland.gov.ie\/en\/event\/feile-sraide-nas-na-riogh-2024\/","og_locale":"en_US","og_type":"article","og_title":"F\u00e9ile Sr\u00e1ide, N\u00e1s na R\u00edogh 2024 - Creative Ireland Programme","og_description":"Seo an tr\u00ed\u00fa bliain den Fh\u00e9ile Sr\u00e1ide ar L\u00e1 Fh\u00e9ile P\u00e1draig i N\u00e1s na R\u00edogh.\u00a0 Beidh rud \u00e9igin do gach aoisghr\u00fapa agus do gach l\u00e9ibh\u00e9al Gaeilge ar f\u00e1il saor in aisce i N\u00e1s na R\u00edogh ar L\u00e1 Fh\u00e9ile P\u00e1draig. An sprioc at\u00e1 againn n\u00e1 go mbeidh #F\u00e9ileSr\u00e1ide2024 mar an fh\u00e9ile Ghaeilge is m\u00f3 taobh amuigh [&hellip;]","og_url":"https:\/\/www.creativeireland.gov.ie\/en\/event\/feile-sraide-nas-na-riogh-2024\/","og_site_name":"Creative Ireland Programme","article_publisher":"https:\/\/www.facebook.com\/CreativeIrl\/","twitter_card":"summary_large_image","twitter_site":"@creativeirl","twitter_misc":{"Est. reading time":"2 minutes"},"schema":{"@context":"https:\/\/schema.org","@graph":[{"@type":"WebPage","@id":"https:\/\/www.creativeireland.gov.ie\/en\/event\/feile-sraide-nas-na-riogh-2024\/","url":"https:\/\/www.creativeireland.gov.ie\/en\/event\/feile-sraide-nas-na-riogh-2024\/","name":"F\u00e9ile Sr\u00e1ide, N\u00e1s na R\u00edogh 2024 - Creative Ireland Programme","isPartOf":{"@id":"https:\/\/www.creativeireland.gov.ie\/en\/#website"},"primaryImageOfPage":{"@id":"https:\/\/www.creativeireland.gov.ie\/en\/event\/feile-sraide-nas-na-riogh-2024\/#primaryimage"},"image":{"@id":"https:\/\/www.creativeireland.gov.ie\/en\/event\/feile-sraide-nas-na-riogh-2024\/#primaryimage"},"thumbnailUrl":"https:\/\/www.creativeireland.gov.ie\/app\/uploads\/2024\/03\/yan-ming-w1mrsc_jms8-unsplash.jpg","datePublished":"2024-03-09T03:02:49+00:00","breadcrumb":{"@id":"https:\/\/www.creativeireland.gov.ie\/en\/event\/feile-sraide-nas-na-riogh-2024\/#breadcrumb"},"inLanguage":"en-US","potentialAction":[{"@type":"ReadAction","target":["https:\/\/www.creativeireland.gov.ie\/en\/event\/feile-sraide-nas-na-riogh-2024\/"]}]},{"@type":"ImageObject","inLanguage":"en-US","@id":"https:\/\/www.creativeireland.gov.ie\/en\/event\/feile-sraide-nas-na-riogh-2024\/#primaryimage","url":"https:\/\/www.creativeireland.gov.ie\/app\/uploads\/2024\/03\/yan-ming-w1mrsc_jms8-unsplash.jpg","contentUrl":"https:\/\/www.creativeireland.gov.ie\/app\/uploads\/2024\/03\/yan-ming-w1mrsc_jms8-unsplash.jpg","width":1800,"height":1200},{"@type":"BreadcrumbList","@id":"https:\/\/www.creativeireland.gov.ie\/en\/event\/feile-sraide-nas-na-riogh-2024\/#breadcrumb","itemListElement":[{"@type":"ListItem","position":1,"name":"Home","item":"https:\/\/www.creativeireland.gov.ie\/en\/"},{"@type":"ListItem","position":2,"name":"F\u00e9ile Sr\u00e1ide, N\u00e1s na R\u00edogh 2024"}]},{"@type":"WebSite","@id":"https:\/\/www.creativeireland.gov.ie\/en\/#website","url":"https:\/\/www.creativeireland.gov.ie\/en\/","name":"Creative Ireland Programme","description":"The Creative Ireland Programme is guided by a vision that every person in Ireland will have the opportunity to realise their full creative potential. It is a five year all-of-Government initiative, from 2017 to 2022, to place creativity at the centre of public policy.","potentialAction":[{"@type":"SearchAction","target":{"@type":"EntryPoint","urlTemplate":"https:\/\/www.creativeireland.gov.ie\/en\/?s={search_term_string}"},"query-input":{"@type":"PropertyValueSpecification","valueRequired":true,"valueName":"search_term_string"}}],"inLanguage":"en-US"}]}},"_links":{"self":[{"href":"https:\/\/www.creativeireland.gov.ie\/en\/wp-json\/wp\/v2\/event\/29136","targetHints":{"allow":["GET"]}}],"collection":[{"href":"https:\/\/www.creativeireland.gov.ie\/en\/wp-json\/wp\/v2\/event"}],"about":[{"href":"https:\/\/www.creativeireland.gov.ie\/en\/wp-json\/wp\/v2\/types\/event"}],"wp:featuredmedia":[{"embeddable":true,"href":"https:\/\/www.creativeireland.gov.ie\/en\/wp-json\/wp\/v2\/media\/29137"}],"wp:attachment":[{"href":"https:\/\/www.creativeireland.gov.ie\/en\/wp-json\/wp\/v2\/media?parent=29136"}],"curies":[{"name":"wp","href":"https:\/\/api.w.org\/{rel}","templated":true}]}}

Féile Sráide, Nás na Ríogh 2024

<p>Seo an tríú bliain den Fhéile Sráide ar Lá Fhéile Pádraig i Nás na Ríogh. </p>
<p>Beidh rud éigin do gach aoisghrúpa agus do gach léibhéal Gaeilge ar fáil saor in aisce i Nás na Ríogh ar Lá Fhéile Pádraig. An sprioc atá againn ná go mbeidh #FéileSráide2024 mar an fhéile Ghaeilge is mó taobh amuigh den Ghaeltacht ar Lá Fhéile Pádraig.</p>
<p>Ó 14:00, beidh grúpaí áitiúla ag seinm, ag damhsa agus ag canadh i gceithre shuíomh timpeall bhaile Nás na Ríogh. I measc na himeachtaí ar an lá, beidh seó draíochta do pháistí, seó ag an bhfear grinn Giggles, fuirseoireacht ar na boinn agus céilí ag Cearnóg na Poibleoige. Beidh seastán ag Cill Dara le Gaeilge ann chun eolas a roinnt leis an bpobal faoi na deiseanna áitiúla atá ann maidir leis an nGaeilge.</p>
<p>Tuilleadh eolais ar fáil ar: <a href="http://www.sultnasollan.ie">www.sultnasollan.ie</a></p>
<p> </p>
<p>This is the third year of the Féile Sráide (Street Festival) on St. Patrick’s in Naas. </p>
<p>There will be free entertainment for all age groups and all levels of Irish in Naas on St. Patrick&#8217;s Day. Our goal is that our Féile Sráide will be the largest Irish language festival outside of the Gaeltacht on St. Patrick&#8217;s Day.</p>
<p>From 14:00, local groups will be playing, dancing and singing in four locations in the heart of Naas. Among the events on the day will be a magic show for children and a show with Giggles the clown, comedy and a céilí at Poplar Square. Cill Dara le Gaeilge will have a stand to distribute information about local Irish language opportunities.</p>
<p>More information available at: <a href="http://www.sultnasollan.ie">www.sultnasollan.ie</a></p>

<!-- This site is optimized with the Yoast SEO plugin v25.9 - https://yoast.com/wordpress/plugins/seo/ -->
<title>Féile Sráide, Nás na Ríogh 2024 - Creative Ireland Programme</title>
<meta name="description" content="Seo an tríú bliain den Fhéile Sráide ar Lá Fhéile Pádraig i Nás na Ríogh." />
<meta name="robots" content="index, follow, max-snippet:-1, max-image-preview:large, max-video-preview:-1" />
<link rel="canonical" href="https://www.creativeireland.gov.ie/en/event/feile-sraide-nas-na-riogh-2024/" />
<meta property="og:locale" content="en_US" />
<meta property="og:type" content="article" />
<meta property="og:title" content="Féile Sráide, Nás na Ríogh 2024 - Creative Ireland Programme" />
<meta property="og:description" content="Seo an tríú bliain den Fhéile Sráide ar Lá Fhéile Pádraig i Nás na Ríogh.  Beidh rud éigin do gach aoisghrúpa agus do gach léibhéal Gaeilge ar fáil saor in aisce i Nás na Ríogh ar Lá Fhéile Pádraig. An sprioc atá againn ná go mbeidh #FéileSráide2024 mar an fhéile Ghaeilge is mó taobh amuigh [&hellip;]" />
<meta property="og:url" content="https://www.creativeireland.gov.ie/en/event/feile-sraide-nas-na-riogh-2024/" />
<meta property="og:site_name" content="Creative Ireland Programme" />
<meta property="article:publisher" content="https://www.facebook.com/CreativeIrl/" />
<meta name="twitter:card" content="summary_large_image" />
<meta name="twitter:site" content="@creativeirl" />
<meta name="twitter:label1" content="Est. reading time" />
	<meta name="twitter:data1" content="2 minutes" />
<script type="application/ld+json" class="yoast-schema-graph">{"@context":"https://schema.org","@graph":[{"@type":"WebPage","@id":"https://www.creativeireland.gov.ie/en/event/feile-sraide-nas-na-riogh-2024/","url":"https://www.creativeireland.gov.ie/en/event/feile-sraide-nas-na-riogh-2024/","name":"Féile Sráide, Nás na Ríogh 2024 - Creative Ireland Programme","isPartOf":{"@id":"https://www.creativeireland.gov.ie/en/#website"},"primaryImageOfPage":{"@id":"https://www.creativeireland.gov.ie/en/event/feile-sraide-nas-na-riogh-2024/#primaryimage"},"image":{"@id":"https://www.creativeireland.gov.ie/en/event/feile-sraide-nas-na-riogh-2024/#primaryimage"},"thumbnailUrl":"https://www.creativeireland.gov.ie/app/uploads/2024/03/yan-ming-w1mrsc_jms8-unsplash.jpg","datePublished":"2024-03-09T03:02:49+00:00","breadcrumb":{"@id":"https://www.creativeireland.gov.ie/en/event/feile-sraide-nas-na-riogh-2024/#breadcrumb"},"inLanguage":"en-US","potentialAction":[{"@type":"ReadAction","target":["https://www.creativeireland.gov.ie/en/event/feile-sraide-nas-na-riogh-2024/"]}]},{"@type":"ImageObject","inLanguage":"en-US","@id":"https://www.creativeireland.gov.ie/en/event/feile-sraide-nas-na-riogh-2024/#primaryimage","url":"https://www.creativeireland.gov.ie/app/uploads/2024/03/yan-ming-w1mrsc_jms8-unsplash.jpg","contentUrl":"https://www.creativeireland.gov.ie/app/uploads/2024/03/yan-ming-w1mrsc_jms8-unsplash.jpg","width":1800,"height":1200},{"@type":"BreadcrumbList","@id":"https://www.creativeireland.gov.ie/en/event/feile-sraide-nas-na-riogh-2024/#breadcrumb","itemListElement":[{"@type":"ListItem","position":1,"name":"Home","item":"https://www.creativeireland.gov.ie/en/"},{"@type":"ListItem","position":2,"name":"Féile Sráide, Nás na Ríogh 2024"}]},{"@type":"WebSite","@id":"https://www.creativeireland.gov.ie/en/#website","url":"https://www.creativeireland.gov.ie/en/","name":"Creative Ireland Programme","description":"The Creative Ireland Programme is guided by a vision that every person in Ireland will have the opportunity to realise their full creative potential. It is a five year all-of-Government initiative, from 2017 to 2022, to place creativity at the centre of public policy.","potentialAction":[{"@type":"SearchAction","target":{"@type":"EntryPoint","urlTemplate":"https://www.creativeireland.gov.ie/en/?s={search_term_string}"},"query-input":{"@type":"PropertyValueSpecification","valueRequired":true,"valueName":"search_term_string"}}],"inLanguage":"en-US"}]}</script>
<!-- / Yoast SEO plugin. -->

Féile Sráide, Nás na Ríogh 2024 - Creative Ireland Programme

Seo an tríú bliain den Fhéile Sráide ar Lá Fhéile Pádraig i Nás na Ríogh.

Seo an tríú bliain den Fhéile Sráide ar Lá Fhéile Pádraig i Nás na Ríogh.  Beidh rud éigin do gach aoisghrúpa agus do gach léibhéal Gaeilge ar fáil saor in aisce i Nás na Ríogh ar Lá Fhéile Pádraig. An sprioc atá againn ná go mbeidh #FéileSráide2024 mar an fhéile Ghaeilge is mó taobh amuigh [&hellip;]
