{"id":29929,"date":"2024-04-23T03:03:01","date_gmt":"2024-04-23T02:03:01","guid":{"rendered":"https:\/\/www.creativeireland.gov.ie\/event\/minceiri-ag-canadh\/"},"modified":"2024-04-23T03:03:01","modified_gmt":"2024-04-23T02:03:01","slug":"minceiri-ag-canadh","status":"publish","type":"event","link":"https:\/\/www.creativeireland.gov.ie\/en\/event\/minceiri-ag-canadh\/","title":{"rendered":"Minc\u00e9ir\u00ed ag Canadh"},"content":{"rendered":"<p><span>This initiative will see an expansion on the Minc\u00e9ir\u00ed ag Canadh original singing programme, funded by Creative Waterford in 2022, which resulted in 6 beautiful recordings of Traveller singers.\u00a0\u00a0<\/span><\/p>\n<p><span>Singing and storytelling has always been an important aspect of Traveller history and culture and has been the traditional way of passing on old stories from generation to generation. The second round of funding will allow for a second volume of singers to be recorded performing well loved songs and demonstrating traditional singing and modern talents.\u00a0<\/span><\/p>\n<p><span>The final CD will be available to be enjoyed by a multigenerational audience both within the Traveller and \u00a0wider community.<\/span><\/p>\n","protected":false},"author":0,"featured_media":29930,"template":"","class_list":["post-29929","event","type-event","status-publish","has-post-thumbnail","hentry"],"acf":[],"yoast_head":"<!-- This site is optimized with the Yoast SEO plugin v25.9 - https:\/\/yoast.com\/wordpress\/plugins\/seo\/ -->\n<title>Minc\u00e9ir\u00ed ag Canadh - Creative Ireland Programme<\/title>\n<meta name=\"description\" content=\"This initiative will see an expansion on the Minc\u00e9ir\u00ed ag Canadh original singing programme, funded by Creative Waterford in 2022, which resulted in 6 beautiful recordings of Traveller singers.\" \/>\n<meta name=\"robots\" content=\"index, follow, max-snippet:-1, max-image-preview:large, max-video-preview:-1\" \/>\n<link rel=\"canonical\" href=\"https:\/\/www.creativeireland.gov.ie\/en\/event\/minceiri-ag-canadh\/\" \/>\n<meta property=\"og:locale\" content=\"en_US\" \/>\n<meta property=\"og:type\" content=\"article\" \/>\n<meta property=\"og:title\" content=\"Minc\u00e9ir\u00ed ag Canadh - Creative Ireland Programme\" \/>\n<meta property=\"og:description\" content=\"This initiative will see an expansion on the Minc\u00e9ir\u00ed ag Canadh original singing programme, funded by Creative Waterford in 2022, which resulted in 6 beautiful recordings of Traveller singers.\u00a0\u00a0 Singing and storytelling has always been an important aspect of Traveller history and culture and has been the traditional way of passing on old stories from [&hellip;]\" \/>\n<meta property=\"og:url\" content=\"https:\/\/www.creativeireland.gov.ie\/en\/event\/minceiri-ag-canadh\/\" \/>\n<meta property=\"og:site_name\" content=\"Creative Ireland Programme\" \/>\n<meta property=\"article:publisher\" content=\"https:\/\/www.facebook.com\/CreativeIrl\/\" \/>\n<meta name=\"twitter:card\" content=\"summary_large_image\" \/>\n<meta name=\"twitter:site\" content=\"@creativeirl\" \/>\n<meta name=\"twitter:label1\" content=\"Est. reading time\" \/>\n\t<meta name=\"twitter:data1\" content=\"1 minute\" \/>\n<script type=\"application\/ld+json\" class=\"yoast-schema-graph\">{\"@context\":\"https:\/\/schema.org\",\"@graph\":[{\"@type\":\"WebPage\",\"@id\":\"https:\/\/www.creativeireland.gov.ie\/en\/event\/minceiri-ag-canadh\/\",\"url\":\"https:\/\/www.creativeireland.gov.ie\/en\/event\/minceiri-ag-canadh\/\",\"name\":\"Minc\u00e9ir\u00ed ag Canadh - Creative Ireland Programme\",\"isPartOf\":{\"@id\":\"https:\/\/www.creativeireland.gov.ie\/en\/#website\"},\"primaryImageOfPage\":{\"@id\":\"https:\/\/www.creativeireland.gov.ie\/en\/event\/minceiri-ag-canadh\/#primaryimage\"},\"image\":{\"@id\":\"https:\/\/www.creativeireland.gov.ie\/en\/event\/minceiri-ag-canadh\/#primaryimage\"},\"thumbnailUrl\":\"https:\/\/www.creativeireland.gov.ie\/app\/uploads\/2024\/04\/leo-wieling-bg8u3kazlte-unsplash-scaled.jpg\",\"datePublished\":\"2024-04-23T02:03:01+00:00\",\"breadcrumb\":{\"@id\":\"https:\/\/www.creativeireland.gov.ie\/en\/event\/minceiri-ag-canadh\/#breadcrumb\"},\"inLanguage\":\"en-US\",\"potentialAction\":[{\"@type\":\"ReadAction\",\"target\":[\"https:\/\/www.creativeireland.gov.ie\/en\/event\/minceiri-ag-canadh\/\"]}]},{\"@type\":\"ImageObject\",\"inLanguage\":\"en-US\",\"@id\":\"https:\/\/www.creativeireland.gov.ie\/en\/event\/minceiri-ag-canadh\/#primaryimage\",\"url\":\"https:\/\/www.creativeireland.gov.ie\/app\/uploads\/2024\/04\/leo-wieling-bg8u3kazlte-unsplash-scaled.jpg\",\"contentUrl\":\"https:\/\/www.creativeireland.gov.ie\/app\/uploads\/2024\/04\/leo-wieling-bg8u3kazlte-unsplash-scaled.jpg\",\"width\":1707,\"height\":2560},{\"@type\":\"BreadcrumbList\",\"@id\":\"https:\/\/www.creativeireland.gov.ie\/en\/event\/minceiri-ag-canadh\/#breadcrumb\",\"itemListElement\":[{\"@type\":\"ListItem\",\"position\":1,\"name\":\"Home\",\"item\":\"https:\/\/www.creativeireland.gov.ie\/en\/\"},{\"@type\":\"ListItem\",\"position\":2,\"name\":\"Minc\u00e9ir\u00ed ag Canadh\"}]},{\"@type\":\"WebSite\",\"@id\":\"https:\/\/www.creativeireland.gov.ie\/en\/#website\",\"url\":\"https:\/\/www.creativeireland.gov.ie\/en\/\",\"name\":\"Creative Ireland Programme\",\"description\":\"The Creative Ireland Programme is guided by a vision that every person in Ireland will have the opportunity to realise their full creative potential. It is a five year all-of-Government initiative, from 2017 to 2022, to place creativity at the centre of public policy.\",\"potentialAction\":[{\"@type\":\"SearchAction\",\"target\":{\"@type\":\"EntryPoint\",\"urlTemplate\":\"https:\/\/www.creativeireland.gov.ie\/en\/?s={search_term_string}\"},\"query-input\":{\"@type\":\"PropertyValueSpecification\",\"valueRequired\":true,\"valueName\":\"search_term_string\"}}],\"inLanguage\":\"en-US\"}]}<\/script>\n<!-- \/ Yoast SEO plugin. -->","yoast_head_json":{"title":"Minc\u00e9ir\u00ed ag Canadh - Creative Ireland Programme","description":"This initiative will see an expansion on the Minc\u00e9ir\u00ed ag Canadh original singing programme, funded by Creative Waterford in 2022, which resulted in 6 beautiful recordings of Traveller singers.","robots":{"index":"index","follow":"follow","max-snippet":"max-snippet:-1","max-image-preview":"max-image-preview:large","max-video-preview":"max-video-preview:-1"},"canonical":"https:\/\/www.creativeireland.gov.ie\/en\/event\/minceiri-ag-canadh\/","og_locale":"en_US","og_type":"article","og_title":"Minc\u00e9ir\u00ed ag Canadh - Creative Ireland Programme","og_description":"This initiative will see an expansion on the Minc\u00e9ir\u00ed ag Canadh original singing programme, funded by Creative Waterford in 2022, which resulted in 6 beautiful recordings of Traveller singers.\u00a0\u00a0 Singing and storytelling has always been an important aspect of Traveller history and culture and has been the traditional way of passing on old stories from [&hellip;]","og_url":"https:\/\/www.creativeireland.gov.ie\/en\/event\/minceiri-ag-canadh\/","og_site_name":"Creative Ireland Programme","article_publisher":"https:\/\/www.facebook.com\/CreativeIrl\/","twitter_card":"summary_large_image","twitter_site":"@creativeirl","twitter_misc":{"Est. reading time":"1 minute"},"schema":{"@context":"https:\/\/schema.org","@graph":[{"@type":"WebPage","@id":"https:\/\/www.creativeireland.gov.ie\/en\/event\/minceiri-ag-canadh\/","url":"https:\/\/www.creativeireland.gov.ie\/en\/event\/minceiri-ag-canadh\/","name":"Minc\u00e9ir\u00ed ag Canadh - Creative Ireland Programme","isPartOf":{"@id":"https:\/\/www.creativeireland.gov.ie\/en\/#website"},"primaryImageOfPage":{"@id":"https:\/\/www.creativeireland.gov.ie\/en\/event\/minceiri-ag-canadh\/#primaryimage"},"image":{"@id":"https:\/\/www.creativeireland.gov.ie\/en\/event\/minceiri-ag-canadh\/#primaryimage"},"thumbnailUrl":"https:\/\/www.creativeireland.gov.ie\/app\/uploads\/2024\/04\/leo-wieling-bg8u3kazlte-unsplash-scaled.jpg","datePublished":"2024-04-23T02:03:01+00:00","breadcrumb":{"@id":"https:\/\/www.creativeireland.gov.ie\/en\/event\/minceiri-ag-canadh\/#breadcrumb"},"inLanguage":"en-US","potentialAction":[{"@type":"ReadAction","target":["https:\/\/www.creativeireland.gov.ie\/en\/event\/minceiri-ag-canadh\/"]}]},{"@type":"ImageObject","inLanguage":"en-US","@id":"https:\/\/www.creativeireland.gov.ie\/en\/event\/minceiri-ag-canadh\/#primaryimage","url":"https:\/\/www.creativeireland.gov.ie\/app\/uploads\/2024\/04\/leo-wieling-bg8u3kazlte-unsplash-scaled.jpg","contentUrl":"https:\/\/www.creativeireland.gov.ie\/app\/uploads\/2024\/04\/leo-wieling-bg8u3kazlte-unsplash-scaled.jpg","width":1707,"height":2560},{"@type":"BreadcrumbList","@id":"https:\/\/www.creativeireland.gov.ie\/en\/event\/minceiri-ag-canadh\/#breadcrumb","itemListElement":[{"@type":"ListItem","position":1,"name":"Home","item":"https:\/\/www.creativeireland.gov.ie\/en\/"},{"@type":"ListItem","position":2,"name":"Minc\u00e9ir\u00ed ag Canadh"}]},{"@type":"WebSite","@id":"https:\/\/www.creativeireland.gov.ie\/en\/#website","url":"https:\/\/www.creativeireland.gov.ie\/en\/","name":"Creative Ireland Programme","description":"The Creative Ireland Programme is guided by a vision that every person in Ireland will have the opportunity to realise their full creative potential. It is a five year all-of-Government initiative, from 2017 to 2022, to place creativity at the centre of public policy.","potentialAction":[{"@type":"SearchAction","target":{"@type":"EntryPoint","urlTemplate":"https:\/\/www.creativeireland.gov.ie\/en\/?s={search_term_string}"},"query-input":{"@type":"PropertyValueSpecification","valueRequired":true,"valueName":"search_term_string"}}],"inLanguage":"en-US"}]}},"_links":{"self":[{"href":"https:\/\/www.creativeireland.gov.ie\/en\/wp-json\/wp\/v2\/event\/29929","targetHints":{"allow":["GET"]}}],"collection":[{"href":"https:\/\/www.creativeireland.gov.ie\/en\/wp-json\/wp\/v2\/event"}],"about":[{"href":"https:\/\/www.creativeireland.gov.ie\/en\/wp-json\/wp\/v2\/types\/event"}],"wp:featuredmedia":[{"embeddable":true,"href":"https:\/\/www.creativeireland.gov.ie\/en\/wp-json\/wp\/v2\/media\/29930"}],"wp:attachment":[{"href":"https:\/\/www.creativeireland.gov.ie\/en\/wp-json\/wp\/v2\/media?parent=29929"}],"curies":[{"name":"wp","href":"https:\/\/api.w.org\/{rel}","templated":true}]}}

Mincéirí ag Canadh

<p><span>This initiative will see an expansion on the Mincéirí ag Canadh original singing programme, funded by Creative Waterford in 2022, which resulted in 6 beautiful recordings of Traveller singers.  </span></p>
<p><span>Singing and storytelling has always been an important aspect of Traveller history and culture and has been the traditional way of passing on old stories from generation to generation. The second round of funding will allow for a second volume of singers to be recorded performing well loved songs and demonstrating traditional singing and modern talents. </span></p>
<p><span>The final CD will be available to be enjoyed by a multigenerational audience both within the Traveller and  wider community.</span></p>

<!-- This site is optimized with the Yoast SEO plugin v25.9 - https://yoast.com/wordpress/plugins/seo/ -->
<title>Mincéirí ag Canadh - Creative Ireland Programme</title>
<meta name="description" content="This initiative will see an expansion on the Mincéirí ag Canadh original singing programme, funded by Creative Waterford in 2022, which resulted in 6 beautiful recordings of Traveller singers." />
<meta name="robots" content="index, follow, max-snippet:-1, max-image-preview:large, max-video-preview:-1" />
<link rel="canonical" href="https://www.creativeireland.gov.ie/en/event/minceiri-ag-canadh/" />
<meta property="og:locale" content="en_US" />
<meta property="og:type" content="article" />
<meta property="og:title" content="Mincéirí ag Canadh - Creative Ireland Programme" />
<meta property="og:description" content="This initiative will see an expansion on the Mincéirí ag Canadh original singing programme, funded by Creative Waterford in 2022, which resulted in 6 beautiful recordings of Traveller singers.   Singing and storytelling has always been an important aspect of Traveller history and culture and has been the traditional way of passing on old stories from [&hellip;]" />
<meta property="og:url" content="https://www.creativeireland.gov.ie/en/event/minceiri-ag-canadh/" />
<meta property="og:site_name" content="Creative Ireland Programme" />
<meta property="article:publisher" content="https://www.facebook.com/CreativeIrl/" />
<meta name="twitter:card" content="summary_large_image" />
<meta name="twitter:site" content="@creativeirl" />
<meta name="twitter:label1" content="Est. reading time" />
	<meta name="twitter:data1" content="1 minute" />
<script type="application/ld+json" class="yoast-schema-graph">{"@context":"https://schema.org","@graph":[{"@type":"WebPage","@id":"https://www.creativeireland.gov.ie/en/event/minceiri-ag-canadh/","url":"https://www.creativeireland.gov.ie/en/event/minceiri-ag-canadh/","name":"Mincéirí ag Canadh - Creative Ireland Programme","isPartOf":{"@id":"https://www.creativeireland.gov.ie/en/#website"},"primaryImageOfPage":{"@id":"https://www.creativeireland.gov.ie/en/event/minceiri-ag-canadh/#primaryimage"},"image":{"@id":"https://www.creativeireland.gov.ie/en/event/minceiri-ag-canadh/#primaryimage"},"thumbnailUrl":"https://www.creativeireland.gov.ie/app/uploads/2024/04/leo-wieling-bg8u3kazlte-unsplash-scaled.jpg","datePublished":"2024-04-23T02:03:01+00:00","breadcrumb":{"@id":"https://www.creativeireland.gov.ie/en/event/minceiri-ag-canadh/#breadcrumb"},"inLanguage":"en-US","potentialAction":[{"@type":"ReadAction","target":["https://www.creativeireland.gov.ie/en/event/minceiri-ag-canadh/"]}]},{"@type":"ImageObject","inLanguage":"en-US","@id":"https://www.creativeireland.gov.ie/en/event/minceiri-ag-canadh/#primaryimage","url":"https://www.creativeireland.gov.ie/app/uploads/2024/04/leo-wieling-bg8u3kazlte-unsplash-scaled.jpg","contentUrl":"https://www.creativeireland.gov.ie/app/uploads/2024/04/leo-wieling-bg8u3kazlte-unsplash-scaled.jpg","width":1707,"height":2560},{"@type":"BreadcrumbList","@id":"https://www.creativeireland.gov.ie/en/event/minceiri-ag-canadh/#breadcrumb","itemListElement":[{"@type":"ListItem","position":1,"name":"Home","item":"https://www.creativeireland.gov.ie/en/"},{"@type":"ListItem","position":2,"name":"Mincéirí ag Canadh"}]},{"@type":"WebSite","@id":"https://www.creativeireland.gov.ie/en/#website","url":"https://www.creativeireland.gov.ie/en/","name":"Creative Ireland Programme","description":"The Creative Ireland Programme is guided by a vision that every person in Ireland will have the opportunity to realise their full creative potential. It is a five year all-of-Government initiative, from 2017 to 2022, to place creativity at the centre of public policy.","potentialAction":[{"@type":"SearchAction","target":{"@type":"EntryPoint","urlTemplate":"https://www.creativeireland.gov.ie/en/?s={search_term_string}"},"query-input":{"@type":"PropertyValueSpecification","valueRequired":true,"valueName":"search_term_string"}}],"inLanguage":"en-US"}]}</script>
<!-- / Yoast SEO plugin. -->

Mincéirí ag Canadh - Creative Ireland Programme

This initiative will see an expansion on the Mincéirí ag Canadh original singing programme, funded by Creative Waterford in 2022, which resulted in 6 beautiful recordings of Traveller singers.

This initiative will see an expansion on the Mincéirí ag Canadh original singing programme, funded by Creative Waterford in 2022, which resulted in 6 beautiful recordings of Traveller singers.   Singing and storytelling has always been an important aspect of Traveller history and culture and has been the traditional way of passing on old stories from [&hellip;]
