{"id":31330,"date":"2024-07-11T03:04:54","date_gmt":"2024-07-11T02:04:54","guid":{"rendered":"https:\/\/www.creativeireland.gov.ie\/event\/michael-o-cleirigh-summer-school-2\/"},"modified":"2024-07-11T03:04:54","modified_gmt":"2024-07-11T02:04:54","slug":"michael-o-cleirigh-summer-school-2","status":"publish","type":"event","link":"https:\/\/www.creativeireland.gov.ie\/en\/event\/michael-o-cleirigh-summer-school-2\/","title":{"rendered":"Michael O Cleirigh Summer School"},"content":{"rendered":"<p>The 2024 M\u00edche\u00e1l \u00d3 Cl\u00e9irigh Summer School was held over the weekend of Friday 10th to Sunday 12th May.<\/p>\n<p><span>The School was established in Rossnowlagh in 2013. The first Summer School took place on 17th May, 2014. The purpose of the school\u00a0 is to celebrate the life and achievements of M\u00edche\u00e1l \u00d3 Cl\u00e9irigh and his colleagues, the other members of the \u2018Four Masters.\u2019 The school also commemorates the work of the Franciscan Friars of the period who lived in Donegal and in Louvain. M\u00edche\u00e1l \u00d3 Cl\u00e9irigh was born in Creevy, between Rossnowlagh and Ballyshannon and the Franciscan Friary today is located in Rossnowlagh.\u00a0<\/span><\/p>\n<p>The theme of the weekend was \u2018Words, Language and Lore\/ Focail, Teanga agus Seanchas\u2019 and it examined how words and language collided in M\u00edche\u00e1l \u00d3 Cl\u00e9irigh\u2019s Ireland.\u00a0<\/p>\n","protected":false},"author":0,"featured_media":31331,"template":"","class_list":["post-31330","event","type-event","status-publish","has-post-thumbnail","hentry"],"acf":[],"yoast_head":"<!-- This site is optimized with the Yoast SEO plugin v25.9 - https:\/\/yoast.com\/wordpress\/plugins\/seo\/ -->\n<title>Michael O Cleirigh Summer School - Creative Ireland Programme<\/title>\n<meta name=\"description\" content=\"The 2024 M\u00edche\u00e1l \u00d3 Cl\u00e9irigh Summer School was held over the weekend of Friday 10th to Sunday 12th May.\" \/>\n<meta name=\"robots\" content=\"index, follow, max-snippet:-1, max-image-preview:large, max-video-preview:-1\" \/>\n<link rel=\"canonical\" href=\"https:\/\/www.creativeireland.gov.ie\/en\/event\/michael-o-cleirigh-summer-school-2\/\" \/>\n<meta property=\"og:locale\" content=\"en_US\" \/>\n<meta property=\"og:type\" content=\"article\" \/>\n<meta property=\"og:title\" content=\"Michael O Cleirigh Summer School - Creative Ireland Programme\" \/>\n<meta property=\"og:description\" content=\"The 2024 M\u00edche\u00e1l \u00d3 Cl\u00e9irigh Summer School was held over the weekend of Friday 10th to Sunday 12th May. The School was established in Rossnowlagh in 2013. The first Summer School took place on 17th May, 2014. The purpose of the school\u00a0 is to celebrate the life and achievements of M\u00edche\u00e1l \u00d3 Cl\u00e9irigh and his [&hellip;]\" \/>\n<meta property=\"og:url\" content=\"https:\/\/www.creativeireland.gov.ie\/en\/event\/michael-o-cleirigh-summer-school-2\/\" \/>\n<meta property=\"og:site_name\" content=\"Creative Ireland Programme\" \/>\n<meta property=\"article:publisher\" content=\"https:\/\/www.facebook.com\/CreativeIrl\/\" \/>\n<meta name=\"twitter:card\" content=\"summary_large_image\" \/>\n<meta name=\"twitter:site\" content=\"@creativeirl\" \/>\n<meta name=\"twitter:label1\" content=\"Est. reading time\" \/>\n\t<meta name=\"twitter:data1\" content=\"1 minute\" \/>\n<script type=\"application\/ld+json\" class=\"yoast-schema-graph\">{\"@context\":\"https:\/\/schema.org\",\"@graph\":[{\"@type\":\"WebPage\",\"@id\":\"https:\/\/www.creativeireland.gov.ie\/en\/event\/michael-o-cleirigh-summer-school-2\/\",\"url\":\"https:\/\/www.creativeireland.gov.ie\/en\/event\/michael-o-cleirigh-summer-school-2\/\",\"name\":\"Michael O Cleirigh Summer School - Creative Ireland Programme\",\"isPartOf\":{\"@id\":\"https:\/\/www.creativeireland.gov.ie\/en\/#website\"},\"primaryImageOfPage\":{\"@id\":\"https:\/\/www.creativeireland.gov.ie\/en\/event\/michael-o-cleirigh-summer-school-2\/#primaryimage\"},\"image\":{\"@id\":\"https:\/\/www.creativeireland.gov.ie\/en\/event\/michael-o-cleirigh-summer-school-2\/#primaryimage\"},\"thumbnailUrl\":\"https:\/\/www.creativeireland.gov.ie\/app\/uploads\/2024\/07\/moc-2024-january-2024-2.jpg\",\"datePublished\":\"2024-07-11T02:04:54+00:00\",\"breadcrumb\":{\"@id\":\"https:\/\/www.creativeireland.gov.ie\/en\/event\/michael-o-cleirigh-summer-school-2\/#breadcrumb\"},\"inLanguage\":\"en-US\",\"potentialAction\":[{\"@type\":\"ReadAction\",\"target\":[\"https:\/\/www.creativeireland.gov.ie\/en\/event\/michael-o-cleirigh-summer-school-2\/\"]}]},{\"@type\":\"ImageObject\",\"inLanguage\":\"en-US\",\"@id\":\"https:\/\/www.creativeireland.gov.ie\/en\/event\/michael-o-cleirigh-summer-school-2\/#primaryimage\",\"url\":\"https:\/\/www.creativeireland.gov.ie\/app\/uploads\/2024\/07\/moc-2024-january-2024-2.jpg\",\"contentUrl\":\"https:\/\/www.creativeireland.gov.ie\/app\/uploads\/2024\/07\/moc-2024-january-2024-2.jpg\",\"width\":876,\"height\":332},{\"@type\":\"BreadcrumbList\",\"@id\":\"https:\/\/www.creativeireland.gov.ie\/en\/event\/michael-o-cleirigh-summer-school-2\/#breadcrumb\",\"itemListElement\":[{\"@type\":\"ListItem\",\"position\":1,\"name\":\"Home\",\"item\":\"https:\/\/www.creativeireland.gov.ie\/en\/\"},{\"@type\":\"ListItem\",\"position\":2,\"name\":\"Michael O Cleirigh Summer School\"}]},{\"@type\":\"WebSite\",\"@id\":\"https:\/\/www.creativeireland.gov.ie\/en\/#website\",\"url\":\"https:\/\/www.creativeireland.gov.ie\/en\/\",\"name\":\"Creative Ireland Programme\",\"description\":\"The Creative Ireland Programme is guided by a vision that every person in Ireland will have the opportunity to realise their full creative potential. It is a five year all-of-Government initiative, from 2017 to 2022, to place creativity at the centre of public policy.\",\"potentialAction\":[{\"@type\":\"SearchAction\",\"target\":{\"@type\":\"EntryPoint\",\"urlTemplate\":\"https:\/\/www.creativeireland.gov.ie\/en\/?s={search_term_string}\"},\"query-input\":{\"@type\":\"PropertyValueSpecification\",\"valueRequired\":true,\"valueName\":\"search_term_string\"}}],\"inLanguage\":\"en-US\"}]}<\/script>\n<!-- \/ Yoast SEO plugin. -->","yoast_head_json":{"title":"Michael O Cleirigh Summer School - Creative Ireland Programme","description":"The 2024 M\u00edche\u00e1l \u00d3 Cl\u00e9irigh Summer School was held over the weekend of Friday 10th to Sunday 12th May.","robots":{"index":"index","follow":"follow","max-snippet":"max-snippet:-1","max-image-preview":"max-image-preview:large","max-video-preview":"max-video-preview:-1"},"canonical":"https:\/\/www.creativeireland.gov.ie\/en\/event\/michael-o-cleirigh-summer-school-2\/","og_locale":"en_US","og_type":"article","og_title":"Michael O Cleirigh Summer School - Creative Ireland Programme","og_description":"The 2024 M\u00edche\u00e1l \u00d3 Cl\u00e9irigh Summer School was held over the weekend of Friday 10th to Sunday 12th May. The School was established in Rossnowlagh in 2013. The first Summer School took place on 17th May, 2014. The purpose of the school\u00a0 is to celebrate the life and achievements of M\u00edche\u00e1l \u00d3 Cl\u00e9irigh and his [&hellip;]","og_url":"https:\/\/www.creativeireland.gov.ie\/en\/event\/michael-o-cleirigh-summer-school-2\/","og_site_name":"Creative Ireland Programme","article_publisher":"https:\/\/www.facebook.com\/CreativeIrl\/","twitter_card":"summary_large_image","twitter_site":"@creativeirl","twitter_misc":{"Est. reading time":"1 minute"},"schema":{"@context":"https:\/\/schema.org","@graph":[{"@type":"WebPage","@id":"https:\/\/www.creativeireland.gov.ie\/en\/event\/michael-o-cleirigh-summer-school-2\/","url":"https:\/\/www.creativeireland.gov.ie\/en\/event\/michael-o-cleirigh-summer-school-2\/","name":"Michael O Cleirigh Summer School - Creative Ireland Programme","isPartOf":{"@id":"https:\/\/www.creativeireland.gov.ie\/en\/#website"},"primaryImageOfPage":{"@id":"https:\/\/www.creativeireland.gov.ie\/en\/event\/michael-o-cleirigh-summer-school-2\/#primaryimage"},"image":{"@id":"https:\/\/www.creativeireland.gov.ie\/en\/event\/michael-o-cleirigh-summer-school-2\/#primaryimage"},"thumbnailUrl":"https:\/\/www.creativeireland.gov.ie\/app\/uploads\/2024\/07\/moc-2024-january-2024-2.jpg","datePublished":"2024-07-11T02:04:54+00:00","breadcrumb":{"@id":"https:\/\/www.creativeireland.gov.ie\/en\/event\/michael-o-cleirigh-summer-school-2\/#breadcrumb"},"inLanguage":"en-US","potentialAction":[{"@type":"ReadAction","target":["https:\/\/www.creativeireland.gov.ie\/en\/event\/michael-o-cleirigh-summer-school-2\/"]}]},{"@type":"ImageObject","inLanguage":"en-US","@id":"https:\/\/www.creativeireland.gov.ie\/en\/event\/michael-o-cleirigh-summer-school-2\/#primaryimage","url":"https:\/\/www.creativeireland.gov.ie\/app\/uploads\/2024\/07\/moc-2024-january-2024-2.jpg","contentUrl":"https:\/\/www.creativeireland.gov.ie\/app\/uploads\/2024\/07\/moc-2024-january-2024-2.jpg","width":876,"height":332},{"@type":"BreadcrumbList","@id":"https:\/\/www.creativeireland.gov.ie\/en\/event\/michael-o-cleirigh-summer-school-2\/#breadcrumb","itemListElement":[{"@type":"ListItem","position":1,"name":"Home","item":"https:\/\/www.creativeireland.gov.ie\/en\/"},{"@type":"ListItem","position":2,"name":"Michael O Cleirigh Summer School"}]},{"@type":"WebSite","@id":"https:\/\/www.creativeireland.gov.ie\/en\/#website","url":"https:\/\/www.creativeireland.gov.ie\/en\/","name":"Creative Ireland Programme","description":"The Creative Ireland Programme is guided by a vision that every person in Ireland will have the opportunity to realise their full creative potential. It is a five year all-of-Government initiative, from 2017 to 2022, to place creativity at the centre of public policy.","potentialAction":[{"@type":"SearchAction","target":{"@type":"EntryPoint","urlTemplate":"https:\/\/www.creativeireland.gov.ie\/en\/?s={search_term_string}"},"query-input":{"@type":"PropertyValueSpecification","valueRequired":true,"valueName":"search_term_string"}}],"inLanguage":"en-US"}]}},"_links":{"self":[{"href":"https:\/\/www.creativeireland.gov.ie\/en\/wp-json\/wp\/v2\/event\/31330","targetHints":{"allow":["GET"]}}],"collection":[{"href":"https:\/\/www.creativeireland.gov.ie\/en\/wp-json\/wp\/v2\/event"}],"about":[{"href":"https:\/\/www.creativeireland.gov.ie\/en\/wp-json\/wp\/v2\/types\/event"}],"wp:featuredmedia":[{"embeddable":true,"href":"https:\/\/www.creativeireland.gov.ie\/en\/wp-json\/wp\/v2\/media\/31331"}],"wp:attachment":[{"href":"https:\/\/www.creativeireland.gov.ie\/en\/wp-json\/wp\/v2\/media?parent=31330"}],"curies":[{"name":"wp","href":"https:\/\/api.w.org\/{rel}","templated":true}]}}

<p>The 2024 Mícheál Ó Cléirigh Summer School was held over the weekend of Friday 10th to Sunday 12th May.</p>
<p><span>The School was established in Rossnowlagh in 2013. The first Summer School took place on 17th May, 2014. The purpose of the school  is to celebrate the life and achievements of Mícheál Ó Cléirigh and his colleagues, the other members of the ‘Four Masters.’ The school also commemorates the work of the Franciscan Friars of the period who lived in Donegal and in Louvain. Mícheál Ó Cléirigh was born in Creevy, between Rossnowlagh and Ballyshannon and the Franciscan Friary today is located in Rossnowlagh. </span></p>
<p>The theme of the weekend was ‘Words, Language and Lore/ Focail, Teanga agus Seanchas’ and it examined how words and language collided in Mícheál Ó Cléirigh’s Ireland. </p>

<!-- This site is optimized with the Yoast SEO plugin v25.9 - https://yoast.com/wordpress/plugins/seo/ -->
<title>Michael O Cleirigh Summer School - Creative Ireland Programme</title>
<meta name="description" content="The 2024 Mícheál Ó Cléirigh Summer School was held over the weekend of Friday 10th to Sunday 12th May." />
<meta name="robots" content="index, follow, max-snippet:-1, max-image-preview:large, max-video-preview:-1" />
<link rel="canonical" href="https://www.creativeireland.gov.ie/en/event/michael-o-cleirigh-summer-school-2/" />
<meta property="og:locale" content="en_US" />
<meta property="og:type" content="article" />
<meta property="og:title" content="Michael O Cleirigh Summer School - Creative Ireland Programme" />
<meta property="og:description" content="The 2024 Mícheál Ó Cléirigh Summer School was held over the weekend of Friday 10th to Sunday 12th May. The School was established in Rossnowlagh in 2013. The first Summer School took place on 17th May, 2014. The purpose of the school  is to celebrate the life and achievements of Mícheál Ó Cléirigh and his [&hellip;]" />
<meta property="og:url" content="https://www.creativeireland.gov.ie/en/event/michael-o-cleirigh-summer-school-2/" />
<meta property="og:site_name" content="Creative Ireland Programme" />
<meta property="article:publisher" content="https://www.facebook.com/CreativeIrl/" />
<meta name="twitter:card" content="summary_large_image" />
<meta name="twitter:site" content="@creativeirl" />
<meta name="twitter:label1" content="Est. reading time" />
	<meta name="twitter:data1" content="1 minute" />
<script type="application/ld+json" class="yoast-schema-graph">{"@context":"https://schema.org","@graph":[{"@type":"WebPage","@id":"https://www.creativeireland.gov.ie/en/event/michael-o-cleirigh-summer-school-2/","url":"https://www.creativeireland.gov.ie/en/event/michael-o-cleirigh-summer-school-2/","name":"Michael O Cleirigh Summer School - Creative Ireland Programme","isPartOf":{"@id":"https://www.creativeireland.gov.ie/en/#website"},"primaryImageOfPage":{"@id":"https://www.creativeireland.gov.ie/en/event/michael-o-cleirigh-summer-school-2/#primaryimage"},"image":{"@id":"https://www.creativeireland.gov.ie/en/event/michael-o-cleirigh-summer-school-2/#primaryimage"},"thumbnailUrl":"https://www.creativeireland.gov.ie/app/uploads/2024/07/moc-2024-january-2024-2.jpg","datePublished":"2024-07-11T02:04:54+00:00","breadcrumb":{"@id":"https://www.creativeireland.gov.ie/en/event/michael-o-cleirigh-summer-school-2/#breadcrumb"},"inLanguage":"en-US","potentialAction":[{"@type":"ReadAction","target":["https://www.creativeireland.gov.ie/en/event/michael-o-cleirigh-summer-school-2/"]}]},{"@type":"ImageObject","inLanguage":"en-US","@id":"https://www.creativeireland.gov.ie/en/event/michael-o-cleirigh-summer-school-2/#primaryimage","url":"https://www.creativeireland.gov.ie/app/uploads/2024/07/moc-2024-january-2024-2.jpg","contentUrl":"https://www.creativeireland.gov.ie/app/uploads/2024/07/moc-2024-january-2024-2.jpg","width":876,"height":332},{"@type":"BreadcrumbList","@id":"https://www.creativeireland.gov.ie/en/event/michael-o-cleirigh-summer-school-2/#breadcrumb","itemListElement":[{"@type":"ListItem","position":1,"name":"Home","item":"https://www.creativeireland.gov.ie/en/"},{"@type":"ListItem","position":2,"name":"Michael O Cleirigh Summer School"}]},{"@type":"WebSite","@id":"https://www.creativeireland.gov.ie/en/#website","url":"https://www.creativeireland.gov.ie/en/","name":"Creative Ireland Programme","description":"The Creative Ireland Programme is guided by a vision that every person in Ireland will have the opportunity to realise their full creative potential. It is a five year all-of-Government initiative, from 2017 to 2022, to place creativity at the centre of public policy.","potentialAction":[{"@type":"SearchAction","target":{"@type":"EntryPoint","urlTemplate":"https://www.creativeireland.gov.ie/en/?s={search_term_string}"},"query-input":{"@type":"PropertyValueSpecification","valueRequired":true,"valueName":"search_term_string"}}],"inLanguage":"en-US"}]}</script>
<!-- / Yoast SEO plugin. -->

The 2024 Mícheál Ó Cléirigh Summer School was held over the weekend of Friday 10th to Sunday 12th May.

The 2024 Mícheál Ó Cléirigh Summer School was held over the weekend of Friday 10th to Sunday 12th May. The School was established in Rossnowlagh in 2013. The first Summer School took place on 17th May, 2014. The purpose of the school  is to celebrate the life and achievements of Mícheál Ó Cléirigh and his [&hellip;]
