{"id":31982,"date":"2024-07-30T03:04:22","date_gmt":"2024-07-30T02:04:22","guid":{"rendered":"https:\/\/www.creativeireland.gov.ie\/event\/idir-dha-thra-presents-eist\/"},"modified":"2024-07-30T03:04:22","modified_gmt":"2024-07-30T02:04:22","slug":"idir-dha-thra-presents-eist","status":"publish","type":"event","link":"https:\/\/www.creativeireland.gov.ie\/en\/event\/idir-dha-thra-presents-eist\/","title":{"rendered":"Idir Dh\u00e1 Thr\u00e1 presents \u00c9ist"},"content":{"rendered":"<p><span lang=\"EN-GB\" xml:lang=\"EN-GB\">Idir Dh\u00e1 Thr\u00e1 is delighted to announce \u00c9ist, a night of quiet music in North Clare. \u00c9ist will take place in the Courthouse Gallery in Ennistymon on Friday 13th of September.\u00a0 The event seeks to engage listeners in the experience of deep listening and to cultivate a heightened awareness of sonic environments. Using an ambient\/electroacoustic framework, we will showcase two Irish composers who use natural soundscapes combined with electronic manipulations.\u00a0<\/span><\/p>\n<p><span lang=\"EN-GB\" xml:lang=\"EN-GB\"><\/span><\/p>\n<p><span lang=\"EN-GB\" xml:lang=\"EN-GB\"><strong>Performers<\/strong><\/span><\/p>\n<p><span lang=\"EN-GB\" xml:lang=\"EN-GB\"><\/span><\/p>\n<p><span lang=\"EN-GB\" xml:lang=\"EN-GB\">Michael Lightbourne<\/span><\/p>\n<p><span lang=\"EN-GB\" xml:lang=\"EN-GB\"><\/span><\/p>\n<p><span lang=\"EN-GB\" xml:lang=\"EN-GB\">Michael Lightborne is an artist, researcher and teacher based in Birmingham and Cork. He works with sound, moving images and text. Michael&#8217;s performance at \u00c9ist will revolve around his research work into the life and ideas John Moriarty and the Irish landscape.\u00a0Using field recordings and drone atmospherics, Michael questions the role of sound in formulating our relationship to land and the impact that the humans have on the natural landscape.\u00a0<\/span><\/p>\n<p><span lang=\"EN-GB\" xml:lang=\"EN-GB\">LAIR\u00a0<\/span><\/p>\n<p><span lang=\"EN-GB\" xml:lang=\"EN-GB\"><\/span><\/p>\n<p><span lang=\"EN-GB\" xml:lang=\"EN-GB\">Laura Kilty is an Irish artist, singer, composer, producer, releasing her vocal work under the title of LAIR.\u00a0 She has a Masters in Music and Media Technologies from Trinity College Dublin and lectured in composition and music technology to undergrads in Trinity while studying for a PhD in composition. She also set up a choir and strings ensemble called SoundSet with conductor Emma O\u2019Halloran.\u00a0 She works as a Yoga Teacher, Sound Healer and Angelic Reiki Master Teacher and runs retreats and workshops around the world.<\/span><\/p>\n","protected":false},"author":0,"featured_media":31983,"template":"","class_list":["post-31982","event","type-event","status-publish","has-post-thumbnail","hentry"],"acf":[],"yoast_head":"<!-- This site is optimized with the Yoast SEO plugin v25.9 - https:\/\/yoast.com\/wordpress\/plugins\/seo\/ -->\n<title>Idir Dh\u00e1 Thr\u00e1 presents \u00c9ist - Creative Ireland Programme<\/title>\n<meta name=\"description\" content=\"Idir Dh\u00e1 Thr\u00e1 is delighted to announce \u00c9ist, a night of quiet music in North Clare.\" \/>\n<meta name=\"robots\" content=\"index, follow, max-snippet:-1, max-image-preview:large, max-video-preview:-1\" \/>\n<link rel=\"canonical\" href=\"https:\/\/www.creativeireland.gov.ie\/en\/event\/idir-dha-thra-presents-eist\/\" \/>\n<meta property=\"og:locale\" content=\"en_US\" \/>\n<meta property=\"og:type\" content=\"article\" \/>\n<meta property=\"og:title\" content=\"Idir Dh\u00e1 Thr\u00e1 presents \u00c9ist - Creative Ireland Programme\" \/>\n<meta property=\"og:description\" content=\"Idir Dh\u00e1 Thr\u00e1 is delighted to announce \u00c9ist, a night of quiet music in North Clare. \u00c9ist will take place in the Courthouse Gallery in Ennistymon on Friday 13th of September.\u00a0 The event seeks to engage listeners in the experience of deep listening and to cultivate a heightened awareness of sonic environments. Using an ambient\/electroacoustic [&hellip;]\" \/>\n<meta property=\"og:url\" content=\"https:\/\/www.creativeireland.gov.ie\/en\/event\/idir-dha-thra-presents-eist\/\" \/>\n<meta property=\"og:site_name\" content=\"Creative Ireland Programme\" \/>\n<meta property=\"article:publisher\" content=\"https:\/\/www.facebook.com\/CreativeIrl\/\" \/>\n<meta name=\"twitter:card\" content=\"summary_large_image\" \/>\n<meta name=\"twitter:site\" content=\"@creativeirl\" \/>\n<meta name=\"twitter:label1\" content=\"Est. reading time\" \/>\n\t<meta name=\"twitter:data1\" content=\"1 minute\" \/>\n<script type=\"application\/ld+json\" class=\"yoast-schema-graph\">{\"@context\":\"https:\/\/schema.org\",\"@graph\":[{\"@type\":\"WebPage\",\"@id\":\"https:\/\/www.creativeireland.gov.ie\/en\/event\/idir-dha-thra-presents-eist\/\",\"url\":\"https:\/\/www.creativeireland.gov.ie\/en\/event\/idir-dha-thra-presents-eist\/\",\"name\":\"Idir Dh\u00e1 Thr\u00e1 presents \u00c9ist - Creative Ireland Programme\",\"isPartOf\":{\"@id\":\"https:\/\/www.creativeireland.gov.ie\/en\/#website\"},\"primaryImageOfPage\":{\"@id\":\"https:\/\/www.creativeireland.gov.ie\/en\/event\/idir-dha-thra-presents-eist\/#primaryimage\"},\"image\":{\"@id\":\"https:\/\/www.creativeireland.gov.ie\/en\/event\/idir-dha-thra-presents-eist\/#primaryimage\"},\"thumbnailUrl\":\"https:\/\/www.creativeireland.gov.ie\/app\/uploads\/2024\/07\/idir-dha-thra-poster-scaled.jpg\",\"datePublished\":\"2024-07-30T02:04:22+00:00\",\"breadcrumb\":{\"@id\":\"https:\/\/www.creativeireland.gov.ie\/en\/event\/idir-dha-thra-presents-eist\/#breadcrumb\"},\"inLanguage\":\"en-US\",\"potentialAction\":[{\"@type\":\"ReadAction\",\"target\":[\"https:\/\/www.creativeireland.gov.ie\/en\/event\/idir-dha-thra-presents-eist\/\"]}]},{\"@type\":\"ImageObject\",\"inLanguage\":\"en-US\",\"@id\":\"https:\/\/www.creativeireland.gov.ie\/en\/event\/idir-dha-thra-presents-eist\/#primaryimage\",\"url\":\"https:\/\/www.creativeireland.gov.ie\/app\/uploads\/2024\/07\/idir-dha-thra-poster-scaled.jpg\",\"contentUrl\":\"https:\/\/www.creativeireland.gov.ie\/app\/uploads\/2024\/07\/idir-dha-thra-poster-scaled.jpg\",\"width\":2560,\"height\":1224},{\"@type\":\"BreadcrumbList\",\"@id\":\"https:\/\/www.creativeireland.gov.ie\/en\/event\/idir-dha-thra-presents-eist\/#breadcrumb\",\"itemListElement\":[{\"@type\":\"ListItem\",\"position\":1,\"name\":\"Home\",\"item\":\"https:\/\/www.creativeireland.gov.ie\/en\/\"},{\"@type\":\"ListItem\",\"position\":2,\"name\":\"Idir Dh\u00e1 Thr\u00e1 presents \u00c9ist\"}]},{\"@type\":\"WebSite\",\"@id\":\"https:\/\/www.creativeireland.gov.ie\/en\/#website\",\"url\":\"https:\/\/www.creativeireland.gov.ie\/en\/\",\"name\":\"Creative Ireland Programme\",\"description\":\"The Creative Ireland Programme is guided by a vision that every person in Ireland will have the opportunity to realise their full creative potential. It is a five year all-of-Government initiative, from 2017 to 2022, to place creativity at the centre of public policy.\",\"potentialAction\":[{\"@type\":\"SearchAction\",\"target\":{\"@type\":\"EntryPoint\",\"urlTemplate\":\"https:\/\/www.creativeireland.gov.ie\/en\/?s={search_term_string}\"},\"query-input\":{\"@type\":\"PropertyValueSpecification\",\"valueRequired\":true,\"valueName\":\"search_term_string\"}}],\"inLanguage\":\"en-US\"}]}<\/script>\n<!-- \/ Yoast SEO plugin. -->","yoast_head_json":{"title":"Idir Dh\u00e1 Thr\u00e1 presents \u00c9ist - Creative Ireland Programme","description":"Idir Dh\u00e1 Thr\u00e1 is delighted to announce \u00c9ist, a night of quiet music in North Clare.","robots":{"index":"index","follow":"follow","max-snippet":"max-snippet:-1","max-image-preview":"max-image-preview:large","max-video-preview":"max-video-preview:-1"},"canonical":"https:\/\/www.creativeireland.gov.ie\/en\/event\/idir-dha-thra-presents-eist\/","og_locale":"en_US","og_type":"article","og_title":"Idir Dh\u00e1 Thr\u00e1 presents \u00c9ist - Creative Ireland Programme","og_description":"Idir Dh\u00e1 Thr\u00e1 is delighted to announce \u00c9ist, a night of quiet music in North Clare. \u00c9ist will take place in the Courthouse Gallery in Ennistymon on Friday 13th of September.\u00a0 The event seeks to engage listeners in the experience of deep listening and to cultivate a heightened awareness of sonic environments. Using an ambient\/electroacoustic [&hellip;]","og_url":"https:\/\/www.creativeireland.gov.ie\/en\/event\/idir-dha-thra-presents-eist\/","og_site_name":"Creative Ireland Programme","article_publisher":"https:\/\/www.facebook.com\/CreativeIrl\/","twitter_card":"summary_large_image","twitter_site":"@creativeirl","twitter_misc":{"Est. reading time":"1 minute"},"schema":{"@context":"https:\/\/schema.org","@graph":[{"@type":"WebPage","@id":"https:\/\/www.creativeireland.gov.ie\/en\/event\/idir-dha-thra-presents-eist\/","url":"https:\/\/www.creativeireland.gov.ie\/en\/event\/idir-dha-thra-presents-eist\/","name":"Idir Dh\u00e1 Thr\u00e1 presents \u00c9ist - Creative Ireland Programme","isPartOf":{"@id":"https:\/\/www.creativeireland.gov.ie\/en\/#website"},"primaryImageOfPage":{"@id":"https:\/\/www.creativeireland.gov.ie\/en\/event\/idir-dha-thra-presents-eist\/#primaryimage"},"image":{"@id":"https:\/\/www.creativeireland.gov.ie\/en\/event\/idir-dha-thra-presents-eist\/#primaryimage"},"thumbnailUrl":"https:\/\/www.creativeireland.gov.ie\/app\/uploads\/2024\/07\/idir-dha-thra-poster-scaled.jpg","datePublished":"2024-07-30T02:04:22+00:00","breadcrumb":{"@id":"https:\/\/www.creativeireland.gov.ie\/en\/event\/idir-dha-thra-presents-eist\/#breadcrumb"},"inLanguage":"en-US","potentialAction":[{"@type":"ReadAction","target":["https:\/\/www.creativeireland.gov.ie\/en\/event\/idir-dha-thra-presents-eist\/"]}]},{"@type":"ImageObject","inLanguage":"en-US","@id":"https:\/\/www.creativeireland.gov.ie\/en\/event\/idir-dha-thra-presents-eist\/#primaryimage","url":"https:\/\/www.creativeireland.gov.ie\/app\/uploads\/2024\/07\/idir-dha-thra-poster-scaled.jpg","contentUrl":"https:\/\/www.creativeireland.gov.ie\/app\/uploads\/2024\/07\/idir-dha-thra-poster-scaled.jpg","width":2560,"height":1224},{"@type":"BreadcrumbList","@id":"https:\/\/www.creativeireland.gov.ie\/en\/event\/idir-dha-thra-presents-eist\/#breadcrumb","itemListElement":[{"@type":"ListItem","position":1,"name":"Home","item":"https:\/\/www.creativeireland.gov.ie\/en\/"},{"@type":"ListItem","position":2,"name":"Idir Dh\u00e1 Thr\u00e1 presents \u00c9ist"}]},{"@type":"WebSite","@id":"https:\/\/www.creativeireland.gov.ie\/en\/#website","url":"https:\/\/www.creativeireland.gov.ie\/en\/","name":"Creative Ireland Programme","description":"The Creative Ireland Programme is guided by a vision that every person in Ireland will have the opportunity to realise their full creative potential. It is a five year all-of-Government initiative, from 2017 to 2022, to place creativity at the centre of public policy.","potentialAction":[{"@type":"SearchAction","target":{"@type":"EntryPoint","urlTemplate":"https:\/\/www.creativeireland.gov.ie\/en\/?s={search_term_string}"},"query-input":{"@type":"PropertyValueSpecification","valueRequired":true,"valueName":"search_term_string"}}],"inLanguage":"en-US"}]}},"_links":{"self":[{"href":"https:\/\/www.creativeireland.gov.ie\/en\/wp-json\/wp\/v2\/event\/31982","targetHints":{"allow":["GET"]}}],"collection":[{"href":"https:\/\/www.creativeireland.gov.ie\/en\/wp-json\/wp\/v2\/event"}],"about":[{"href":"https:\/\/www.creativeireland.gov.ie\/en\/wp-json\/wp\/v2\/types\/event"}],"wp:featuredmedia":[{"embeddable":true,"href":"https:\/\/www.creativeireland.gov.ie\/en\/wp-json\/wp\/v2\/media\/31983"}],"wp:attachment":[{"href":"https:\/\/www.creativeireland.gov.ie\/en\/wp-json\/wp\/v2\/media?parent=31982"}],"curies":[{"name":"wp","href":"https:\/\/api.w.org\/{rel}","templated":true}]}}

Idir Dhá Thrá presents Éist

<p><span lang="EN-GB" xml:lang="EN-GB">Idir Dhá Thrá is delighted to announce Éist, a night of quiet music in North Clare. Éist will take place in the Courthouse Gallery in Ennistymon on Friday 13th of September.  The event seeks to engage listeners in the experience of deep listening and to cultivate a heightened awareness of sonic environments. Using an ambient/electroacoustic framework, we will showcase two Irish composers who use natural soundscapes combined with electronic manipulations. </span></p>
<p><span lang="EN-GB" xml:lang="EN-GB"></span></p>
<p><span lang="EN-GB" xml:lang="EN-GB"><strong>Performers</strong></span></p>
<p><span lang="EN-GB" xml:lang="EN-GB"></span></p>
<p><span lang="EN-GB" xml:lang="EN-GB">Michael Lightbourne</span></p>
<p><span lang="EN-GB" xml:lang="EN-GB"></span></p>
<p><span lang="EN-GB" xml:lang="EN-GB">Michael Lightborne is an artist, researcher and teacher based in Birmingham and Cork. He works with sound, moving images and text. Michael&#8217;s performance at Éist will revolve around his research work into the life and ideas John Moriarty and the Irish landscape. Using field recordings and drone atmospherics, Michael questions the role of sound in formulating our relationship to land and the impact that the humans have on the natural landscape. </span></p>
<p><span lang="EN-GB" xml:lang="EN-GB">LAIR </span></p>
<p><span lang="EN-GB" xml:lang="EN-GB"></span></p>
<p><span lang="EN-GB" xml:lang="EN-GB">Laura Kilty is an Irish artist, singer, composer, producer, releasing her vocal work under the title of LAIR.  She has a Masters in Music and Media Technologies from Trinity College Dublin and lectured in composition and music technology to undergrads in Trinity while studying for a PhD in composition. She also set up a choir and strings ensemble called SoundSet with conductor Emma O’Halloran.  She works as a Yoga Teacher, Sound Healer and Angelic Reiki Master Teacher and runs retreats and workshops around the world.</span></p>

<!-- This site is optimized with the Yoast SEO plugin v25.9 - https://yoast.com/wordpress/plugins/seo/ -->
<title>Idir Dhá Thrá presents Éist - Creative Ireland Programme</title>
<meta name="description" content="Idir Dhá Thrá is delighted to announce Éist, a night of quiet music in North Clare." />
<meta name="robots" content="index, follow, max-snippet:-1, max-image-preview:large, max-video-preview:-1" />
<link rel="canonical" href="https://www.creativeireland.gov.ie/en/event/idir-dha-thra-presents-eist/" />
<meta property="og:locale" content="en_US" />
<meta property="og:type" content="article" />
<meta property="og:title" content="Idir Dhá Thrá presents Éist - Creative Ireland Programme" />
<meta property="og:description" content="Idir Dhá Thrá is delighted to announce Éist, a night of quiet music in North Clare. Éist will take place in the Courthouse Gallery in Ennistymon on Friday 13th of September.  The event seeks to engage listeners in the experience of deep listening and to cultivate a heightened awareness of sonic environments. Using an ambient/electroacoustic [&hellip;]" />
<meta property="og:url" content="https://www.creativeireland.gov.ie/en/event/idir-dha-thra-presents-eist/" />
<meta property="og:site_name" content="Creative Ireland Programme" />
<meta property="article:publisher" content="https://www.facebook.com/CreativeIrl/" />
<meta name="twitter:card" content="summary_large_image" />
<meta name="twitter:site" content="@creativeirl" />
<meta name="twitter:label1" content="Est. reading time" />
	<meta name="twitter:data1" content="1 minute" />
<script type="application/ld+json" class="yoast-schema-graph">{"@context":"https://schema.org","@graph":[{"@type":"WebPage","@id":"https://www.creativeireland.gov.ie/en/event/idir-dha-thra-presents-eist/","url":"https://www.creativeireland.gov.ie/en/event/idir-dha-thra-presents-eist/","name":"Idir Dhá Thrá presents Éist - Creative Ireland Programme","isPartOf":{"@id":"https://www.creativeireland.gov.ie/en/#website"},"primaryImageOfPage":{"@id":"https://www.creativeireland.gov.ie/en/event/idir-dha-thra-presents-eist/#primaryimage"},"image":{"@id":"https://www.creativeireland.gov.ie/en/event/idir-dha-thra-presents-eist/#primaryimage"},"thumbnailUrl":"https://www.creativeireland.gov.ie/app/uploads/2024/07/idir-dha-thra-poster-scaled.jpg","datePublished":"2024-07-30T02:04:22+00:00","breadcrumb":{"@id":"https://www.creativeireland.gov.ie/en/event/idir-dha-thra-presents-eist/#breadcrumb"},"inLanguage":"en-US","potentialAction":[{"@type":"ReadAction","target":["https://www.creativeireland.gov.ie/en/event/idir-dha-thra-presents-eist/"]}]},{"@type":"ImageObject","inLanguage":"en-US","@id":"https://www.creativeireland.gov.ie/en/event/idir-dha-thra-presents-eist/#primaryimage","url":"https://www.creativeireland.gov.ie/app/uploads/2024/07/idir-dha-thra-poster-scaled.jpg","contentUrl":"https://www.creativeireland.gov.ie/app/uploads/2024/07/idir-dha-thra-poster-scaled.jpg","width":2560,"height":1224},{"@type":"BreadcrumbList","@id":"https://www.creativeireland.gov.ie/en/event/idir-dha-thra-presents-eist/#breadcrumb","itemListElement":[{"@type":"ListItem","position":1,"name":"Home","item":"https://www.creativeireland.gov.ie/en/"},{"@type":"ListItem","position":2,"name":"Idir Dhá Thrá presents Éist"}]},{"@type":"WebSite","@id":"https://www.creativeireland.gov.ie/en/#website","url":"https://www.creativeireland.gov.ie/en/","name":"Creative Ireland Programme","description":"The Creative Ireland Programme is guided by a vision that every person in Ireland will have the opportunity to realise their full creative potential. It is a five year all-of-Government initiative, from 2017 to 2022, to place creativity at the centre of public policy.","potentialAction":[{"@type":"SearchAction","target":{"@type":"EntryPoint","urlTemplate":"https://www.creativeireland.gov.ie/en/?s={search_term_string}"},"query-input":{"@type":"PropertyValueSpecification","valueRequired":true,"valueName":"search_term_string"}}],"inLanguage":"en-US"}]}</script>
<!-- / Yoast SEO plugin. -->

Idir Dhá Thrá presents Éist - Creative Ireland Programme

Idir Dhá Thrá is delighted to announce Éist, a night of quiet music in North Clare.

Idir Dhá Thrá is delighted to announce Éist, a night of quiet music in North Clare. Éist will take place in the Courthouse Gallery in Ennistymon on Friday 13th of September.  The event seeks to engage listeners in the experience of deep listening and to cultivate a heightened awareness of sonic environments. Using an ambient/electroacoustic [&hellip;]
