{"id":33236,"date":"2024-10-01T03:05:43","date_gmt":"2024-10-01T02:05:43","guid":{"rendered":"https:\/\/www.creativeireland.gov.ie\/event\/cruinniu-na-nog-inclusive-engagement\/"},"modified":"2024-10-01T03:05:43","modified_gmt":"2024-10-01T02:05:43","slug":"cruinniu-na-nog-inclusive-engagement","status":"publish","type":"event","link":"https:\/\/www.creativeireland.gov.ie\/en\/event\/cruinniu-na-nog-inclusive-engagement\/","title":{"rendered":"Cruinni\u00fa na n\u00d3g Inclusive Engagement"},"content":{"rendered":"<p>In Autumn\/Winter 2024 young people in Cork City will come together to co-design an accessible, disability-friendly social event and pop-up youth space for Cruinni\u00fa na n\u00d3g 2025.<\/p>\n<p>Cork City Comhairle na n\u00d3g will collaborate with the student council of Scoil Bernadette and the Breaking Barriers Theatre Group to create an inclusive space that reflects the needs and wishes of young people with disabilities. Through meetings, theatre exercises, and creative sessions with local artists, the group will capture their ideas and design an event that empowers them to tell their story. The process will be documented in a zine, poster, or podcast to serve as a blueprint for future accessible events.<\/p>\n","protected":false},"author":0,"featured_media":33237,"template":"","class_list":["post-33236","event","type-event","status-publish","has-post-thumbnail","hentry"],"acf":[],"yoast_head":"<!-- This site is optimized with the Yoast SEO plugin v25.9 - https:\/\/yoast.com\/wordpress\/plugins\/seo\/ -->\n<title>Cruinni\u00fa na n\u00d3g Inclusive Engagement - Creative Ireland Programme<\/title>\n<meta name=\"description\" content=\"In Autumn\/Winter 2024 young people in Cork City will come together to co-design an accessible, disability-friendly social event and pop-up youth space for Cruinni\u00fa na n\u00d3g 2025.\" \/>\n<meta name=\"robots\" content=\"index, follow, max-snippet:-1, max-image-preview:large, max-video-preview:-1\" \/>\n<link rel=\"canonical\" href=\"https:\/\/www.creativeireland.gov.ie\/en\/event\/cruinniu-na-nog-inclusive-engagement\/\" \/>\n<meta property=\"og:locale\" content=\"en_US\" \/>\n<meta property=\"og:type\" content=\"article\" \/>\n<meta property=\"og:title\" content=\"Cruinni\u00fa na n\u00d3g Inclusive Engagement - Creative Ireland Programme\" \/>\n<meta property=\"og:description\" content=\"In Autumn\/Winter 2024 young people in Cork City will come together to co-design an accessible, disability-friendly social event and pop-up youth space for Cruinni\u00fa na n\u00d3g 2025. Cork City Comhairle na n\u00d3g will collaborate with the student council of Scoil Bernadette and the Breaking Barriers Theatre Group to create an inclusive space that reflects the [&hellip;]\" \/>\n<meta property=\"og:url\" content=\"https:\/\/www.creativeireland.gov.ie\/en\/event\/cruinniu-na-nog-inclusive-engagement\/\" \/>\n<meta property=\"og:site_name\" content=\"Creative Ireland Programme\" \/>\n<meta property=\"article:publisher\" content=\"https:\/\/www.facebook.com\/CreativeIrl\/\" \/>\n<meta name=\"twitter:card\" content=\"summary_large_image\" \/>\n<meta name=\"twitter:site\" content=\"@creativeirl\" \/>\n<meta name=\"twitter:label1\" content=\"Est. reading time\" \/>\n\t<meta name=\"twitter:data1\" content=\"1 minute\" \/>\n<script type=\"application\/ld+json\" class=\"yoast-schema-graph\">{\"@context\":\"https:\/\/schema.org\",\"@graph\":[{\"@type\":\"WebPage\",\"@id\":\"https:\/\/www.creativeireland.gov.ie\/en\/event\/cruinniu-na-nog-inclusive-engagement\/\",\"url\":\"https:\/\/www.creativeireland.gov.ie\/en\/event\/cruinniu-na-nog-inclusive-engagement\/\",\"name\":\"Cruinni\u00fa na n\u00d3g Inclusive Engagement - Creative Ireland Programme\",\"isPartOf\":{\"@id\":\"https:\/\/www.creativeireland.gov.ie\/en\/#website\"},\"primaryImageOfPage\":{\"@id\":\"https:\/\/www.creativeireland.gov.ie\/en\/event\/cruinniu-na-nog-inclusive-engagement\/#primaryimage\"},\"image\":{\"@id\":\"https:\/\/www.creativeireland.gov.ie\/en\/event\/cruinniu-na-nog-inclusive-engagement\/#primaryimage\"},\"thumbnailUrl\":\"https:\/\/www.creativeireland.gov.ie\/app\/uploads\/2024\/10\/rachel-coyne-1tuzf_ma87a-unsplash-scaled.jpg\",\"datePublished\":\"2024-10-01T02:05:43+00:00\",\"breadcrumb\":{\"@id\":\"https:\/\/www.creativeireland.gov.ie\/en\/event\/cruinniu-na-nog-inclusive-engagement\/#breadcrumb\"},\"inLanguage\":\"en-US\",\"potentialAction\":[{\"@type\":\"ReadAction\",\"target\":[\"https:\/\/www.creativeireland.gov.ie\/en\/event\/cruinniu-na-nog-inclusive-engagement\/\"]}]},{\"@type\":\"ImageObject\",\"inLanguage\":\"en-US\",\"@id\":\"https:\/\/www.creativeireland.gov.ie\/en\/event\/cruinniu-na-nog-inclusive-engagement\/#primaryimage\",\"url\":\"https:\/\/www.creativeireland.gov.ie\/app\/uploads\/2024\/10\/rachel-coyne-1tuzf_ma87a-unsplash-scaled.jpg\",\"contentUrl\":\"https:\/\/www.creativeireland.gov.ie\/app\/uploads\/2024\/10\/rachel-coyne-1tuzf_ma87a-unsplash-scaled.jpg\",\"width\":2560,\"height\":1706},{\"@type\":\"BreadcrumbList\",\"@id\":\"https:\/\/www.creativeireland.gov.ie\/en\/event\/cruinniu-na-nog-inclusive-engagement\/#breadcrumb\",\"itemListElement\":[{\"@type\":\"ListItem\",\"position\":1,\"name\":\"Home\",\"item\":\"https:\/\/www.creativeireland.gov.ie\/en\/\"},{\"@type\":\"ListItem\",\"position\":2,\"name\":\"Cruinni\u00fa na n\u00d3g Inclusive Engagement\"}]},{\"@type\":\"WebSite\",\"@id\":\"https:\/\/www.creativeireland.gov.ie\/en\/#website\",\"url\":\"https:\/\/www.creativeireland.gov.ie\/en\/\",\"name\":\"Creative Ireland Programme\",\"description\":\"The Creative Ireland Programme is guided by a vision that every person in Ireland will have the opportunity to realise their full creative potential. It is a five year all-of-Government initiative, from 2017 to 2022, to place creativity at the centre of public policy.\",\"potentialAction\":[{\"@type\":\"SearchAction\",\"target\":{\"@type\":\"EntryPoint\",\"urlTemplate\":\"https:\/\/www.creativeireland.gov.ie\/en\/?s={search_term_string}\"},\"query-input\":{\"@type\":\"PropertyValueSpecification\",\"valueRequired\":true,\"valueName\":\"search_term_string\"}}],\"inLanguage\":\"en-US\"}]}<\/script>\n<!-- \/ Yoast SEO plugin. -->","yoast_head_json":{"title":"Cruinni\u00fa na n\u00d3g Inclusive Engagement - Creative Ireland Programme","description":"In Autumn\/Winter 2024 young people in Cork City will come together to co-design an accessible, disability-friendly social event and pop-up youth space for Cruinni\u00fa na n\u00d3g 2025.","robots":{"index":"index","follow":"follow","max-snippet":"max-snippet:-1","max-image-preview":"max-image-preview:large","max-video-preview":"max-video-preview:-1"},"canonical":"https:\/\/www.creativeireland.gov.ie\/en\/event\/cruinniu-na-nog-inclusive-engagement\/","og_locale":"en_US","og_type":"article","og_title":"Cruinni\u00fa na n\u00d3g Inclusive Engagement - Creative Ireland Programme","og_description":"In Autumn\/Winter 2024 young people in Cork City will come together to co-design an accessible, disability-friendly social event and pop-up youth space for Cruinni\u00fa na n\u00d3g 2025. Cork City Comhairle na n\u00d3g will collaborate with the student council of Scoil Bernadette and the Breaking Barriers Theatre Group to create an inclusive space that reflects the [&hellip;]","og_url":"https:\/\/www.creativeireland.gov.ie\/en\/event\/cruinniu-na-nog-inclusive-engagement\/","og_site_name":"Creative Ireland Programme","article_publisher":"https:\/\/www.facebook.com\/CreativeIrl\/","twitter_card":"summary_large_image","twitter_site":"@creativeirl","twitter_misc":{"Est. reading time":"1 minute"},"schema":{"@context":"https:\/\/schema.org","@graph":[{"@type":"WebPage","@id":"https:\/\/www.creativeireland.gov.ie\/en\/event\/cruinniu-na-nog-inclusive-engagement\/","url":"https:\/\/www.creativeireland.gov.ie\/en\/event\/cruinniu-na-nog-inclusive-engagement\/","name":"Cruinni\u00fa na n\u00d3g Inclusive Engagement - Creative Ireland Programme","isPartOf":{"@id":"https:\/\/www.creativeireland.gov.ie\/en\/#website"},"primaryImageOfPage":{"@id":"https:\/\/www.creativeireland.gov.ie\/en\/event\/cruinniu-na-nog-inclusive-engagement\/#primaryimage"},"image":{"@id":"https:\/\/www.creativeireland.gov.ie\/en\/event\/cruinniu-na-nog-inclusive-engagement\/#primaryimage"},"thumbnailUrl":"https:\/\/www.creativeireland.gov.ie\/app\/uploads\/2024\/10\/rachel-coyne-1tuzf_ma87a-unsplash-scaled.jpg","datePublished":"2024-10-01T02:05:43+00:00","breadcrumb":{"@id":"https:\/\/www.creativeireland.gov.ie\/en\/event\/cruinniu-na-nog-inclusive-engagement\/#breadcrumb"},"inLanguage":"en-US","potentialAction":[{"@type":"ReadAction","target":["https:\/\/www.creativeireland.gov.ie\/en\/event\/cruinniu-na-nog-inclusive-engagement\/"]}]},{"@type":"ImageObject","inLanguage":"en-US","@id":"https:\/\/www.creativeireland.gov.ie\/en\/event\/cruinniu-na-nog-inclusive-engagement\/#primaryimage","url":"https:\/\/www.creativeireland.gov.ie\/app\/uploads\/2024\/10\/rachel-coyne-1tuzf_ma87a-unsplash-scaled.jpg","contentUrl":"https:\/\/www.creativeireland.gov.ie\/app\/uploads\/2024\/10\/rachel-coyne-1tuzf_ma87a-unsplash-scaled.jpg","width":2560,"height":1706},{"@type":"BreadcrumbList","@id":"https:\/\/www.creativeireland.gov.ie\/en\/event\/cruinniu-na-nog-inclusive-engagement\/#breadcrumb","itemListElement":[{"@type":"ListItem","position":1,"name":"Home","item":"https:\/\/www.creativeireland.gov.ie\/en\/"},{"@type":"ListItem","position":2,"name":"Cruinni\u00fa na n\u00d3g Inclusive Engagement"}]},{"@type":"WebSite","@id":"https:\/\/www.creativeireland.gov.ie\/en\/#website","url":"https:\/\/www.creativeireland.gov.ie\/en\/","name":"Creative Ireland Programme","description":"The Creative Ireland Programme is guided by a vision that every person in Ireland will have the opportunity to realise their full creative potential. It is a five year all-of-Government initiative, from 2017 to 2022, to place creativity at the centre of public policy.","potentialAction":[{"@type":"SearchAction","target":{"@type":"EntryPoint","urlTemplate":"https:\/\/www.creativeireland.gov.ie\/en\/?s={search_term_string}"},"query-input":{"@type":"PropertyValueSpecification","valueRequired":true,"valueName":"search_term_string"}}],"inLanguage":"en-US"}]}},"_links":{"self":[{"href":"https:\/\/www.creativeireland.gov.ie\/en\/wp-json\/wp\/v2\/event\/33236","targetHints":{"allow":["GET"]}}],"collection":[{"href":"https:\/\/www.creativeireland.gov.ie\/en\/wp-json\/wp\/v2\/event"}],"about":[{"href":"https:\/\/www.creativeireland.gov.ie\/en\/wp-json\/wp\/v2\/types\/event"}],"wp:featuredmedia":[{"embeddable":true,"href":"https:\/\/www.creativeireland.gov.ie\/en\/wp-json\/wp\/v2\/media\/33237"}],"wp:attachment":[{"href":"https:\/\/www.creativeireland.gov.ie\/en\/wp-json\/wp\/v2\/media?parent=33236"}],"curies":[{"name":"wp","href":"https:\/\/api.w.org\/{rel}","templated":true}]}}

Cruinniú na nÓg Inclusive Engagement

<p>In Autumn/Winter 2024 young people in Cork City will come together to co-design an accessible, disability-friendly social event and pop-up youth space for Cruinniú na nÓg 2025.</p>
<p>Cork City Comhairle na nÓg will collaborate with the student council of Scoil Bernadette and the Breaking Barriers Theatre Group to create an inclusive space that reflects the needs and wishes of young people with disabilities. Through meetings, theatre exercises, and creative sessions with local artists, the group will capture their ideas and design an event that empowers them to tell their story. The process will be documented in a zine, poster, or podcast to serve as a blueprint for future accessible events.</p>

<!-- This site is optimized with the Yoast SEO plugin v25.9 - https://yoast.com/wordpress/plugins/seo/ -->
<title>Cruinniú na nÓg Inclusive Engagement - Creative Ireland Programme</title>
<meta name="description" content="In Autumn/Winter 2024 young people in Cork City will come together to co-design an accessible, disability-friendly social event and pop-up youth space for Cruinniú na nÓg 2025." />
<meta name="robots" content="index, follow, max-snippet:-1, max-image-preview:large, max-video-preview:-1" />
<link rel="canonical" href="https://www.creativeireland.gov.ie/en/event/cruinniu-na-nog-inclusive-engagement/" />
<meta property="og:locale" content="en_US" />
<meta property="og:type" content="article" />
<meta property="og:title" content="Cruinniú na nÓg Inclusive Engagement - Creative Ireland Programme" />
<meta property="og:description" content="In Autumn/Winter 2024 young people in Cork City will come together to co-design an accessible, disability-friendly social event and pop-up youth space for Cruinniú na nÓg 2025. Cork City Comhairle na nÓg will collaborate with the student council of Scoil Bernadette and the Breaking Barriers Theatre Group to create an inclusive space that reflects the [&hellip;]" />
<meta property="og:url" content="https://www.creativeireland.gov.ie/en/event/cruinniu-na-nog-inclusive-engagement/" />
<meta property="og:site_name" content="Creative Ireland Programme" />
<meta property="article:publisher" content="https://www.facebook.com/CreativeIrl/" />
<meta name="twitter:card" content="summary_large_image" />
<meta name="twitter:site" content="@creativeirl" />
<meta name="twitter:label1" content="Est. reading time" />
	<meta name="twitter:data1" content="1 minute" />
<script type="application/ld+json" class="yoast-schema-graph">{"@context":"https://schema.org","@graph":[{"@type":"WebPage","@id":"https://www.creativeireland.gov.ie/en/event/cruinniu-na-nog-inclusive-engagement/","url":"https://www.creativeireland.gov.ie/en/event/cruinniu-na-nog-inclusive-engagement/","name":"Cruinniú na nÓg Inclusive Engagement - Creative Ireland Programme","isPartOf":{"@id":"https://www.creativeireland.gov.ie/en/#website"},"primaryImageOfPage":{"@id":"https://www.creativeireland.gov.ie/en/event/cruinniu-na-nog-inclusive-engagement/#primaryimage"},"image":{"@id":"https://www.creativeireland.gov.ie/en/event/cruinniu-na-nog-inclusive-engagement/#primaryimage"},"thumbnailUrl":"https://www.creativeireland.gov.ie/app/uploads/2024/10/rachel-coyne-1tuzf_ma87a-unsplash-scaled.jpg","datePublished":"2024-10-01T02:05:43+00:00","breadcrumb":{"@id":"https://www.creativeireland.gov.ie/en/event/cruinniu-na-nog-inclusive-engagement/#breadcrumb"},"inLanguage":"en-US","potentialAction":[{"@type":"ReadAction","target":["https://www.creativeireland.gov.ie/en/event/cruinniu-na-nog-inclusive-engagement/"]}]},{"@type":"ImageObject","inLanguage":"en-US","@id":"https://www.creativeireland.gov.ie/en/event/cruinniu-na-nog-inclusive-engagement/#primaryimage","url":"https://www.creativeireland.gov.ie/app/uploads/2024/10/rachel-coyne-1tuzf_ma87a-unsplash-scaled.jpg","contentUrl":"https://www.creativeireland.gov.ie/app/uploads/2024/10/rachel-coyne-1tuzf_ma87a-unsplash-scaled.jpg","width":2560,"height":1706},{"@type":"BreadcrumbList","@id":"https://www.creativeireland.gov.ie/en/event/cruinniu-na-nog-inclusive-engagement/#breadcrumb","itemListElement":[{"@type":"ListItem","position":1,"name":"Home","item":"https://www.creativeireland.gov.ie/en/"},{"@type":"ListItem","position":2,"name":"Cruinniú na nÓg Inclusive Engagement"}]},{"@type":"WebSite","@id":"https://www.creativeireland.gov.ie/en/#website","url":"https://www.creativeireland.gov.ie/en/","name":"Creative Ireland Programme","description":"The Creative Ireland Programme is guided by a vision that every person in Ireland will have the opportunity to realise their full creative potential. It is a five year all-of-Government initiative, from 2017 to 2022, to place creativity at the centre of public policy.","potentialAction":[{"@type":"SearchAction","target":{"@type":"EntryPoint","urlTemplate":"https://www.creativeireland.gov.ie/en/?s={search_term_string}"},"query-input":{"@type":"PropertyValueSpecification","valueRequired":true,"valueName":"search_term_string"}}],"inLanguage":"en-US"}]}</script>
<!-- / Yoast SEO plugin. -->

Cruinniú na nÓg Inclusive Engagement - Creative Ireland Programme

In Autumn/Winter 2024 young people in Cork City will come together to co-design an accessible, disability-friendly social event and pop-up youth space for Cruinniú na nÓg 2025.

In Autumn/Winter 2024 young people in Cork City will come together to co-design an accessible, disability-friendly social event and pop-up youth space for Cruinniú na nÓg 2025. Cork City Comhairle na nÓg will collaborate with the student council of Scoil Bernadette and the Breaking Barriers Theatre Group to create an inclusive space that reflects the [&hellip;]
