{"id":33464,"date":"2024-10-11T03:06:27","date_gmt":"2024-10-11T02:06:27","guid":{"rendered":"https:\/\/www.creativeireland.gov.ie\/event\/scolaireacht-chuimhneachain-oonagh-bean-ui-shuilleabhain-ni-cheilleachair\/"},"modified":"2024-10-11T03:06:27","modified_gmt":"2024-10-11T02:06:27","slug":"scolaireacht-chuimhneachain-oonagh-bean-ui-shuilleabhain-ni-cheilleachair","status":"publish","type":"event","link":"https:\/\/www.creativeireland.gov.ie\/en\/event\/scolaireacht-chuimhneachain-oonagh-bean-ui-shuilleabhain-ni-cheilleachair\/","title":{"rendered":"Scol\u00e1ireacht Chuimhneach\u00e1in Oonagh Bean U\u00ed Sh\u00failleabh\u00e1in (N\u00ed Ch\u00e9illeachair)"},"content":{"rendered":"<p>This project celebrates the enormous contribution of Oonagh Bean U\u00ed Sh\u00failleabh\u00e1in (N\u00ed Ch\u00e9illeachair) to the promotion of the Irish language, and will continue her legacy by supporting a young Irish speaker in their creative practice.\u00a0<\/p>\n<p>Oonagh was deeply committed to enhancing positive engagement with the Irish language through inclusive, creative and most of all, enjoyable events which fostered community connections and built social relationships. Oonagh was a champion of the arts and understood the value of creative mediums such as song, drama and literature for fostering engagement with the Irish language. Throughout all her work, Oonagh maintained a strong focus on inclusion and on making sure that opportunities to engage with the language were open to all members of the community. She worked tirelessly for communities and for the Irish language.\u00a0<\/p>\n<p>Drawing from Oonagh\u2019s achievements and areas of interest, the aims of this program will support an Irish language speaker to explore and share their creativity with their community.\u00a0<\/p>\n","protected":false},"author":0,"featured_media":33465,"template":"","class_list":["post-33464","event","type-event","status-publish","has-post-thumbnail","hentry"],"acf":[],"yoast_head":"<!-- This site is optimized with the Yoast SEO plugin v25.9 - https:\/\/yoast.com\/wordpress\/plugins\/seo\/ -->\n<title>Scol\u00e1ireacht Chuimhneach\u00e1in Oonagh Bean U\u00ed Sh\u00failleabh\u00e1in (N\u00ed Ch\u00e9illeachair) - Creative Ireland Programme<\/title>\n<meta name=\"description\" content=\"This project celebrates the enormous contribution of Oonagh Bean U\u00ed Sh\u00failleabh\u00e1in (N\u00ed Ch\u00e9illeachair) to the promotion of the Irish language, and will continue her legacy by supporting a young Irish speaker in their creative practice.\" \/>\n<meta name=\"robots\" content=\"index, follow, max-snippet:-1, max-image-preview:large, max-video-preview:-1\" \/>\n<link rel=\"canonical\" href=\"https:\/\/www.creativeireland.gov.ie\/en\/event\/scolaireacht-chuimhneachain-oonagh-bean-ui-shuilleabhain-ni-cheilleachair\/\" \/>\n<meta property=\"og:locale\" content=\"en_US\" \/>\n<meta property=\"og:type\" content=\"article\" \/>\n<meta property=\"og:title\" content=\"Scol\u00e1ireacht Chuimhneach\u00e1in Oonagh Bean U\u00ed Sh\u00failleabh\u00e1in (N\u00ed Ch\u00e9illeachair) - Creative Ireland Programme\" \/>\n<meta property=\"og:description\" content=\"This project celebrates the enormous contribution of Oonagh Bean U\u00ed Sh\u00failleabh\u00e1in (N\u00ed Ch\u00e9illeachair) to the promotion of the Irish language, and will continue her legacy by supporting a young Irish speaker in their creative practice.\u00a0 Oonagh was deeply committed to enhancing positive engagement with the Irish language through inclusive, creative and most of all, enjoyable [&hellip;]\" \/>\n<meta property=\"og:url\" content=\"https:\/\/www.creativeireland.gov.ie\/en\/event\/scolaireacht-chuimhneachain-oonagh-bean-ui-shuilleabhain-ni-cheilleachair\/\" \/>\n<meta property=\"og:site_name\" content=\"Creative Ireland Programme\" \/>\n<meta property=\"article:publisher\" content=\"https:\/\/www.facebook.com\/CreativeIrl\/\" \/>\n<meta name=\"twitter:card\" content=\"summary_large_image\" \/>\n<meta name=\"twitter:site\" content=\"@creativeirl\" \/>\n<meta name=\"twitter:label1\" content=\"Est. reading time\" \/>\n\t<meta name=\"twitter:data1\" content=\"1 minute\" \/>\n<script type=\"application\/ld+json\" class=\"yoast-schema-graph\">{\"@context\":\"https:\/\/schema.org\",\"@graph\":[{\"@type\":\"WebPage\",\"@id\":\"https:\/\/www.creativeireland.gov.ie\/en\/event\/scolaireacht-chuimhneachain-oonagh-bean-ui-shuilleabhain-ni-cheilleachair\/\",\"url\":\"https:\/\/www.creativeireland.gov.ie\/en\/event\/scolaireacht-chuimhneachain-oonagh-bean-ui-shuilleabhain-ni-cheilleachair\/\",\"name\":\"Scol\u00e1ireacht Chuimhneach\u00e1in Oonagh Bean U\u00ed Sh\u00failleabh\u00e1in (N\u00ed Ch\u00e9illeachair) - Creative Ireland Programme\",\"isPartOf\":{\"@id\":\"https:\/\/www.creativeireland.gov.ie\/en\/#website\"},\"primaryImageOfPage\":{\"@id\":\"https:\/\/www.creativeireland.gov.ie\/en\/event\/scolaireacht-chuimhneachain-oonagh-bean-ui-shuilleabhain-ni-cheilleachair\/#primaryimage\"},\"image\":{\"@id\":\"https:\/\/www.creativeireland.gov.ie\/en\/event\/scolaireacht-chuimhneachain-oonagh-bean-ui-shuilleabhain-ni-cheilleachair\/#primaryimage\"},\"thumbnailUrl\":\"https:\/\/www.creativeireland.gov.ie\/app\/uploads\/2024\/10\/part-a-images-2.png\",\"datePublished\":\"2024-10-11T02:06:27+00:00\",\"breadcrumb\":{\"@id\":\"https:\/\/www.creativeireland.gov.ie\/en\/event\/scolaireacht-chuimhneachain-oonagh-bean-ui-shuilleabhain-ni-cheilleachair\/#breadcrumb\"},\"inLanguage\":\"en-US\",\"potentialAction\":[{\"@type\":\"ReadAction\",\"target\":[\"https:\/\/www.creativeireland.gov.ie\/en\/event\/scolaireacht-chuimhneachain-oonagh-bean-ui-shuilleabhain-ni-cheilleachair\/\"]}]},{\"@type\":\"ImageObject\",\"inLanguage\":\"en-US\",\"@id\":\"https:\/\/www.creativeireland.gov.ie\/en\/event\/scolaireacht-chuimhneachain-oonagh-bean-ui-shuilleabhain-ni-cheilleachair\/#primaryimage\",\"url\":\"https:\/\/www.creativeireland.gov.ie\/app\/uploads\/2024\/10\/part-a-images-2.png\",\"contentUrl\":\"https:\/\/www.creativeireland.gov.ie\/app\/uploads\/2024\/10\/part-a-images-2.png\",\"width\":700,\"height\":420},{\"@type\":\"BreadcrumbList\",\"@id\":\"https:\/\/www.creativeireland.gov.ie\/en\/event\/scolaireacht-chuimhneachain-oonagh-bean-ui-shuilleabhain-ni-cheilleachair\/#breadcrumb\",\"itemListElement\":[{\"@type\":\"ListItem\",\"position\":1,\"name\":\"Home\",\"item\":\"https:\/\/www.creativeireland.gov.ie\/en\/\"},{\"@type\":\"ListItem\",\"position\":2,\"name\":\"Scol\u00e1ireacht Chuimhneach\u00e1in Oonagh Bean U\u00ed Sh\u00failleabh\u00e1in (N\u00ed Ch\u00e9illeachair)\"}]},{\"@type\":\"WebSite\",\"@id\":\"https:\/\/www.creativeireland.gov.ie\/en\/#website\",\"url\":\"https:\/\/www.creativeireland.gov.ie\/en\/\",\"name\":\"Creative Ireland Programme\",\"description\":\"The Creative Ireland Programme is guided by a vision that every person in Ireland will have the opportunity to realise their full creative potential. It is a five year all-of-Government initiative, from 2017 to 2022, to place creativity at the centre of public policy.\",\"potentialAction\":[{\"@type\":\"SearchAction\",\"target\":{\"@type\":\"EntryPoint\",\"urlTemplate\":\"https:\/\/www.creativeireland.gov.ie\/en\/?s={search_term_string}\"},\"query-input\":{\"@type\":\"PropertyValueSpecification\",\"valueRequired\":true,\"valueName\":\"search_term_string\"}}],\"inLanguage\":\"en-US\"}]}<\/script>\n<!-- \/ Yoast SEO plugin. -->","yoast_head_json":{"title":"Scol\u00e1ireacht Chuimhneach\u00e1in Oonagh Bean U\u00ed Sh\u00failleabh\u00e1in (N\u00ed Ch\u00e9illeachair) - Creative Ireland Programme","description":"This project celebrates the enormous contribution of Oonagh Bean U\u00ed Sh\u00failleabh\u00e1in (N\u00ed Ch\u00e9illeachair) to the promotion of the Irish language, and will continue her legacy by supporting a young Irish speaker in their creative practice.","robots":{"index":"index","follow":"follow","max-snippet":"max-snippet:-1","max-image-preview":"max-image-preview:large","max-video-preview":"max-video-preview:-1"},"canonical":"https:\/\/www.creativeireland.gov.ie\/en\/event\/scolaireacht-chuimhneachain-oonagh-bean-ui-shuilleabhain-ni-cheilleachair\/","og_locale":"en_US","og_type":"article","og_title":"Scol\u00e1ireacht Chuimhneach\u00e1in Oonagh Bean U\u00ed Sh\u00failleabh\u00e1in (N\u00ed Ch\u00e9illeachair) - Creative Ireland Programme","og_description":"This project celebrates the enormous contribution of Oonagh Bean U\u00ed Sh\u00failleabh\u00e1in (N\u00ed Ch\u00e9illeachair) to the promotion of the Irish language, and will continue her legacy by supporting a young Irish speaker in their creative practice.\u00a0 Oonagh was deeply committed to enhancing positive engagement with the Irish language through inclusive, creative and most of all, enjoyable [&hellip;]","og_url":"https:\/\/www.creativeireland.gov.ie\/en\/event\/scolaireacht-chuimhneachain-oonagh-bean-ui-shuilleabhain-ni-cheilleachair\/","og_site_name":"Creative Ireland Programme","article_publisher":"https:\/\/www.facebook.com\/CreativeIrl\/","twitter_card":"summary_large_image","twitter_site":"@creativeirl","twitter_misc":{"Est. reading time":"1 minute"},"schema":{"@context":"https:\/\/schema.org","@graph":[{"@type":"WebPage","@id":"https:\/\/www.creativeireland.gov.ie\/en\/event\/scolaireacht-chuimhneachain-oonagh-bean-ui-shuilleabhain-ni-cheilleachair\/","url":"https:\/\/www.creativeireland.gov.ie\/en\/event\/scolaireacht-chuimhneachain-oonagh-bean-ui-shuilleabhain-ni-cheilleachair\/","name":"Scol\u00e1ireacht Chuimhneach\u00e1in Oonagh Bean U\u00ed Sh\u00failleabh\u00e1in (N\u00ed Ch\u00e9illeachair) - Creative Ireland Programme","isPartOf":{"@id":"https:\/\/www.creativeireland.gov.ie\/en\/#website"},"primaryImageOfPage":{"@id":"https:\/\/www.creativeireland.gov.ie\/en\/event\/scolaireacht-chuimhneachain-oonagh-bean-ui-shuilleabhain-ni-cheilleachair\/#primaryimage"},"image":{"@id":"https:\/\/www.creativeireland.gov.ie\/en\/event\/scolaireacht-chuimhneachain-oonagh-bean-ui-shuilleabhain-ni-cheilleachair\/#primaryimage"},"thumbnailUrl":"https:\/\/www.creativeireland.gov.ie\/app\/uploads\/2024\/10\/part-a-images-2.png","datePublished":"2024-10-11T02:06:27+00:00","breadcrumb":{"@id":"https:\/\/www.creativeireland.gov.ie\/en\/event\/scolaireacht-chuimhneachain-oonagh-bean-ui-shuilleabhain-ni-cheilleachair\/#breadcrumb"},"inLanguage":"en-US","potentialAction":[{"@type":"ReadAction","target":["https:\/\/www.creativeireland.gov.ie\/en\/event\/scolaireacht-chuimhneachain-oonagh-bean-ui-shuilleabhain-ni-cheilleachair\/"]}]},{"@type":"ImageObject","inLanguage":"en-US","@id":"https:\/\/www.creativeireland.gov.ie\/en\/event\/scolaireacht-chuimhneachain-oonagh-bean-ui-shuilleabhain-ni-cheilleachair\/#primaryimage","url":"https:\/\/www.creativeireland.gov.ie\/app\/uploads\/2024\/10\/part-a-images-2.png","contentUrl":"https:\/\/www.creativeireland.gov.ie\/app\/uploads\/2024\/10\/part-a-images-2.png","width":700,"height":420},{"@type":"BreadcrumbList","@id":"https:\/\/www.creativeireland.gov.ie\/en\/event\/scolaireacht-chuimhneachain-oonagh-bean-ui-shuilleabhain-ni-cheilleachair\/#breadcrumb","itemListElement":[{"@type":"ListItem","position":1,"name":"Home","item":"https:\/\/www.creativeireland.gov.ie\/en\/"},{"@type":"ListItem","position":2,"name":"Scol\u00e1ireacht Chuimhneach\u00e1in Oonagh Bean U\u00ed Sh\u00failleabh\u00e1in (N\u00ed Ch\u00e9illeachair)"}]},{"@type":"WebSite","@id":"https:\/\/www.creativeireland.gov.ie\/en\/#website","url":"https:\/\/www.creativeireland.gov.ie\/en\/","name":"Creative Ireland Programme","description":"The Creative Ireland Programme is guided by a vision that every person in Ireland will have the opportunity to realise their full creative potential. It is a five year all-of-Government initiative, from 2017 to 2022, to place creativity at the centre of public policy.","potentialAction":[{"@type":"SearchAction","target":{"@type":"EntryPoint","urlTemplate":"https:\/\/www.creativeireland.gov.ie\/en\/?s={search_term_string}"},"query-input":{"@type":"PropertyValueSpecification","valueRequired":true,"valueName":"search_term_string"}}],"inLanguage":"en-US"}]}},"_links":{"self":[{"href":"https:\/\/www.creativeireland.gov.ie\/en\/wp-json\/wp\/v2\/event\/33464","targetHints":{"allow":["GET"]}}],"collection":[{"href":"https:\/\/www.creativeireland.gov.ie\/en\/wp-json\/wp\/v2\/event"}],"about":[{"href":"https:\/\/www.creativeireland.gov.ie\/en\/wp-json\/wp\/v2\/types\/event"}],"wp:featuredmedia":[{"embeddable":true,"href":"https:\/\/www.creativeireland.gov.ie\/en\/wp-json\/wp\/v2\/media\/33465"}],"wp:attachment":[{"href":"https:\/\/www.creativeireland.gov.ie\/en\/wp-json\/wp\/v2\/media?parent=33464"}],"curies":[{"name":"wp","href":"https:\/\/api.w.org\/{rel}","templated":true}]}}

Scoláireacht Chuimhneacháin Oonagh Bean Uí Shúilleabháin (Ní Chéilleachair)

<p>This project celebrates the enormous contribution of Oonagh Bean Uí Shúilleabháin (Ní Chéilleachair) to the promotion of the Irish language, and will continue her legacy by supporting a young Irish speaker in their creative practice. </p>
<p>Oonagh was deeply committed to enhancing positive engagement with the Irish language through inclusive, creative and most of all, enjoyable events which fostered community connections and built social relationships. Oonagh was a champion of the arts and understood the value of creative mediums such as song, drama and literature for fostering engagement with the Irish language. Throughout all her work, Oonagh maintained a strong focus on inclusion and on making sure that opportunities to engage with the language were open to all members of the community. She worked tirelessly for communities and for the Irish language. </p>
<p>Drawing from Oonagh’s achievements and areas of interest, the aims of this program will support an Irish language speaker to explore and share their creativity with their community. </p>

<!-- This site is optimized with the Yoast SEO plugin v25.9 - https://yoast.com/wordpress/plugins/seo/ -->
<title>Scoláireacht Chuimhneacháin Oonagh Bean Uí Shúilleabháin (Ní Chéilleachair) - Creative Ireland Programme</title>
<meta name="description" content="This project celebrates the enormous contribution of Oonagh Bean Uí Shúilleabháin (Ní Chéilleachair) to the promotion of the Irish language, and will continue her legacy by supporting a young Irish speaker in their creative practice." />
<meta name="robots" content="index, follow, max-snippet:-1, max-image-preview:large, max-video-preview:-1" />
<link rel="canonical" href="https://www.creativeireland.gov.ie/en/event/scolaireacht-chuimhneachain-oonagh-bean-ui-shuilleabhain-ni-cheilleachair/" />
<meta property="og:locale" content="en_US" />
<meta property="og:type" content="article" />
<meta property="og:title" content="Scoláireacht Chuimhneacháin Oonagh Bean Uí Shúilleabháin (Ní Chéilleachair) - Creative Ireland Programme" />
<meta property="og:description" content="This project celebrates the enormous contribution of Oonagh Bean Uí Shúilleabháin (Ní Chéilleachair) to the promotion of the Irish language, and will continue her legacy by supporting a young Irish speaker in their creative practice.  Oonagh was deeply committed to enhancing positive engagement with the Irish language through inclusive, creative and most of all, enjoyable [&hellip;]" />
<meta property="og:url" content="https://www.creativeireland.gov.ie/en/event/scolaireacht-chuimhneachain-oonagh-bean-ui-shuilleabhain-ni-cheilleachair/" />
<meta property="og:site_name" content="Creative Ireland Programme" />
<meta property="article:publisher" content="https://www.facebook.com/CreativeIrl/" />
<meta name="twitter:card" content="summary_large_image" />
<meta name="twitter:site" content="@creativeirl" />
<meta name="twitter:label1" content="Est. reading time" />
	<meta name="twitter:data1" content="1 minute" />
<script type="application/ld+json" class="yoast-schema-graph">{"@context":"https://schema.org","@graph":[{"@type":"WebPage","@id":"https://www.creativeireland.gov.ie/en/event/scolaireacht-chuimhneachain-oonagh-bean-ui-shuilleabhain-ni-cheilleachair/","url":"https://www.creativeireland.gov.ie/en/event/scolaireacht-chuimhneachain-oonagh-bean-ui-shuilleabhain-ni-cheilleachair/","name":"Scoláireacht Chuimhneacháin Oonagh Bean Uí Shúilleabháin (Ní Chéilleachair) - Creative Ireland Programme","isPartOf":{"@id":"https://www.creativeireland.gov.ie/en/#website"},"primaryImageOfPage":{"@id":"https://www.creativeireland.gov.ie/en/event/scolaireacht-chuimhneachain-oonagh-bean-ui-shuilleabhain-ni-cheilleachair/#primaryimage"},"image":{"@id":"https://www.creativeireland.gov.ie/en/event/scolaireacht-chuimhneachain-oonagh-bean-ui-shuilleabhain-ni-cheilleachair/#primaryimage"},"thumbnailUrl":"https://www.creativeireland.gov.ie/app/uploads/2024/10/part-a-images-2.png","datePublished":"2024-10-11T02:06:27+00:00","breadcrumb":{"@id":"https://www.creativeireland.gov.ie/en/event/scolaireacht-chuimhneachain-oonagh-bean-ui-shuilleabhain-ni-cheilleachair/#breadcrumb"},"inLanguage":"en-US","potentialAction":[{"@type":"ReadAction","target":["https://www.creativeireland.gov.ie/en/event/scolaireacht-chuimhneachain-oonagh-bean-ui-shuilleabhain-ni-cheilleachair/"]}]},{"@type":"ImageObject","inLanguage":"en-US","@id":"https://www.creativeireland.gov.ie/en/event/scolaireacht-chuimhneachain-oonagh-bean-ui-shuilleabhain-ni-cheilleachair/#primaryimage","url":"https://www.creativeireland.gov.ie/app/uploads/2024/10/part-a-images-2.png","contentUrl":"https://www.creativeireland.gov.ie/app/uploads/2024/10/part-a-images-2.png","width":700,"height":420},{"@type":"BreadcrumbList","@id":"https://www.creativeireland.gov.ie/en/event/scolaireacht-chuimhneachain-oonagh-bean-ui-shuilleabhain-ni-cheilleachair/#breadcrumb","itemListElement":[{"@type":"ListItem","position":1,"name":"Home","item":"https://www.creativeireland.gov.ie/en/"},{"@type":"ListItem","position":2,"name":"Scoláireacht Chuimhneacháin Oonagh Bean Uí Shúilleabháin (Ní Chéilleachair)"}]},{"@type":"WebSite","@id":"https://www.creativeireland.gov.ie/en/#website","url":"https://www.creativeireland.gov.ie/en/","name":"Creative Ireland Programme","description":"The Creative Ireland Programme is guided by a vision that every person in Ireland will have the opportunity to realise their full creative potential. It is a five year all-of-Government initiative, from 2017 to 2022, to place creativity at the centre of public policy.","potentialAction":[{"@type":"SearchAction","target":{"@type":"EntryPoint","urlTemplate":"https://www.creativeireland.gov.ie/en/?s={search_term_string}"},"query-input":{"@type":"PropertyValueSpecification","valueRequired":true,"valueName":"search_term_string"}}],"inLanguage":"en-US"}]}</script>
<!-- / Yoast SEO plugin. -->

Scoláireacht Chuimhneacháin Oonagh Bean Uí Shúilleabháin (Ní Chéilleachair) - Creative Ireland Programme

This project celebrates the enormous contribution of Oonagh Bean Uí Shúilleabháin (Ní Chéilleachair) to the promotion of the Irish language, and will continue her legacy by supporting a young Irish speaker in their creative practice.

This project celebrates the enormous contribution of Oonagh Bean Uí Shúilleabháin (Ní Chéilleachair) to the promotion of the Irish language, and will continue her legacy by supporting a young Irish speaker in their creative practice.  Oonagh was deeply committed to enhancing positive engagement with the Irish language through inclusive, creative and most of all, enjoyable [&hellip;]
