{"id":33654,"date":"2024-10-22T03:04:52","date_gmt":"2024-10-22T02:04:52","guid":{"rendered":"https:\/\/www.creativeireland.gov.ie\/event\/feile-na-puca-ballyogan\/"},"modified":"2024-10-22T03:04:52","modified_gmt":"2024-10-22T02:04:52","slug":"feile-na-puca-ballyogan","status":"publish","type":"event","link":"https:\/\/www.creativeireland.gov.ie\/en\/event\/feile-na-puca-ballyogan\/","title":{"rendered":"F\u00e9ile na P\u00faca, Ballyogan"},"content":{"rendered":"<p>F\u00e9ile na P\u00faca, Ballyogan takes place on Saturday 2 November from 1.00pm &#8211; 8.00pm. This free event contains a mix of both community and professional performers. Through workshops leading up to the event community participants have created their own work and will share the stage with professional performers.<\/p>\n<p><span lang=\"EN-GB\">The ghost with the most family fun is coming for a spooktacular event beside Ballyogan Concrete Skatepark. &nbsp;All are welcome to come and enjoy this free family event with lots of fun activities. There will be live music, circus performers, fancy dress, karaoke, games and more!&nbsp;<\/span><\/p>\n<p><span lang=\"EN-GB\"><\/span><\/p>\n<p><span lang=\"EN-GB\">This event is funded by D\u00fan Laoghaire-Rathdown County Council and Creative Ireland, and supported by CrossCare, Samuel Beckett Centre and Dublin and D\u00fan Laoghaire Education &amp; Training Board.<\/span><span lang=\"EN-GB\"><\/span><\/p>\n","protected":false},"author":0,"featured_media":33655,"template":"","class_list":["post-33654","event","type-event","status-publish","has-post-thumbnail","hentry"],"acf":[],"yoast_head":"<!-- This site is optimized with the Yoast SEO plugin v25.9 - https:\/\/yoast.com\/wordpress\/plugins\/seo\/ -->\n<title>F\u00e9ile na P\u00faca, Ballyogan - Creative Ireland Programme<\/title>\n<meta name=\"description\" content=\"F\u00e9ile na P\u00faca, Ballyogan takes place on Saturday 2 November from 1.\" \/>\n<meta name=\"robots\" content=\"index, follow, max-snippet:-1, max-image-preview:large, max-video-preview:-1\" \/>\n<link rel=\"canonical\" href=\"https:\/\/www.creativeireland.gov.ie\/en\/event\/feile-na-puca-ballyogan\/\" \/>\n<meta property=\"og:locale\" content=\"en_US\" \/>\n<meta property=\"og:type\" content=\"article\" \/>\n<meta property=\"og:title\" content=\"F\u00e9ile na P\u00faca, Ballyogan - Creative Ireland Programme\" \/>\n<meta property=\"og:description\" content=\"F\u00e9ile na P\u00faca, Ballyogan takes place on Saturday 2 November from 1.00pm &#8211; 8.00pm. This free event contains a mix of both community and professional performers. Through workshops leading up to the event community participants have created their own work and will share the stage with professional performers. The ghost with the most family fun [&hellip;]\" \/>\n<meta property=\"og:url\" content=\"https:\/\/www.creativeireland.gov.ie\/en\/event\/feile-na-puca-ballyogan\/\" \/>\n<meta property=\"og:site_name\" content=\"Creative Ireland Programme\" \/>\n<meta property=\"article:publisher\" content=\"https:\/\/www.facebook.com\/CreativeIrl\/\" \/>\n<meta name=\"twitter:card\" content=\"summary_large_image\" \/>\n<meta name=\"twitter:site\" content=\"@creativeirl\" \/>\n<meta name=\"twitter:label1\" content=\"Est. reading time\" \/>\n\t<meta name=\"twitter:data1\" content=\"1 minute\" \/>\n<script type=\"application\/ld+json\" class=\"yoast-schema-graph\">{\"@context\":\"https:\/\/schema.org\",\"@graph\":[{\"@type\":\"WebPage\",\"@id\":\"https:\/\/www.creativeireland.gov.ie\/en\/event\/feile-na-puca-ballyogan\/\",\"url\":\"https:\/\/www.creativeireland.gov.ie\/en\/event\/feile-na-puca-ballyogan\/\",\"name\":\"F\u00e9ile na P\u00faca, Ballyogan - Creative Ireland Programme\",\"isPartOf\":{\"@id\":\"https:\/\/www.creativeireland.gov.ie\/en\/#website\"},\"primaryImageOfPage\":{\"@id\":\"https:\/\/www.creativeireland.gov.ie\/en\/event\/feile-na-puca-ballyogan\/#primaryimage\"},\"image\":{\"@id\":\"https:\/\/www.creativeireland.gov.ie\/en\/event\/feile-na-puca-ballyogan\/#primaryimage\"},\"thumbnailUrl\":\"https:\/\/www.creativeireland.gov.ie\/app\/uploads\/2024\/10\/shutterstock-halloween-image-scaled.jpg\",\"datePublished\":\"2024-10-22T02:04:52+00:00\",\"breadcrumb\":{\"@id\":\"https:\/\/www.creativeireland.gov.ie\/en\/event\/feile-na-puca-ballyogan\/#breadcrumb\"},\"inLanguage\":\"en-US\",\"potentialAction\":[{\"@type\":\"ReadAction\",\"target\":[\"https:\/\/www.creativeireland.gov.ie\/en\/event\/feile-na-puca-ballyogan\/\"]}]},{\"@type\":\"ImageObject\",\"inLanguage\":\"en-US\",\"@id\":\"https:\/\/www.creativeireland.gov.ie\/en\/event\/feile-na-puca-ballyogan\/#primaryimage\",\"url\":\"https:\/\/www.creativeireland.gov.ie\/app\/uploads\/2024\/10\/shutterstock-halloween-image-scaled.jpg\",\"contentUrl\":\"https:\/\/www.creativeireland.gov.ie\/app\/uploads\/2024\/10\/shutterstock-halloween-image-scaled.jpg\",\"width\":2560,\"height\":1736},{\"@type\":\"BreadcrumbList\",\"@id\":\"https:\/\/www.creativeireland.gov.ie\/en\/event\/feile-na-puca-ballyogan\/#breadcrumb\",\"itemListElement\":[{\"@type\":\"ListItem\",\"position\":1,\"name\":\"Home\",\"item\":\"https:\/\/www.creativeireland.gov.ie\/en\/\"},{\"@type\":\"ListItem\",\"position\":2,\"name\":\"F\u00e9ile na P\u00faca, Ballyogan\"}]},{\"@type\":\"WebSite\",\"@id\":\"https:\/\/www.creativeireland.gov.ie\/en\/#website\",\"url\":\"https:\/\/www.creativeireland.gov.ie\/en\/\",\"name\":\"Creative Ireland Programme\",\"description\":\"The Creative Ireland Programme is guided by a vision that every person in Ireland will have the opportunity to realise their full creative potential. It is a five year all-of-Government initiative, from 2017 to 2022, to place creativity at the centre of public policy.\",\"potentialAction\":[{\"@type\":\"SearchAction\",\"target\":{\"@type\":\"EntryPoint\",\"urlTemplate\":\"https:\/\/www.creativeireland.gov.ie\/en\/?s={search_term_string}\"},\"query-input\":{\"@type\":\"PropertyValueSpecification\",\"valueRequired\":true,\"valueName\":\"search_term_string\"}}],\"inLanguage\":\"en-US\"}]}<\/script>\n<!-- \/ Yoast SEO plugin. -->","yoast_head_json":{"title":"F\u00e9ile na P\u00faca, Ballyogan - Creative Ireland Programme","description":"F\u00e9ile na P\u00faca, Ballyogan takes place on Saturday 2 November from 1.","robots":{"index":"index","follow":"follow","max-snippet":"max-snippet:-1","max-image-preview":"max-image-preview:large","max-video-preview":"max-video-preview:-1"},"canonical":"https:\/\/www.creativeireland.gov.ie\/en\/event\/feile-na-puca-ballyogan\/","og_locale":"en_US","og_type":"article","og_title":"F\u00e9ile na P\u00faca, Ballyogan - Creative Ireland Programme","og_description":"F\u00e9ile na P\u00faca, Ballyogan takes place on Saturday 2 November from 1.00pm &#8211; 8.00pm. This free event contains a mix of both community and professional performers. Through workshops leading up to the event community participants have created their own work and will share the stage with professional performers. The ghost with the most family fun [&hellip;]","og_url":"https:\/\/www.creativeireland.gov.ie\/en\/event\/feile-na-puca-ballyogan\/","og_site_name":"Creative Ireland Programme","article_publisher":"https:\/\/www.facebook.com\/CreativeIrl\/","twitter_card":"summary_large_image","twitter_site":"@creativeirl","twitter_misc":{"Est. reading time":"1 minute"},"schema":{"@context":"https:\/\/schema.org","@graph":[{"@type":"WebPage","@id":"https:\/\/www.creativeireland.gov.ie\/en\/event\/feile-na-puca-ballyogan\/","url":"https:\/\/www.creativeireland.gov.ie\/en\/event\/feile-na-puca-ballyogan\/","name":"F\u00e9ile na P\u00faca, Ballyogan - Creative Ireland Programme","isPartOf":{"@id":"https:\/\/www.creativeireland.gov.ie\/en\/#website"},"primaryImageOfPage":{"@id":"https:\/\/www.creativeireland.gov.ie\/en\/event\/feile-na-puca-ballyogan\/#primaryimage"},"image":{"@id":"https:\/\/www.creativeireland.gov.ie\/en\/event\/feile-na-puca-ballyogan\/#primaryimage"},"thumbnailUrl":"https:\/\/www.creativeireland.gov.ie\/app\/uploads\/2024\/10\/shutterstock-halloween-image-scaled.jpg","datePublished":"2024-10-22T02:04:52+00:00","breadcrumb":{"@id":"https:\/\/www.creativeireland.gov.ie\/en\/event\/feile-na-puca-ballyogan\/#breadcrumb"},"inLanguage":"en-US","potentialAction":[{"@type":"ReadAction","target":["https:\/\/www.creativeireland.gov.ie\/en\/event\/feile-na-puca-ballyogan\/"]}]},{"@type":"ImageObject","inLanguage":"en-US","@id":"https:\/\/www.creativeireland.gov.ie\/en\/event\/feile-na-puca-ballyogan\/#primaryimage","url":"https:\/\/www.creativeireland.gov.ie\/app\/uploads\/2024\/10\/shutterstock-halloween-image-scaled.jpg","contentUrl":"https:\/\/www.creativeireland.gov.ie\/app\/uploads\/2024\/10\/shutterstock-halloween-image-scaled.jpg","width":2560,"height":1736},{"@type":"BreadcrumbList","@id":"https:\/\/www.creativeireland.gov.ie\/en\/event\/feile-na-puca-ballyogan\/#breadcrumb","itemListElement":[{"@type":"ListItem","position":1,"name":"Home","item":"https:\/\/www.creativeireland.gov.ie\/en\/"},{"@type":"ListItem","position":2,"name":"F\u00e9ile na P\u00faca, Ballyogan"}]},{"@type":"WebSite","@id":"https:\/\/www.creativeireland.gov.ie\/en\/#website","url":"https:\/\/www.creativeireland.gov.ie\/en\/","name":"Creative Ireland Programme","description":"The Creative Ireland Programme is guided by a vision that every person in Ireland will have the opportunity to realise their full creative potential. It is a five year all-of-Government initiative, from 2017 to 2022, to place creativity at the centre of public policy.","potentialAction":[{"@type":"SearchAction","target":{"@type":"EntryPoint","urlTemplate":"https:\/\/www.creativeireland.gov.ie\/en\/?s={search_term_string}"},"query-input":{"@type":"PropertyValueSpecification","valueRequired":true,"valueName":"search_term_string"}}],"inLanguage":"en-US"}]}},"_links":{"self":[{"href":"https:\/\/www.creativeireland.gov.ie\/en\/wp-json\/wp\/v2\/event\/33654","targetHints":{"allow":["GET"]}}],"collection":[{"href":"https:\/\/www.creativeireland.gov.ie\/en\/wp-json\/wp\/v2\/event"}],"about":[{"href":"https:\/\/www.creativeireland.gov.ie\/en\/wp-json\/wp\/v2\/types\/event"}],"wp:featuredmedia":[{"embeddable":true,"href":"https:\/\/www.creativeireland.gov.ie\/en\/wp-json\/wp\/v2\/media\/33655"}],"wp:attachment":[{"href":"https:\/\/www.creativeireland.gov.ie\/en\/wp-json\/wp\/v2\/media?parent=33654"}],"curies":[{"name":"wp","href":"https:\/\/api.w.org\/{rel}","templated":true}]}}

Féile na Púca, Ballyogan

<p>Féile na Púca, Ballyogan takes place on Saturday 2 November from 1.00pm &#8211; 8.00pm. This free event contains a mix of both community and professional performers. Through workshops leading up to the event community participants have created their own work and will share the stage with professional performers.</p>
<p><span lang="EN-GB">The ghost with the most family fun is coming for a spooktacular event beside Ballyogan Concrete Skatepark. &nbsp;All are welcome to come and enjoy this free family event with lots of fun activities. There will be live music, circus performers, fancy dress, karaoke, games and more!&nbsp;</span></p>
<p><span lang="EN-GB"></span></p>
<p><span lang="EN-GB">This event is funded by Dún Laoghaire-Rathdown County Council and Creative Ireland, and supported by CrossCare, Samuel Beckett Centre and Dublin and Dún Laoghaire Education &amp; Training Board.</span><span lang="EN-GB"></span></p>

<!-- This site is optimized with the Yoast SEO plugin v25.9 - https://yoast.com/wordpress/plugins/seo/ -->
<title>Féile na Púca, Ballyogan - Creative Ireland Programme</title>
<meta name="description" content="Féile na Púca, Ballyogan takes place on Saturday 2 November from 1." />
<meta name="robots" content="index, follow, max-snippet:-1, max-image-preview:large, max-video-preview:-1" />
<link rel="canonical" href="https://www.creativeireland.gov.ie/en/event/feile-na-puca-ballyogan/" />
<meta property="og:locale" content="en_US" />
<meta property="og:type" content="article" />
<meta property="og:title" content="Féile na Púca, Ballyogan - Creative Ireland Programme" />
<meta property="og:description" content="Féile na Púca, Ballyogan takes place on Saturday 2 November from 1.00pm &#8211; 8.00pm. This free event contains a mix of both community and professional performers. Through workshops leading up to the event community participants have created their own work and will share the stage with professional performers. The ghost with the most family fun [&hellip;]" />
<meta property="og:url" content="https://www.creativeireland.gov.ie/en/event/feile-na-puca-ballyogan/" />
<meta property="og:site_name" content="Creative Ireland Programme" />
<meta property="article:publisher" content="https://www.facebook.com/CreativeIrl/" />
<meta name="twitter:card" content="summary_large_image" />
<meta name="twitter:site" content="@creativeirl" />
<meta name="twitter:label1" content="Est. reading time" />
	<meta name="twitter:data1" content="1 minute" />
<script type="application/ld+json" class="yoast-schema-graph">{"@context":"https://schema.org","@graph":[{"@type":"WebPage","@id":"https://www.creativeireland.gov.ie/en/event/feile-na-puca-ballyogan/","url":"https://www.creativeireland.gov.ie/en/event/feile-na-puca-ballyogan/","name":"Féile na Púca, Ballyogan - Creative Ireland Programme","isPartOf":{"@id":"https://www.creativeireland.gov.ie/en/#website"},"primaryImageOfPage":{"@id":"https://www.creativeireland.gov.ie/en/event/feile-na-puca-ballyogan/#primaryimage"},"image":{"@id":"https://www.creativeireland.gov.ie/en/event/feile-na-puca-ballyogan/#primaryimage"},"thumbnailUrl":"https://www.creativeireland.gov.ie/app/uploads/2024/10/shutterstock-halloween-image-scaled.jpg","datePublished":"2024-10-22T02:04:52+00:00","breadcrumb":{"@id":"https://www.creativeireland.gov.ie/en/event/feile-na-puca-ballyogan/#breadcrumb"},"inLanguage":"en-US","potentialAction":[{"@type":"ReadAction","target":["https://www.creativeireland.gov.ie/en/event/feile-na-puca-ballyogan/"]}]},{"@type":"ImageObject","inLanguage":"en-US","@id":"https://www.creativeireland.gov.ie/en/event/feile-na-puca-ballyogan/#primaryimage","url":"https://www.creativeireland.gov.ie/app/uploads/2024/10/shutterstock-halloween-image-scaled.jpg","contentUrl":"https://www.creativeireland.gov.ie/app/uploads/2024/10/shutterstock-halloween-image-scaled.jpg","width":2560,"height":1736},{"@type":"BreadcrumbList","@id":"https://www.creativeireland.gov.ie/en/event/feile-na-puca-ballyogan/#breadcrumb","itemListElement":[{"@type":"ListItem","position":1,"name":"Home","item":"https://www.creativeireland.gov.ie/en/"},{"@type":"ListItem","position":2,"name":"Féile na Púca, Ballyogan"}]},{"@type":"WebSite","@id":"https://www.creativeireland.gov.ie/en/#website","url":"https://www.creativeireland.gov.ie/en/","name":"Creative Ireland Programme","description":"The Creative Ireland Programme is guided by a vision that every person in Ireland will have the opportunity to realise their full creative potential. It is a five year all-of-Government initiative, from 2017 to 2022, to place creativity at the centre of public policy.","potentialAction":[{"@type":"SearchAction","target":{"@type":"EntryPoint","urlTemplate":"https://www.creativeireland.gov.ie/en/?s={search_term_string}"},"query-input":{"@type":"PropertyValueSpecification","valueRequired":true,"valueName":"search_term_string"}}],"inLanguage":"en-US"}]}</script>
<!-- / Yoast SEO plugin. -->

Féile na Púca, Ballyogan - Creative Ireland Programme

Féile na Púca, Ballyogan takes place on Saturday 2 November from 1.

Féile na Púca, Ballyogan takes place on Saturday 2 November from 1.00pm &#8211; 8.00pm. This free event contains a mix of both community and professional performers. Through workshops leading up to the event community participants have created their own work and will share the stage with professional performers. The ghost with the most family fun [&hellip;]
