{"id":34614,"date":"2025-03-12T03:03:06","date_gmt":"2025-03-12T03:03:06","guid":{"rendered":"https:\/\/www.creativeireland.gov.ie\/event\/flann-obrien-2025-cross-border-ulster-scots-and-irish-language-project\/"},"modified":"2025-03-12T03:03:06","modified_gmt":"2025-03-12T03:03:06","slug":"flann-obrien-2025-cross-border-ulster-scots-and-irish-language-project","status":"publish","type":"event","link":"https:\/\/www.creativeireland.gov.ie\/en\/event\/flann-obrien-2025-cross-border-ulster-scots-and-irish-language-project\/","title":{"rendered":"Flann O&#8217;Brien 2025, Cross Border Ulster Scots and Irish Language Project"},"content":{"rendered":"<p>Facilitated by Donegal County Council&#8217;s Library Service, Irish Language writer Dubh\u00e1n \u00d3 Long\u00e1in and Ulster Scots writer Alan Millar will work with young people in two schools in Donegal and two schools in Strabane to create poems and stories drawing on the rich Irish, English and Ulster Scots linguistic heritage of the area.&nbsp;<\/p>\n<p>It is hoped that a number of the poems and stories will be written will then be published to coincide with the the Flann O Brien Symposium in Strabane in June 2025. Brian \u00d3 Nuall\u00e1in who also wrote under the pen-names Flann O\u2019Brien and Myles na gCopaleen was born just over the border in Strabane, County Tyrone, and he wrote in both English and Irish.<\/p>\n","protected":false},"author":0,"featured_media":34615,"template":"","class_list":["post-34614","event","type-event","status-publish","has-post-thumbnail","hentry"],"acf":[],"yoast_head":"<!-- This site is optimized with the Yoast SEO plugin v25.9 - https:\/\/yoast.com\/wordpress\/plugins\/seo\/ -->\n<title>Flann O&#039;Brien 2025, Cross Border Ulster Scots and Irish Language Project - Creative Ireland Programme<\/title>\n<meta name=\"description\" content=\"Facilitated by Donegal County Council&#039;s Library Service, Irish Language writer Dubh\u00e1n \u00d3 Long\u00e1in and Ulster Scots writer Alan Millar will work with young people in two schools in Donegal and two schools in Strabane to create poems and stories drawing on the rich Irish, English and Ulster Scots linguistic heritage of the area.\" \/>\n<meta name=\"robots\" content=\"index, follow, max-snippet:-1, max-image-preview:large, max-video-preview:-1\" \/>\n<link rel=\"canonical\" href=\"https:\/\/www.creativeireland.gov.ie\/en\/event\/flann-obrien-2025-cross-border-ulster-scots-and-irish-language-project\/\" \/>\n<meta property=\"og:locale\" content=\"en_US\" \/>\n<meta property=\"og:type\" content=\"article\" \/>\n<meta property=\"og:title\" content=\"Flann O&#039;Brien 2025, Cross Border Ulster Scots and Irish Language Project - Creative Ireland Programme\" \/>\n<meta property=\"og:description\" content=\"Facilitated by Donegal County Council&#8217;s Library Service, Irish Language writer Dubh\u00e1n \u00d3 Long\u00e1in and Ulster Scots writer Alan Millar will work with young people in two schools in Donegal and two schools in Strabane to create poems and stories drawing on the rich Irish, English and Ulster Scots linguistic heritage of the area.&nbsp; It is [&hellip;]\" \/>\n<meta property=\"og:url\" content=\"https:\/\/www.creativeireland.gov.ie\/en\/event\/flann-obrien-2025-cross-border-ulster-scots-and-irish-language-project\/\" \/>\n<meta property=\"og:site_name\" content=\"Creative Ireland Programme\" \/>\n<meta property=\"article:publisher\" content=\"https:\/\/www.facebook.com\/CreativeIrl\/\" \/>\n<meta name=\"twitter:card\" content=\"summary_large_image\" \/>\n<meta name=\"twitter:site\" content=\"@creativeirl\" \/>\n<meta name=\"twitter:label1\" content=\"Est. reading time\" \/>\n\t<meta name=\"twitter:data1\" content=\"1 minute\" \/>\n<script type=\"application\/ld+json\" class=\"yoast-schema-graph\">{\"@context\":\"https:\/\/schema.org\",\"@graph\":[{\"@type\":\"WebPage\",\"@id\":\"https:\/\/www.creativeireland.gov.ie\/en\/event\/flann-obrien-2025-cross-border-ulster-scots-and-irish-language-project\/\",\"url\":\"https:\/\/www.creativeireland.gov.ie\/en\/event\/flann-obrien-2025-cross-border-ulster-scots-and-irish-language-project\/\",\"name\":\"Flann O'Brien 2025, Cross Border Ulster Scots and Irish Language Project - Creative Ireland Programme\",\"isPartOf\":{\"@id\":\"https:\/\/www.creativeireland.gov.ie\/en\/#website\"},\"primaryImageOfPage\":{\"@id\":\"https:\/\/www.creativeireland.gov.ie\/en\/event\/flann-obrien-2025-cross-border-ulster-scots-and-irish-language-project\/#primaryimage\"},\"image\":{\"@id\":\"https:\/\/www.creativeireland.gov.ie\/en\/event\/flann-obrien-2025-cross-border-ulster-scots-and-irish-language-project\/#primaryimage\"},\"thumbnailUrl\":\"https:\/\/www.creativeireland.gov.ie\/app\/uploads\/2025\/03\/flannobrien.jpeg\",\"datePublished\":\"2025-03-12T03:03:06+00:00\",\"breadcrumb\":{\"@id\":\"https:\/\/www.creativeireland.gov.ie\/en\/event\/flann-obrien-2025-cross-border-ulster-scots-and-irish-language-project\/#breadcrumb\"},\"inLanguage\":\"en-US\",\"potentialAction\":[{\"@type\":\"ReadAction\",\"target\":[\"https:\/\/www.creativeireland.gov.ie\/en\/event\/flann-obrien-2025-cross-border-ulster-scots-and-irish-language-project\/\"]}]},{\"@type\":\"ImageObject\",\"inLanguage\":\"en-US\",\"@id\":\"https:\/\/www.creativeireland.gov.ie\/en\/event\/flann-obrien-2025-cross-border-ulster-scots-and-irish-language-project\/#primaryimage\",\"url\":\"https:\/\/www.creativeireland.gov.ie\/app\/uploads\/2025\/03\/flannobrien.jpeg\",\"contentUrl\":\"https:\/\/www.creativeireland.gov.ie\/app\/uploads\/2025\/03\/flannobrien.jpeg\",\"width\":1280,\"height\":800},{\"@type\":\"BreadcrumbList\",\"@id\":\"https:\/\/www.creativeireland.gov.ie\/en\/event\/flann-obrien-2025-cross-border-ulster-scots-and-irish-language-project\/#breadcrumb\",\"itemListElement\":[{\"@type\":\"ListItem\",\"position\":1,\"name\":\"Home\",\"item\":\"https:\/\/www.creativeireland.gov.ie\/en\/\"},{\"@type\":\"ListItem\",\"position\":2,\"name\":\"Flann O&#8217;Brien 2025, Cross Border Ulster Scots and Irish Language Project\"}]},{\"@type\":\"WebSite\",\"@id\":\"https:\/\/www.creativeireland.gov.ie\/en\/#website\",\"url\":\"https:\/\/www.creativeireland.gov.ie\/en\/\",\"name\":\"Creative Ireland Programme\",\"description\":\"The Creative Ireland Programme is guided by a vision that every person in Ireland will have the opportunity to realise their full creative potential. It is a five year all-of-Government initiative, from 2017 to 2022, to place creativity at the centre of public policy.\",\"potentialAction\":[{\"@type\":\"SearchAction\",\"target\":{\"@type\":\"EntryPoint\",\"urlTemplate\":\"https:\/\/www.creativeireland.gov.ie\/en\/?s={search_term_string}\"},\"query-input\":{\"@type\":\"PropertyValueSpecification\",\"valueRequired\":true,\"valueName\":\"search_term_string\"}}],\"inLanguage\":\"en-US\"}]}<\/script>\n<!-- \/ Yoast SEO plugin. -->","yoast_head_json":{"title":"Flann O'Brien 2025, Cross Border Ulster Scots and Irish Language Project - Creative Ireland Programme","description":"Facilitated by Donegal County Council's Library Service, Irish Language writer Dubh\u00e1n \u00d3 Long\u00e1in and Ulster Scots writer Alan Millar will work with young people in two schools in Donegal and two schools in Strabane to create poems and stories drawing on the rich Irish, English and Ulster Scots linguistic heritage of the area.","robots":{"index":"index","follow":"follow","max-snippet":"max-snippet:-1","max-image-preview":"max-image-preview:large","max-video-preview":"max-video-preview:-1"},"canonical":"https:\/\/www.creativeireland.gov.ie\/en\/event\/flann-obrien-2025-cross-border-ulster-scots-and-irish-language-project\/","og_locale":"en_US","og_type":"article","og_title":"Flann O'Brien 2025, Cross Border Ulster Scots and Irish Language Project - Creative Ireland Programme","og_description":"Facilitated by Donegal County Council&#8217;s Library Service, Irish Language writer Dubh\u00e1n \u00d3 Long\u00e1in and Ulster Scots writer Alan Millar will work with young people in two schools in Donegal and two schools in Strabane to create poems and stories drawing on the rich Irish, English and Ulster Scots linguistic heritage of the area.&nbsp; It is [&hellip;]","og_url":"https:\/\/www.creativeireland.gov.ie\/en\/event\/flann-obrien-2025-cross-border-ulster-scots-and-irish-language-project\/","og_site_name":"Creative Ireland Programme","article_publisher":"https:\/\/www.facebook.com\/CreativeIrl\/","twitter_card":"summary_large_image","twitter_site":"@creativeirl","twitter_misc":{"Est. reading time":"1 minute"},"schema":{"@context":"https:\/\/schema.org","@graph":[{"@type":"WebPage","@id":"https:\/\/www.creativeireland.gov.ie\/en\/event\/flann-obrien-2025-cross-border-ulster-scots-and-irish-language-project\/","url":"https:\/\/www.creativeireland.gov.ie\/en\/event\/flann-obrien-2025-cross-border-ulster-scots-and-irish-language-project\/","name":"Flann O'Brien 2025, Cross Border Ulster Scots and Irish Language Project - Creative Ireland Programme","isPartOf":{"@id":"https:\/\/www.creativeireland.gov.ie\/en\/#website"},"primaryImageOfPage":{"@id":"https:\/\/www.creativeireland.gov.ie\/en\/event\/flann-obrien-2025-cross-border-ulster-scots-and-irish-language-project\/#primaryimage"},"image":{"@id":"https:\/\/www.creativeireland.gov.ie\/en\/event\/flann-obrien-2025-cross-border-ulster-scots-and-irish-language-project\/#primaryimage"},"thumbnailUrl":"https:\/\/www.creativeireland.gov.ie\/app\/uploads\/2025\/03\/flannobrien.jpeg","datePublished":"2025-03-12T03:03:06+00:00","breadcrumb":{"@id":"https:\/\/www.creativeireland.gov.ie\/en\/event\/flann-obrien-2025-cross-border-ulster-scots-and-irish-language-project\/#breadcrumb"},"inLanguage":"en-US","potentialAction":[{"@type":"ReadAction","target":["https:\/\/www.creativeireland.gov.ie\/en\/event\/flann-obrien-2025-cross-border-ulster-scots-and-irish-language-project\/"]}]},{"@type":"ImageObject","inLanguage":"en-US","@id":"https:\/\/www.creativeireland.gov.ie\/en\/event\/flann-obrien-2025-cross-border-ulster-scots-and-irish-language-project\/#primaryimage","url":"https:\/\/www.creativeireland.gov.ie\/app\/uploads\/2025\/03\/flannobrien.jpeg","contentUrl":"https:\/\/www.creativeireland.gov.ie\/app\/uploads\/2025\/03\/flannobrien.jpeg","width":1280,"height":800},{"@type":"BreadcrumbList","@id":"https:\/\/www.creativeireland.gov.ie\/en\/event\/flann-obrien-2025-cross-border-ulster-scots-and-irish-language-project\/#breadcrumb","itemListElement":[{"@type":"ListItem","position":1,"name":"Home","item":"https:\/\/www.creativeireland.gov.ie\/en\/"},{"@type":"ListItem","position":2,"name":"Flann O&#8217;Brien 2025, Cross Border Ulster Scots and Irish Language Project"}]},{"@type":"WebSite","@id":"https:\/\/www.creativeireland.gov.ie\/en\/#website","url":"https:\/\/www.creativeireland.gov.ie\/en\/","name":"Creative Ireland Programme","description":"The Creative Ireland Programme is guided by a vision that every person in Ireland will have the opportunity to realise their full creative potential. It is a five year all-of-Government initiative, from 2017 to 2022, to place creativity at the centre of public policy.","potentialAction":[{"@type":"SearchAction","target":{"@type":"EntryPoint","urlTemplate":"https:\/\/www.creativeireland.gov.ie\/en\/?s={search_term_string}"},"query-input":{"@type":"PropertyValueSpecification","valueRequired":true,"valueName":"search_term_string"}}],"inLanguage":"en-US"}]}},"_links":{"self":[{"href":"https:\/\/www.creativeireland.gov.ie\/en\/wp-json\/wp\/v2\/event\/34614","targetHints":{"allow":["GET"]}}],"collection":[{"href":"https:\/\/www.creativeireland.gov.ie\/en\/wp-json\/wp\/v2\/event"}],"about":[{"href":"https:\/\/www.creativeireland.gov.ie\/en\/wp-json\/wp\/v2\/types\/event"}],"wp:featuredmedia":[{"embeddable":true,"href":"https:\/\/www.creativeireland.gov.ie\/en\/wp-json\/wp\/v2\/media\/34615"}],"wp:attachment":[{"href":"https:\/\/www.creativeireland.gov.ie\/en\/wp-json\/wp\/v2\/media?parent=34614"}],"curies":[{"name":"wp","href":"https:\/\/api.w.org\/{rel}","templated":true}]}}

<p>Facilitated by Donegal County Council&#8217;s Library Service, Irish Language writer Dubhán Ó Longáin and Ulster Scots writer Alan Millar will work with young people in two schools in Donegal and two schools in Strabane to create poems and stories drawing on the rich Irish, English and Ulster Scots linguistic heritage of the area.&nbsp;</p>
<p>It is hoped that a number of the poems and stories will be written will then be published to coincide with the the Flann O Brien Symposium in Strabane in June 2025. Brian Ó Nualláin who also wrote under the pen-names Flann O’Brien and Myles na gCopaleen was born just over the border in Strabane, County Tyrone, and he wrote in both English and Irish.</p>

<!-- This site is optimized with the Yoast SEO plugin v25.9 - https://yoast.com/wordpress/plugins/seo/ -->
<title>Flann O&#039;Brien 2025, Cross Border Ulster Scots and Irish Language Project - Creative Ireland Programme</title>
<meta name="description" content="Facilitated by Donegal County Council&#039;s Library Service, Irish Language writer Dubhán Ó Longáin and Ulster Scots writer Alan Millar will work with young people in two schools in Donegal and two schools in Strabane to create poems and stories drawing on the rich Irish, English and Ulster Scots linguistic heritage of the area." />
<meta name="robots" content="index, follow, max-snippet:-1, max-image-preview:large, max-video-preview:-1" />
<link rel="canonical" href="https://www.creativeireland.gov.ie/en/event/flann-obrien-2025-cross-border-ulster-scots-and-irish-language-project/" />
<meta property="og:locale" content="en_US" />
<meta property="og:type" content="article" />
<meta property="og:title" content="Flann O&#039;Brien 2025, Cross Border Ulster Scots and Irish Language Project - Creative Ireland Programme" />
<meta property="og:description" content="Facilitated by Donegal County Council&#8217;s Library Service, Irish Language writer Dubhán Ó Longáin and Ulster Scots writer Alan Millar will work with young people in two schools in Donegal and two schools in Strabane to create poems and stories drawing on the rich Irish, English and Ulster Scots linguistic heritage of the area.&nbsp; It is [&hellip;]" />
<meta property="og:url" content="https://www.creativeireland.gov.ie/en/event/flann-obrien-2025-cross-border-ulster-scots-and-irish-language-project/" />
<meta property="og:site_name" content="Creative Ireland Programme" />
<meta property="article:publisher" content="https://www.facebook.com/CreativeIrl/" />
<meta name="twitter:card" content="summary_large_image" />
<meta name="twitter:site" content="@creativeirl" />
<meta name="twitter:label1" content="Est. reading time" />
	<meta name="twitter:data1" content="1 minute" />
<script type="application/ld+json" class="yoast-schema-graph">{"@context":"https://schema.org","@graph":[{"@type":"WebPage","@id":"https://www.creativeireland.gov.ie/en/event/flann-obrien-2025-cross-border-ulster-scots-and-irish-language-project/","url":"https://www.creativeireland.gov.ie/en/event/flann-obrien-2025-cross-border-ulster-scots-and-irish-language-project/","name":"Flann O'Brien 2025, Cross Border Ulster Scots and Irish Language Project - Creative Ireland Programme","isPartOf":{"@id":"https://www.creativeireland.gov.ie/en/#website"},"primaryImageOfPage":{"@id":"https://www.creativeireland.gov.ie/en/event/flann-obrien-2025-cross-border-ulster-scots-and-irish-language-project/#primaryimage"},"image":{"@id":"https://www.creativeireland.gov.ie/en/event/flann-obrien-2025-cross-border-ulster-scots-and-irish-language-project/#primaryimage"},"thumbnailUrl":"https://www.creativeireland.gov.ie/app/uploads/2025/03/flannobrien.jpeg","datePublished":"2025-03-12T03:03:06+00:00","breadcrumb":{"@id":"https://www.creativeireland.gov.ie/en/event/flann-obrien-2025-cross-border-ulster-scots-and-irish-language-project/#breadcrumb"},"inLanguage":"en-US","potentialAction":[{"@type":"ReadAction","target":["https://www.creativeireland.gov.ie/en/event/flann-obrien-2025-cross-border-ulster-scots-and-irish-language-project/"]}]},{"@type":"ImageObject","inLanguage":"en-US","@id":"https://www.creativeireland.gov.ie/en/event/flann-obrien-2025-cross-border-ulster-scots-and-irish-language-project/#primaryimage","url":"https://www.creativeireland.gov.ie/app/uploads/2025/03/flannobrien.jpeg","contentUrl":"https://www.creativeireland.gov.ie/app/uploads/2025/03/flannobrien.jpeg","width":1280,"height":800},{"@type":"BreadcrumbList","@id":"https://www.creativeireland.gov.ie/en/event/flann-obrien-2025-cross-border-ulster-scots-and-irish-language-project/#breadcrumb","itemListElement":[{"@type":"ListItem","position":1,"name":"Home","item":"https://www.creativeireland.gov.ie/en/"},{"@type":"ListItem","position":2,"name":"Flann O&#8217;Brien 2025, Cross Border Ulster Scots and Irish Language Project"}]},{"@type":"WebSite","@id":"https://www.creativeireland.gov.ie/en/#website","url":"https://www.creativeireland.gov.ie/en/","name":"Creative Ireland Programme","description":"The Creative Ireland Programme is guided by a vision that every person in Ireland will have the opportunity to realise their full creative potential. It is a five year all-of-Government initiative, from 2017 to 2022, to place creativity at the centre of public policy.","potentialAction":[{"@type":"SearchAction","target":{"@type":"EntryPoint","urlTemplate":"https://www.creativeireland.gov.ie/en/?s={search_term_string}"},"query-input":{"@type":"PropertyValueSpecification","valueRequired":true,"valueName":"search_term_string"}}],"inLanguage":"en-US"}]}</script>
<!-- / Yoast SEO plugin. -->

Facilitated by Donegal County Council's Library Service, Irish Language writer Dubhán Ó Longáin and Ulster Scots writer Alan Millar will work with young people in two schools in Donegal and two schools in Strabane to create poems and stories drawing on the rich Irish, English and Ulster Scots linguistic heritage of the area.

Facilitated by Donegal County Council&#8217;s Library Service, Irish Language writer Dubhán Ó Longáin and Ulster Scots writer Alan Millar will work with young people in two schools in Donegal and two schools in Strabane to create poems and stories drawing on the rich Irish, English and Ulster Scots linguistic heritage of the area.&nbsp; It is [&hellip;]
