{"id":35074,"date":"2025-03-28T03:05:37","date_gmt":"2025-03-28T03:05:37","guid":{"rendered":"https:\/\/www.creativeireland.gov.ie\/event\/athlone-gaeltacht\/"},"modified":"2025-03-28T03:05:37","modified_gmt":"2025-03-28T03:05:37","slug":"athlone-gaeltacht","status":"publish","type":"event","link":"https:\/\/www.creativeireland.gov.ie\/en\/event\/athlone-gaeltacht\/","title":{"rendered":"Athlone Gaeltacht"},"content":{"rendered":"<p>The Athlone Gaeltacht programme will deliver a series of events from Seachtain na Gaeilge in March through to Culture night in September. The aim is to grown strength in numbers for the Gaeltacht inviting the public into live events.&nbsp;<\/p>\n<p>Events will include an Irish circle at The Athlone Fleadh, Uisneach, F\u00e9ile na Sionnaine, O\u00edche Oscailte. Plus C\u00e9il\u00ed events Seminars, Talks and workshops.<\/p>\n<p>Check out <a href=\"https:\/\/www.facebook.com\/AthlonePopUpGaeltacht\/\">Athlone Gaeltacht&#8217;s Facebook<\/a> to learn how to get involved.&nbsp;<\/p>\n","protected":false},"author":0,"featured_media":35075,"template":"","class_list":["post-35074","event","type-event","status-publish","has-post-thumbnail","hentry"],"acf":[],"yoast_head":"<!-- This site is optimized with the Yoast SEO plugin v25.9 - https:\/\/yoast.com\/wordpress\/plugins\/seo\/ -->\n<title>Athlone Gaeltacht - Creative Ireland Programme<\/title>\n<meta name=\"description\" content=\"The Athlone Gaeltacht programme will deliver a series of events from Seachtain na Gaeilge in March through to Culture night in September.\" \/>\n<meta name=\"robots\" content=\"index, follow, max-snippet:-1, max-image-preview:large, max-video-preview:-1\" \/>\n<link rel=\"canonical\" href=\"https:\/\/www.creativeireland.gov.ie\/en\/event\/athlone-gaeltacht\/\" \/>\n<meta property=\"og:locale\" content=\"en_US\" \/>\n<meta property=\"og:type\" content=\"article\" \/>\n<meta property=\"og:title\" content=\"Athlone Gaeltacht - Creative Ireland Programme\" \/>\n<meta property=\"og:description\" content=\"The Athlone Gaeltacht programme will deliver a series of events from Seachtain na Gaeilge in March through to Culture night in September. The aim is to grown strength in numbers for the Gaeltacht inviting the public into live events.&nbsp; Events will include an Irish circle at The Athlone Fleadh, Uisneach, F\u00e9ile na Sionnaine, O\u00edche Oscailte. [&hellip;]\" \/>\n<meta property=\"og:url\" content=\"https:\/\/www.creativeireland.gov.ie\/en\/event\/athlone-gaeltacht\/\" \/>\n<meta property=\"og:site_name\" content=\"Creative Ireland Programme\" \/>\n<meta property=\"article:publisher\" content=\"https:\/\/www.facebook.com\/CreativeIrl\/\" \/>\n<meta name=\"twitter:card\" content=\"summary_large_image\" \/>\n<meta name=\"twitter:site\" content=\"@creativeirl\" \/>\n<script type=\"application\/ld+json\" class=\"yoast-schema-graph\">{\"@context\":\"https:\/\/schema.org\",\"@graph\":[{\"@type\":\"WebPage\",\"@id\":\"https:\/\/www.creativeireland.gov.ie\/en\/event\/athlone-gaeltacht\/\",\"url\":\"https:\/\/www.creativeireland.gov.ie\/en\/event\/athlone-gaeltacht\/\",\"name\":\"Athlone Gaeltacht - Creative Ireland Programme\",\"isPartOf\":{\"@id\":\"https:\/\/www.creativeireland.gov.ie\/en\/#website\"},\"primaryImageOfPage\":{\"@id\":\"https:\/\/www.creativeireland.gov.ie\/en\/event\/athlone-gaeltacht\/#primaryimage\"},\"image\":{\"@id\":\"https:\/\/www.creativeireland.gov.ie\/en\/event\/athlone-gaeltacht\/#primaryimage\"},\"thumbnailUrl\":\"https:\/\/www.creativeireland.gov.ie\/app\/uploads\/2025\/03\/athlone-gaeltacht.png\",\"datePublished\":\"2025-03-28T03:05:37+00:00\",\"breadcrumb\":{\"@id\":\"https:\/\/www.creativeireland.gov.ie\/en\/event\/athlone-gaeltacht\/#breadcrumb\"},\"inLanguage\":\"en-US\",\"potentialAction\":[{\"@type\":\"ReadAction\",\"target\":[\"https:\/\/www.creativeireland.gov.ie\/en\/event\/athlone-gaeltacht\/\"]}]},{\"@type\":\"ImageObject\",\"inLanguage\":\"en-US\",\"@id\":\"https:\/\/www.creativeireland.gov.ie\/en\/event\/athlone-gaeltacht\/#primaryimage\",\"url\":\"https:\/\/www.creativeireland.gov.ie\/app\/uploads\/2025\/03\/athlone-gaeltacht.png\",\"contentUrl\":\"https:\/\/www.creativeireland.gov.ie\/app\/uploads\/2025\/03\/athlone-gaeltacht.png\",\"width\":1400,\"height\":900},{\"@type\":\"BreadcrumbList\",\"@id\":\"https:\/\/www.creativeireland.gov.ie\/en\/event\/athlone-gaeltacht\/#breadcrumb\",\"itemListElement\":[{\"@type\":\"ListItem\",\"position\":1,\"name\":\"Home\",\"item\":\"https:\/\/www.creativeireland.gov.ie\/en\/\"},{\"@type\":\"ListItem\",\"position\":2,\"name\":\"Athlone Gaeltacht\"}]},{\"@type\":\"WebSite\",\"@id\":\"https:\/\/www.creativeireland.gov.ie\/en\/#website\",\"url\":\"https:\/\/www.creativeireland.gov.ie\/en\/\",\"name\":\"Creative Ireland Programme\",\"description\":\"The Creative Ireland Programme is guided by a vision that every person in Ireland will have the opportunity to realise their full creative potential. It is a five year all-of-Government initiative, from 2017 to 2022, to place creativity at the centre of public policy.\",\"potentialAction\":[{\"@type\":\"SearchAction\",\"target\":{\"@type\":\"EntryPoint\",\"urlTemplate\":\"https:\/\/www.creativeireland.gov.ie\/en\/?s={search_term_string}\"},\"query-input\":{\"@type\":\"PropertyValueSpecification\",\"valueRequired\":true,\"valueName\":\"search_term_string\"}}],\"inLanguage\":\"en-US\"}]}<\/script>\n<!-- \/ Yoast SEO plugin. -->","yoast_head_json":{"title":"Athlone Gaeltacht - Creative Ireland Programme","description":"The Athlone Gaeltacht programme will deliver a series of events from Seachtain na Gaeilge in March through to Culture night in September.","robots":{"index":"index","follow":"follow","max-snippet":"max-snippet:-1","max-image-preview":"max-image-preview:large","max-video-preview":"max-video-preview:-1"},"canonical":"https:\/\/www.creativeireland.gov.ie\/en\/event\/athlone-gaeltacht\/","og_locale":"en_US","og_type":"article","og_title":"Athlone Gaeltacht - Creative Ireland Programme","og_description":"The Athlone Gaeltacht programme will deliver a series of events from Seachtain na Gaeilge in March through to Culture night in September. The aim is to grown strength in numbers for the Gaeltacht inviting the public into live events.&nbsp; Events will include an Irish circle at The Athlone Fleadh, Uisneach, F\u00e9ile na Sionnaine, O\u00edche Oscailte. [&hellip;]","og_url":"https:\/\/www.creativeireland.gov.ie\/en\/event\/athlone-gaeltacht\/","og_site_name":"Creative Ireland Programme","article_publisher":"https:\/\/www.facebook.com\/CreativeIrl\/","twitter_card":"summary_large_image","twitter_site":"@creativeirl","schema":{"@context":"https:\/\/schema.org","@graph":[{"@type":"WebPage","@id":"https:\/\/www.creativeireland.gov.ie\/en\/event\/athlone-gaeltacht\/","url":"https:\/\/www.creativeireland.gov.ie\/en\/event\/athlone-gaeltacht\/","name":"Athlone Gaeltacht - Creative Ireland Programme","isPartOf":{"@id":"https:\/\/www.creativeireland.gov.ie\/en\/#website"},"primaryImageOfPage":{"@id":"https:\/\/www.creativeireland.gov.ie\/en\/event\/athlone-gaeltacht\/#primaryimage"},"image":{"@id":"https:\/\/www.creativeireland.gov.ie\/en\/event\/athlone-gaeltacht\/#primaryimage"},"thumbnailUrl":"https:\/\/www.creativeireland.gov.ie\/app\/uploads\/2025\/03\/athlone-gaeltacht.png","datePublished":"2025-03-28T03:05:37+00:00","breadcrumb":{"@id":"https:\/\/www.creativeireland.gov.ie\/en\/event\/athlone-gaeltacht\/#breadcrumb"},"inLanguage":"en-US","potentialAction":[{"@type":"ReadAction","target":["https:\/\/www.creativeireland.gov.ie\/en\/event\/athlone-gaeltacht\/"]}]},{"@type":"ImageObject","inLanguage":"en-US","@id":"https:\/\/www.creativeireland.gov.ie\/en\/event\/athlone-gaeltacht\/#primaryimage","url":"https:\/\/www.creativeireland.gov.ie\/app\/uploads\/2025\/03\/athlone-gaeltacht.png","contentUrl":"https:\/\/www.creativeireland.gov.ie\/app\/uploads\/2025\/03\/athlone-gaeltacht.png","width":1400,"height":900},{"@type":"BreadcrumbList","@id":"https:\/\/www.creativeireland.gov.ie\/en\/event\/athlone-gaeltacht\/#breadcrumb","itemListElement":[{"@type":"ListItem","position":1,"name":"Home","item":"https:\/\/www.creativeireland.gov.ie\/en\/"},{"@type":"ListItem","position":2,"name":"Athlone Gaeltacht"}]},{"@type":"WebSite","@id":"https:\/\/www.creativeireland.gov.ie\/en\/#website","url":"https:\/\/www.creativeireland.gov.ie\/en\/","name":"Creative Ireland Programme","description":"The Creative Ireland Programme is guided by a vision that every person in Ireland will have the opportunity to realise their full creative potential. It is a five year all-of-Government initiative, from 2017 to 2022, to place creativity at the centre of public policy.","potentialAction":[{"@type":"SearchAction","target":{"@type":"EntryPoint","urlTemplate":"https:\/\/www.creativeireland.gov.ie\/en\/?s={search_term_string}"},"query-input":{"@type":"PropertyValueSpecification","valueRequired":true,"valueName":"search_term_string"}}],"inLanguage":"en-US"}]}},"_links":{"self":[{"href":"https:\/\/www.creativeireland.gov.ie\/en\/wp-json\/wp\/v2\/event\/35074","targetHints":{"allow":["GET"]}}],"collection":[{"href":"https:\/\/www.creativeireland.gov.ie\/en\/wp-json\/wp\/v2\/event"}],"about":[{"href":"https:\/\/www.creativeireland.gov.ie\/en\/wp-json\/wp\/v2\/types\/event"}],"wp:featuredmedia":[{"embeddable":true,"href":"https:\/\/www.creativeireland.gov.ie\/en\/wp-json\/wp\/v2\/media\/35075"}],"wp:attachment":[{"href":"https:\/\/www.creativeireland.gov.ie\/en\/wp-json\/wp\/v2\/media?parent=35074"}],"curies":[{"name":"wp","href":"https:\/\/api.w.org\/{rel}","templated":true}]}}

<p>The Athlone Gaeltacht programme will deliver a series of events from Seachtain na Gaeilge in March through to Culture night in September. The aim is to grown strength in numbers for the Gaeltacht inviting the public into live events.&nbsp;</p>
<p>Events will include an Irish circle at The Athlone Fleadh, Uisneach, Féile na Sionnaine, Oíche Oscailte. Plus Céilí events Seminars, Talks and workshops.</p>
<p>Check out <a href="https://www.facebook.com/AthlonePopUpGaeltacht/">Athlone Gaeltacht&#8217;s Facebook</a> to learn how to get involved.&nbsp;</p>

<!-- This site is optimized with the Yoast SEO plugin v25.9 - https://yoast.com/wordpress/plugins/seo/ -->
<title>Athlone Gaeltacht - Creative Ireland Programme</title>
<meta name="description" content="The Athlone Gaeltacht programme will deliver a series of events from Seachtain na Gaeilge in March through to Culture night in September." />
<meta name="robots" content="index, follow, max-snippet:-1, max-image-preview:large, max-video-preview:-1" />
<link rel="canonical" href="https://www.creativeireland.gov.ie/en/event/athlone-gaeltacht/" />
<meta property="og:locale" content="en_US" />
<meta property="og:type" content="article" />
<meta property="og:title" content="Athlone Gaeltacht - Creative Ireland Programme" />
<meta property="og:description" content="The Athlone Gaeltacht programme will deliver a series of events from Seachtain na Gaeilge in March through to Culture night in September. The aim is to grown strength in numbers for the Gaeltacht inviting the public into live events.&nbsp; Events will include an Irish circle at The Athlone Fleadh, Uisneach, Féile na Sionnaine, Oíche Oscailte. [&hellip;]" />
<meta property="og:url" content="https://www.creativeireland.gov.ie/en/event/athlone-gaeltacht/" />
<meta property="og:site_name" content="Creative Ireland Programme" />
<meta property="article:publisher" content="https://www.facebook.com/CreativeIrl/" />
<meta name="twitter:card" content="summary_large_image" />
<meta name="twitter:site" content="@creativeirl" />
<script type="application/ld+json" class="yoast-schema-graph">{"@context":"https://schema.org","@graph":[{"@type":"WebPage","@id":"https://www.creativeireland.gov.ie/en/event/athlone-gaeltacht/","url":"https://www.creativeireland.gov.ie/en/event/athlone-gaeltacht/","name":"Athlone Gaeltacht - Creative Ireland Programme","isPartOf":{"@id":"https://www.creativeireland.gov.ie/en/#website"},"primaryImageOfPage":{"@id":"https://www.creativeireland.gov.ie/en/event/athlone-gaeltacht/#primaryimage"},"image":{"@id":"https://www.creativeireland.gov.ie/en/event/athlone-gaeltacht/#primaryimage"},"thumbnailUrl":"https://www.creativeireland.gov.ie/app/uploads/2025/03/athlone-gaeltacht.png","datePublished":"2025-03-28T03:05:37+00:00","breadcrumb":{"@id":"https://www.creativeireland.gov.ie/en/event/athlone-gaeltacht/#breadcrumb"},"inLanguage":"en-US","potentialAction":[{"@type":"ReadAction","target":["https://www.creativeireland.gov.ie/en/event/athlone-gaeltacht/"]}]},{"@type":"ImageObject","inLanguage":"en-US","@id":"https://www.creativeireland.gov.ie/en/event/athlone-gaeltacht/#primaryimage","url":"https://www.creativeireland.gov.ie/app/uploads/2025/03/athlone-gaeltacht.png","contentUrl":"https://www.creativeireland.gov.ie/app/uploads/2025/03/athlone-gaeltacht.png","width":1400,"height":900},{"@type":"BreadcrumbList","@id":"https://www.creativeireland.gov.ie/en/event/athlone-gaeltacht/#breadcrumb","itemListElement":[{"@type":"ListItem","position":1,"name":"Home","item":"https://www.creativeireland.gov.ie/en/"},{"@type":"ListItem","position":2,"name":"Athlone Gaeltacht"}]},{"@type":"WebSite","@id":"https://www.creativeireland.gov.ie/en/#website","url":"https://www.creativeireland.gov.ie/en/","name":"Creative Ireland Programme","description":"The Creative Ireland Programme is guided by a vision that every person in Ireland will have the opportunity to realise their full creative potential. It is a five year all-of-Government initiative, from 2017 to 2022, to place creativity at the centre of public policy.","potentialAction":[{"@type":"SearchAction","target":{"@type":"EntryPoint","urlTemplate":"https://www.creativeireland.gov.ie/en/?s={search_term_string}"},"query-input":{"@type":"PropertyValueSpecification","valueRequired":true,"valueName":"search_term_string"}}],"inLanguage":"en-US"}]}</script>
<!-- / Yoast SEO plugin. -->

The Athlone Gaeltacht programme will deliver a series of events from Seachtain na Gaeilge in March through to Culture night in September. The aim is to grown strength in numbers for the Gaeltacht inviting the public into live events.&nbsp; Events will include an Irish circle at The Athlone Fleadh, Uisneach, Féile na Sionnaine, Oíche Oscailte. [&hellip;]
