{"id":35705,"date":"2025-04-29T03:05:46","date_gmt":"2025-04-29T02:05:46","guid":{"rendered":"https:\/\/www.creativeireland.gov.ie\/event\/hazelwood-sculpture-restoration-project-sos-sliabh-an-da-ean\/"},"modified":"2025-04-29T03:05:46","modified_gmt":"2025-04-29T02:05:46","slug":"hazelwood-sculpture-restoration-project-sos-sliabh-an-da-ean","status":"publish","type":"event","link":"https:\/\/www.creativeireland.gov.ie\/en\/event\/hazelwood-sculpture-restoration-project-sos-sliabh-an-da-ean\/","title":{"rendered":"Hazelwood Sculpture Restoration Project &#8211; Sos Sliabh An D\u00e1 \u00c9an"},"content":{"rendered":"<p><span>Commemorative restoration of Sos Sliabh An D\u00e1 \u00c9an, to mark the 20th anniversary of the death of Sligo sculptor Fred Conlon.<\/span><\/p>\n<p><span>The late sculptor and artist Fred Conlon is widely known as one of Ireland\u2019s finest sculptors.&nbsp;<\/span><\/p>\n<p><span>The restoration of this piece will be undertaken by Fred\u2019s son Finn Conlon, an accomplished sculptor working in stone, bronze and ceramics.&nbsp;<\/span><\/p>\n","protected":false},"author":0,"featured_media":35706,"template":"","class_list":["post-35705","event","type-event","status-publish","has-post-thumbnail","hentry"],"acf":[],"yoast_head":"<!-- This site is optimized with the Yoast SEO plugin v25.9 - https:\/\/yoast.com\/wordpress\/plugins\/seo\/ -->\n<title>Hazelwood Sculpture Restoration Project - Sos Sliabh An D\u00e1 \u00c9an - Creative Ireland Programme<\/title>\n<meta name=\"description\" content=\"Commemorative restoration of Sos Sliabh An D\u00e1 \u00c9an, to mark the 20th anniversary of the death of Sligo sculptor Fred Conlon.\" \/>\n<meta name=\"robots\" content=\"index, follow, max-snippet:-1, max-image-preview:large, max-video-preview:-1\" \/>\n<link rel=\"canonical\" href=\"https:\/\/www.creativeireland.gov.ie\/en\/event\/hazelwood-sculpture-restoration-project-sos-sliabh-an-da-ean\/\" \/>\n<meta property=\"og:locale\" content=\"en_US\" \/>\n<meta property=\"og:type\" content=\"article\" \/>\n<meta property=\"og:title\" content=\"Hazelwood Sculpture Restoration Project - Sos Sliabh An D\u00e1 \u00c9an - Creative Ireland Programme\" \/>\n<meta property=\"og:description\" content=\"Commemorative restoration of Sos Sliabh An D\u00e1 \u00c9an, to mark the 20th anniversary of the death of Sligo sculptor Fred Conlon. The late sculptor and artist Fred Conlon is widely known as one of Ireland\u2019s finest sculptors.&nbsp; The restoration of this piece will be undertaken by Fred\u2019s son Finn Conlon, an accomplished sculptor working in [&hellip;]\" \/>\n<meta property=\"og:url\" content=\"https:\/\/www.creativeireland.gov.ie\/en\/event\/hazelwood-sculpture-restoration-project-sos-sliabh-an-da-ean\/\" \/>\n<meta property=\"og:site_name\" content=\"Creative Ireland Programme\" \/>\n<meta property=\"article:publisher\" content=\"https:\/\/www.facebook.com\/CreativeIrl\/\" \/>\n<meta name=\"twitter:card\" content=\"summary_large_image\" \/>\n<meta name=\"twitter:site\" content=\"@creativeirl\" \/>\n<script type=\"application\/ld+json\" class=\"yoast-schema-graph\">{\"@context\":\"https:\/\/schema.org\",\"@graph\":[{\"@type\":\"WebPage\",\"@id\":\"https:\/\/www.creativeireland.gov.ie\/en\/event\/hazelwood-sculpture-restoration-project-sos-sliabh-an-da-ean\/\",\"url\":\"https:\/\/www.creativeireland.gov.ie\/en\/event\/hazelwood-sculpture-restoration-project-sos-sliabh-an-da-ean\/\",\"name\":\"Hazelwood Sculpture Restoration Project - Sos Sliabh An D\u00e1 \u00c9an - Creative Ireland Programme\",\"isPartOf\":{\"@id\":\"https:\/\/www.creativeireland.gov.ie\/en\/#website\"},\"primaryImageOfPage\":{\"@id\":\"https:\/\/www.creativeireland.gov.ie\/en\/event\/hazelwood-sculpture-restoration-project-sos-sliabh-an-da-ean\/#primaryimage\"},\"image\":{\"@id\":\"https:\/\/www.creativeireland.gov.ie\/en\/event\/hazelwood-sculpture-restoration-project-sos-sliabh-an-da-ean\/#primaryimage\"},\"thumbnailUrl\":\"https:\/\/www.creativeireland.gov.ie\/app\/uploads\/2025\/04\/sos-sliabh-an-da-ean-1985--scaled.jpg\",\"datePublished\":\"2025-04-29T02:05:46+00:00\",\"breadcrumb\":{\"@id\":\"https:\/\/www.creativeireland.gov.ie\/en\/event\/hazelwood-sculpture-restoration-project-sos-sliabh-an-da-ean\/#breadcrumb\"},\"inLanguage\":\"en-US\",\"potentialAction\":[{\"@type\":\"ReadAction\",\"target\":[\"https:\/\/www.creativeireland.gov.ie\/en\/event\/hazelwood-sculpture-restoration-project-sos-sliabh-an-da-ean\/\"]}]},{\"@type\":\"ImageObject\",\"inLanguage\":\"en-US\",\"@id\":\"https:\/\/www.creativeireland.gov.ie\/en\/event\/hazelwood-sculpture-restoration-project-sos-sliabh-an-da-ean\/#primaryimage\",\"url\":\"https:\/\/www.creativeireland.gov.ie\/app\/uploads\/2025\/04\/sos-sliabh-an-da-ean-1985--scaled.jpg\",\"contentUrl\":\"https:\/\/www.creativeireland.gov.ie\/app\/uploads\/2025\/04\/sos-sliabh-an-da-ean-1985--scaled.jpg\",\"width\":2560,\"height\":2560},{\"@type\":\"BreadcrumbList\",\"@id\":\"https:\/\/www.creativeireland.gov.ie\/en\/event\/hazelwood-sculpture-restoration-project-sos-sliabh-an-da-ean\/#breadcrumb\",\"itemListElement\":[{\"@type\":\"ListItem\",\"position\":1,\"name\":\"Home\",\"item\":\"https:\/\/www.creativeireland.gov.ie\/en\/\"},{\"@type\":\"ListItem\",\"position\":2,\"name\":\"Hazelwood Sculpture Restoration Project &#8211; Sos Sliabh An D\u00e1 \u00c9an\"}]},{\"@type\":\"WebSite\",\"@id\":\"https:\/\/www.creativeireland.gov.ie\/en\/#website\",\"url\":\"https:\/\/www.creativeireland.gov.ie\/en\/\",\"name\":\"Creative Ireland Programme\",\"description\":\"The Creative Ireland Programme is guided by a vision that every person in Ireland will have the opportunity to realise their full creative potential. It is a five year all-of-Government initiative, from 2017 to 2022, to place creativity at the centre of public policy.\",\"potentialAction\":[{\"@type\":\"SearchAction\",\"target\":{\"@type\":\"EntryPoint\",\"urlTemplate\":\"https:\/\/www.creativeireland.gov.ie\/en\/?s={search_term_string}\"},\"query-input\":{\"@type\":\"PropertyValueSpecification\",\"valueRequired\":true,\"valueName\":\"search_term_string\"}}],\"inLanguage\":\"en-US\"}]}<\/script>\n<!-- \/ Yoast SEO plugin. -->","yoast_head_json":{"title":"Hazelwood Sculpture Restoration Project - Sos Sliabh An D\u00e1 \u00c9an - Creative Ireland Programme","description":"Commemorative restoration of Sos Sliabh An D\u00e1 \u00c9an, to mark the 20th anniversary of the death of Sligo sculptor Fred Conlon.","robots":{"index":"index","follow":"follow","max-snippet":"max-snippet:-1","max-image-preview":"max-image-preview:large","max-video-preview":"max-video-preview:-1"},"canonical":"https:\/\/www.creativeireland.gov.ie\/en\/event\/hazelwood-sculpture-restoration-project-sos-sliabh-an-da-ean\/","og_locale":"en_US","og_type":"article","og_title":"Hazelwood Sculpture Restoration Project - Sos Sliabh An D\u00e1 \u00c9an - Creative Ireland Programme","og_description":"Commemorative restoration of Sos Sliabh An D\u00e1 \u00c9an, to mark the 20th anniversary of the death of Sligo sculptor Fred Conlon. The late sculptor and artist Fred Conlon is widely known as one of Ireland\u2019s finest sculptors.&nbsp; The restoration of this piece will be undertaken by Fred\u2019s son Finn Conlon, an accomplished sculptor working in [&hellip;]","og_url":"https:\/\/www.creativeireland.gov.ie\/en\/event\/hazelwood-sculpture-restoration-project-sos-sliabh-an-da-ean\/","og_site_name":"Creative Ireland Programme","article_publisher":"https:\/\/www.facebook.com\/CreativeIrl\/","twitter_card":"summary_large_image","twitter_site":"@creativeirl","schema":{"@context":"https:\/\/schema.org","@graph":[{"@type":"WebPage","@id":"https:\/\/www.creativeireland.gov.ie\/en\/event\/hazelwood-sculpture-restoration-project-sos-sliabh-an-da-ean\/","url":"https:\/\/www.creativeireland.gov.ie\/en\/event\/hazelwood-sculpture-restoration-project-sos-sliabh-an-da-ean\/","name":"Hazelwood Sculpture Restoration Project - Sos Sliabh An D\u00e1 \u00c9an - Creative Ireland Programme","isPartOf":{"@id":"https:\/\/www.creativeireland.gov.ie\/en\/#website"},"primaryImageOfPage":{"@id":"https:\/\/www.creativeireland.gov.ie\/en\/event\/hazelwood-sculpture-restoration-project-sos-sliabh-an-da-ean\/#primaryimage"},"image":{"@id":"https:\/\/www.creativeireland.gov.ie\/en\/event\/hazelwood-sculpture-restoration-project-sos-sliabh-an-da-ean\/#primaryimage"},"thumbnailUrl":"https:\/\/www.creativeireland.gov.ie\/app\/uploads\/2025\/04\/sos-sliabh-an-da-ean-1985--scaled.jpg","datePublished":"2025-04-29T02:05:46+00:00","breadcrumb":{"@id":"https:\/\/www.creativeireland.gov.ie\/en\/event\/hazelwood-sculpture-restoration-project-sos-sliabh-an-da-ean\/#breadcrumb"},"inLanguage":"en-US","potentialAction":[{"@type":"ReadAction","target":["https:\/\/www.creativeireland.gov.ie\/en\/event\/hazelwood-sculpture-restoration-project-sos-sliabh-an-da-ean\/"]}]},{"@type":"ImageObject","inLanguage":"en-US","@id":"https:\/\/www.creativeireland.gov.ie\/en\/event\/hazelwood-sculpture-restoration-project-sos-sliabh-an-da-ean\/#primaryimage","url":"https:\/\/www.creativeireland.gov.ie\/app\/uploads\/2025\/04\/sos-sliabh-an-da-ean-1985--scaled.jpg","contentUrl":"https:\/\/www.creativeireland.gov.ie\/app\/uploads\/2025\/04\/sos-sliabh-an-da-ean-1985--scaled.jpg","width":2560,"height":2560},{"@type":"BreadcrumbList","@id":"https:\/\/www.creativeireland.gov.ie\/en\/event\/hazelwood-sculpture-restoration-project-sos-sliabh-an-da-ean\/#breadcrumb","itemListElement":[{"@type":"ListItem","position":1,"name":"Home","item":"https:\/\/www.creativeireland.gov.ie\/en\/"},{"@type":"ListItem","position":2,"name":"Hazelwood Sculpture Restoration Project &#8211; Sos Sliabh An D\u00e1 \u00c9an"}]},{"@type":"WebSite","@id":"https:\/\/www.creativeireland.gov.ie\/en\/#website","url":"https:\/\/www.creativeireland.gov.ie\/en\/","name":"Creative Ireland Programme","description":"The Creative Ireland Programme is guided by a vision that every person in Ireland will have the opportunity to realise their full creative potential. It is a five year all-of-Government initiative, from 2017 to 2022, to place creativity at the centre of public policy.","potentialAction":[{"@type":"SearchAction","target":{"@type":"EntryPoint","urlTemplate":"https:\/\/www.creativeireland.gov.ie\/en\/?s={search_term_string}"},"query-input":{"@type":"PropertyValueSpecification","valueRequired":true,"valueName":"search_term_string"}}],"inLanguage":"en-US"}]}},"_links":{"self":[{"href":"https:\/\/www.creativeireland.gov.ie\/en\/wp-json\/wp\/v2\/event\/35705","targetHints":{"allow":["GET"]}}],"collection":[{"href":"https:\/\/www.creativeireland.gov.ie\/en\/wp-json\/wp\/v2\/event"}],"about":[{"href":"https:\/\/www.creativeireland.gov.ie\/en\/wp-json\/wp\/v2\/types\/event"}],"wp:featuredmedia":[{"embeddable":true,"href":"https:\/\/www.creativeireland.gov.ie\/en\/wp-json\/wp\/v2\/media\/35706"}],"wp:attachment":[{"href":"https:\/\/www.creativeireland.gov.ie\/en\/wp-json\/wp\/v2\/media?parent=35705"}],"curies":[{"name":"wp","href":"https:\/\/api.w.org\/{rel}","templated":true}]}}

Hazelwood Sculpture Restoration Project &#8211; Sos Sliabh An Dá Éan

<p><span>Commemorative restoration of Sos Sliabh An Dá Éan, to mark the 20th anniversary of the death of Sligo sculptor Fred Conlon.</span></p>
<p><span>The late sculptor and artist Fred Conlon is widely known as one of Ireland’s finest sculptors.&nbsp;</span></p>
<p><span>The restoration of this piece will be undertaken by Fred’s son Finn Conlon, an accomplished sculptor working in stone, bronze and ceramics.&nbsp;</span></p>

<!-- This site is optimized with the Yoast SEO plugin v25.9 - https://yoast.com/wordpress/plugins/seo/ -->
<title>Hazelwood Sculpture Restoration Project - Sos Sliabh An Dá Éan - Creative Ireland Programme</title>
<meta name="description" content="Commemorative restoration of Sos Sliabh An Dá Éan, to mark the 20th anniversary of the death of Sligo sculptor Fred Conlon." />
<meta name="robots" content="index, follow, max-snippet:-1, max-image-preview:large, max-video-preview:-1" />
<link rel="canonical" href="https://www.creativeireland.gov.ie/en/event/hazelwood-sculpture-restoration-project-sos-sliabh-an-da-ean/" />
<meta property="og:locale" content="en_US" />
<meta property="og:type" content="article" />
<meta property="og:title" content="Hazelwood Sculpture Restoration Project - Sos Sliabh An Dá Éan - Creative Ireland Programme" />
<meta property="og:description" content="Commemorative restoration of Sos Sliabh An Dá Éan, to mark the 20th anniversary of the death of Sligo sculptor Fred Conlon. The late sculptor and artist Fred Conlon is widely known as one of Ireland’s finest sculptors.&nbsp; The restoration of this piece will be undertaken by Fred’s son Finn Conlon, an accomplished sculptor working in [&hellip;]" />
<meta property="og:url" content="https://www.creativeireland.gov.ie/en/event/hazelwood-sculpture-restoration-project-sos-sliabh-an-da-ean/" />
<meta property="og:site_name" content="Creative Ireland Programme" />
<meta property="article:publisher" content="https://www.facebook.com/CreativeIrl/" />
<meta name="twitter:card" content="summary_large_image" />
<meta name="twitter:site" content="@creativeirl" />
<script type="application/ld+json" class="yoast-schema-graph">{"@context":"https://schema.org","@graph":[{"@type":"WebPage","@id":"https://www.creativeireland.gov.ie/en/event/hazelwood-sculpture-restoration-project-sos-sliabh-an-da-ean/","url":"https://www.creativeireland.gov.ie/en/event/hazelwood-sculpture-restoration-project-sos-sliabh-an-da-ean/","name":"Hazelwood Sculpture Restoration Project - Sos Sliabh An Dá Éan - Creative Ireland Programme","isPartOf":{"@id":"https://www.creativeireland.gov.ie/en/#website"},"primaryImageOfPage":{"@id":"https://www.creativeireland.gov.ie/en/event/hazelwood-sculpture-restoration-project-sos-sliabh-an-da-ean/#primaryimage"},"image":{"@id":"https://www.creativeireland.gov.ie/en/event/hazelwood-sculpture-restoration-project-sos-sliabh-an-da-ean/#primaryimage"},"thumbnailUrl":"https://www.creativeireland.gov.ie/app/uploads/2025/04/sos-sliabh-an-da-ean-1985--scaled.jpg","datePublished":"2025-04-29T02:05:46+00:00","breadcrumb":{"@id":"https://www.creativeireland.gov.ie/en/event/hazelwood-sculpture-restoration-project-sos-sliabh-an-da-ean/#breadcrumb"},"inLanguage":"en-US","potentialAction":[{"@type":"ReadAction","target":["https://www.creativeireland.gov.ie/en/event/hazelwood-sculpture-restoration-project-sos-sliabh-an-da-ean/"]}]},{"@type":"ImageObject","inLanguage":"en-US","@id":"https://www.creativeireland.gov.ie/en/event/hazelwood-sculpture-restoration-project-sos-sliabh-an-da-ean/#primaryimage","url":"https://www.creativeireland.gov.ie/app/uploads/2025/04/sos-sliabh-an-da-ean-1985--scaled.jpg","contentUrl":"https://www.creativeireland.gov.ie/app/uploads/2025/04/sos-sliabh-an-da-ean-1985--scaled.jpg","width":2560,"height":2560},{"@type":"BreadcrumbList","@id":"https://www.creativeireland.gov.ie/en/event/hazelwood-sculpture-restoration-project-sos-sliabh-an-da-ean/#breadcrumb","itemListElement":[{"@type":"ListItem","position":1,"name":"Home","item":"https://www.creativeireland.gov.ie/en/"},{"@type":"ListItem","position":2,"name":"Hazelwood Sculpture Restoration Project &#8211; Sos Sliabh An Dá Éan"}]},{"@type":"WebSite","@id":"https://www.creativeireland.gov.ie/en/#website","url":"https://www.creativeireland.gov.ie/en/","name":"Creative Ireland Programme","description":"The Creative Ireland Programme is guided by a vision that every person in Ireland will have the opportunity to realise their full creative potential. It is a five year all-of-Government initiative, from 2017 to 2022, to place creativity at the centre of public policy.","potentialAction":[{"@type":"SearchAction","target":{"@type":"EntryPoint","urlTemplate":"https://www.creativeireland.gov.ie/en/?s={search_term_string}"},"query-input":{"@type":"PropertyValueSpecification","valueRequired":true,"valueName":"search_term_string"}}],"inLanguage":"en-US"}]}</script>
<!-- / Yoast SEO plugin. -->

Hazelwood Sculpture Restoration Project - Sos Sliabh An Dá Éan - Creative Ireland Programme

Commemorative restoration of Sos Sliabh An Dá Éan, to mark the 20th anniversary of the death of Sligo sculptor Fred Conlon.

Commemorative restoration of Sos Sliabh An Dá Éan, to mark the 20th anniversary of the death of Sligo sculptor Fred Conlon. The late sculptor and artist Fred Conlon is widely known as one of Ireland’s finest sculptors.&nbsp; The restoration of this piece will be undertaken by Fred’s son Finn Conlon, an accomplished sculptor working in [&hellip;]
