{"id":35857,"date":"2025-05-08T22:35:20","date_gmt":"2025-05-08T21:35:20","guid":{"rendered":"https:\/\/www.creativeireland.gov.ie\/event\/voices-for-nature\/"},"modified":"2025-05-08T22:35:20","modified_gmt":"2025-05-08T21:35:20","slug":"voices-for-nature","status":"publish","type":"event","link":"https:\/\/www.creativeireland.gov.ie\/en\/event\/voices-for-nature\/","title":{"rendered":"Voices for Nature"},"content":{"rendered":"<p>All around Glenveagh and Donegal, children and young adults are inspired by the landscape here through writing, music and creativity. Join us in a celebration through what they have to say, share and show. Hosted by artist Roisin Doherty, music groups Scoil Na Crann\u00f3ige and S\u00e1ile plus local schools. Part of Le Ch\u00e9ile don D\u00falra (Together for Nature). Celebrating Glenveagh National Park&#8217;s biodiversity through creativity, conversation and community.<\/p>\n","protected":false},"author":0,"featured_media":35858,"template":"","class_list":["post-35857","event","type-event","status-publish","has-post-thumbnail","hentry"],"acf":[],"yoast_head":"<!-- This site is optimized with the Yoast SEO plugin v25.9 - https:\/\/yoast.com\/wordpress\/plugins\/seo\/ -->\n<title>Voices for Nature - Creative Ireland Programme<\/title>\n<meta name=\"description\" content=\"All around Glenveagh and Donegal, children and young adults are inspired by the landscape here through writing, music and creativity.\" \/>\n<meta name=\"robots\" content=\"index, follow, max-snippet:-1, max-image-preview:large, max-video-preview:-1\" \/>\n<link rel=\"canonical\" href=\"https:\/\/www.creativeireland.gov.ie\/en\/event\/voices-for-nature\/\" \/>\n<meta property=\"og:locale\" content=\"en_US\" \/>\n<meta property=\"og:type\" content=\"article\" \/>\n<meta property=\"og:title\" content=\"Voices for Nature - Creative Ireland Programme\" \/>\n<meta property=\"og:description\" content=\"All around Glenveagh and Donegal, children and young adults are inspired by the landscape here through writing, music and creativity. Join us in a celebration through what they have to say, share and show. Hosted by artist Roisin Doherty, music groups Scoil Na Crann\u00f3ige and S\u00e1ile plus local schools. Part of Le Ch\u00e9ile don D\u00falra [&hellip;]\" \/>\n<meta property=\"og:url\" content=\"https:\/\/www.creativeireland.gov.ie\/en\/event\/voices-for-nature\/\" \/>\n<meta property=\"og:site_name\" content=\"Creative Ireland Programme\" \/>\n<meta property=\"article:publisher\" content=\"https:\/\/www.facebook.com\/CreativeIrl\/\" \/>\n<meta name=\"twitter:card\" content=\"summary_large_image\" \/>\n<meta name=\"twitter:site\" content=\"@creativeirl\" \/>\n<script type=\"application\/ld+json\" class=\"yoast-schema-graph\">{\"@context\":\"https:\/\/schema.org\",\"@graph\":[{\"@type\":\"WebPage\",\"@id\":\"https:\/\/www.creativeireland.gov.ie\/en\/event\/voices-for-nature\/\",\"url\":\"https:\/\/www.creativeireland.gov.ie\/en\/event\/voices-for-nature\/\",\"name\":\"Voices for Nature - Creative Ireland Programme\",\"isPartOf\":{\"@id\":\"https:\/\/www.creativeireland.gov.ie\/en\/#website\"},\"primaryImageOfPage\":{\"@id\":\"https:\/\/www.creativeireland.gov.ie\/en\/event\/voices-for-nature\/#primaryimage\"},\"image\":{\"@id\":\"https:\/\/www.creativeireland.gov.ie\/en\/event\/voices-for-nature\/#primaryimage\"},\"thumbnailUrl\":\"https:\/\/www.creativeireland.gov.ie\/app\/uploads\/2025\/05\/visitor-centre-cafe-area-img_6431.jpg\",\"datePublished\":\"2025-05-08T21:35:20+00:00\",\"breadcrumb\":{\"@id\":\"https:\/\/www.creativeireland.gov.ie\/en\/event\/voices-for-nature\/#breadcrumb\"},\"inLanguage\":\"en-US\",\"potentialAction\":[{\"@type\":\"ReadAction\",\"target\":[\"https:\/\/www.creativeireland.gov.ie\/en\/event\/voices-for-nature\/\"]}]},{\"@type\":\"ImageObject\",\"inLanguage\":\"en-US\",\"@id\":\"https:\/\/www.creativeireland.gov.ie\/en\/event\/voices-for-nature\/#primaryimage\",\"url\":\"https:\/\/www.creativeireland.gov.ie\/app\/uploads\/2025\/05\/visitor-centre-cafe-area-img_6431.jpg\",\"contentUrl\":\"https:\/\/www.creativeireland.gov.ie\/app\/uploads\/2025\/05\/visitor-centre-cafe-area-img_6431.jpg\",\"width\":1050,\"height\":550},{\"@type\":\"BreadcrumbList\",\"@id\":\"https:\/\/www.creativeireland.gov.ie\/en\/event\/voices-for-nature\/#breadcrumb\",\"itemListElement\":[{\"@type\":\"ListItem\",\"position\":1,\"name\":\"Home\",\"item\":\"https:\/\/www.creativeireland.gov.ie\/en\/\"},{\"@type\":\"ListItem\",\"position\":2,\"name\":\"Voices for Nature\"}]},{\"@type\":\"WebSite\",\"@id\":\"https:\/\/www.creativeireland.gov.ie\/en\/#website\",\"url\":\"https:\/\/www.creativeireland.gov.ie\/en\/\",\"name\":\"Creative Ireland Programme\",\"description\":\"The Creative Ireland Programme is guided by a vision that every person in Ireland will have the opportunity to realise their full creative potential. It is a five year all-of-Government initiative, from 2017 to 2022, to place creativity at the centre of public policy.\",\"potentialAction\":[{\"@type\":\"SearchAction\",\"target\":{\"@type\":\"EntryPoint\",\"urlTemplate\":\"https:\/\/www.creativeireland.gov.ie\/en\/?s={search_term_string}\"},\"query-input\":{\"@type\":\"PropertyValueSpecification\",\"valueRequired\":true,\"valueName\":\"search_term_string\"}}],\"inLanguage\":\"en-US\"}]}<\/script>\n<!-- \/ Yoast SEO plugin. -->","yoast_head_json":{"title":"Voices for Nature - Creative Ireland Programme","description":"All around Glenveagh and Donegal, children and young adults are inspired by the landscape here through writing, music and creativity.","robots":{"index":"index","follow":"follow","max-snippet":"max-snippet:-1","max-image-preview":"max-image-preview:large","max-video-preview":"max-video-preview:-1"},"canonical":"https:\/\/www.creativeireland.gov.ie\/en\/event\/voices-for-nature\/","og_locale":"en_US","og_type":"article","og_title":"Voices for Nature - Creative Ireland Programme","og_description":"All around Glenveagh and Donegal, children and young adults are inspired by the landscape here through writing, music and creativity. Join us in a celebration through what they have to say, share and show. Hosted by artist Roisin Doherty, music groups Scoil Na Crann\u00f3ige and S\u00e1ile plus local schools. Part of Le Ch\u00e9ile don D\u00falra [&hellip;]","og_url":"https:\/\/www.creativeireland.gov.ie\/en\/event\/voices-for-nature\/","og_site_name":"Creative Ireland Programme","article_publisher":"https:\/\/www.facebook.com\/CreativeIrl\/","twitter_card":"summary_large_image","twitter_site":"@creativeirl","schema":{"@context":"https:\/\/schema.org","@graph":[{"@type":"WebPage","@id":"https:\/\/www.creativeireland.gov.ie\/en\/event\/voices-for-nature\/","url":"https:\/\/www.creativeireland.gov.ie\/en\/event\/voices-for-nature\/","name":"Voices for Nature - Creative Ireland Programme","isPartOf":{"@id":"https:\/\/www.creativeireland.gov.ie\/en\/#website"},"primaryImageOfPage":{"@id":"https:\/\/www.creativeireland.gov.ie\/en\/event\/voices-for-nature\/#primaryimage"},"image":{"@id":"https:\/\/www.creativeireland.gov.ie\/en\/event\/voices-for-nature\/#primaryimage"},"thumbnailUrl":"https:\/\/www.creativeireland.gov.ie\/app\/uploads\/2025\/05\/visitor-centre-cafe-area-img_6431.jpg","datePublished":"2025-05-08T21:35:20+00:00","breadcrumb":{"@id":"https:\/\/www.creativeireland.gov.ie\/en\/event\/voices-for-nature\/#breadcrumb"},"inLanguage":"en-US","potentialAction":[{"@type":"ReadAction","target":["https:\/\/www.creativeireland.gov.ie\/en\/event\/voices-for-nature\/"]}]},{"@type":"ImageObject","inLanguage":"en-US","@id":"https:\/\/www.creativeireland.gov.ie\/en\/event\/voices-for-nature\/#primaryimage","url":"https:\/\/www.creativeireland.gov.ie\/app\/uploads\/2025\/05\/visitor-centre-cafe-area-img_6431.jpg","contentUrl":"https:\/\/www.creativeireland.gov.ie\/app\/uploads\/2025\/05\/visitor-centre-cafe-area-img_6431.jpg","width":1050,"height":550},{"@type":"BreadcrumbList","@id":"https:\/\/www.creativeireland.gov.ie\/en\/event\/voices-for-nature\/#breadcrumb","itemListElement":[{"@type":"ListItem","position":1,"name":"Home","item":"https:\/\/www.creativeireland.gov.ie\/en\/"},{"@type":"ListItem","position":2,"name":"Voices for Nature"}]},{"@type":"WebSite","@id":"https:\/\/www.creativeireland.gov.ie\/en\/#website","url":"https:\/\/www.creativeireland.gov.ie\/en\/","name":"Creative Ireland Programme","description":"The Creative Ireland Programme is guided by a vision that every person in Ireland will have the opportunity to realise their full creative potential. It is a five year all-of-Government initiative, from 2017 to 2022, to place creativity at the centre of public policy.","potentialAction":[{"@type":"SearchAction","target":{"@type":"EntryPoint","urlTemplate":"https:\/\/www.creativeireland.gov.ie\/en\/?s={search_term_string}"},"query-input":{"@type":"PropertyValueSpecification","valueRequired":true,"valueName":"search_term_string"}}],"inLanguage":"en-US"}]}},"_links":{"self":[{"href":"https:\/\/www.creativeireland.gov.ie\/en\/wp-json\/wp\/v2\/event\/35857","targetHints":{"allow":["GET"]}}],"collection":[{"href":"https:\/\/www.creativeireland.gov.ie\/en\/wp-json\/wp\/v2\/event"}],"about":[{"href":"https:\/\/www.creativeireland.gov.ie\/en\/wp-json\/wp\/v2\/types\/event"}],"wp:featuredmedia":[{"embeddable":true,"href":"https:\/\/www.creativeireland.gov.ie\/en\/wp-json\/wp\/v2\/media\/35858"}],"wp:attachment":[{"href":"https:\/\/www.creativeireland.gov.ie\/en\/wp-json\/wp\/v2\/media?parent=35857"}],"curies":[{"name":"wp","href":"https:\/\/api.w.org\/{rel}","templated":true}]}}

<p>All around Glenveagh and Donegal, children and young adults are inspired by the landscape here through writing, music and creativity. Join us in a celebration through what they have to say, share and show. Hosted by artist Roisin Doherty, music groups Scoil Na Crannóige and Sáile plus local schools. Part of Le Chéile don Dúlra (Together for Nature). Celebrating Glenveagh National Park&#8217;s biodiversity through creativity, conversation and community.</p>

<!-- This site is optimized with the Yoast SEO plugin v25.9 - https://yoast.com/wordpress/plugins/seo/ -->
<title>Voices for Nature - Creative Ireland Programme</title>
<meta name="description" content="All around Glenveagh and Donegal, children and young adults are inspired by the landscape here through writing, music and creativity." />
<meta name="robots" content="index, follow, max-snippet:-1, max-image-preview:large, max-video-preview:-1" />
<link rel="canonical" href="https://www.creativeireland.gov.ie/en/event/voices-for-nature/" />
<meta property="og:locale" content="en_US" />
<meta property="og:type" content="article" />
<meta property="og:title" content="Voices for Nature - Creative Ireland Programme" />
<meta property="og:description" content="All around Glenveagh and Donegal, children and young adults are inspired by the landscape here through writing, music and creativity. Join us in a celebration through what they have to say, share and show. Hosted by artist Roisin Doherty, music groups Scoil Na Crannóige and Sáile plus local schools. Part of Le Chéile don Dúlra [&hellip;]" />
<meta property="og:url" content="https://www.creativeireland.gov.ie/en/event/voices-for-nature/" />
<meta property="og:site_name" content="Creative Ireland Programme" />
<meta property="article:publisher" content="https://www.facebook.com/CreativeIrl/" />
<meta name="twitter:card" content="summary_large_image" />
<meta name="twitter:site" content="@creativeirl" />
<script type="application/ld+json" class="yoast-schema-graph">{"@context":"https://schema.org","@graph":[{"@type":"WebPage","@id":"https://www.creativeireland.gov.ie/en/event/voices-for-nature/","url":"https://www.creativeireland.gov.ie/en/event/voices-for-nature/","name":"Voices for Nature - Creative Ireland Programme","isPartOf":{"@id":"https://www.creativeireland.gov.ie/en/#website"},"primaryImageOfPage":{"@id":"https://www.creativeireland.gov.ie/en/event/voices-for-nature/#primaryimage"},"image":{"@id":"https://www.creativeireland.gov.ie/en/event/voices-for-nature/#primaryimage"},"thumbnailUrl":"https://www.creativeireland.gov.ie/app/uploads/2025/05/visitor-centre-cafe-area-img_6431.jpg","datePublished":"2025-05-08T21:35:20+00:00","breadcrumb":{"@id":"https://www.creativeireland.gov.ie/en/event/voices-for-nature/#breadcrumb"},"inLanguage":"en-US","potentialAction":[{"@type":"ReadAction","target":["https://www.creativeireland.gov.ie/en/event/voices-for-nature/"]}]},{"@type":"ImageObject","inLanguage":"en-US","@id":"https://www.creativeireland.gov.ie/en/event/voices-for-nature/#primaryimage","url":"https://www.creativeireland.gov.ie/app/uploads/2025/05/visitor-centre-cafe-area-img_6431.jpg","contentUrl":"https://www.creativeireland.gov.ie/app/uploads/2025/05/visitor-centre-cafe-area-img_6431.jpg","width":1050,"height":550},{"@type":"BreadcrumbList","@id":"https://www.creativeireland.gov.ie/en/event/voices-for-nature/#breadcrumb","itemListElement":[{"@type":"ListItem","position":1,"name":"Home","item":"https://www.creativeireland.gov.ie/en/"},{"@type":"ListItem","position":2,"name":"Voices for Nature"}]},{"@type":"WebSite","@id":"https://www.creativeireland.gov.ie/en/#website","url":"https://www.creativeireland.gov.ie/en/","name":"Creative Ireland Programme","description":"The Creative Ireland Programme is guided by a vision that every person in Ireland will have the opportunity to realise their full creative potential. It is a five year all-of-Government initiative, from 2017 to 2022, to place creativity at the centre of public policy.","potentialAction":[{"@type":"SearchAction","target":{"@type":"EntryPoint","urlTemplate":"https://www.creativeireland.gov.ie/en/?s={search_term_string}"},"query-input":{"@type":"PropertyValueSpecification","valueRequired":true,"valueName":"search_term_string"}}],"inLanguage":"en-US"}]}</script>
<!-- / Yoast SEO plugin. -->

All around Glenveagh and Donegal, children and young adults are inspired by the landscape here through writing, music and creativity. Join us in a celebration through what they have to say, share and show. Hosted by artist Roisin Doherty, music groups Scoil Na Crannóige and Sáile plus local schools. Part of Le Chéile don Dúlra [&hellip;]
