{"id":35863,"date":"2025-05-08T22:35:25","date_gmt":"2025-05-08T21:35:25","guid":{"rendered":"https:\/\/www.creativeireland.gov.ie\/event\/ciorcal-comhra-cruthaitheach\/"},"modified":"2025-05-08T22:35:25","modified_gmt":"2025-05-08T21:35:25","slug":"ciorcal-comhra-cruthaitheach","status":"publish","type":"event","link":"https:\/\/www.creativeireland.gov.ie\/en\/event\/ciorcal-comhra-cruthaitheach\/","title":{"rendered":"Ciorcal Comhr\u00e1 Cruthaitheach"},"content":{"rendered":"<p><span>Beidh sraith ceardlanna mar ph\u00e1irt den\u00e1r gCiorcal Comhr\u00e1 Cruthaitheach ar si\u00fal sa Ghaileara\u00ed.&nbsp;<\/span><br \/><span>Beidh eala\u00edont\u00f3ir\u00ed \u00e1it\u00fala ag sol\u00e1thar imeachta\u00ed eala\u00edonta \u00e9ags\u00fala, tr\u00ed mhe\u00e1n na Gaeilge, thar thr\u00e9imhse s\u00e9 seachtaine ag toiseacht D\u00e9 C\u00e9adaoin 21 Bealtaine 6.30-8.30in.<\/span><br \/><span>Chun \u00e1it a chur in \u00e1irithe ar cheardlann ar bith (n\u00f3 orthu uilig!) seol r-phost chuig <\/span><a href=\"mailto:angailearaidonegal@gmail.com\"><span>angailearaidonegal@gmail.com<\/span><\/a><\/p>\n<p><span>There will be a series of workshops as part of our Creative Ciorcal Comhr\u00e1. Local artists will provide various artistic activities, through the medium of Irish, over a six-week period beginning on Wednesday the 21st May 6.30-8.30pm. If you&#8217;d like to book a spot on any of these workshops (or all of them!), please email angailearaidonegal@gmail.com<\/span><\/p>\n","protected":false},"author":0,"featured_media":35864,"template":"","class_list":["post-35863","event","type-event","status-publish","has-post-thumbnail","hentry"],"acf":[],"yoast_head":"<!-- This site is optimized with the Yoast SEO plugin v25.9 - https:\/\/yoast.com\/wordpress\/plugins\/seo\/ -->\n<title>Ciorcal Comhr\u00e1 Cruthaitheach - Creative Ireland Programme<\/title>\n<meta name=\"description\" content=\"Beidh sraith ceardlanna mar ph\u00e1irt den\u00e1r gCiorcal Comhr\u00e1 Cruthaitheach ar si\u00fal sa Ghaileara\u00ed.\" \/>\n<meta name=\"robots\" content=\"index, follow, max-snippet:-1, max-image-preview:large, max-video-preview:-1\" \/>\n<link rel=\"canonical\" href=\"https:\/\/www.creativeireland.gov.ie\/en\/event\/ciorcal-comhra-cruthaitheach\/\" \/>\n<meta property=\"og:locale\" content=\"en_US\" \/>\n<meta property=\"og:type\" content=\"article\" \/>\n<meta property=\"og:title\" content=\"Ciorcal Comhr\u00e1 Cruthaitheach - Creative Ireland Programme\" \/>\n<meta property=\"og:description\" content=\"Beidh sraith ceardlanna mar ph\u00e1irt den\u00e1r gCiorcal Comhr\u00e1 Cruthaitheach ar si\u00fal sa Ghaileara\u00ed.&nbsp;Beidh eala\u00edont\u00f3ir\u00ed \u00e1it\u00fala ag sol\u00e1thar imeachta\u00ed eala\u00edonta \u00e9ags\u00fala, tr\u00ed mhe\u00e1n na Gaeilge, thar thr\u00e9imhse s\u00e9 seachtaine ag toiseacht D\u00e9 C\u00e9adaoin 21 Bealtaine 6.30-8.30in.Chun \u00e1it a chur in \u00e1irithe ar cheardlann ar bith (n\u00f3 orthu uilig!) seol r-phost chuig angailearaidonegal@gmail.com There will be a [&hellip;]\" \/>\n<meta property=\"og:url\" content=\"https:\/\/www.creativeireland.gov.ie\/en\/event\/ciorcal-comhra-cruthaitheach\/\" \/>\n<meta property=\"og:site_name\" content=\"Creative Ireland Programme\" \/>\n<meta property=\"article:publisher\" content=\"https:\/\/www.facebook.com\/CreativeIrl\/\" \/>\n<meta name=\"twitter:card\" content=\"summary_large_image\" \/>\n<meta name=\"twitter:site\" content=\"@creativeirl\" \/>\n<meta name=\"twitter:label1\" content=\"Est. reading time\" \/>\n\t<meta name=\"twitter:data1\" content=\"1 minute\" \/>\n<script type=\"application\/ld+json\" class=\"yoast-schema-graph\">{\"@context\":\"https:\/\/schema.org\",\"@graph\":[{\"@type\":\"WebPage\",\"@id\":\"https:\/\/www.creativeireland.gov.ie\/en\/event\/ciorcal-comhra-cruthaitheach\/\",\"url\":\"https:\/\/www.creativeireland.gov.ie\/en\/event\/ciorcal-comhra-cruthaitheach\/\",\"name\":\"Ciorcal Comhr\u00e1 Cruthaitheach - Creative Ireland Programme\",\"isPartOf\":{\"@id\":\"https:\/\/www.creativeireland.gov.ie\/en\/#website\"},\"primaryImageOfPage\":{\"@id\":\"https:\/\/www.creativeireland.gov.ie\/en\/event\/ciorcal-comhra-cruthaitheach\/#primaryimage\"},\"image\":{\"@id\":\"https:\/\/www.creativeireland.gov.ie\/en\/event\/ciorcal-comhra-cruthaitheach\/#primaryimage\"},\"thumbnailUrl\":\"https:\/\/www.creativeireland.gov.ie\/app\/uploads\/2025\/05\/antearagail.jpg\",\"datePublished\":\"2025-05-08T21:35:25+00:00\",\"breadcrumb\":{\"@id\":\"https:\/\/www.creativeireland.gov.ie\/en\/event\/ciorcal-comhra-cruthaitheach\/#breadcrumb\"},\"inLanguage\":\"en-US\",\"potentialAction\":[{\"@type\":\"ReadAction\",\"target\":[\"https:\/\/www.creativeireland.gov.ie\/en\/event\/ciorcal-comhra-cruthaitheach\/\"]}]},{\"@type\":\"ImageObject\",\"inLanguage\":\"en-US\",\"@id\":\"https:\/\/www.creativeireland.gov.ie\/en\/event\/ciorcal-comhra-cruthaitheach\/#primaryimage\",\"url\":\"https:\/\/www.creativeireland.gov.ie\/app\/uploads\/2025\/05\/antearagail.jpg\",\"contentUrl\":\"https:\/\/www.creativeireland.gov.ie\/app\/uploads\/2025\/05\/antearagail.jpg\",\"width\":1000,\"height\":720},{\"@type\":\"BreadcrumbList\",\"@id\":\"https:\/\/www.creativeireland.gov.ie\/en\/event\/ciorcal-comhra-cruthaitheach\/#breadcrumb\",\"itemListElement\":[{\"@type\":\"ListItem\",\"position\":1,\"name\":\"Home\",\"item\":\"https:\/\/www.creativeireland.gov.ie\/en\/\"},{\"@type\":\"ListItem\",\"position\":2,\"name\":\"Ciorcal Comhr\u00e1 Cruthaitheach\"}]},{\"@type\":\"WebSite\",\"@id\":\"https:\/\/www.creativeireland.gov.ie\/en\/#website\",\"url\":\"https:\/\/www.creativeireland.gov.ie\/en\/\",\"name\":\"Creative Ireland Programme\",\"description\":\"The Creative Ireland Programme is guided by a vision that every person in Ireland will have the opportunity to realise their full creative potential. It is a five year all-of-Government initiative, from 2017 to 2022, to place creativity at the centre of public policy.\",\"potentialAction\":[{\"@type\":\"SearchAction\",\"target\":{\"@type\":\"EntryPoint\",\"urlTemplate\":\"https:\/\/www.creativeireland.gov.ie\/en\/?s={search_term_string}\"},\"query-input\":{\"@type\":\"PropertyValueSpecification\",\"valueRequired\":true,\"valueName\":\"search_term_string\"}}],\"inLanguage\":\"en-US\"}]}<\/script>\n<!-- \/ Yoast SEO plugin. -->","yoast_head_json":{"title":"Ciorcal Comhr\u00e1 Cruthaitheach - Creative Ireland Programme","description":"Beidh sraith ceardlanna mar ph\u00e1irt den\u00e1r gCiorcal Comhr\u00e1 Cruthaitheach ar si\u00fal sa Ghaileara\u00ed.","robots":{"index":"index","follow":"follow","max-snippet":"max-snippet:-1","max-image-preview":"max-image-preview:large","max-video-preview":"max-video-preview:-1"},"canonical":"https:\/\/www.creativeireland.gov.ie\/en\/event\/ciorcal-comhra-cruthaitheach\/","og_locale":"en_US","og_type":"article","og_title":"Ciorcal Comhr\u00e1 Cruthaitheach - Creative Ireland Programme","og_description":"Beidh sraith ceardlanna mar ph\u00e1irt den\u00e1r gCiorcal Comhr\u00e1 Cruthaitheach ar si\u00fal sa Ghaileara\u00ed.&nbsp;Beidh eala\u00edont\u00f3ir\u00ed \u00e1it\u00fala ag sol\u00e1thar imeachta\u00ed eala\u00edonta \u00e9ags\u00fala, tr\u00ed mhe\u00e1n na Gaeilge, thar thr\u00e9imhse s\u00e9 seachtaine ag toiseacht D\u00e9 C\u00e9adaoin 21 Bealtaine 6.30-8.30in.Chun \u00e1it a chur in \u00e1irithe ar cheardlann ar bith (n\u00f3 orthu uilig!) seol r-phost chuig angailearaidonegal@gmail.com There will be a [&hellip;]","og_url":"https:\/\/www.creativeireland.gov.ie\/en\/event\/ciorcal-comhra-cruthaitheach\/","og_site_name":"Creative Ireland Programme","article_publisher":"https:\/\/www.facebook.com\/CreativeIrl\/","twitter_card":"summary_large_image","twitter_site":"@creativeirl","twitter_misc":{"Est. reading time":"1 minute"},"schema":{"@context":"https:\/\/schema.org","@graph":[{"@type":"WebPage","@id":"https:\/\/www.creativeireland.gov.ie\/en\/event\/ciorcal-comhra-cruthaitheach\/","url":"https:\/\/www.creativeireland.gov.ie\/en\/event\/ciorcal-comhra-cruthaitheach\/","name":"Ciorcal Comhr\u00e1 Cruthaitheach - Creative Ireland Programme","isPartOf":{"@id":"https:\/\/www.creativeireland.gov.ie\/en\/#website"},"primaryImageOfPage":{"@id":"https:\/\/www.creativeireland.gov.ie\/en\/event\/ciorcal-comhra-cruthaitheach\/#primaryimage"},"image":{"@id":"https:\/\/www.creativeireland.gov.ie\/en\/event\/ciorcal-comhra-cruthaitheach\/#primaryimage"},"thumbnailUrl":"https:\/\/www.creativeireland.gov.ie\/app\/uploads\/2025\/05\/antearagail.jpg","datePublished":"2025-05-08T21:35:25+00:00","breadcrumb":{"@id":"https:\/\/www.creativeireland.gov.ie\/en\/event\/ciorcal-comhra-cruthaitheach\/#breadcrumb"},"inLanguage":"en-US","potentialAction":[{"@type":"ReadAction","target":["https:\/\/www.creativeireland.gov.ie\/en\/event\/ciorcal-comhra-cruthaitheach\/"]}]},{"@type":"ImageObject","inLanguage":"en-US","@id":"https:\/\/www.creativeireland.gov.ie\/en\/event\/ciorcal-comhra-cruthaitheach\/#primaryimage","url":"https:\/\/www.creativeireland.gov.ie\/app\/uploads\/2025\/05\/antearagail.jpg","contentUrl":"https:\/\/www.creativeireland.gov.ie\/app\/uploads\/2025\/05\/antearagail.jpg","width":1000,"height":720},{"@type":"BreadcrumbList","@id":"https:\/\/www.creativeireland.gov.ie\/en\/event\/ciorcal-comhra-cruthaitheach\/#breadcrumb","itemListElement":[{"@type":"ListItem","position":1,"name":"Home","item":"https:\/\/www.creativeireland.gov.ie\/en\/"},{"@type":"ListItem","position":2,"name":"Ciorcal Comhr\u00e1 Cruthaitheach"}]},{"@type":"WebSite","@id":"https:\/\/www.creativeireland.gov.ie\/en\/#website","url":"https:\/\/www.creativeireland.gov.ie\/en\/","name":"Creative Ireland Programme","description":"The Creative Ireland Programme is guided by a vision that every person in Ireland will have the opportunity to realise their full creative potential. It is a five year all-of-Government initiative, from 2017 to 2022, to place creativity at the centre of public policy.","potentialAction":[{"@type":"SearchAction","target":{"@type":"EntryPoint","urlTemplate":"https:\/\/www.creativeireland.gov.ie\/en\/?s={search_term_string}"},"query-input":{"@type":"PropertyValueSpecification","valueRequired":true,"valueName":"search_term_string"}}],"inLanguage":"en-US"}]}},"_links":{"self":[{"href":"https:\/\/www.creativeireland.gov.ie\/en\/wp-json\/wp\/v2\/event\/35863","targetHints":{"allow":["GET"]}}],"collection":[{"href":"https:\/\/www.creativeireland.gov.ie\/en\/wp-json\/wp\/v2\/event"}],"about":[{"href":"https:\/\/www.creativeireland.gov.ie\/en\/wp-json\/wp\/v2\/types\/event"}],"wp:featuredmedia":[{"embeddable":true,"href":"https:\/\/www.creativeireland.gov.ie\/en\/wp-json\/wp\/v2\/media\/35864"}],"wp:attachment":[{"href":"https:\/\/www.creativeireland.gov.ie\/en\/wp-json\/wp\/v2\/media?parent=35863"}],"curies":[{"name":"wp","href":"https:\/\/api.w.org\/{rel}","templated":true}]}}

Ciorcal Comhrá Cruthaitheach

<p><span>Beidh sraith ceardlanna mar pháirt denár gCiorcal Comhrá Cruthaitheach ar siúl sa Ghailearaí.&nbsp;</span><br /><span>Beidh ealaíontóirí áitúla ag soláthar imeachtaí ealaíonta éagsúla, trí mheán na Gaeilge, thar thréimhse sé seachtaine ag toiseacht Dé Céadaoin 21 Bealtaine 6.30-8.30in.</span><br /><span>Chun áit a chur in áirithe ar cheardlann ar bith (nó orthu uilig!) seol r-phost chuig </span><a href="mailto:angailearaidonegal@gmail.com"><span>angailearaidonegal@gmail.com</span></a></p>
<p><span>There will be a series of workshops as part of our Creative Ciorcal Comhrá. Local artists will provide various artistic activities, through the medium of Irish, over a six-week period beginning on Wednesday the 21st May 6.30-8.30pm. If you&#8217;d like to book a spot on any of these workshops (or all of them!), please email angailearaidonegal@gmail.com</span></p>

<!-- This site is optimized with the Yoast SEO plugin v25.9 - https://yoast.com/wordpress/plugins/seo/ -->
<title>Ciorcal Comhrá Cruthaitheach - Creative Ireland Programme</title>
<meta name="description" content="Beidh sraith ceardlanna mar pháirt denár gCiorcal Comhrá Cruthaitheach ar siúl sa Ghailearaí." />
<meta name="robots" content="index, follow, max-snippet:-1, max-image-preview:large, max-video-preview:-1" />
<link rel="canonical" href="https://www.creativeireland.gov.ie/en/event/ciorcal-comhra-cruthaitheach/" />
<meta property="og:locale" content="en_US" />
<meta property="og:type" content="article" />
<meta property="og:title" content="Ciorcal Comhrá Cruthaitheach - Creative Ireland Programme" />
<meta property="og:description" content="Beidh sraith ceardlanna mar pháirt denár gCiorcal Comhrá Cruthaitheach ar siúl sa Ghailearaí.&nbsp;Beidh ealaíontóirí áitúla ag soláthar imeachtaí ealaíonta éagsúla, trí mheán na Gaeilge, thar thréimhse sé seachtaine ag toiseacht Dé Céadaoin 21 Bealtaine 6.30-8.30in.Chun áit a chur in áirithe ar cheardlann ar bith (nó orthu uilig!) seol r-phost chuig angailearaidonegal@gmail.com There will be a [&hellip;]" />
<meta property="og:url" content="https://www.creativeireland.gov.ie/en/event/ciorcal-comhra-cruthaitheach/" />
<meta property="og:site_name" content="Creative Ireland Programme" />
<meta property="article:publisher" content="https://www.facebook.com/CreativeIrl/" />
<meta name="twitter:card" content="summary_large_image" />
<meta name="twitter:site" content="@creativeirl" />
<meta name="twitter:label1" content="Est. reading time" />
	<meta name="twitter:data1" content="1 minute" />
<script type="application/ld+json" class="yoast-schema-graph">{"@context":"https://schema.org","@graph":[{"@type":"WebPage","@id":"https://www.creativeireland.gov.ie/en/event/ciorcal-comhra-cruthaitheach/","url":"https://www.creativeireland.gov.ie/en/event/ciorcal-comhra-cruthaitheach/","name":"Ciorcal Comhrá Cruthaitheach - Creative Ireland Programme","isPartOf":{"@id":"https://www.creativeireland.gov.ie/en/#website"},"primaryImageOfPage":{"@id":"https://www.creativeireland.gov.ie/en/event/ciorcal-comhra-cruthaitheach/#primaryimage"},"image":{"@id":"https://www.creativeireland.gov.ie/en/event/ciorcal-comhra-cruthaitheach/#primaryimage"},"thumbnailUrl":"https://www.creativeireland.gov.ie/app/uploads/2025/05/antearagail.jpg","datePublished":"2025-05-08T21:35:25+00:00","breadcrumb":{"@id":"https://www.creativeireland.gov.ie/en/event/ciorcal-comhra-cruthaitheach/#breadcrumb"},"inLanguage":"en-US","potentialAction":[{"@type":"ReadAction","target":["https://www.creativeireland.gov.ie/en/event/ciorcal-comhra-cruthaitheach/"]}]},{"@type":"ImageObject","inLanguage":"en-US","@id":"https://www.creativeireland.gov.ie/en/event/ciorcal-comhra-cruthaitheach/#primaryimage","url":"https://www.creativeireland.gov.ie/app/uploads/2025/05/antearagail.jpg","contentUrl":"https://www.creativeireland.gov.ie/app/uploads/2025/05/antearagail.jpg","width":1000,"height":720},{"@type":"BreadcrumbList","@id":"https://www.creativeireland.gov.ie/en/event/ciorcal-comhra-cruthaitheach/#breadcrumb","itemListElement":[{"@type":"ListItem","position":1,"name":"Home","item":"https://www.creativeireland.gov.ie/en/"},{"@type":"ListItem","position":2,"name":"Ciorcal Comhrá Cruthaitheach"}]},{"@type":"WebSite","@id":"https://www.creativeireland.gov.ie/en/#website","url":"https://www.creativeireland.gov.ie/en/","name":"Creative Ireland Programme","description":"The Creative Ireland Programme is guided by a vision that every person in Ireland will have the opportunity to realise their full creative potential. It is a five year all-of-Government initiative, from 2017 to 2022, to place creativity at the centre of public policy.","potentialAction":[{"@type":"SearchAction","target":{"@type":"EntryPoint","urlTemplate":"https://www.creativeireland.gov.ie/en/?s={search_term_string}"},"query-input":{"@type":"PropertyValueSpecification","valueRequired":true,"valueName":"search_term_string"}}],"inLanguage":"en-US"}]}</script>
<!-- / Yoast SEO plugin. -->

Ciorcal Comhrá Cruthaitheach - Creative Ireland Programme

Beidh sraith ceardlanna mar pháirt denár gCiorcal Comhrá Cruthaitheach ar siúl sa Ghailearaí.

Beidh sraith ceardlanna mar pháirt denár gCiorcal Comhrá Cruthaitheach ar siúl sa Ghailearaí.&nbsp;Beidh ealaíontóirí áitúla ag soláthar imeachtaí ealaíonta éagsúla, trí mheán na Gaeilge, thar thréimhse sé seachtaine ag toiseacht Dé Céadaoin 21 Bealtaine 6.30-8.30in.Chun áit a chur in áirithe ar cheardlann ar bith (nó orthu uilig!) seol r-phost chuig angailearaidonegal@gmail.com There will be a [&hellip;]
