{"id":42469,"date":"2026-08-11T03:02:34","date_gmt":"2026-08-11T02:02:34","guid":{"rendered":"https:\/\/www.creativeireland.gov.ie\/event\/lamh-bhanban-the-hand-of-banban\/"},"modified":"2026-08-11T03:02:34","modified_gmt":"2026-08-11T02:02:34","slug":"lamh-bhriain-na-banban","status":"publish","type":"event","link":"https:\/\/www.creativeireland.gov.ie\/en\/event\/lamh-bhriain-na-banban\/","title":{"rendered":"L\u00e1mh Bhriain na Banban"},"content":{"rendered":"<p><em>L\u00e1mh Bhriain na Banban<\/em> celebrates the cultural connection between Clare and Brian \u00d3 hUig\u00ednn (1882-1963), inspired by Rachel U\u00ed Fhaol\u00e1in\u2019s research into the songbooks of An tAthair P\u00e1druig Breathnach (1904-1926). Through <em>The Lost Art of Handwriting<\/em> workshops, Rachel engaged residents of St. Dominic Savio Nursing Home and pupils of Liscannor National School with a Christmas-themed verse by \u00d3 hUig\u00ednn from Breathnach\u2019s collections.<\/p>\n<p>Marking the centenary of An tAthair Breathnach\u2019s final publication in 1926, and encouraging handwritten communication between generations at key points in the Irish calendar, Rachel created <em>An Fuiseoig\u00edn<\/em>, a new collection of postcards published by her family press, f\u00f3\u0121\u1e41ar. The title is inspired by a series associated with Breathnach; a third publication of the same name was advertised but no copies have ever been found.<\/p>\n<p>The postcards include QR codes linking to Rachel\u2019s recording of <em>Christmas Eve<\/em>, sung to the traditional air of <em>An Buachaill Caol Dubh<\/em> as intended by Breathnach. The project also draws on Rachel\u2019s research into \u00d3 hUig\u00ednn\u2019s publications, including a collection of his cards held by the National Library of Ireland, and explores the significance of his ephemera for communities in Clare and beyond.<\/p>\n<p>A limited-edition collection of <em>An Fuiseoig\u00edn<\/em> Christmas postcards will be available free of charge through Clare Libraries from 1-22 December 2026.<\/p>\n<p><a href=\"https:\/\/rachel-ui-fhaolain.sumupstore.com\/product\/lamh-bhriain-na-banban-an-fuiseoigin-limited-edition-christmas-postcards\">Click here for more information<\/a><\/p>\n","protected":false},"author":0,"featured_media":42470,"template":"","class_list":["post-42469","event","type-event","status-publish","has-post-thumbnail","hentry"],"acf":[],"yoast_head":"<!-- This site is optimized with the Yoast SEO plugin v25.9 - https:\/\/yoast.com\/wordpress\/plugins\/seo\/ -->\n<title>L\u00e1mh Bhriain na Banban - Creative Ireland Programme<\/title>\n<meta name=\"description\" content=\"L\u00e1mh Bhriain na Banban celebrates the cultural connection between Clare and Brian \u00d3 hUig\u00ednn (1882-1963), inspired by Rachel U\u00ed Fhaol\u00e1in\u2019s research into the songbooks of An tAthair P\u00e1druig Breathnach (1904-1926).\" \/>\n<meta name=\"robots\" content=\"index, follow, max-snippet:-1, max-image-preview:large, max-video-preview:-1\" \/>\n<link rel=\"canonical\" href=\"https:\/\/www.creativeireland.gov.ie\/en\/event\/lamh-bhriain-na-banban\/\" \/>\n<meta property=\"og:locale\" content=\"en_US\" \/>\n<meta property=\"og:type\" content=\"article\" \/>\n<meta property=\"og:title\" content=\"L\u00e1mh Bhriain na Banban - Creative Ireland Programme\" \/>\n<meta property=\"og:description\" content=\"L\u00e1mh Bhriain na Banban celebrates the cultural connection between Clare and Brian \u00d3 hUig\u00ednn (1882-1963), inspired by Rachel U\u00ed Fhaol\u00e1in\u2019s research into the songbooks of An tAthair P\u00e1druig Breathnach (1904-1926). Through The Lost Art of Handwriting workshops, Rachel engaged residents of St. Dominic Savio Nursing Home and pupils of Liscannor National School with a Christmas-themed [&hellip;]\" \/>\n<meta property=\"og:url\" content=\"https:\/\/www.creativeireland.gov.ie\/en\/event\/lamh-bhriain-na-banban\/\" \/>\n<meta property=\"og:site_name\" content=\"Creative Ireland Programme\" \/>\n<meta property=\"article:publisher\" content=\"https:\/\/www.facebook.com\/CreativeIrl\/\" \/>\n<meta property=\"og:image\" content=\"https:\/\/www.creativeireland.gov.ie\/app\/uploads\/2026\/08\/lamh.png\" \/>\n\t<meta property=\"og:image:width\" content=\"700\" \/>\n\t<meta property=\"og:image:height\" content=\"450\" \/>\n\t<meta property=\"og:image:type\" content=\"image\/png\" \/>\n<meta name=\"twitter:card\" content=\"summary_large_image\" \/>\n<meta name=\"twitter:site\" content=\"@creativeirl\" \/>\n<meta name=\"twitter:label1\" content=\"Est. reading time\" \/>\n\t<meta name=\"twitter:data1\" content=\"1 minute\" \/>\n<script type=\"application\/ld+json\" class=\"yoast-schema-graph\">{\"@context\":\"https:\/\/schema.org\",\"@graph\":[{\"@type\":\"WebPage\",\"@id\":\"https:\/\/www.creativeireland.gov.ie\/en\/event\/lamh-bhriain-na-banban\/\",\"url\":\"https:\/\/www.creativeireland.gov.ie\/en\/event\/lamh-bhriain-na-banban\/\",\"name\":\"L\u00e1mh Bhriain na Banban - Creative Ireland Programme\",\"isPartOf\":{\"@id\":\"https:\/\/www.creativeireland.gov.ie\/en\/#website\"},\"primaryImageOfPage\":{\"@id\":\"https:\/\/www.creativeireland.gov.ie\/en\/event\/lamh-bhriain-na-banban\/#primaryimage\"},\"image\":{\"@id\":\"https:\/\/www.creativeireland.gov.ie\/en\/event\/lamh-bhriain-na-banban\/#primaryimage\"},\"thumbnailUrl\":\"https:\/\/www.creativeireland.gov.ie\/app\/uploads\/2026\/08\/lamh.png\",\"datePublished\":\"2026-08-11T02:02:34+00:00\",\"breadcrumb\":{\"@id\":\"https:\/\/www.creativeireland.gov.ie\/en\/event\/lamh-bhriain-na-banban\/#breadcrumb\"},\"inLanguage\":\"en-US\",\"potentialAction\":[{\"@type\":\"ReadAction\",\"target\":[\"https:\/\/www.creativeireland.gov.ie\/en\/event\/lamh-bhriain-na-banban\/\"]}]},{\"@type\":\"ImageObject\",\"inLanguage\":\"en-US\",\"@id\":\"https:\/\/www.creativeireland.gov.ie\/en\/event\/lamh-bhriain-na-banban\/#primaryimage\",\"url\":\"https:\/\/www.creativeireland.gov.ie\/app\/uploads\/2026\/08\/lamh.png\",\"contentUrl\":\"https:\/\/www.creativeireland.gov.ie\/app\/uploads\/2026\/08\/lamh.png\",\"width\":700,\"height\":450},{\"@type\":\"BreadcrumbList\",\"@id\":\"https:\/\/www.creativeireland.gov.ie\/en\/event\/lamh-bhriain-na-banban\/#breadcrumb\",\"itemListElement\":[{\"@type\":\"ListItem\",\"position\":1,\"name\":\"Home\",\"item\":\"https:\/\/www.creativeireland.gov.ie\/en\/\"},{\"@type\":\"ListItem\",\"position\":2,\"name\":\"L\u00e1mh Bhriain na Banban\"}]},{\"@type\":\"WebSite\",\"@id\":\"https:\/\/www.creativeireland.gov.ie\/en\/#website\",\"url\":\"https:\/\/www.creativeireland.gov.ie\/en\/\",\"name\":\"Creative Ireland Programme\",\"description\":\"The Creative Ireland Programme is guided by a vision that every person in Ireland will have the opportunity to realise their full creative potential. It is a five year all-of-Government initiative, from 2017 to 2022, to place creativity at the centre of public policy.\",\"potentialAction\":[{\"@type\":\"SearchAction\",\"target\":{\"@type\":\"EntryPoint\",\"urlTemplate\":\"https:\/\/www.creativeireland.gov.ie\/en\/?s={search_term_string}\"},\"query-input\":{\"@type\":\"PropertyValueSpecification\",\"valueRequired\":true,\"valueName\":\"search_term_string\"}}],\"inLanguage\":\"en-US\"}]}<\/script>\n<!-- \/ Yoast SEO plugin. -->","yoast_head_json":{"title":"L\u00e1mh Bhriain na Banban - Creative Ireland Programme","description":"L\u00e1mh Bhriain na Banban celebrates the cultural connection between Clare and Brian \u00d3 hUig\u00ednn (1882-1963), inspired by Rachel U\u00ed Fhaol\u00e1in\u2019s research into the songbooks of An tAthair P\u00e1druig Breathnach (1904-1926).","robots":{"index":"index","follow":"follow","max-snippet":"max-snippet:-1","max-image-preview":"max-image-preview:large","max-video-preview":"max-video-preview:-1"},"canonical":"https:\/\/www.creativeireland.gov.ie\/en\/event\/lamh-bhriain-na-banban\/","og_locale":"en_US","og_type":"article","og_title":"L\u00e1mh Bhriain na Banban - Creative Ireland Programme","og_description":"L\u00e1mh Bhriain na Banban celebrates the cultural connection between Clare and Brian \u00d3 hUig\u00ednn (1882-1963), inspired by Rachel U\u00ed Fhaol\u00e1in\u2019s research into the songbooks of An tAthair P\u00e1druig Breathnach (1904-1926). Through The Lost Art of Handwriting workshops, Rachel engaged residents of St. Dominic Savio Nursing Home and pupils of Liscannor National School with a Christmas-themed [&hellip;]","og_url":"https:\/\/www.creativeireland.gov.ie\/en\/event\/lamh-bhriain-na-banban\/","og_site_name":"Creative Ireland Programme","article_publisher":"https:\/\/www.facebook.com\/CreativeIrl\/","og_image":[{"width":700,"height":450,"url":"https:\/\/www.creativeireland.gov.ie\/app\/uploads\/2026\/08\/lamh.png","type":"image\/png"}],"twitter_card":"summary_large_image","twitter_site":"@creativeirl","twitter_misc":{"Est. reading time":"1 minute"},"schema":{"@context":"https:\/\/schema.org","@graph":[{"@type":"WebPage","@id":"https:\/\/www.creativeireland.gov.ie\/en\/event\/lamh-bhriain-na-banban\/","url":"https:\/\/www.creativeireland.gov.ie\/en\/event\/lamh-bhriain-na-banban\/","name":"L\u00e1mh Bhriain na Banban - Creative Ireland Programme","isPartOf":{"@id":"https:\/\/www.creativeireland.gov.ie\/en\/#website"},"primaryImageOfPage":{"@id":"https:\/\/www.creativeireland.gov.ie\/en\/event\/lamh-bhriain-na-banban\/#primaryimage"},"image":{"@id":"https:\/\/www.creativeireland.gov.ie\/en\/event\/lamh-bhriain-na-banban\/#primaryimage"},"thumbnailUrl":"https:\/\/www.creativeireland.gov.ie\/app\/uploads\/2026\/08\/lamh.png","datePublished":"2026-08-11T02:02:34+00:00","breadcrumb":{"@id":"https:\/\/www.creativeireland.gov.ie\/en\/event\/lamh-bhriain-na-banban\/#breadcrumb"},"inLanguage":"en-US","potentialAction":[{"@type":"ReadAction","target":["https:\/\/www.creativeireland.gov.ie\/en\/event\/lamh-bhriain-na-banban\/"]}]},{"@type":"ImageObject","inLanguage":"en-US","@id":"https:\/\/www.creativeireland.gov.ie\/en\/event\/lamh-bhriain-na-banban\/#primaryimage","url":"https:\/\/www.creativeireland.gov.ie\/app\/uploads\/2026\/08\/lamh.png","contentUrl":"https:\/\/www.creativeireland.gov.ie\/app\/uploads\/2026\/08\/lamh.png","width":700,"height":450},{"@type":"BreadcrumbList","@id":"https:\/\/www.creativeireland.gov.ie\/en\/event\/lamh-bhriain-na-banban\/#breadcrumb","itemListElement":[{"@type":"ListItem","position":1,"name":"Home","item":"https:\/\/www.creativeireland.gov.ie\/en\/"},{"@type":"ListItem","position":2,"name":"L\u00e1mh Bhriain na Banban"}]},{"@type":"WebSite","@id":"https:\/\/www.creativeireland.gov.ie\/en\/#website","url":"https:\/\/www.creativeireland.gov.ie\/en\/","name":"Creative Ireland Programme","description":"The Creative Ireland Programme is guided by a vision that every person in Ireland will have the opportunity to realise their full creative potential. It is a five year all-of-Government initiative, from 2017 to 2022, to place creativity at the centre of public policy.","potentialAction":[{"@type":"SearchAction","target":{"@type":"EntryPoint","urlTemplate":"https:\/\/www.creativeireland.gov.ie\/en\/?s={search_term_string}"},"query-input":{"@type":"PropertyValueSpecification","valueRequired":true,"valueName":"search_term_string"}}],"inLanguage":"en-US"}]}},"_links":{"self":[{"href":"https:\/\/www.creativeireland.gov.ie\/en\/wp-json\/wp\/v2\/event\/42469","targetHints":{"allow":["GET"]}}],"collection":[{"href":"https:\/\/www.creativeireland.gov.ie\/en\/wp-json\/wp\/v2\/event"}],"about":[{"href":"https:\/\/www.creativeireland.gov.ie\/en\/wp-json\/wp\/v2\/types\/event"}],"wp:featuredmedia":[{"embeddable":true,"href":"https:\/\/www.creativeireland.gov.ie\/en\/wp-json\/wp\/v2\/media\/42470"}],"wp:attachment":[{"href":"https:\/\/www.creativeireland.gov.ie\/en\/wp-json\/wp\/v2\/media?parent=42469"}],"curies":[{"name":"wp","href":"https:\/\/api.w.org\/{rel}","templated":true}]}}

Lámh Bhriain na Banban

<p><em>Lámh Bhriain na Banban</em> celebrates the cultural connection between Clare and Brian Ó hUigínn (1882-1963), inspired by Rachel Uí Fhaoláin’s research into the songbooks of An tAthair Pádruig Breathnach (1904-1926). Through <em>The Lost Art of Handwriting</em> workshops, Rachel engaged residents of St. Dominic Savio Nursing Home and pupils of Liscannor National School with a Christmas-themed verse by Ó hUigínn from Breathnach’s collections.</p>
<p>Marking the centenary of An tAthair Breathnach’s final publication in 1926, and encouraging handwritten communication between generations at key points in the Irish calendar, Rachel created <em>An Fuiseoigín</em>, a new collection of postcards published by her family press, fóġṁar. The title is inspired by a series associated with Breathnach; a third publication of the same name was advertised but no copies have ever been found.</p>
<p>The postcards include QR codes linking to Rachel’s recording of <em>Christmas Eve</em>, sung to the traditional air of <em>An Buachaill Caol Dubh</em> as intended by Breathnach. The project also draws on Rachel’s research into Ó hUigínn’s publications, including a collection of his cards held by the National Library of Ireland, and explores the significance of his ephemera for communities in Clare and beyond.</p>
<p>A limited-edition collection of <em>An Fuiseoigín</em> Christmas postcards will be available free of charge through Clare Libraries from 1-22 December 2026.</p>
<p><a href="https://rachel-ui-fhaolain.sumupstore.com/product/lamh-bhriain-na-banban-an-fuiseoigin-limited-edition-christmas-postcards">Click here for more information</a></p>

<!-- This site is optimized with the Yoast SEO plugin v25.9 - https://yoast.com/wordpress/plugins/seo/ -->
<title>Lámh Bhriain na Banban - Creative Ireland Programme</title>
<meta name="description" content="Lámh Bhriain na Banban celebrates the cultural connection between Clare and Brian Ó hUigínn (1882-1963), inspired by Rachel Uí Fhaoláin’s research into the songbooks of An tAthair Pádruig Breathnach (1904-1926)." />
<meta name="robots" content="index, follow, max-snippet:-1, max-image-preview:large, max-video-preview:-1" />
<link rel="canonical" href="https://www.creativeireland.gov.ie/en/event/lamh-bhriain-na-banban/" />
<meta property="og:locale" content="en_US" />
<meta property="og:type" content="article" />
<meta property="og:title" content="Lámh Bhriain na Banban - Creative Ireland Programme" />
<meta property="og:description" content="Lámh Bhriain na Banban celebrates the cultural connection between Clare and Brian Ó hUigínn (1882-1963), inspired by Rachel Uí Fhaoláin’s research into the songbooks of An tAthair Pádruig Breathnach (1904-1926). Through The Lost Art of Handwriting workshops, Rachel engaged residents of St. Dominic Savio Nursing Home and pupils of Liscannor National School with a Christmas-themed [&hellip;]" />
<meta property="og:url" content="https://www.creativeireland.gov.ie/en/event/lamh-bhriain-na-banban/" />
<meta property="og:site_name" content="Creative Ireland Programme" />
<meta property="article:publisher" content="https://www.facebook.com/CreativeIrl/" />
<meta property="og:image" content="https://www.creativeireland.gov.ie/app/uploads/2026/08/lamh.png" />
	<meta property="og:image:width" content="700" />
	<meta property="og:image:height" content="450" />
	<meta property="og:image:type" content="image/png" />
<meta name="twitter:card" content="summary_large_image" />
<meta name="twitter:site" content="@creativeirl" />
<meta name="twitter:label1" content="Est. reading time" />
	<meta name="twitter:data1" content="1 minute" />
<script type="application/ld+json" class="yoast-schema-graph">{"@context":"https://schema.org","@graph":[{"@type":"WebPage","@id":"https://www.creativeireland.gov.ie/en/event/lamh-bhriain-na-banban/","url":"https://www.creativeireland.gov.ie/en/event/lamh-bhriain-na-banban/","name":"Lámh Bhriain na Banban - Creative Ireland Programme","isPartOf":{"@id":"https://www.creativeireland.gov.ie/en/#website"},"primaryImageOfPage":{"@id":"https://www.creativeireland.gov.ie/en/event/lamh-bhriain-na-banban/#primaryimage"},"image":{"@id":"https://www.creativeireland.gov.ie/en/event/lamh-bhriain-na-banban/#primaryimage"},"thumbnailUrl":"https://www.creativeireland.gov.ie/app/uploads/2026/08/lamh.png","datePublished":"2026-08-11T02:02:34+00:00","breadcrumb":{"@id":"https://www.creativeireland.gov.ie/en/event/lamh-bhriain-na-banban/#breadcrumb"},"inLanguage":"en-US","potentialAction":[{"@type":"ReadAction","target":["https://www.creativeireland.gov.ie/en/event/lamh-bhriain-na-banban/"]}]},{"@type":"ImageObject","inLanguage":"en-US","@id":"https://www.creativeireland.gov.ie/en/event/lamh-bhriain-na-banban/#primaryimage","url":"https://www.creativeireland.gov.ie/app/uploads/2026/08/lamh.png","contentUrl":"https://www.creativeireland.gov.ie/app/uploads/2026/08/lamh.png","width":700,"height":450},{"@type":"BreadcrumbList","@id":"https://www.creativeireland.gov.ie/en/event/lamh-bhriain-na-banban/#breadcrumb","itemListElement":[{"@type":"ListItem","position":1,"name":"Home","item":"https://www.creativeireland.gov.ie/en/"},{"@type":"ListItem","position":2,"name":"Lámh Bhriain na Banban"}]},{"@type":"WebSite","@id":"https://www.creativeireland.gov.ie/en/#website","url":"https://www.creativeireland.gov.ie/en/","name":"Creative Ireland Programme","description":"The Creative Ireland Programme is guided by a vision that every person in Ireland will have the opportunity to realise their full creative potential. It is a five year all-of-Government initiative, from 2017 to 2022, to place creativity at the centre of public policy.","potentialAction":[{"@type":"SearchAction","target":{"@type":"EntryPoint","urlTemplate":"https://www.creativeireland.gov.ie/en/?s={search_term_string}"},"query-input":{"@type":"PropertyValueSpecification","valueRequired":true,"valueName":"search_term_string"}}],"inLanguage":"en-US"}]}</script>
<!-- / Yoast SEO plugin. -->

Lámh Bhriain na Banban - Creative Ireland Programme

Lámh Bhriain na Banban celebrates the cultural connection between Clare and Brian Ó hUigínn (1882-1963), inspired by Rachel Uí Fhaoláin’s research into the songbooks of An tAthair Pádruig Breathnach (1904-1926).

Lámh Bhriain na Banban celebrates the cultural connection between Clare and Brian Ó hUigínn (1882-1963), inspired by Rachel Uí Fhaoláin’s research into the songbooks of An tAthair Pádruig Breathnach (1904-1926). Through The Lost Art of Handwriting workshops, Rachel engaged residents of St. Dominic Savio Nursing Home and pupils of Liscannor National School with a Christmas-themed [&hellip;]
