{"id":42993,"date":"2026-09-03T03:04:56","date_gmt":"2026-09-03T02:04:56","guid":{"rendered":"https:\/\/www.creativeireland.gov.ie\/event\/singing-walks-as-gaeilge\/"},"modified":"2026-09-03T03:04:56","modified_gmt":"2026-09-03T02:04:56","slug":"singing-walks-as-gaeilge","status":"publish","type":"event","link":"https:\/\/www.creativeireland.gov.ie\/en\/event\/singing-walks-as-gaeilge\/","title":{"rendered":"Singing Walks as Gaeilge"},"content":{"rendered":"<p><strong>Singing Walks as Gaeilge <\/strong>is a community-based creative project that brings together Irish language song, gentle walking and connection with the local environment. Led by musician and facilitator M\u00edche\u00e1l \u00d3 Cath\u00e1in, the project will invite people of all ages to take part in a series of inclusive outdoor singing walks through Douglas Community Park and Ballybrack Woods.<\/p>\n<p>Over six weekly sessions, participants will explore simple Irish-language songs and vocal practices in a relaxed, non-performance setting. Designed to be welcoming to people with little or no Irish, the walks will combine singing, conversation and observation of the local landscape, creating opportunities for participants to engage with language, culture and nature in an accessible and enjoyable way.<\/p>\n<p>As the programme develops, participants will be invited to share words, memories and reflections inspired by Douglas and its surroundings. These contributions will be woven into a new, collaboratively created song celebrating the area, its people and its natural environment. Through this co-creative process, participants will have the opportunity to connect more deeply with their local place while contributing to a shared cultural expression.<\/p>\n<p>Developed in partnership with Douglas Community Association and supported by Douglas Library, the project promotes creativity, wellbeing and social connection through low-barrier participation in cultural activity.<\/p>\n","protected":false},"author":0,"featured_media":42994,"template":"","class_list":["post-42993","event","type-event","status-publish","has-post-thumbnail","hentry"],"acf":[],"yoast_head":"<!-- This site is optimized with the Yoast SEO plugin v25.9 - https:\/\/yoast.com\/wordpress\/plugins\/seo\/ -->\n<title>Singing Walks as Gaeilge - Creative Ireland Programme<\/title>\n<meta name=\"description\" content=\"Singing Walks as Gaeilge is a community-based creative project that brings together Irish language song, gentle walking and connection with the local environment.\" \/>\n<meta name=\"robots\" content=\"index, follow, max-snippet:-1, max-image-preview:large, max-video-preview:-1\" \/>\n<link rel=\"canonical\" href=\"https:\/\/www.creativeireland.gov.ie\/en\/event\/singing-walks-as-gaeilge\/\" \/>\n<meta property=\"og:locale\" content=\"en_US\" \/>\n<meta property=\"og:type\" content=\"article\" \/>\n<meta property=\"og:title\" content=\"Singing Walks as Gaeilge - Creative Ireland Programme\" \/>\n<meta property=\"og:description\" content=\"Singing Walks as Gaeilge is a community-based creative project that brings together Irish language song, gentle walking and connection with the local environment. Led by musician and facilitator M\u00edche\u00e1l \u00d3 Cath\u00e1in, the project will invite people of all ages to take part in a series of inclusive outdoor singing walks through Douglas Community Park and [&hellip;]\" \/>\n<meta property=\"og:url\" content=\"https:\/\/www.creativeireland.gov.ie\/en\/event\/singing-walks-as-gaeilge\/\" \/>\n<meta property=\"og:site_name\" content=\"Creative Ireland Programme\" \/>\n<meta property=\"article:publisher\" content=\"https:\/\/www.facebook.com\/CreativeIrl\/\" \/>\n<meta name=\"twitter:card\" content=\"summary_large_image\" \/>\n<meta name=\"twitter:site\" content=\"@creativeirl\" \/>\n<meta name=\"twitter:label1\" content=\"Est. reading time\" \/>\n\t<meta name=\"twitter:data1\" content=\"1 minute\" \/>\n<script type=\"application\/ld+json\" class=\"yoast-schema-graph\">{\"@context\":\"https:\/\/schema.org\",\"@graph\":[{\"@type\":\"WebPage\",\"@id\":\"https:\/\/www.creativeireland.gov.ie\/en\/event\/singing-walks-as-gaeilge\/\",\"url\":\"https:\/\/www.creativeireland.gov.ie\/en\/event\/singing-walks-as-gaeilge\/\",\"name\":\"Singing Walks as Gaeilge - Creative Ireland Programme\",\"isPartOf\":{\"@id\":\"https:\/\/www.creativeireland.gov.ie\/en\/#website\"},\"primaryImageOfPage\":{\"@id\":\"https:\/\/www.creativeireland.gov.ie\/en\/event\/singing-walks-as-gaeilge\/#primaryimage\"},\"image\":{\"@id\":\"https:\/\/www.creativeireland.gov.ie\/en\/event\/singing-walks-as-gaeilge\/#primaryimage\"},\"thumbnailUrl\":\"https:\/\/www.creativeireland.gov.ie\/app\/uploads\/2026\/09\/barney-goodman-5eidvgyady4-unsplash-scaled.jpg\",\"datePublished\":\"2026-09-03T02:04:56+00:00\",\"breadcrumb\":{\"@id\":\"https:\/\/www.creativeireland.gov.ie\/en\/event\/singing-walks-as-gaeilge\/#breadcrumb\"},\"inLanguage\":\"en-US\",\"potentialAction\":[{\"@type\":\"ReadAction\",\"target\":[\"https:\/\/www.creativeireland.gov.ie\/en\/event\/singing-walks-as-gaeilge\/\"]}]},{\"@type\":\"ImageObject\",\"inLanguage\":\"en-US\",\"@id\":\"https:\/\/www.creativeireland.gov.ie\/en\/event\/singing-walks-as-gaeilge\/#primaryimage\",\"url\":\"https:\/\/www.creativeireland.gov.ie\/app\/uploads\/2026\/09\/barney-goodman-5eidvgyady4-unsplash-scaled.jpg\",\"contentUrl\":\"https:\/\/www.creativeireland.gov.ie\/app\/uploads\/2026\/09\/barney-goodman-5eidvgyady4-unsplash-scaled.jpg\",\"width\":2560,\"height\":1440},{\"@type\":\"BreadcrumbList\",\"@id\":\"https:\/\/www.creativeireland.gov.ie\/en\/event\/singing-walks-as-gaeilge\/#breadcrumb\",\"itemListElement\":[{\"@type\":\"ListItem\",\"position\":1,\"name\":\"Home\",\"item\":\"https:\/\/www.creativeireland.gov.ie\/en\/\"},{\"@type\":\"ListItem\",\"position\":2,\"name\":\"Singing Walks as Gaeilge\"}]},{\"@type\":\"WebSite\",\"@id\":\"https:\/\/www.creativeireland.gov.ie\/en\/#website\",\"url\":\"https:\/\/www.creativeireland.gov.ie\/en\/\",\"name\":\"Creative Ireland Programme\",\"description\":\"The Creative Ireland Programme is guided by a vision that every person in Ireland will have the opportunity to realise their full creative potential. It is a five year all-of-Government initiative, from 2017 to 2022, to place creativity at the centre of public policy.\",\"potentialAction\":[{\"@type\":\"SearchAction\",\"target\":{\"@type\":\"EntryPoint\",\"urlTemplate\":\"https:\/\/www.creativeireland.gov.ie\/en\/?s={search_term_string}\"},\"query-input\":{\"@type\":\"PropertyValueSpecification\",\"valueRequired\":true,\"valueName\":\"search_term_string\"}}],\"inLanguage\":\"en-US\"}]}<\/script>\n<!-- \/ Yoast SEO plugin. -->","yoast_head_json":{"title":"Singing Walks as Gaeilge - Creative Ireland Programme","description":"Singing Walks as Gaeilge is a community-based creative project that brings together Irish language song, gentle walking and connection with the local environment.","robots":{"index":"index","follow":"follow","max-snippet":"max-snippet:-1","max-image-preview":"max-image-preview:large","max-video-preview":"max-video-preview:-1"},"canonical":"https:\/\/www.creativeireland.gov.ie\/en\/event\/singing-walks-as-gaeilge\/","og_locale":"en_US","og_type":"article","og_title":"Singing Walks as Gaeilge - Creative Ireland Programme","og_description":"Singing Walks as Gaeilge is a community-based creative project that brings together Irish language song, gentle walking and connection with the local environment. Led by musician and facilitator M\u00edche\u00e1l \u00d3 Cath\u00e1in, the project will invite people of all ages to take part in a series of inclusive outdoor singing walks through Douglas Community Park and [&hellip;]","og_url":"https:\/\/www.creativeireland.gov.ie\/en\/event\/singing-walks-as-gaeilge\/","og_site_name":"Creative Ireland Programme","article_publisher":"https:\/\/www.facebook.com\/CreativeIrl\/","twitter_card":"summary_large_image","twitter_site":"@creativeirl","twitter_misc":{"Est. reading time":"1 minute"},"schema":{"@context":"https:\/\/schema.org","@graph":[{"@type":"WebPage","@id":"https:\/\/www.creativeireland.gov.ie\/en\/event\/singing-walks-as-gaeilge\/","url":"https:\/\/www.creativeireland.gov.ie\/en\/event\/singing-walks-as-gaeilge\/","name":"Singing Walks as Gaeilge - Creative Ireland Programme","isPartOf":{"@id":"https:\/\/www.creativeireland.gov.ie\/en\/#website"},"primaryImageOfPage":{"@id":"https:\/\/www.creativeireland.gov.ie\/en\/event\/singing-walks-as-gaeilge\/#primaryimage"},"image":{"@id":"https:\/\/www.creativeireland.gov.ie\/en\/event\/singing-walks-as-gaeilge\/#primaryimage"},"thumbnailUrl":"https:\/\/www.creativeireland.gov.ie\/app\/uploads\/2026\/09\/barney-goodman-5eidvgyady4-unsplash-scaled.jpg","datePublished":"2026-09-03T02:04:56+00:00","breadcrumb":{"@id":"https:\/\/www.creativeireland.gov.ie\/en\/event\/singing-walks-as-gaeilge\/#breadcrumb"},"inLanguage":"en-US","potentialAction":[{"@type":"ReadAction","target":["https:\/\/www.creativeireland.gov.ie\/en\/event\/singing-walks-as-gaeilge\/"]}]},{"@type":"ImageObject","inLanguage":"en-US","@id":"https:\/\/www.creativeireland.gov.ie\/en\/event\/singing-walks-as-gaeilge\/#primaryimage","url":"https:\/\/www.creativeireland.gov.ie\/app\/uploads\/2026\/09\/barney-goodman-5eidvgyady4-unsplash-scaled.jpg","contentUrl":"https:\/\/www.creativeireland.gov.ie\/app\/uploads\/2026\/09\/barney-goodman-5eidvgyady4-unsplash-scaled.jpg","width":2560,"height":1440},{"@type":"BreadcrumbList","@id":"https:\/\/www.creativeireland.gov.ie\/en\/event\/singing-walks-as-gaeilge\/#breadcrumb","itemListElement":[{"@type":"ListItem","position":1,"name":"Home","item":"https:\/\/www.creativeireland.gov.ie\/en\/"},{"@type":"ListItem","position":2,"name":"Singing Walks as Gaeilge"}]},{"@type":"WebSite","@id":"https:\/\/www.creativeireland.gov.ie\/en\/#website","url":"https:\/\/www.creativeireland.gov.ie\/en\/","name":"Creative Ireland Programme","description":"The Creative Ireland Programme is guided by a vision that every person in Ireland will have the opportunity to realise their full creative potential. It is a five year all-of-Government initiative, from 2017 to 2022, to place creativity at the centre of public policy.","potentialAction":[{"@type":"SearchAction","target":{"@type":"EntryPoint","urlTemplate":"https:\/\/www.creativeireland.gov.ie\/en\/?s={search_term_string}"},"query-input":{"@type":"PropertyValueSpecification","valueRequired":true,"valueName":"search_term_string"}}],"inLanguage":"en-US"}]}},"_links":{"self":[{"href":"https:\/\/www.creativeireland.gov.ie\/en\/wp-json\/wp\/v2\/event\/42993","targetHints":{"allow":["GET"]}}],"collection":[{"href":"https:\/\/www.creativeireland.gov.ie\/en\/wp-json\/wp\/v2\/event"}],"about":[{"href":"https:\/\/www.creativeireland.gov.ie\/en\/wp-json\/wp\/v2\/types\/event"}],"wp:featuredmedia":[{"embeddable":true,"href":"https:\/\/www.creativeireland.gov.ie\/en\/wp-json\/wp\/v2\/media\/42994"}],"wp:attachment":[{"href":"https:\/\/www.creativeireland.gov.ie\/en\/wp-json\/wp\/v2\/media?parent=42993"}],"curies":[{"name":"wp","href":"https:\/\/api.w.org\/{rel}","templated":true}]}}

<p><strong>Singing Walks as Gaeilge </strong>is a community-based creative project that brings together Irish language song, gentle walking and connection with the local environment. Led by musician and facilitator Mícheál Ó Catháin, the project will invite people of all ages to take part in a series of inclusive outdoor singing walks through Douglas Community Park and Ballybrack Woods.</p>
<p>Over six weekly sessions, participants will explore simple Irish-language songs and vocal practices in a relaxed, non-performance setting. Designed to be welcoming to people with little or no Irish, the walks will combine singing, conversation and observation of the local landscape, creating opportunities for participants to engage with language, culture and nature in an accessible and enjoyable way.</p>
<p>As the programme develops, participants will be invited to share words, memories and reflections inspired by Douglas and its surroundings. These contributions will be woven into a new, collaboratively created song celebrating the area, its people and its natural environment. Through this co-creative process, participants will have the opportunity to connect more deeply with their local place while contributing to a shared cultural expression.</p>
<p>Developed in partnership with Douglas Community Association and supported by Douglas Library, the project promotes creativity, wellbeing and social connection through low-barrier participation in cultural activity.</p>

<!-- This site is optimized with the Yoast SEO plugin v25.9 - https://yoast.com/wordpress/plugins/seo/ -->
<title>Singing Walks as Gaeilge - Creative Ireland Programme</title>
<meta name="description" content="Singing Walks as Gaeilge is a community-based creative project that brings together Irish language song, gentle walking and connection with the local environment." />
<meta name="robots" content="index, follow, max-snippet:-1, max-image-preview:large, max-video-preview:-1" />
<link rel="canonical" href="https://www.creativeireland.gov.ie/en/event/singing-walks-as-gaeilge/" />
<meta property="og:locale" content="en_US" />
<meta property="og:type" content="article" />
<meta property="og:title" content="Singing Walks as Gaeilge - Creative Ireland Programme" />
<meta property="og:description" content="Singing Walks as Gaeilge is a community-based creative project that brings together Irish language song, gentle walking and connection with the local environment. Led by musician and facilitator Mícheál Ó Catháin, the project will invite people of all ages to take part in a series of inclusive outdoor singing walks through Douglas Community Park and [&hellip;]" />
<meta property="og:url" content="https://www.creativeireland.gov.ie/en/event/singing-walks-as-gaeilge/" />
<meta property="og:site_name" content="Creative Ireland Programme" />
<meta property="article:publisher" content="https://www.facebook.com/CreativeIrl/" />
<meta name="twitter:card" content="summary_large_image" />
<meta name="twitter:site" content="@creativeirl" />
<meta name="twitter:label1" content="Est. reading time" />
	<meta name="twitter:data1" content="1 minute" />
<script type="application/ld+json" class="yoast-schema-graph">{"@context":"https://schema.org","@graph":[{"@type":"WebPage","@id":"https://www.creativeireland.gov.ie/en/event/singing-walks-as-gaeilge/","url":"https://www.creativeireland.gov.ie/en/event/singing-walks-as-gaeilge/","name":"Singing Walks as Gaeilge - Creative Ireland Programme","isPartOf":{"@id":"https://www.creativeireland.gov.ie/en/#website"},"primaryImageOfPage":{"@id":"https://www.creativeireland.gov.ie/en/event/singing-walks-as-gaeilge/#primaryimage"},"image":{"@id":"https://www.creativeireland.gov.ie/en/event/singing-walks-as-gaeilge/#primaryimage"},"thumbnailUrl":"https://www.creativeireland.gov.ie/app/uploads/2026/09/barney-goodman-5eidvgyady4-unsplash-scaled.jpg","datePublished":"2026-09-03T02:04:56+00:00","breadcrumb":{"@id":"https://www.creativeireland.gov.ie/en/event/singing-walks-as-gaeilge/#breadcrumb"},"inLanguage":"en-US","potentialAction":[{"@type":"ReadAction","target":["https://www.creativeireland.gov.ie/en/event/singing-walks-as-gaeilge/"]}]},{"@type":"ImageObject","inLanguage":"en-US","@id":"https://www.creativeireland.gov.ie/en/event/singing-walks-as-gaeilge/#primaryimage","url":"https://www.creativeireland.gov.ie/app/uploads/2026/09/barney-goodman-5eidvgyady4-unsplash-scaled.jpg","contentUrl":"https://www.creativeireland.gov.ie/app/uploads/2026/09/barney-goodman-5eidvgyady4-unsplash-scaled.jpg","width":2560,"height":1440},{"@type":"BreadcrumbList","@id":"https://www.creativeireland.gov.ie/en/event/singing-walks-as-gaeilge/#breadcrumb","itemListElement":[{"@type":"ListItem","position":1,"name":"Home","item":"https://www.creativeireland.gov.ie/en/"},{"@type":"ListItem","position":2,"name":"Singing Walks as Gaeilge"}]},{"@type":"WebSite","@id":"https://www.creativeireland.gov.ie/en/#website","url":"https://www.creativeireland.gov.ie/en/","name":"Creative Ireland Programme","description":"The Creative Ireland Programme is guided by a vision that every person in Ireland will have the opportunity to realise their full creative potential. It is a five year all-of-Government initiative, from 2017 to 2022, to place creativity at the centre of public policy.","potentialAction":[{"@type":"SearchAction","target":{"@type":"EntryPoint","urlTemplate":"https://www.creativeireland.gov.ie/en/?s={search_term_string}"},"query-input":{"@type":"PropertyValueSpecification","valueRequired":true,"valueName":"search_term_string"}}],"inLanguage":"en-US"}]}</script>
<!-- / Yoast SEO plugin. -->

Singing Walks as Gaeilge is a community-based creative project that brings together Irish language song, gentle walking and connection with the local environment. Led by musician and facilitator Mícheál Ó Catháin, the project will invite people of all ages to take part in a series of inclusive outdoor singing walks through Douglas Community Park and [&hellip;]
