{"id":8140,"date":"2022-04-21T15:04:46","date_gmt":"2022-04-21T14:04:46","guid":{"rendered":"https:\/\/prod-creativeireland.zestydev.com\/event\/elsewhere-the-asylum-soviet-opera-by-michael-gallen\/"},"modified":"2022-04-21T15:04:46","modified_gmt":"2022-04-21T14:04:46","slug":"elsewhere-the-asylum-soviet-opera-by-michael-gallen","status":"publish","type":"event","link":"https:\/\/www.creativeireland.gov.ie\/en\/event\/elsewhere-the-asylum-soviet-opera-by-michael-gallen\/","title":{"rendered":"Elsewhere, the Asylum Soviet Opera by Michael Gallen"},"content":{"rendered":"<p><span><span><span>This is the development and production of a new opera entitled <\/span><\/span><\/span><em><span><span><span>ELSEWHERE, <\/span><\/span><\/span><\/em><span><span><span>which will be brought to the stage in Monaghan, around Ireland and internationally in 2019 and 2020. Based on a story rooted in County Monaghan, this show will have wide appeal and pertinence, as is evidenced by the extensive support that is beginning to fall into place for it in Ireland and abroad. The musical ensemble for the piece will be made up of <\/span><\/span><\/span><em><span><span><span>Miroirs \u00c9tendus\u2019 <\/span><\/span><\/span><\/em><span><span><span>own performers. <\/span><\/span><\/span><\/p>\n<p><span><span><span><span>Michael Gallen hails from County Monaghan &#8211; A composer, multi-instrumentalist, singer. <\/span><\/span><\/span><\/span><span><span><span><span>Recent work includes Wilde Stories, a suite for the RT\u00c9 Concert Orchestra and C\u00f3r na n\u00d3g responding to Oscar Wilde&#8217;s fairy tales, and What You Forget, a series of choral pieces and sound installations commissioned for the Ireland 2016 project. His work was featured in the National Concert Hall&#8217;s &#8220;Composing the Island&#8221; series in 2016. He has been involved in several collaborations with dance and theatre (TARDIGRADE, Age of Transition) and has been a participant at the MAKE programme in the Tyrone Guthrie Centre, Dublin Theatre Festival&#8217;s &#8220;Next Stage&#8221; programme, and residencies at the Tyrone Guthrie Centre and Cill Rialaig. In 2017 he composed the opera entitled A Month in the Lock. His work as a documentary maker includes Vocal Chords, a series made with singer Iarla \u00d3 Lionaird which won Gold Medal at the 2016 New York Radio Awards. Michael is the pianist and lead vocalist with Irish band Ana Gog and was Artist in Residence at the Tri<\/span><\/span><\/span><\/span><\/p>\n","protected":false},"author":26,"featured_media":8141,"template":"","class_list":["post-8140","event","type-event","status-publish","has-post-thumbnail","hentry"],"acf":[],"yoast_head":"<!-- This site is optimized with the Yoast SEO plugin v25.9 - https:\/\/yoast.com\/wordpress\/plugins\/seo\/ -->\n<title>Elsewhere, the Asylum Soviet Opera by Michael Gallen - Creative Ireland Programme<\/title>\n<meta name=\"description\" content=\"This is the development and production of a new opera entitled ELSEWHERE, which will be brought to the stage in Monaghan, around Ireland and internationally in 2019 and 2020.\" \/>\n<meta name=\"robots\" content=\"index, follow, max-snippet:-1, max-image-preview:large, max-video-preview:-1\" \/>\n<link rel=\"canonical\" href=\"https:\/\/www.creativeireland.gov.ie\/en\/event\/elsewhere-the-asylum-soviet-opera-by-michael-gallen\/\" \/>\n<meta property=\"og:locale\" content=\"en_US\" \/>\n<meta property=\"og:type\" content=\"article\" \/>\n<meta property=\"og:title\" content=\"Elsewhere, the Asylum Soviet Opera by Michael Gallen - Creative Ireland Programme\" \/>\n<meta property=\"og:description\" content=\"This is the development and production of a new opera entitled ELSEWHERE, which will be brought to the stage in Monaghan, around Ireland and internationally in 2019 and 2020. Based on a story rooted in County Monaghan, this show will have wide appeal and pertinence, as is evidenced by the extensive support that is beginning [&hellip;]\" \/>\n<meta property=\"og:url\" content=\"https:\/\/www.creativeireland.gov.ie\/en\/event\/elsewhere-the-asylum-soviet-opera-by-michael-gallen\/\" \/>\n<meta property=\"og:site_name\" content=\"Creative Ireland Programme\" \/>\n<meta property=\"article:publisher\" content=\"https:\/\/www.facebook.com\/CreativeIrl\/\" \/>\n<meta property=\"og:image\" content=\"https:\/\/www.creativeireland.gov.ie\/app\/uploads\/2020\/01\/Elsewhere-concert-poster-november-2019-1.jpg\" \/>\n\t<meta property=\"og:image:width\" content=\"480\" \/>\n\t<meta property=\"og:image:height\" content=\"480\" \/>\n\t<meta property=\"og:image:type\" content=\"image\/jpeg\" \/>\n<meta name=\"twitter:card\" content=\"summary_large_image\" \/>\n<meta name=\"twitter:site\" content=\"@creativeirl\" \/>\n<meta name=\"twitter:label1\" content=\"Est. reading time\" \/>\n\t<meta name=\"twitter:data1\" content=\"1 minute\" \/>\n<script type=\"application\/ld+json\" class=\"yoast-schema-graph\">{\"@context\":\"https:\/\/schema.org\",\"@graph\":[{\"@type\":\"WebPage\",\"@id\":\"https:\/\/www.creativeireland.gov.ie\/en\/event\/elsewhere-the-asylum-soviet-opera-by-michael-gallen\/\",\"url\":\"https:\/\/www.creativeireland.gov.ie\/en\/event\/elsewhere-the-asylum-soviet-opera-by-michael-gallen\/\",\"name\":\"Elsewhere, the Asylum Soviet Opera by Michael Gallen - Creative Ireland Programme\",\"isPartOf\":{\"@id\":\"https:\/\/www.creativeireland.gov.ie\/en\/#website\"},\"primaryImageOfPage\":{\"@id\":\"https:\/\/www.creativeireland.gov.ie\/en\/event\/elsewhere-the-asylum-soviet-opera-by-michael-gallen\/#primaryimage\"},\"image\":{\"@id\":\"https:\/\/www.creativeireland.gov.ie\/en\/event\/elsewhere-the-asylum-soviet-opera-by-michael-gallen\/#primaryimage\"},\"thumbnailUrl\":\"https:\/\/www.creativeireland.gov.ie\/app\/uploads\/2020\/01\/Elsewhere-concert-poster-november-2019-1.jpg\",\"datePublished\":\"2022-04-21T14:04:46+00:00\",\"breadcrumb\":{\"@id\":\"https:\/\/www.creativeireland.gov.ie\/en\/event\/elsewhere-the-asylum-soviet-opera-by-michael-gallen\/#breadcrumb\"},\"inLanguage\":\"en-US\",\"potentialAction\":[{\"@type\":\"ReadAction\",\"target\":[\"https:\/\/www.creativeireland.gov.ie\/en\/event\/elsewhere-the-asylum-soviet-opera-by-michael-gallen\/\"]}]},{\"@type\":\"ImageObject\",\"inLanguage\":\"en-US\",\"@id\":\"https:\/\/www.creativeireland.gov.ie\/en\/event\/elsewhere-the-asylum-soviet-opera-by-michael-gallen\/#primaryimage\",\"url\":\"https:\/\/www.creativeireland.gov.ie\/app\/uploads\/2020\/01\/Elsewhere-concert-poster-november-2019-1.jpg\",\"contentUrl\":\"https:\/\/www.creativeireland.gov.ie\/app\/uploads\/2020\/01\/Elsewhere-concert-poster-november-2019-1.jpg\",\"width\":480,\"height\":480},{\"@type\":\"BreadcrumbList\",\"@id\":\"https:\/\/www.creativeireland.gov.ie\/en\/event\/elsewhere-the-asylum-soviet-opera-by-michael-gallen\/#breadcrumb\",\"itemListElement\":[{\"@type\":\"ListItem\",\"position\":1,\"name\":\"Home\",\"item\":\"https:\/\/www.creativeireland.gov.ie\/en\/\"},{\"@type\":\"ListItem\",\"position\":2,\"name\":\"Elsewhere, the Asylum Soviet Opera by Michael Gallen\"}]},{\"@type\":\"WebSite\",\"@id\":\"https:\/\/www.creativeireland.gov.ie\/en\/#website\",\"url\":\"https:\/\/www.creativeireland.gov.ie\/en\/\",\"name\":\"Creative Ireland Programme\",\"description\":\"The Creative Ireland Programme is guided by a vision that every person in Ireland will have the opportunity to realise their full creative potential. It is a five year all-of-Government initiative, from 2017 to 2022, to place creativity at the centre of public policy.\",\"potentialAction\":[{\"@type\":\"SearchAction\",\"target\":{\"@type\":\"EntryPoint\",\"urlTemplate\":\"https:\/\/www.creativeireland.gov.ie\/en\/?s={search_term_string}\"},\"query-input\":{\"@type\":\"PropertyValueSpecification\",\"valueRequired\":true,\"valueName\":\"search_term_string\"}}],\"inLanguage\":\"en-US\"}]}<\/script>\n<!-- \/ Yoast SEO plugin. -->","yoast_head_json":{"title":"Elsewhere, the Asylum Soviet Opera by Michael Gallen - Creative Ireland Programme","description":"This is the development and production of a new opera entitled ELSEWHERE, which will be brought to the stage in Monaghan, around Ireland and internationally in 2019 and 2020.","robots":{"index":"index","follow":"follow","max-snippet":"max-snippet:-1","max-image-preview":"max-image-preview:large","max-video-preview":"max-video-preview:-1"},"canonical":"https:\/\/www.creativeireland.gov.ie\/en\/event\/elsewhere-the-asylum-soviet-opera-by-michael-gallen\/","og_locale":"en_US","og_type":"article","og_title":"Elsewhere, the Asylum Soviet Opera by Michael Gallen - Creative Ireland Programme","og_description":"This is the development and production of a new opera entitled ELSEWHERE, which will be brought to the stage in Monaghan, around Ireland and internationally in 2019 and 2020. Based on a story rooted in County Monaghan, this show will have wide appeal and pertinence, as is evidenced by the extensive support that is beginning [&hellip;]","og_url":"https:\/\/www.creativeireland.gov.ie\/en\/event\/elsewhere-the-asylum-soviet-opera-by-michael-gallen\/","og_site_name":"Creative Ireland Programme","article_publisher":"https:\/\/www.facebook.com\/CreativeIrl\/","og_image":[{"width":480,"height":480,"url":"https:\/\/www.creativeireland.gov.ie\/app\/uploads\/2020\/01\/Elsewhere-concert-poster-november-2019-1.jpg","type":"image\/jpeg"}],"twitter_card":"summary_large_image","twitter_site":"@creativeirl","twitter_misc":{"Est. reading time":"1 minute"},"schema":{"@context":"https:\/\/schema.org","@graph":[{"@type":"WebPage","@id":"https:\/\/www.creativeireland.gov.ie\/en\/event\/elsewhere-the-asylum-soviet-opera-by-michael-gallen\/","url":"https:\/\/www.creativeireland.gov.ie\/en\/event\/elsewhere-the-asylum-soviet-opera-by-michael-gallen\/","name":"Elsewhere, the Asylum Soviet Opera by Michael Gallen - Creative Ireland Programme","isPartOf":{"@id":"https:\/\/www.creativeireland.gov.ie\/en\/#website"},"primaryImageOfPage":{"@id":"https:\/\/www.creativeireland.gov.ie\/en\/event\/elsewhere-the-asylum-soviet-opera-by-michael-gallen\/#primaryimage"},"image":{"@id":"https:\/\/www.creativeireland.gov.ie\/en\/event\/elsewhere-the-asylum-soviet-opera-by-michael-gallen\/#primaryimage"},"thumbnailUrl":"https:\/\/www.creativeireland.gov.ie\/app\/uploads\/2020\/01\/Elsewhere-concert-poster-november-2019-1.jpg","datePublished":"2022-04-21T14:04:46+00:00","breadcrumb":{"@id":"https:\/\/www.creativeireland.gov.ie\/en\/event\/elsewhere-the-asylum-soviet-opera-by-michael-gallen\/#breadcrumb"},"inLanguage":"en-US","potentialAction":[{"@type":"ReadAction","target":["https:\/\/www.creativeireland.gov.ie\/en\/event\/elsewhere-the-asylum-soviet-opera-by-michael-gallen\/"]}]},{"@type":"ImageObject","inLanguage":"en-US","@id":"https:\/\/www.creativeireland.gov.ie\/en\/event\/elsewhere-the-asylum-soviet-opera-by-michael-gallen\/#primaryimage","url":"https:\/\/www.creativeireland.gov.ie\/app\/uploads\/2020\/01\/Elsewhere-concert-poster-november-2019-1.jpg","contentUrl":"https:\/\/www.creativeireland.gov.ie\/app\/uploads\/2020\/01\/Elsewhere-concert-poster-november-2019-1.jpg","width":480,"height":480},{"@type":"BreadcrumbList","@id":"https:\/\/www.creativeireland.gov.ie\/en\/event\/elsewhere-the-asylum-soviet-opera-by-michael-gallen\/#breadcrumb","itemListElement":[{"@type":"ListItem","position":1,"name":"Home","item":"https:\/\/www.creativeireland.gov.ie\/en\/"},{"@type":"ListItem","position":2,"name":"Elsewhere, the Asylum Soviet Opera by Michael Gallen"}]},{"@type":"WebSite","@id":"https:\/\/www.creativeireland.gov.ie\/en\/#website","url":"https:\/\/www.creativeireland.gov.ie\/en\/","name":"Creative Ireland Programme","description":"The Creative Ireland Programme is guided by a vision that every person in Ireland will have the opportunity to realise their full creative potential. It is a five year all-of-Government initiative, from 2017 to 2022, to place creativity at the centre of public policy.","potentialAction":[{"@type":"SearchAction","target":{"@type":"EntryPoint","urlTemplate":"https:\/\/www.creativeireland.gov.ie\/en\/?s={search_term_string}"},"query-input":{"@type":"PropertyValueSpecification","valueRequired":true,"valueName":"search_term_string"}}],"inLanguage":"en-US"}]}},"_links":{"self":[{"href":"https:\/\/www.creativeireland.gov.ie\/en\/wp-json\/wp\/v2\/event\/8140","targetHints":{"allow":["GET"]}}],"collection":[{"href":"https:\/\/www.creativeireland.gov.ie\/en\/wp-json\/wp\/v2\/event"}],"about":[{"href":"https:\/\/www.creativeireland.gov.ie\/en\/wp-json\/wp\/v2\/types\/event"}],"author":[{"embeddable":true,"href":"https:\/\/www.creativeireland.gov.ie\/en\/wp-json\/wp\/v2\/users\/26"}],"wp:featuredmedia":[{"embeddable":true,"href":"https:\/\/www.creativeireland.gov.ie\/en\/wp-json\/wp\/v2\/media\/8141"}],"wp:attachment":[{"href":"https:\/\/www.creativeireland.gov.ie\/en\/wp-json\/wp\/v2\/media?parent=8140"}],"curies":[{"name":"wp","href":"https:\/\/api.w.org\/{rel}","templated":true}]}}

<p><span><span><span>This is the development and production of a new opera entitled </span></span></span><em><span><span><span>ELSEWHERE, </span></span></span></em><span><span><span>which will be brought to the stage in Monaghan, around Ireland and internationally in 2019 and 2020. Based on a story rooted in County Monaghan, this show will have wide appeal and pertinence, as is evidenced by the extensive support that is beginning to fall into place for it in Ireland and abroad. The musical ensemble for the piece will be made up of </span></span></span><em><span><span><span>Miroirs Étendus’ </span></span></span></em><span><span><span>own performers. </span></span></span></p>
<p><span><span><span><span>Michael Gallen hails from County Monaghan &#8211; A composer, multi-instrumentalist, singer. </span></span></span></span><span><span><span><span>Recent work includes Wilde Stories, a suite for the RTÉ Concert Orchestra and Cór na nÓg responding to Oscar Wilde&#8217;s fairy tales, and What You Forget, a series of choral pieces and sound installations commissioned for the Ireland 2016 project. His work was featured in the National Concert Hall&#8217;s &#8220;Composing the Island&#8221; series in 2016. He has been involved in several collaborations with dance and theatre (TARDIGRADE, Age of Transition) and has been a participant at the MAKE programme in the Tyrone Guthrie Centre, Dublin Theatre Festival&#8217;s &#8220;Next Stage&#8221; programme, and residencies at the Tyrone Guthrie Centre and Cill Rialaig. In 2017 he composed the opera entitled A Month in the Lock. His work as a documentary maker includes Vocal Chords, a series made with singer Iarla Ó Lionaird which won Gold Medal at the 2016 New York Radio Awards. Michael is the pianist and lead vocalist with Irish band Ana Gog and was Artist in Residence at the Tri</span></span></span></span></p>
