{"id":8234,"date":"2022-04-21T15:05:02","date_gmt":"2022-04-21T14:05:02","guid":{"rendered":"https:\/\/prod-creativeireland.zestydev.com\/event\/tain-march\/"},"modified":"2022-04-21T15:05:02","modified_gmt":"2022-04-21T14:05:02","slug":"tain-march","status":"publish","type":"event","link":"https:\/\/www.creativeireland.gov.ie\/en\/event\/tain-march\/","title":{"rendered":"Tain March"},"content":{"rendered":"<p><span><span><span>T\u00e1in March Festival 2019 \u2013 this is a multi faceted cultural project which combines\u00a0history, literature, poetry, archaeology and community. It is a celebration of the great literary epic tale, the T\u00e1in B\u00f3 C\u00faailnge, which starts in Roscommon town on Thursday 16th of May with events in \u00c1ras an Chontae and continues in Rathcroghan &amp; Strokestown on Friday 17th of May. It crosses Sliabh Bawn on Saturday 18th of May ending with a feast fit for the great Queen Medb before continuing on to Longford on Sunday 19th of May. The festival entails Primary School\u00a0workshops for 16 schools, production of a poetry anthology and\u00a0exhibition, ceremonial events at Rathcroghan mound, re-enactments, talks and performances. <\/span><\/span><\/span><\/p>\n<p>\u00a0<\/p>\n","protected":false},"author":26,"featured_media":0,"template":"","class_list":["post-8234","event","type-event","status-publish","hentry"],"acf":[],"yoast_head":"<!-- This site is optimized with the Yoast SEO plugin v25.9 - https:\/\/yoast.com\/wordpress\/plugins\/seo\/ -->\n<title>Tain March - Creative Ireland Programme<\/title>\n<meta name=\"description\" content=\"T\u00e1in March Festival 2019 \u2013 this is a multi faceted cultural project which combines\u00a0history, literature, poetry, archaeology and community.\" \/>\n<meta name=\"robots\" content=\"index, follow, max-snippet:-1, max-image-preview:large, max-video-preview:-1\" \/>\n<link rel=\"canonical\" href=\"https:\/\/www.creativeireland.gov.ie\/en\/event\/tain-march\/\" \/>\n<meta property=\"og:locale\" content=\"en_US\" \/>\n<meta property=\"og:type\" content=\"article\" \/>\n<meta property=\"og:title\" content=\"Tain March - Creative Ireland Programme\" \/>\n<meta property=\"og:description\" content=\"T\u00e1in March Festival 2019 \u2013 this is a multi faceted cultural project which combines\u00a0history, literature, poetry, archaeology and community. It is a celebration of the great literary epic tale, the T\u00e1in B\u00f3 C\u00faailnge, which starts in Roscommon town on Thursday 16th of May with events in \u00c1ras an Chontae and continues in Rathcroghan &amp; Strokestown [&hellip;]\" \/>\n<meta property=\"og:url\" content=\"https:\/\/www.creativeireland.gov.ie\/en\/event\/tain-march\/\" \/>\n<meta property=\"og:site_name\" content=\"Creative Ireland Programme\" \/>\n<meta property=\"article:publisher\" content=\"https:\/\/www.facebook.com\/CreativeIrl\/\" \/>\n<meta name=\"twitter:card\" content=\"summary_large_image\" \/>\n<meta name=\"twitter:site\" content=\"@creativeirl\" \/>\n<meta name=\"twitter:label1\" content=\"Est. reading time\" \/>\n\t<meta name=\"twitter:data1\" content=\"1 minute\" \/>\n<script type=\"application\/ld+json\" class=\"yoast-schema-graph\">{\"@context\":\"https:\/\/schema.org\",\"@graph\":[{\"@type\":\"WebPage\",\"@id\":\"https:\/\/www.creativeireland.gov.ie\/en\/event\/tain-march\/\",\"url\":\"https:\/\/www.creativeireland.gov.ie\/en\/event\/tain-march\/\",\"name\":\"Tain March - Creative Ireland Programme\",\"isPartOf\":{\"@id\":\"https:\/\/www.creativeireland.gov.ie\/en\/#website\"},\"datePublished\":\"2022-04-21T14:05:02+00:00\",\"breadcrumb\":{\"@id\":\"https:\/\/www.creativeireland.gov.ie\/en\/event\/tain-march\/#breadcrumb\"},\"inLanguage\":\"en-US\",\"potentialAction\":[{\"@type\":\"ReadAction\",\"target\":[\"https:\/\/www.creativeireland.gov.ie\/en\/event\/tain-march\/\"]}]},{\"@type\":\"BreadcrumbList\",\"@id\":\"https:\/\/www.creativeireland.gov.ie\/en\/event\/tain-march\/#breadcrumb\",\"itemListElement\":[{\"@type\":\"ListItem\",\"position\":1,\"name\":\"Home\",\"item\":\"https:\/\/www.creativeireland.gov.ie\/en\/\"},{\"@type\":\"ListItem\",\"position\":2,\"name\":\"Tain March\"}]},{\"@type\":\"WebSite\",\"@id\":\"https:\/\/www.creativeireland.gov.ie\/en\/#website\",\"url\":\"https:\/\/www.creativeireland.gov.ie\/en\/\",\"name\":\"Creative Ireland Programme\",\"description\":\"The Creative Ireland Programme is guided by a vision that every person in Ireland will have the opportunity to realise their full creative potential. It is a five year all-of-Government initiative, from 2017 to 2022, to place creativity at the centre of public policy.\",\"potentialAction\":[{\"@type\":\"SearchAction\",\"target\":{\"@type\":\"EntryPoint\",\"urlTemplate\":\"https:\/\/www.creativeireland.gov.ie\/en\/?s={search_term_string}\"},\"query-input\":{\"@type\":\"PropertyValueSpecification\",\"valueRequired\":true,\"valueName\":\"search_term_string\"}}],\"inLanguage\":\"en-US\"}]}<\/script>\n<!-- \/ Yoast SEO plugin. -->","yoast_head_json":{"title":"Tain March - Creative Ireland Programme","description":"T\u00e1in March Festival 2019 \u2013 this is a multi faceted cultural project which combines\u00a0history, literature, poetry, archaeology and community.","robots":{"index":"index","follow":"follow","max-snippet":"max-snippet:-1","max-image-preview":"max-image-preview:large","max-video-preview":"max-video-preview:-1"},"canonical":"https:\/\/www.creativeireland.gov.ie\/en\/event\/tain-march\/","og_locale":"en_US","og_type":"article","og_title":"Tain March - Creative Ireland Programme","og_description":"T\u00e1in March Festival 2019 \u2013 this is a multi faceted cultural project which combines\u00a0history, literature, poetry, archaeology and community. It is a celebration of the great literary epic tale, the T\u00e1in B\u00f3 C\u00faailnge, which starts in Roscommon town on Thursday 16th of May with events in \u00c1ras an Chontae and continues in Rathcroghan &amp; Strokestown [&hellip;]","og_url":"https:\/\/www.creativeireland.gov.ie\/en\/event\/tain-march\/","og_site_name":"Creative Ireland Programme","article_publisher":"https:\/\/www.facebook.com\/CreativeIrl\/","twitter_card":"summary_large_image","twitter_site":"@creativeirl","twitter_misc":{"Est. reading time":"1 minute"},"schema":{"@context":"https:\/\/schema.org","@graph":[{"@type":"WebPage","@id":"https:\/\/www.creativeireland.gov.ie\/en\/event\/tain-march\/","url":"https:\/\/www.creativeireland.gov.ie\/en\/event\/tain-march\/","name":"Tain March - Creative Ireland Programme","isPartOf":{"@id":"https:\/\/www.creativeireland.gov.ie\/en\/#website"},"datePublished":"2022-04-21T14:05:02+00:00","breadcrumb":{"@id":"https:\/\/www.creativeireland.gov.ie\/en\/event\/tain-march\/#breadcrumb"},"inLanguage":"en-US","potentialAction":[{"@type":"ReadAction","target":["https:\/\/www.creativeireland.gov.ie\/en\/event\/tain-march\/"]}]},{"@type":"BreadcrumbList","@id":"https:\/\/www.creativeireland.gov.ie\/en\/event\/tain-march\/#breadcrumb","itemListElement":[{"@type":"ListItem","position":1,"name":"Home","item":"https:\/\/www.creativeireland.gov.ie\/en\/"},{"@type":"ListItem","position":2,"name":"Tain March"}]},{"@type":"WebSite","@id":"https:\/\/www.creativeireland.gov.ie\/en\/#website","url":"https:\/\/www.creativeireland.gov.ie\/en\/","name":"Creative Ireland Programme","description":"The Creative Ireland Programme is guided by a vision that every person in Ireland will have the opportunity to realise their full creative potential. It is a five year all-of-Government initiative, from 2017 to 2022, to place creativity at the centre of public policy.","potentialAction":[{"@type":"SearchAction","target":{"@type":"EntryPoint","urlTemplate":"https:\/\/www.creativeireland.gov.ie\/en\/?s={search_term_string}"},"query-input":{"@type":"PropertyValueSpecification","valueRequired":true,"valueName":"search_term_string"}}],"inLanguage":"en-US"}]}},"_links":{"self":[{"href":"https:\/\/www.creativeireland.gov.ie\/en\/wp-json\/wp\/v2\/event\/8234","targetHints":{"allow":["GET"]}}],"collection":[{"href":"https:\/\/www.creativeireland.gov.ie\/en\/wp-json\/wp\/v2\/event"}],"about":[{"href":"https:\/\/www.creativeireland.gov.ie\/en\/wp-json\/wp\/v2\/types\/event"}],"author":[{"embeddable":true,"href":"https:\/\/www.creativeireland.gov.ie\/en\/wp-json\/wp\/v2\/users\/26"}],"wp:attachment":[{"href":"https:\/\/www.creativeireland.gov.ie\/en\/wp-json\/wp\/v2\/media?parent=8234"}],"curies":[{"name":"wp","href":"https:\/\/api.w.org\/{rel}","templated":true}]}}

<p><span><span><span>Táin March Festival 2019 – this is a multi faceted cultural project which combines history, literature, poetry, archaeology and community. It is a celebration of the great literary epic tale, the Táin Bó Cúailnge, which starts in Roscommon town on Thursday 16th of May with events in Áras an Chontae and continues in Rathcroghan &amp; Strokestown on Friday 17th of May. It crosses Sliabh Bawn on Saturday 18th of May ending with a feast fit for the great Queen Medb before continuing on to Longford on Sunday 19th of May. The festival entails Primary School workshops for 16 schools, production of a poetry anthology and exhibition, ceremonial events at Rathcroghan mound, re-enactments, talks and performances. </span></span></span></p>
<p> </p>

<!-- This site is optimized with the Yoast SEO plugin v25.9 - https://yoast.com/wordpress/plugins/seo/ -->
<title>Tain March - Creative Ireland Programme</title>
<meta name="description" content="Táin March Festival 2019 – this is a multi faceted cultural project which combines history, literature, poetry, archaeology and community." />
<meta name="robots" content="index, follow, max-snippet:-1, max-image-preview:large, max-video-preview:-1" />
<link rel="canonical" href="https://www.creativeireland.gov.ie/en/event/tain-march/" />
<meta property="og:locale" content="en_US" />
<meta property="og:type" content="article" />
<meta property="og:title" content="Tain March - Creative Ireland Programme" />
<meta property="og:description" content="Táin March Festival 2019 – this is a multi faceted cultural project which combines history, literature, poetry, archaeology and community. It is a celebration of the great literary epic tale, the Táin Bó Cúailnge, which starts in Roscommon town on Thursday 16th of May with events in Áras an Chontae and continues in Rathcroghan &amp; Strokestown [&hellip;]" />
<meta property="og:url" content="https://www.creativeireland.gov.ie/en/event/tain-march/" />
<meta property="og:site_name" content="Creative Ireland Programme" />
<meta property="article:publisher" content="https://www.facebook.com/CreativeIrl/" />
<meta name="twitter:card" content="summary_large_image" />
<meta name="twitter:site" content="@creativeirl" />
<meta name="twitter:label1" content="Est. reading time" />
	<meta name="twitter:data1" content="1 minute" />
<script type="application/ld+json" class="yoast-schema-graph">{"@context":"https://schema.org","@graph":[{"@type":"WebPage","@id":"https://www.creativeireland.gov.ie/en/event/tain-march/","url":"https://www.creativeireland.gov.ie/en/event/tain-march/","name":"Tain March - Creative Ireland Programme","isPartOf":{"@id":"https://www.creativeireland.gov.ie/en/#website"},"datePublished":"2022-04-21T14:05:02+00:00","breadcrumb":{"@id":"https://www.creativeireland.gov.ie/en/event/tain-march/#breadcrumb"},"inLanguage":"en-US","potentialAction":[{"@type":"ReadAction","target":["https://www.creativeireland.gov.ie/en/event/tain-march/"]}]},{"@type":"BreadcrumbList","@id":"https://www.creativeireland.gov.ie/en/event/tain-march/#breadcrumb","itemListElement":[{"@type":"ListItem","position":1,"name":"Home","item":"https://www.creativeireland.gov.ie/en/"},{"@type":"ListItem","position":2,"name":"Tain March"}]},{"@type":"WebSite","@id":"https://www.creativeireland.gov.ie/en/#website","url":"https://www.creativeireland.gov.ie/en/","name":"Creative Ireland Programme","description":"The Creative Ireland Programme is guided by a vision that every person in Ireland will have the opportunity to realise their full creative potential. It is a five year all-of-Government initiative, from 2017 to 2022, to place creativity at the centre of public policy.","potentialAction":[{"@type":"SearchAction","target":{"@type":"EntryPoint","urlTemplate":"https://www.creativeireland.gov.ie/en/?s={search_term_string}"},"query-input":{"@type":"PropertyValueSpecification","valueRequired":true,"valueName":"search_term_string"}}],"inLanguage":"en-US"}]}</script>
<!-- / Yoast SEO plugin. -->

Táin March Festival 2019 – this is a multi faceted cultural project which combines history, literature, poetry, archaeology and community.

Táin March Festival 2019 – this is a multi faceted cultural project which combines history, literature, poetry, archaeology and community. It is a celebration of the great literary epic tale, the Táin Bó Cúailnge, which starts in Roscommon town on Thursday 16th of May with events in Áras an Chontae and continues in Rathcroghan &amp; Strokestown [&hellip;]
