{"id":8732,"date":"2022-04-21T15:06:14","date_gmt":"2022-04-21T14:06:14","guid":{"rendered":"https:\/\/prod-creativeireland.zestydev.com\/event\/fingal-fleadh-and-fair-2019\/"},"modified":"2022-04-21T15:06:14","modified_gmt":"2022-04-21T14:06:14","slug":"fingal-fleadh-and-fair-2019","status":"publish","type":"event","link":"https:\/\/www.creativeireland.gov.ie\/en\/event\/fingal-fleadh-and-fair-2019\/","title":{"rendered":"Fingal Fleadh and Fair 2019"},"content":{"rendered":"<p>This September sees the Fingal Fleadh and Fair take place in Swords. The medieval grounds of Swords Castle and the Main Street in Swords Village will host a programme of workshops and recitals.<\/p>\n<p>This event celebrates the strong tradition of music in the Fingal community and will be centred around participation and performance with free Workshops and Concerts by some of the biggest names in traditional Irish music. It is geared very much for all the family with something for everyone to enjoy.<\/p>\n<p>Swords Castle will be the key venue for the event with free concerts featuring The Kilfenora C\u00e9il\u00ed Band, Ulaid with R\u00edoghnach Connolly &amp; Liam O\u2019Maonlai, Moya Brennan &amp; Cormac de Barra. John Spillane, The Dixie Micks, Dance Hall Academy, Meath Beo and many more.<\/p>\n<p>Also in the castle grounds there will be an Artisan Food, Drink &amp; Craft Fair.<\/p>\n<p>This year there will be a Street Seisi\u00fan Competition which will take over Swords on Saturday the 7th with the Main Street closed to traffic.<\/p>\n<p>During the festival there will a \u2018Session Trail\u2019 around the town which will feature a mixture of performances and open sessions by musicians from all over the country. These sessions will be happening during the afternoon &amp; night and are marvellous free entertainment open for all to attend.<\/p>\n<p>The Fingal Fleadh is the perfect place to meet up with all of your friends for a few tunes and to enjoy a weekend of great music.<\/p>\n<p><span><span><span>Follow Fingal Fleadh &amp; Fair on Facebook or Twitter<\/span><\/span><\/span><\/p>\n","protected":false},"author":26,"featured_media":8733,"template":"","class_list":["post-8732","event","type-event","status-publish","has-post-thumbnail","hentry"],"acf":[],"yoast_head":"<!-- This site is optimized with the Yoast SEO plugin v25.9 - https:\/\/yoast.com\/wordpress\/plugins\/seo\/ -->\n<title>Fingal Fleadh and Fair 2019 - Creative Ireland Programme<\/title>\n<meta name=\"description\" content=\"This September sees the Fingal Fleadh and Fair take place in Swords.\" \/>\n<meta name=\"robots\" content=\"index, follow, max-snippet:-1, max-image-preview:large, max-video-preview:-1\" \/>\n<link rel=\"canonical\" href=\"https:\/\/www.creativeireland.gov.ie\/en\/event\/fingal-fleadh-and-fair-2019\/\" \/>\n<meta property=\"og:locale\" content=\"en_US\" \/>\n<meta property=\"og:type\" content=\"article\" \/>\n<meta property=\"og:title\" content=\"Fingal Fleadh and Fair 2019 - Creative Ireland Programme\" \/>\n<meta property=\"og:description\" content=\"This September sees the Fingal Fleadh and Fair take place in Swords. The medieval grounds of Swords Castle and the Main Street in Swords Village will host a programme of workshops and recitals. This event celebrates the strong tradition of music in the Fingal community and will be centred around participation and performance with free [&hellip;]\" \/>\n<meta property=\"og:url\" content=\"https:\/\/www.creativeireland.gov.ie\/en\/event\/fingal-fleadh-and-fair-2019\/\" \/>\n<meta property=\"og:site_name\" content=\"Creative Ireland Programme\" \/>\n<meta property=\"article:publisher\" content=\"https:\/\/www.facebook.com\/CreativeIrl\/\" \/>\n<meta property=\"og:image\" content=\"https:\/\/www.creativeireland.gov.ie\/app\/uploads\/2020\/01\/Fingal-Fleadh-and-Fair-2019-1.png\" \/>\n\t<meta property=\"og:image:width\" content=\"1500\" \/>\n\t<meta property=\"og:image:height\" content=\"468\" \/>\n\t<meta property=\"og:image:type\" content=\"image\/png\" \/>\n<meta name=\"twitter:card\" content=\"summary_large_image\" \/>\n<meta name=\"twitter:site\" content=\"@creativeirl\" \/>\n<meta name=\"twitter:label1\" content=\"Est. reading time\" \/>\n\t<meta name=\"twitter:data1\" content=\"1 minute\" \/>\n<script type=\"application\/ld+json\" class=\"yoast-schema-graph\">{\"@context\":\"https:\/\/schema.org\",\"@graph\":[{\"@type\":\"WebPage\",\"@id\":\"https:\/\/www.creativeireland.gov.ie\/en\/event\/fingal-fleadh-and-fair-2019\/\",\"url\":\"https:\/\/www.creativeireland.gov.ie\/en\/event\/fingal-fleadh-and-fair-2019\/\",\"name\":\"Fingal Fleadh and Fair 2019 - Creative Ireland Programme\",\"isPartOf\":{\"@id\":\"https:\/\/www.creativeireland.gov.ie\/en\/#website\"},\"primaryImageOfPage\":{\"@id\":\"https:\/\/www.creativeireland.gov.ie\/en\/event\/fingal-fleadh-and-fair-2019\/#primaryimage\"},\"image\":{\"@id\":\"https:\/\/www.creativeireland.gov.ie\/en\/event\/fingal-fleadh-and-fair-2019\/#primaryimage\"},\"thumbnailUrl\":\"https:\/\/www.creativeireland.gov.ie\/app\/uploads\/2020\/01\/Fingal-Fleadh-and-Fair-2019-1.png\",\"datePublished\":\"2022-04-21T14:06:14+00:00\",\"breadcrumb\":{\"@id\":\"https:\/\/www.creativeireland.gov.ie\/en\/event\/fingal-fleadh-and-fair-2019\/#breadcrumb\"},\"inLanguage\":\"en-US\",\"potentialAction\":[{\"@type\":\"ReadAction\",\"target\":[\"https:\/\/www.creativeireland.gov.ie\/en\/event\/fingal-fleadh-and-fair-2019\/\"]}]},{\"@type\":\"ImageObject\",\"inLanguage\":\"en-US\",\"@id\":\"https:\/\/www.creativeireland.gov.ie\/en\/event\/fingal-fleadh-and-fair-2019\/#primaryimage\",\"url\":\"https:\/\/www.creativeireland.gov.ie\/app\/uploads\/2020\/01\/Fingal-Fleadh-and-Fair-2019-1.png\",\"contentUrl\":\"https:\/\/www.creativeireland.gov.ie\/app\/uploads\/2020\/01\/Fingal-Fleadh-and-Fair-2019-1.png\",\"width\":1500,\"height\":468},{\"@type\":\"BreadcrumbList\",\"@id\":\"https:\/\/www.creativeireland.gov.ie\/en\/event\/fingal-fleadh-and-fair-2019\/#breadcrumb\",\"itemListElement\":[{\"@type\":\"ListItem\",\"position\":1,\"name\":\"Home\",\"item\":\"https:\/\/www.creativeireland.gov.ie\/en\/\"},{\"@type\":\"ListItem\",\"position\":2,\"name\":\"Fingal Fleadh and Fair 2019\"}]},{\"@type\":\"WebSite\",\"@id\":\"https:\/\/www.creativeireland.gov.ie\/en\/#website\",\"url\":\"https:\/\/www.creativeireland.gov.ie\/en\/\",\"name\":\"Creative Ireland Programme\",\"description\":\"The Creative Ireland Programme is guided by a vision that every person in Ireland will have the opportunity to realise their full creative potential. It is a five year all-of-Government initiative, from 2017 to 2022, to place creativity at the centre of public policy.\",\"potentialAction\":[{\"@type\":\"SearchAction\",\"target\":{\"@type\":\"EntryPoint\",\"urlTemplate\":\"https:\/\/www.creativeireland.gov.ie\/en\/?s={search_term_string}\"},\"query-input\":{\"@type\":\"PropertyValueSpecification\",\"valueRequired\":true,\"valueName\":\"search_term_string\"}}],\"inLanguage\":\"en-US\"}]}<\/script>\n<!-- \/ Yoast SEO plugin. -->","yoast_head_json":{"title":"Fingal Fleadh and Fair 2019 - Creative Ireland Programme","description":"This September sees the Fingal Fleadh and Fair take place in Swords.","robots":{"index":"index","follow":"follow","max-snippet":"max-snippet:-1","max-image-preview":"max-image-preview:large","max-video-preview":"max-video-preview:-1"},"canonical":"https:\/\/www.creativeireland.gov.ie\/en\/event\/fingal-fleadh-and-fair-2019\/","og_locale":"en_US","og_type":"article","og_title":"Fingal Fleadh and Fair 2019 - Creative Ireland Programme","og_description":"This September sees the Fingal Fleadh and Fair take place in Swords. The medieval grounds of Swords Castle and the Main Street in Swords Village will host a programme of workshops and recitals. This event celebrates the strong tradition of music in the Fingal community and will be centred around participation and performance with free [&hellip;]","og_url":"https:\/\/www.creativeireland.gov.ie\/en\/event\/fingal-fleadh-and-fair-2019\/","og_site_name":"Creative Ireland Programme","article_publisher":"https:\/\/www.facebook.com\/CreativeIrl\/","og_image":[{"width":1500,"height":468,"url":"https:\/\/www.creativeireland.gov.ie\/app\/uploads\/2020\/01\/Fingal-Fleadh-and-Fair-2019-1.png","type":"image\/png"}],"twitter_card":"summary_large_image","twitter_site":"@creativeirl","twitter_misc":{"Est. reading time":"1 minute"},"schema":{"@context":"https:\/\/schema.org","@graph":[{"@type":"WebPage","@id":"https:\/\/www.creativeireland.gov.ie\/en\/event\/fingal-fleadh-and-fair-2019\/","url":"https:\/\/www.creativeireland.gov.ie\/en\/event\/fingal-fleadh-and-fair-2019\/","name":"Fingal Fleadh and Fair 2019 - Creative Ireland Programme","isPartOf":{"@id":"https:\/\/www.creativeireland.gov.ie\/en\/#website"},"primaryImageOfPage":{"@id":"https:\/\/www.creativeireland.gov.ie\/en\/event\/fingal-fleadh-and-fair-2019\/#primaryimage"},"image":{"@id":"https:\/\/www.creativeireland.gov.ie\/en\/event\/fingal-fleadh-and-fair-2019\/#primaryimage"},"thumbnailUrl":"https:\/\/www.creativeireland.gov.ie\/app\/uploads\/2020\/01\/Fingal-Fleadh-and-Fair-2019-1.png","datePublished":"2022-04-21T14:06:14+00:00","breadcrumb":{"@id":"https:\/\/www.creativeireland.gov.ie\/en\/event\/fingal-fleadh-and-fair-2019\/#breadcrumb"},"inLanguage":"en-US","potentialAction":[{"@type":"ReadAction","target":["https:\/\/www.creativeireland.gov.ie\/en\/event\/fingal-fleadh-and-fair-2019\/"]}]},{"@type":"ImageObject","inLanguage":"en-US","@id":"https:\/\/www.creativeireland.gov.ie\/en\/event\/fingal-fleadh-and-fair-2019\/#primaryimage","url":"https:\/\/www.creativeireland.gov.ie\/app\/uploads\/2020\/01\/Fingal-Fleadh-and-Fair-2019-1.png","contentUrl":"https:\/\/www.creativeireland.gov.ie\/app\/uploads\/2020\/01\/Fingal-Fleadh-and-Fair-2019-1.png","width":1500,"height":468},{"@type":"BreadcrumbList","@id":"https:\/\/www.creativeireland.gov.ie\/en\/event\/fingal-fleadh-and-fair-2019\/#breadcrumb","itemListElement":[{"@type":"ListItem","position":1,"name":"Home","item":"https:\/\/www.creativeireland.gov.ie\/en\/"},{"@type":"ListItem","position":2,"name":"Fingal Fleadh and Fair 2019"}]},{"@type":"WebSite","@id":"https:\/\/www.creativeireland.gov.ie\/en\/#website","url":"https:\/\/www.creativeireland.gov.ie\/en\/","name":"Creative Ireland Programme","description":"The Creative Ireland Programme is guided by a vision that every person in Ireland will have the opportunity to realise their full creative potential. It is a five year all-of-Government initiative, from 2017 to 2022, to place creativity at the centre of public policy.","potentialAction":[{"@type":"SearchAction","target":{"@type":"EntryPoint","urlTemplate":"https:\/\/www.creativeireland.gov.ie\/en\/?s={search_term_string}"},"query-input":{"@type":"PropertyValueSpecification","valueRequired":true,"valueName":"search_term_string"}}],"inLanguage":"en-US"}]}},"_links":{"self":[{"href":"https:\/\/www.creativeireland.gov.ie\/en\/wp-json\/wp\/v2\/event\/8732","targetHints":{"allow":["GET"]}}],"collection":[{"href":"https:\/\/www.creativeireland.gov.ie\/en\/wp-json\/wp\/v2\/event"}],"about":[{"href":"https:\/\/www.creativeireland.gov.ie\/en\/wp-json\/wp\/v2\/types\/event"}],"author":[{"embeddable":true,"href":"https:\/\/www.creativeireland.gov.ie\/en\/wp-json\/wp\/v2\/users\/26"}],"wp:featuredmedia":[{"embeddable":true,"href":"https:\/\/www.creativeireland.gov.ie\/en\/wp-json\/wp\/v2\/media\/8733"}],"wp:attachment":[{"href":"https:\/\/www.creativeireland.gov.ie\/en\/wp-json\/wp\/v2\/media?parent=8732"}],"curies":[{"name":"wp","href":"https:\/\/api.w.org\/{rel}","templated":true}]}}

<p>This September sees the Fingal Fleadh and Fair take place in Swords. The medieval grounds of Swords Castle and the Main Street in Swords Village will host a programme of workshops and recitals.</p>
<p>This event celebrates the strong tradition of music in the Fingal community and will be centred around participation and performance with free Workshops and Concerts by some of the biggest names in traditional Irish music. It is geared very much for all the family with something for everyone to enjoy.</p>
<p>Swords Castle will be the key venue for the event with free concerts featuring The Kilfenora Céilí Band, Ulaid with Ríoghnach Connolly &amp; Liam O’Maonlai, Moya Brennan &amp; Cormac de Barra. John Spillane, The Dixie Micks, Dance Hall Academy, Meath Beo and many more.</p>
<p>Also in the castle grounds there will be an Artisan Food, Drink &amp; Craft Fair.</p>
<p>This year there will be a Street Seisiún Competition which will take over Swords on Saturday the 7th with the Main Street closed to traffic.</p>
<p>During the festival there will a ‘Session Trail’ around the town which will feature a mixture of performances and open sessions by musicians from all over the country. These sessions will be happening during the afternoon &amp; night and are marvellous free entertainment open for all to attend.</p>
<p>The Fingal Fleadh is the perfect place to meet up with all of your friends for a few tunes and to enjoy a weekend of great music.</p>
<p><span><span><span>Follow Fingal Fleadh &amp; Fair on Facebook or Twitter</span></span></span></p>
