{"id":9648,"date":"2022-04-21T15:06:25","date_gmt":"2022-04-21T14:06:25","guid":{"rendered":"https:\/\/www.creativeireland.gov.ie\/event\/cruinniu-na-nog-call-out\/"},"modified":"2022-04-21T15:06:25","modified_gmt":"2022-04-21T14:06:25","slug":"cruinniu-na-nog-call-out","status":"publish","type":"event","link":"https:\/\/www.creativeireland.gov.ie\/en\/event\/cruinniu-na-nog-call-out\/","title":{"rendered":"Cruinni\u00fa na n\u00d3g Call Out"},"content":{"rendered":"<p>Cruinni\u00fa na n\u00d3g, the national day of creativity for children and young people takes place on Saturday, 13th June. It aims to celebrate and encourage children and young people\u2019s participation in culture and creativity by providing free, activity-based action in their own locality.<\/p>\n<p>Kildare\u2019s Creative Ireland team is seeking proposals from creatives practitioners and organisations to host and facilitate creative engagements for and with children and young people across the county for Cruinni\u00fa na \u00d3g 2020.<\/p>\n<p>The emphasis of Cruinni\u00fa na n\u00d3g is on doing, making, creating. We are particularly interested in supporting projects that include the voice of the child\/young people. We welcome projects that explore climate change, ecology or a sense of place. Programmes may be devised in advance, but the main component must take place or culminate on Saturday 13th June 2020.<\/p>\n<p>\u00a0<\/p>\n","protected":false},"author":26,"featured_media":9649,"template":"","class_list":["post-9648","event","type-event","status-publish","has-post-thumbnail","hentry"],"acf":[],"yoast_head":"<!-- This site is optimized with the Yoast SEO plugin v25.9 - https:\/\/yoast.com\/wordpress\/plugins\/seo\/ -->\n<title>Cruinni\u00fa na n\u00d3g Call Out - Creative Ireland Programme<\/title>\n<meta name=\"description\" content=\"Cruinni\u00fa na n\u00d3g, the national day of creativity for children and young people takes place on Saturday, 13th June.\" \/>\n<meta name=\"robots\" content=\"index, follow, max-snippet:-1, max-image-preview:large, max-video-preview:-1\" \/>\n<link rel=\"canonical\" href=\"https:\/\/www.creativeireland.gov.ie\/en\/event\/cruinniu-na-nog-call-out\/\" \/>\n<meta property=\"og:locale\" content=\"en_US\" \/>\n<meta property=\"og:type\" content=\"article\" \/>\n<meta property=\"og:title\" content=\"Cruinni\u00fa na n\u00d3g Call Out - Creative Ireland Programme\" \/>\n<meta property=\"og:description\" content=\"Cruinni\u00fa na n\u00d3g, the national day of creativity for children and young people takes place on Saturday, 13th June. It aims to celebrate and encourage children and young people\u2019s participation in culture and creativity by providing free, activity-based action in their own locality. Kildare\u2019s Creative Ireland team is seeking proposals from creatives practitioners and organisations [&hellip;]\" \/>\n<meta property=\"og:url\" content=\"https:\/\/www.creativeireland.gov.ie\/en\/event\/cruinniu-na-nog-call-out\/\" \/>\n<meta property=\"og:site_name\" content=\"Creative Ireland Programme\" \/>\n<meta property=\"article:publisher\" content=\"https:\/\/www.facebook.com\/CreativeIrl\/\" \/>\n<meta property=\"og:image\" content=\"https:\/\/www.creativeireland.gov.ie\/app\/uploads\/2020\/02\/cnnog_2018_mark_tag_horiz_col.png\" \/>\n\t<meta property=\"og:image:width\" content=\"2921\" \/>\n\t<meta property=\"og:image:height\" content=\"1650\" \/>\n\t<meta property=\"og:image:type\" content=\"image\/png\" \/>\n<meta name=\"twitter:card\" content=\"summary_large_image\" \/>\n<meta name=\"twitter:site\" content=\"@creativeirl\" \/>\n<meta name=\"twitter:label1\" content=\"Est. reading time\" \/>\n\t<meta name=\"twitter:data1\" content=\"1 minute\" \/>\n<script type=\"application\/ld+json\" class=\"yoast-schema-graph\">{\"@context\":\"https:\/\/schema.org\",\"@graph\":[{\"@type\":\"WebPage\",\"@id\":\"https:\/\/www.creativeireland.gov.ie\/en\/event\/cruinniu-na-nog-call-out\/\",\"url\":\"https:\/\/www.creativeireland.gov.ie\/en\/event\/cruinniu-na-nog-call-out\/\",\"name\":\"Cruinni\u00fa na n\u00d3g Call Out - Creative Ireland Programme\",\"isPartOf\":{\"@id\":\"https:\/\/www.creativeireland.gov.ie\/en\/#website\"},\"primaryImageOfPage\":{\"@id\":\"https:\/\/www.creativeireland.gov.ie\/en\/event\/cruinniu-na-nog-call-out\/#primaryimage\"},\"image\":{\"@id\":\"https:\/\/www.creativeireland.gov.ie\/en\/event\/cruinniu-na-nog-call-out\/#primaryimage\"},\"thumbnailUrl\":\"https:\/\/www.creativeireland.gov.ie\/app\/uploads\/2020\/02\/cnnog_2018_mark_tag_horiz_col.png\",\"datePublished\":\"2022-04-21T14:06:25+00:00\",\"breadcrumb\":{\"@id\":\"https:\/\/www.creativeireland.gov.ie\/en\/event\/cruinniu-na-nog-call-out\/#breadcrumb\"},\"inLanguage\":\"en-US\",\"potentialAction\":[{\"@type\":\"ReadAction\",\"target\":[\"https:\/\/www.creativeireland.gov.ie\/en\/event\/cruinniu-na-nog-call-out\/\"]}]},{\"@type\":\"ImageObject\",\"inLanguage\":\"en-US\",\"@id\":\"https:\/\/www.creativeireland.gov.ie\/en\/event\/cruinniu-na-nog-call-out\/#primaryimage\",\"url\":\"https:\/\/www.creativeireland.gov.ie\/app\/uploads\/2020\/02\/cnnog_2018_mark_tag_horiz_col.png\",\"contentUrl\":\"https:\/\/www.creativeireland.gov.ie\/app\/uploads\/2020\/02\/cnnog_2018_mark_tag_horiz_col.png\",\"width\":2921,\"height\":1650},{\"@type\":\"BreadcrumbList\",\"@id\":\"https:\/\/www.creativeireland.gov.ie\/en\/event\/cruinniu-na-nog-call-out\/#breadcrumb\",\"itemListElement\":[{\"@type\":\"ListItem\",\"position\":1,\"name\":\"Home\",\"item\":\"https:\/\/www.creativeireland.gov.ie\/en\/\"},{\"@type\":\"ListItem\",\"position\":2,\"name\":\"Cruinni\u00fa na n\u00d3g Call Out\"}]},{\"@type\":\"WebSite\",\"@id\":\"https:\/\/www.creativeireland.gov.ie\/en\/#website\",\"url\":\"https:\/\/www.creativeireland.gov.ie\/en\/\",\"name\":\"Creative Ireland Programme\",\"description\":\"The Creative Ireland Programme is guided by a vision that every person in Ireland will have the opportunity to realise their full creative potential. It is a five year all-of-Government initiative, from 2017 to 2022, to place creativity at the centre of public policy.\",\"potentialAction\":[{\"@type\":\"SearchAction\",\"target\":{\"@type\":\"EntryPoint\",\"urlTemplate\":\"https:\/\/www.creativeireland.gov.ie\/en\/?s={search_term_string}\"},\"query-input\":{\"@type\":\"PropertyValueSpecification\",\"valueRequired\":true,\"valueName\":\"search_term_string\"}}],\"inLanguage\":\"en-US\"}]}<\/script>\n<!-- \/ Yoast SEO plugin. -->","yoast_head_json":{"title":"Cruinni\u00fa na n\u00d3g Call Out - Creative Ireland Programme","description":"Cruinni\u00fa na n\u00d3g, the national day of creativity for children and young people takes place on Saturday, 13th June.","robots":{"index":"index","follow":"follow","max-snippet":"max-snippet:-1","max-image-preview":"max-image-preview:large","max-video-preview":"max-video-preview:-1"},"canonical":"https:\/\/www.creativeireland.gov.ie\/en\/event\/cruinniu-na-nog-call-out\/","og_locale":"en_US","og_type":"article","og_title":"Cruinni\u00fa na n\u00d3g Call Out - Creative Ireland Programme","og_description":"Cruinni\u00fa na n\u00d3g, the national day of creativity for children and young people takes place on Saturday, 13th June. It aims to celebrate and encourage children and young people\u2019s participation in culture and creativity by providing free, activity-based action in their own locality. Kildare\u2019s Creative Ireland team is seeking proposals from creatives practitioners and organisations [&hellip;]","og_url":"https:\/\/www.creativeireland.gov.ie\/en\/event\/cruinniu-na-nog-call-out\/","og_site_name":"Creative Ireland Programme","article_publisher":"https:\/\/www.facebook.com\/CreativeIrl\/","og_image":[{"width":2921,"height":1650,"url":"https:\/\/www.creativeireland.gov.ie\/app\/uploads\/2020\/02\/cnnog_2018_mark_tag_horiz_col.png","type":"image\/png"}],"twitter_card":"summary_large_image","twitter_site":"@creativeirl","twitter_misc":{"Est. reading time":"1 minute"},"schema":{"@context":"https:\/\/schema.org","@graph":[{"@type":"WebPage","@id":"https:\/\/www.creativeireland.gov.ie\/en\/event\/cruinniu-na-nog-call-out\/","url":"https:\/\/www.creativeireland.gov.ie\/en\/event\/cruinniu-na-nog-call-out\/","name":"Cruinni\u00fa na n\u00d3g Call Out - Creative Ireland Programme","isPartOf":{"@id":"https:\/\/www.creativeireland.gov.ie\/en\/#website"},"primaryImageOfPage":{"@id":"https:\/\/www.creativeireland.gov.ie\/en\/event\/cruinniu-na-nog-call-out\/#primaryimage"},"image":{"@id":"https:\/\/www.creativeireland.gov.ie\/en\/event\/cruinniu-na-nog-call-out\/#primaryimage"},"thumbnailUrl":"https:\/\/www.creativeireland.gov.ie\/app\/uploads\/2020\/02\/cnnog_2018_mark_tag_horiz_col.png","datePublished":"2022-04-21T14:06:25+00:00","breadcrumb":{"@id":"https:\/\/www.creativeireland.gov.ie\/en\/event\/cruinniu-na-nog-call-out\/#breadcrumb"},"inLanguage":"en-US","potentialAction":[{"@type":"ReadAction","target":["https:\/\/www.creativeireland.gov.ie\/en\/event\/cruinniu-na-nog-call-out\/"]}]},{"@type":"ImageObject","inLanguage":"en-US","@id":"https:\/\/www.creativeireland.gov.ie\/en\/event\/cruinniu-na-nog-call-out\/#primaryimage","url":"https:\/\/www.creativeireland.gov.ie\/app\/uploads\/2020\/02\/cnnog_2018_mark_tag_horiz_col.png","contentUrl":"https:\/\/www.creativeireland.gov.ie\/app\/uploads\/2020\/02\/cnnog_2018_mark_tag_horiz_col.png","width":2921,"height":1650},{"@type":"BreadcrumbList","@id":"https:\/\/www.creativeireland.gov.ie\/en\/event\/cruinniu-na-nog-call-out\/#breadcrumb","itemListElement":[{"@type":"ListItem","position":1,"name":"Home","item":"https:\/\/www.creativeireland.gov.ie\/en\/"},{"@type":"ListItem","position":2,"name":"Cruinni\u00fa na n\u00d3g Call Out"}]},{"@type":"WebSite","@id":"https:\/\/www.creativeireland.gov.ie\/en\/#website","url":"https:\/\/www.creativeireland.gov.ie\/en\/","name":"Creative Ireland Programme","description":"The Creative Ireland Programme is guided by a vision that every person in Ireland will have the opportunity to realise their full creative potential. It is a five year all-of-Government initiative, from 2017 to 2022, to place creativity at the centre of public policy.","potentialAction":[{"@type":"SearchAction","target":{"@type":"EntryPoint","urlTemplate":"https:\/\/www.creativeireland.gov.ie\/en\/?s={search_term_string}"},"query-input":{"@type":"PropertyValueSpecification","valueRequired":true,"valueName":"search_term_string"}}],"inLanguage":"en-US"}]}},"_links":{"self":[{"href":"https:\/\/www.creativeireland.gov.ie\/en\/wp-json\/wp\/v2\/event\/9648","targetHints":{"allow":["GET"]}}],"collection":[{"href":"https:\/\/www.creativeireland.gov.ie\/en\/wp-json\/wp\/v2\/event"}],"about":[{"href":"https:\/\/www.creativeireland.gov.ie\/en\/wp-json\/wp\/v2\/types\/event"}],"author":[{"embeddable":true,"href":"https:\/\/www.creativeireland.gov.ie\/en\/wp-json\/wp\/v2\/users\/26"}],"wp:featuredmedia":[{"embeddable":true,"href":"https:\/\/www.creativeireland.gov.ie\/en\/wp-json\/wp\/v2\/media\/9649"}],"wp:attachment":[{"href":"https:\/\/www.creativeireland.gov.ie\/en\/wp-json\/wp\/v2\/media?parent=9648"}],"curies":[{"name":"wp","href":"https:\/\/api.w.org\/{rel}","templated":true}]}}

Cruinniú na nÓg Call Out

<p>Cruinniú na nÓg, the national day of creativity for children and young people takes place on Saturday, 13th June. It aims to celebrate and encourage children and young people’s participation in culture and creativity by providing free, activity-based action in their own locality.</p>
<p>Kildare’s Creative Ireland team is seeking proposals from creatives practitioners and organisations to host and facilitate creative engagements for and with children and young people across the county for Cruinniú na Óg 2020.</p>
<p>The emphasis of Cruinniú na nÓg is on doing, making, creating. We are particularly interested in supporting projects that include the voice of the child/young people. We welcome projects that explore climate change, ecology or a sense of place. Programmes may be devised in advance, but the main component must take place or culminate on Saturday 13th June 2020.</p>
<p> </p>

<!-- This site is optimized with the Yoast SEO plugin v25.9 - https://yoast.com/wordpress/plugins/seo/ -->
<title>Cruinniú na nÓg Call Out - Creative Ireland Programme</title>
<meta name="description" content="Cruinniú na nÓg, the national day of creativity for children and young people takes place on Saturday, 13th June." />
<meta name="robots" content="index, follow, max-snippet:-1, max-image-preview:large, max-video-preview:-1" />
<link rel="canonical" href="https://www.creativeireland.gov.ie/en/event/cruinniu-na-nog-call-out/" />
<meta property="og:locale" content="en_US" />
<meta property="og:type" content="article" />
<meta property="og:title" content="Cruinniú na nÓg Call Out - Creative Ireland Programme" />
<meta property="og:description" content="Cruinniú na nÓg, the national day of creativity for children and young people takes place on Saturday, 13th June. It aims to celebrate and encourage children and young people’s participation in culture and creativity by providing free, activity-based action in their own locality. Kildare’s Creative Ireland team is seeking proposals from creatives practitioners and organisations [&hellip;]" />
<meta property="og:url" content="https://www.creativeireland.gov.ie/en/event/cruinniu-na-nog-call-out/" />
<meta property="og:site_name" content="Creative Ireland Programme" />
<meta property="article:publisher" content="https://www.facebook.com/CreativeIrl/" />
<meta property="og:image" content="https://www.creativeireland.gov.ie/app/uploads/2020/02/cnnog_2018_mark_tag_horiz_col.png" />
	<meta property="og:image:width" content="2921" />
	<meta property="og:image:height" content="1650" />
	<meta property="og:image:type" content="image/png" />
<meta name="twitter:card" content="summary_large_image" />
<meta name="twitter:site" content="@creativeirl" />
<meta name="twitter:label1" content="Est. reading time" />
	<meta name="twitter:data1" content="1 minute" />
<script type="application/ld+json" class="yoast-schema-graph">{"@context":"https://schema.org","@graph":[{"@type":"WebPage","@id":"https://www.creativeireland.gov.ie/en/event/cruinniu-na-nog-call-out/","url":"https://www.creativeireland.gov.ie/en/event/cruinniu-na-nog-call-out/","name":"Cruinniú na nÓg Call Out - Creative Ireland Programme","isPartOf":{"@id":"https://www.creativeireland.gov.ie/en/#website"},"primaryImageOfPage":{"@id":"https://www.creativeireland.gov.ie/en/event/cruinniu-na-nog-call-out/#primaryimage"},"image":{"@id":"https://www.creativeireland.gov.ie/en/event/cruinniu-na-nog-call-out/#primaryimage"},"thumbnailUrl":"https://www.creativeireland.gov.ie/app/uploads/2020/02/cnnog_2018_mark_tag_horiz_col.png","datePublished":"2022-04-21T14:06:25+00:00","breadcrumb":{"@id":"https://www.creativeireland.gov.ie/en/event/cruinniu-na-nog-call-out/#breadcrumb"},"inLanguage":"en-US","potentialAction":[{"@type":"ReadAction","target":["https://www.creativeireland.gov.ie/en/event/cruinniu-na-nog-call-out/"]}]},{"@type":"ImageObject","inLanguage":"en-US","@id":"https://www.creativeireland.gov.ie/en/event/cruinniu-na-nog-call-out/#primaryimage","url":"https://www.creativeireland.gov.ie/app/uploads/2020/02/cnnog_2018_mark_tag_horiz_col.png","contentUrl":"https://www.creativeireland.gov.ie/app/uploads/2020/02/cnnog_2018_mark_tag_horiz_col.png","width":2921,"height":1650},{"@type":"BreadcrumbList","@id":"https://www.creativeireland.gov.ie/en/event/cruinniu-na-nog-call-out/#breadcrumb","itemListElement":[{"@type":"ListItem","position":1,"name":"Home","item":"https://www.creativeireland.gov.ie/en/"},{"@type":"ListItem","position":2,"name":"Cruinniú na nÓg Call Out"}]},{"@type":"WebSite","@id":"https://www.creativeireland.gov.ie/en/#website","url":"https://www.creativeireland.gov.ie/en/","name":"Creative Ireland Programme","description":"The Creative Ireland Programme is guided by a vision that every person in Ireland will have the opportunity to realise their full creative potential. It is a five year all-of-Government initiative, from 2017 to 2022, to place creativity at the centre of public policy.","potentialAction":[{"@type":"SearchAction","target":{"@type":"EntryPoint","urlTemplate":"https://www.creativeireland.gov.ie/en/?s={search_term_string}"},"query-input":{"@type":"PropertyValueSpecification","valueRequired":true,"valueName":"search_term_string"}}],"inLanguage":"en-US"}]}</script>
<!-- / Yoast SEO plugin. -->

Cruinniú na nÓg Call Out - Creative Ireland Programme

Cruinniú na nÓg, the national day of creativity for children and young people takes place on Saturday, 13th June.

Cruinniú na nÓg, the national day of creativity for children and young people takes place on Saturday, 13th June. It aims to celebrate and encourage children and young people’s participation in culture and creativity by providing free, activity-based action in their own locality. Kildare’s Creative Ireland team is seeking proposals from creatives practitioners and organisations [&hellip;]
