{"id":9746,"date":"2020-03-07T03:02:34","date_gmt":"2020-03-07T03:02:34","guid":{"rendered":"https:\/\/www.creativeireland.gov.ie\/event\/branar-teatar-do-phaisti-rock-n-roll-rhymes\/"},"modified":"2020-03-07T03:02:34","modified_gmt":"2020-03-07T03:02:34","slug":"branar-teatar-do-phaisti-rock-n-roll-rhymes","status":"publish","type":"event","link":"https:\/\/www.creativeireland.gov.ie\/en\/event\/branar-teatar-do-phaisti-rock-n-roll-rhymes\/","title":{"rendered":"Branar Teatar do Phaisti: Rock n Roll Rhymes"},"content":{"rendered":"<p><span><span><span>This is a multi-phase multi platform project which will see original and new poetry for early years audiences commissioned, performed, published and recorded. This project will be lead by Branar T\u00e9atar do Ph\u00e1ist\u00ed in partnership with Children\u2019s Books Ireland and Poetry Ireland and in conjunction with Galway City and County Councils.<\/span><\/span><\/span><\/p>\n<p><span><span>The concept for this project arises out of the Branar personal experience of reading and\u00a0reciting nursery rhymes with their\u00a0young children and observing the impact that nursery rhymes and non-sense rhymes and poetry has had on their early and formative experiences of language and communication. There is the canon of old familiars and newer work by writers like Michael Rosen available to access. <\/span><\/span><\/p>\n<p><span><span>Branar create work for audiences aged 0-12, and we have collaborated and continue to collaborate with organisations and artists making work for children in the early years 0-6 age group. Collaboration and devising is the hallmark of Branar\u2019s creative process, and this\u00a0collaborative process includes working with our partners in Poetry Ireland, Children\u2019s Books Ireland, the prospective writers and performers. <\/span><\/span><\/p>\n<p><span><span>Branar envisage that the project has the potential to be developed and expanded within both national and international contexts.\u00a0<\/span><\/span><\/p>\n","protected":false},"author":0,"featured_media":0,"template":"","class_list":["post-9746","event","type-event","status-publish","hentry"],"acf":[],"yoast_head":"<!-- This site is optimized with the Yoast SEO plugin v25.9 - https:\/\/yoast.com\/wordpress\/plugins\/seo\/ -->\n<title>Branar Teatar do Phaisti: Rock n Roll Rhymes - Creative Ireland Programme<\/title>\n<meta name=\"description\" content=\"This is a multi-phase multi platform project which will see original and new poetry for early years audiences commissioned, performed, published and recorded.\" \/>\n<meta name=\"robots\" content=\"index, follow, max-snippet:-1, max-image-preview:large, max-video-preview:-1\" \/>\n<link rel=\"canonical\" href=\"https:\/\/www.creativeireland.gov.ie\/en\/event\/branar-teatar-do-phaisti-rock-n-roll-rhymes\/\" \/>\n<meta property=\"og:locale\" content=\"en_US\" \/>\n<meta property=\"og:type\" content=\"article\" \/>\n<meta property=\"og:title\" content=\"Branar Teatar do Phaisti: Rock n Roll Rhymes - Creative Ireland Programme\" \/>\n<meta property=\"og:description\" content=\"This is a multi-phase multi platform project which will see original and new poetry for early years audiences commissioned, performed, published and recorded. This project will be lead by Branar T\u00e9atar do Ph\u00e1ist\u00ed in partnership with Children\u2019s Books Ireland and Poetry Ireland and in conjunction with Galway City and County Councils. The concept for this [&hellip;]\" \/>\n<meta property=\"og:url\" content=\"https:\/\/www.creativeireland.gov.ie\/en\/event\/branar-teatar-do-phaisti-rock-n-roll-rhymes\/\" \/>\n<meta property=\"og:site_name\" content=\"Creative Ireland Programme\" \/>\n<meta property=\"article:publisher\" content=\"https:\/\/www.facebook.com\/CreativeIrl\/\" \/>\n<meta name=\"twitter:card\" content=\"summary_large_image\" \/>\n<meta name=\"twitter:site\" content=\"@creativeirl\" \/>\n<meta name=\"twitter:label1\" content=\"Est. reading time\" \/>\n\t<meta name=\"twitter:data1\" content=\"1 minute\" \/>\n<script type=\"application\/ld+json\" class=\"yoast-schema-graph\">{\"@context\":\"https:\/\/schema.org\",\"@graph\":[{\"@type\":\"WebPage\",\"@id\":\"https:\/\/www.creativeireland.gov.ie\/en\/event\/branar-teatar-do-phaisti-rock-n-roll-rhymes\/\",\"url\":\"https:\/\/www.creativeireland.gov.ie\/en\/event\/branar-teatar-do-phaisti-rock-n-roll-rhymes\/\",\"name\":\"Branar Teatar do Phaisti: Rock n Roll Rhymes - Creative Ireland Programme\",\"isPartOf\":{\"@id\":\"https:\/\/www.creativeireland.gov.ie\/en\/#website\"},\"datePublished\":\"2020-03-07T03:02:34+00:00\",\"breadcrumb\":{\"@id\":\"https:\/\/www.creativeireland.gov.ie\/en\/event\/branar-teatar-do-phaisti-rock-n-roll-rhymes\/#breadcrumb\"},\"inLanguage\":\"en-US\",\"potentialAction\":[{\"@type\":\"ReadAction\",\"target\":[\"https:\/\/www.creativeireland.gov.ie\/en\/event\/branar-teatar-do-phaisti-rock-n-roll-rhymes\/\"]}]},{\"@type\":\"BreadcrumbList\",\"@id\":\"https:\/\/www.creativeireland.gov.ie\/en\/event\/branar-teatar-do-phaisti-rock-n-roll-rhymes\/#breadcrumb\",\"itemListElement\":[{\"@type\":\"ListItem\",\"position\":1,\"name\":\"Home\",\"item\":\"https:\/\/www.creativeireland.gov.ie\/en\/\"},{\"@type\":\"ListItem\",\"position\":2,\"name\":\"Branar Teatar do Phaisti: Rock n Roll Rhymes\"}]},{\"@type\":\"WebSite\",\"@id\":\"https:\/\/www.creativeireland.gov.ie\/en\/#website\",\"url\":\"https:\/\/www.creativeireland.gov.ie\/en\/\",\"name\":\"Creative Ireland Programme\",\"description\":\"The Creative Ireland Programme is guided by a vision that every person in Ireland will have the opportunity to realise their full creative potential. It is a five year all-of-Government initiative, from 2017 to 2022, to place creativity at the centre of public policy.\",\"potentialAction\":[{\"@type\":\"SearchAction\",\"target\":{\"@type\":\"EntryPoint\",\"urlTemplate\":\"https:\/\/www.creativeireland.gov.ie\/en\/?s={search_term_string}\"},\"query-input\":{\"@type\":\"PropertyValueSpecification\",\"valueRequired\":true,\"valueName\":\"search_term_string\"}}],\"inLanguage\":\"en-US\"}]}<\/script>\n<!-- \/ Yoast SEO plugin. -->","yoast_head_json":{"title":"Branar Teatar do Phaisti: Rock n Roll Rhymes - Creative Ireland Programme","description":"This is a multi-phase multi platform project which will see original and new poetry for early years audiences commissioned, performed, published and recorded.","robots":{"index":"index","follow":"follow","max-snippet":"max-snippet:-1","max-image-preview":"max-image-preview:large","max-video-preview":"max-video-preview:-1"},"canonical":"https:\/\/www.creativeireland.gov.ie\/en\/event\/branar-teatar-do-phaisti-rock-n-roll-rhymes\/","og_locale":"en_US","og_type":"article","og_title":"Branar Teatar do Phaisti: Rock n Roll Rhymes - Creative Ireland Programme","og_description":"This is a multi-phase multi platform project which will see original and new poetry for early years audiences commissioned, performed, published and recorded. This project will be lead by Branar T\u00e9atar do Ph\u00e1ist\u00ed in partnership with Children\u2019s Books Ireland and Poetry Ireland and in conjunction with Galway City and County Councils. The concept for this [&hellip;]","og_url":"https:\/\/www.creativeireland.gov.ie\/en\/event\/branar-teatar-do-phaisti-rock-n-roll-rhymes\/","og_site_name":"Creative Ireland Programme","article_publisher":"https:\/\/www.facebook.com\/CreativeIrl\/","twitter_card":"summary_large_image","twitter_site":"@creativeirl","twitter_misc":{"Est. reading time":"1 minute"},"schema":{"@context":"https:\/\/schema.org","@graph":[{"@type":"WebPage","@id":"https:\/\/www.creativeireland.gov.ie\/en\/event\/branar-teatar-do-phaisti-rock-n-roll-rhymes\/","url":"https:\/\/www.creativeireland.gov.ie\/en\/event\/branar-teatar-do-phaisti-rock-n-roll-rhymes\/","name":"Branar Teatar do Phaisti: Rock n Roll Rhymes - Creative Ireland Programme","isPartOf":{"@id":"https:\/\/www.creativeireland.gov.ie\/en\/#website"},"datePublished":"2020-03-07T03:02:34+00:00","breadcrumb":{"@id":"https:\/\/www.creativeireland.gov.ie\/en\/event\/branar-teatar-do-phaisti-rock-n-roll-rhymes\/#breadcrumb"},"inLanguage":"en-US","potentialAction":[{"@type":"ReadAction","target":["https:\/\/www.creativeireland.gov.ie\/en\/event\/branar-teatar-do-phaisti-rock-n-roll-rhymes\/"]}]},{"@type":"BreadcrumbList","@id":"https:\/\/www.creativeireland.gov.ie\/en\/event\/branar-teatar-do-phaisti-rock-n-roll-rhymes\/#breadcrumb","itemListElement":[{"@type":"ListItem","position":1,"name":"Home","item":"https:\/\/www.creativeireland.gov.ie\/en\/"},{"@type":"ListItem","position":2,"name":"Branar Teatar do Phaisti: Rock n Roll Rhymes"}]},{"@type":"WebSite","@id":"https:\/\/www.creativeireland.gov.ie\/en\/#website","url":"https:\/\/www.creativeireland.gov.ie\/en\/","name":"Creative Ireland Programme","description":"The Creative Ireland Programme is guided by a vision that every person in Ireland will have the opportunity to realise their full creative potential. It is a five year all-of-Government initiative, from 2017 to 2022, to place creativity at the centre of public policy.","potentialAction":[{"@type":"SearchAction","target":{"@type":"EntryPoint","urlTemplate":"https:\/\/www.creativeireland.gov.ie\/en\/?s={search_term_string}"},"query-input":{"@type":"PropertyValueSpecification","valueRequired":true,"valueName":"search_term_string"}}],"inLanguage":"en-US"}]}},"_links":{"self":[{"href":"https:\/\/www.creativeireland.gov.ie\/en\/wp-json\/wp\/v2\/event\/9746","targetHints":{"allow":["GET"]}}],"collection":[{"href":"https:\/\/www.creativeireland.gov.ie\/en\/wp-json\/wp\/v2\/event"}],"about":[{"href":"https:\/\/www.creativeireland.gov.ie\/en\/wp-json\/wp\/v2\/types\/event"}],"wp:attachment":[{"href":"https:\/\/www.creativeireland.gov.ie\/en\/wp-json\/wp\/v2\/media?parent=9746"}],"curies":[{"name":"wp","href":"https:\/\/api.w.org\/{rel}","templated":true}]}}

<p><span><span><span>This is a multi-phase multi platform project which will see original and new poetry for early years audiences commissioned, performed, published and recorded. This project will be lead by Branar Téatar do Pháistí in partnership with Children’s Books Ireland and Poetry Ireland and in conjunction with Galway City and County Councils.</span></span></span></p>
<p><span><span>The concept for this project arises out of the Branar personal experience of reading and reciting nursery rhymes with their young children and observing the impact that nursery rhymes and non-sense rhymes and poetry has had on their early and formative experiences of language and communication. There is the canon of old familiars and newer work by writers like Michael Rosen available to access. </span></span></p>
<p><span><span>Branar create work for audiences aged 0-12, and we have collaborated and continue to collaborate with organisations and artists making work for children in the early years 0-6 age group. Collaboration and devising is the hallmark of Branar’s creative process, and this collaborative process includes working with our partners in Poetry Ireland, Children’s Books Ireland, the prospective writers and performers. </span></span></p>
<p><span><span>Branar envisage that the project has the potential to be developed and expanded within both national and international contexts. </span></span></p>

<!-- This site is optimized with the Yoast SEO plugin v25.9 - https://yoast.com/wordpress/plugins/seo/ -->
<title>Branar Teatar do Phaisti: Rock n Roll Rhymes - Creative Ireland Programme</title>
<meta name="description" content="This is a multi-phase multi platform project which will see original and new poetry for early years audiences commissioned, performed, published and recorded." />
<meta name="robots" content="index, follow, max-snippet:-1, max-image-preview:large, max-video-preview:-1" />
<link rel="canonical" href="https://www.creativeireland.gov.ie/en/event/branar-teatar-do-phaisti-rock-n-roll-rhymes/" />
<meta property="og:locale" content="en_US" />
<meta property="og:type" content="article" />
<meta property="og:title" content="Branar Teatar do Phaisti: Rock n Roll Rhymes - Creative Ireland Programme" />
<meta property="og:description" content="This is a multi-phase multi platform project which will see original and new poetry for early years audiences commissioned, performed, published and recorded. This project will be lead by Branar Téatar do Pháistí in partnership with Children’s Books Ireland and Poetry Ireland and in conjunction with Galway City and County Councils. The concept for this [&hellip;]" />
<meta property="og:url" content="https://www.creativeireland.gov.ie/en/event/branar-teatar-do-phaisti-rock-n-roll-rhymes/" />
<meta property="og:site_name" content="Creative Ireland Programme" />
<meta property="article:publisher" content="https://www.facebook.com/CreativeIrl/" />
<meta name="twitter:card" content="summary_large_image" />
<meta name="twitter:site" content="@creativeirl" />
<meta name="twitter:label1" content="Est. reading time" />
	<meta name="twitter:data1" content="1 minute" />
<script type="application/ld+json" class="yoast-schema-graph">{"@context":"https://schema.org","@graph":[{"@type":"WebPage","@id":"https://www.creativeireland.gov.ie/en/event/branar-teatar-do-phaisti-rock-n-roll-rhymes/","url":"https://www.creativeireland.gov.ie/en/event/branar-teatar-do-phaisti-rock-n-roll-rhymes/","name":"Branar Teatar do Phaisti: Rock n Roll Rhymes - Creative Ireland Programme","isPartOf":{"@id":"https://www.creativeireland.gov.ie/en/#website"},"datePublished":"2020-03-07T03:02:34+00:00","breadcrumb":{"@id":"https://www.creativeireland.gov.ie/en/event/branar-teatar-do-phaisti-rock-n-roll-rhymes/#breadcrumb"},"inLanguage":"en-US","potentialAction":[{"@type":"ReadAction","target":["https://www.creativeireland.gov.ie/en/event/branar-teatar-do-phaisti-rock-n-roll-rhymes/"]}]},{"@type":"BreadcrumbList","@id":"https://www.creativeireland.gov.ie/en/event/branar-teatar-do-phaisti-rock-n-roll-rhymes/#breadcrumb","itemListElement":[{"@type":"ListItem","position":1,"name":"Home","item":"https://www.creativeireland.gov.ie/en/"},{"@type":"ListItem","position":2,"name":"Branar Teatar do Phaisti: Rock n Roll Rhymes"}]},{"@type":"WebSite","@id":"https://www.creativeireland.gov.ie/en/#website","url":"https://www.creativeireland.gov.ie/en/","name":"Creative Ireland Programme","description":"The Creative Ireland Programme is guided by a vision that every person in Ireland will have the opportunity to realise their full creative potential. It is a five year all-of-Government initiative, from 2017 to 2022, to place creativity at the centre of public policy.","potentialAction":[{"@type":"SearchAction","target":{"@type":"EntryPoint","urlTemplate":"https://www.creativeireland.gov.ie/en/?s={search_term_string}"},"query-input":{"@type":"PropertyValueSpecification","valueRequired":true,"valueName":"search_term_string"}}],"inLanguage":"en-US"}]}</script>
<!-- / Yoast SEO plugin. -->

This is a multi-phase multi platform project which will see original and new poetry for early years audiences commissioned, performed, published and recorded. This project will be lead by Branar Téatar do Pháistí in partnership with Children’s Books Ireland and Poetry Ireland and in conjunction with Galway City and County Councils. The concept for this [&hellip;]
