{"id":13515,"date":"2021-03-11T16:16:47","date_gmt":"2021-03-11T16:16:47","guid":{"rendered":"https:\/\/www.creativeireland.gov.ie\/?post_type=creativenation&#038;p=13515"},"modified":"2021-03-11T16:16:47","modified_gmt":"2021-03-11T16:16:47","slug":"comhra-portraidiochta","status":"publish","type":"creativenation","link":"https:\/\/www.creativeireland.gov.ie\/ga\/blog\/comhra-portraidiochta\/","title":{"rendered":"Comhr\u00e1 Portr\u00e1id\u00edochta"},"content":{"rendered":"","protected":false},"featured_media":13201,"menu_order":0,"template":"page-creative-nation-advanced-content.php","categories":[],"creativenation-tags":[],"class_list":["post-13515","creativenation","type-creativenation","status-publish","has-post-thumbnail","hentry"],"acf":[],"yoast_head":"<!-- This site is optimized with the Yoast SEO plugin v25.9 - https:\/\/yoast.com\/wordpress\/plugins\/seo\/ -->\n<title>Comhr\u00e1 Portr\u00e1id\u00edochta - Creative Ireland Programme<\/title>\n<meta name=\"description\" content=\"D&#039;eisigh na h\u00fadar\u00e1is \u00e1iti\u00fala i Ros Com\u00e1in, i Sligeach, i Liatroim agus i nD\u00fan na nGall gairm scoile le gairid do dhaoine a bhfuil 70 bliain sl\u00e1n acu at\u00e1 ag d\u00e9anamh coc\u00fain faoi l\u00e1thair agus a mbeadh suim acu su\u00ed do phortr\u00e1id a ph\u00e9inte\u00e1ilfeadh Andy Parsons agus iad ar dh\u00e1 l\u00e1thair.\" \/>\n<meta name=\"robots\" content=\"index, follow, max-snippet:-1, max-image-preview:large, max-video-preview:-1\" \/>\n<link rel=\"canonical\" href=\"https:\/\/www.creativeireland.gov.ie\/ga\/blog\/comhra-portraidiochta\/\" \/>\n<meta property=\"og:locale\" content=\"ga_IE\" \/>\n<meta property=\"og:type\" content=\"article\" \/>\n<meta property=\"og:title\" content=\"Comhr\u00e1 Portr\u00e1id\u00edochta - Creative Ireland Programme\" \/>\n<meta property=\"og:url\" content=\"https:\/\/www.creativeireland.gov.ie\/ga\/blog\/comhra-portraidiochta\/\" \/>\n<meta property=\"og:site_name\" content=\"Creative Ireland Programme\" \/>\n<meta property=\"article:publisher\" content=\"https:\/\/www.facebook.com\/CreativeIrl\/\" \/>\n<meta property=\"og:image\" content=\"https:\/\/www.creativeireland.gov.ie\/app\/uploads\/2020\/10\/Maisie-Roscommon-sitting-1.jpg\" \/>\n\t<meta property=\"og:image:width\" content=\"2000\" \/>\n\t<meta property=\"og:image:height\" content=\"1504\" \/>\n\t<meta property=\"og:image:type\" content=\"image\/jpeg\" \/>\n<meta name=\"twitter:card\" content=\"summary_large_image\" \/>\n<meta name=\"twitter:site\" content=\"@creativeirl\" \/>\n<script type=\"application\/ld+json\" class=\"yoast-schema-graph\">{\"@context\":\"https:\/\/schema.org\",\"@graph\":[{\"@type\":\"WebPage\",\"@id\":\"https:\/\/www.creativeireland.gov.ie\/ga\/blog\/comhra-portraidiochta\/\",\"url\":\"https:\/\/www.creativeireland.gov.ie\/ga\/blog\/comhra-portraidiochta\/\",\"name\":\"Comhr\u00e1 Portr\u00e1id\u00edochta - Creative Ireland Programme\",\"isPartOf\":{\"@id\":\"https:\/\/www.creativeireland.gov.ie\/ga\/#website\"},\"primaryImageOfPage\":{\"@id\":\"https:\/\/www.creativeireland.gov.ie\/ga\/blog\/comhra-portraidiochta\/#primaryimage\"},\"image\":{\"@id\":\"https:\/\/www.creativeireland.gov.ie\/ga\/blog\/comhra-portraidiochta\/#primaryimage\"},\"thumbnailUrl\":\"https:\/\/www.creativeireland.gov.ie\/app\/uploads\/2020\/10\/Maisie-Roscommon-sitting-1.jpg\",\"datePublished\":\"2021-03-11T16:16:47+00:00\",\"breadcrumb\":{\"@id\":\"https:\/\/www.creativeireland.gov.ie\/ga\/blog\/comhra-portraidiochta\/#breadcrumb\"},\"inLanguage\":\"ga-IE\",\"potentialAction\":[{\"@type\":\"ReadAction\",\"target\":[\"https:\/\/www.creativeireland.gov.ie\/ga\/blog\/comhra-portraidiochta\/\"]}]},{\"@type\":\"ImageObject\",\"inLanguage\":\"ga-IE\",\"@id\":\"https:\/\/www.creativeireland.gov.ie\/ga\/blog\/comhra-portraidiochta\/#primaryimage\",\"url\":\"https:\/\/www.creativeireland.gov.ie\/app\/uploads\/2020\/10\/Maisie-Roscommon-sitting-1.jpg\",\"contentUrl\":\"https:\/\/www.creativeireland.gov.ie\/app\/uploads\/2020\/10\/Maisie-Roscommon-sitting-1.jpg\",\"width\":2000,\"height\":1504},{\"@type\":\"BreadcrumbList\",\"@id\":\"https:\/\/www.creativeireland.gov.ie\/ga\/blog\/comhra-portraidiochta\/#breadcrumb\",\"itemListElement\":[{\"@type\":\"ListItem\",\"position\":1,\"name\":\"Home\",\"item\":\"https:\/\/www.creativeireland.gov.ie\/ga\/\"},{\"@type\":\"ListItem\",\"position\":2,\"name\":\"Comhr\u00e1 Portr\u00e1id\u00edochta\"}]},{\"@type\":\"WebSite\",\"@id\":\"https:\/\/www.creativeireland.gov.ie\/ga\/#website\",\"url\":\"https:\/\/www.creativeireland.gov.ie\/ga\/\",\"name\":\"Creative Ireland Programme\",\"description\":\"The Creative Ireland Programme is guided by a vision that every person in Ireland will have the opportunity to realise their full creative potential. It is a five year all-of-Government initiative, from 2017 to 2022, to place creativity at the centre of public policy.\",\"potentialAction\":[{\"@type\":\"SearchAction\",\"target\":{\"@type\":\"EntryPoint\",\"urlTemplate\":\"https:\/\/www.creativeireland.gov.ie\/ga\/?s={search_term_string}\"},\"query-input\":{\"@type\":\"PropertyValueSpecification\",\"valueRequired\":true,\"valueName\":\"search_term_string\"}}],\"inLanguage\":\"ga-IE\"}]}<\/script>\n<!-- \/ Yoast SEO plugin. -->","yoast_head_json":{"title":"Comhr\u00e1 Portr\u00e1id\u00edochta - Creative Ireland Programme","description":"D'eisigh na h\u00fadar\u00e1is \u00e1iti\u00fala i Ros Com\u00e1in, i Sligeach, i Liatroim agus i nD\u00fan na nGall gairm scoile le gairid do dhaoine a bhfuil 70 bliain sl\u00e1n acu at\u00e1 ag d\u00e9anamh coc\u00fain faoi l\u00e1thair agus a mbeadh suim acu su\u00ed do phortr\u00e1id a ph\u00e9inte\u00e1ilfeadh Andy Parsons agus iad ar dh\u00e1 l\u00e1thair.","robots":{"index":"index","follow":"follow","max-snippet":"max-snippet:-1","max-image-preview":"max-image-preview:large","max-video-preview":"max-video-preview:-1"},"canonical":"https:\/\/www.creativeireland.gov.ie\/ga\/blog\/comhra-portraidiochta\/","og_locale":"ga_IE","og_type":"article","og_title":"Comhr\u00e1 Portr\u00e1id\u00edochta - Creative Ireland Programme","og_url":"https:\/\/www.creativeireland.gov.ie\/ga\/blog\/comhra-portraidiochta\/","og_site_name":"Creative Ireland Programme","article_publisher":"https:\/\/www.facebook.com\/CreativeIrl\/","og_image":[{"width":2000,"height":1504,"url":"https:\/\/www.creativeireland.gov.ie\/app\/uploads\/2020\/10\/Maisie-Roscommon-sitting-1.jpg","type":"image\/jpeg"}],"twitter_card":"summary_large_image","twitter_site":"@creativeirl","schema":{"@context":"https:\/\/schema.org","@graph":[{"@type":"WebPage","@id":"https:\/\/www.creativeireland.gov.ie\/ga\/blog\/comhra-portraidiochta\/","url":"https:\/\/www.creativeireland.gov.ie\/ga\/blog\/comhra-portraidiochta\/","name":"Comhr\u00e1 Portr\u00e1id\u00edochta - Creative Ireland Programme","isPartOf":{"@id":"https:\/\/www.creativeireland.gov.ie\/ga\/#website"},"primaryImageOfPage":{"@id":"https:\/\/www.creativeireland.gov.ie\/ga\/blog\/comhra-portraidiochta\/#primaryimage"},"image":{"@id":"https:\/\/www.creativeireland.gov.ie\/ga\/blog\/comhra-portraidiochta\/#primaryimage"},"thumbnailUrl":"https:\/\/www.creativeireland.gov.ie\/app\/uploads\/2020\/10\/Maisie-Roscommon-sitting-1.jpg","datePublished":"2021-03-11T16:16:47+00:00","breadcrumb":{"@id":"https:\/\/www.creativeireland.gov.ie\/ga\/blog\/comhra-portraidiochta\/#breadcrumb"},"inLanguage":"ga-IE","potentialAction":[{"@type":"ReadAction","target":["https:\/\/www.creativeireland.gov.ie\/ga\/blog\/comhra-portraidiochta\/"]}]},{"@type":"ImageObject","inLanguage":"ga-IE","@id":"https:\/\/www.creativeireland.gov.ie\/ga\/blog\/comhra-portraidiochta\/#primaryimage","url":"https:\/\/www.creativeireland.gov.ie\/app\/uploads\/2020\/10\/Maisie-Roscommon-sitting-1.jpg","contentUrl":"https:\/\/www.creativeireland.gov.ie\/app\/uploads\/2020\/10\/Maisie-Roscommon-sitting-1.jpg","width":2000,"height":1504},{"@type":"BreadcrumbList","@id":"https:\/\/www.creativeireland.gov.ie\/ga\/blog\/comhra-portraidiochta\/#breadcrumb","itemListElement":[{"@type":"ListItem","position":1,"name":"Home","item":"https:\/\/www.creativeireland.gov.ie\/ga\/"},{"@type":"ListItem","position":2,"name":"Comhr\u00e1 Portr\u00e1id\u00edochta"}]},{"@type":"WebSite","@id":"https:\/\/www.creativeireland.gov.ie\/ga\/#website","url":"https:\/\/www.creativeireland.gov.ie\/ga\/","name":"Creative Ireland Programme","description":"The Creative Ireland Programme is guided by a vision that every person in Ireland will have the opportunity to realise their full creative potential. It is a five year all-of-Government initiative, from 2017 to 2022, to place creativity at the centre of public policy.","potentialAction":[{"@type":"SearchAction","target":{"@type":"EntryPoint","urlTemplate":"https:\/\/www.creativeireland.gov.ie\/ga\/?s={search_term_string}"},"query-input":{"@type":"PropertyValueSpecification","valueRequired":true,"valueName":"search_term_string"}}],"inLanguage":"ga-IE"}]}},"_links":{"self":[{"href":"https:\/\/www.creativeireland.gov.ie\/ga\/wp-json\/wp\/v2\/creativenation\/13515","targetHints":{"allow":["GET"]}}],"collection":[{"href":"https:\/\/www.creativeireland.gov.ie\/ga\/wp-json\/wp\/v2\/creativenation"}],"about":[{"href":"https:\/\/www.creativeireland.gov.ie\/ga\/wp-json\/wp\/v2\/types\/creativenation"}],"wp:featuredmedia":[{"embeddable":true,"href":"https:\/\/www.creativeireland.gov.ie\/ga\/wp-json\/wp\/v2\/media\/13201"}],"wp:attachment":[{"href":"https:\/\/www.creativeireland.gov.ie\/ga\/wp-json\/wp\/v2\/media?parent=13515"}],"wp:term":[{"taxonomy":"category","embeddable":true,"href":"https:\/\/www.creativeireland.gov.ie\/ga\/wp-json\/wp\/v2\/categories?post=13515"},{"taxonomy":"creativenation-tags","embeddable":true,"href":"https:\/\/www.creativeireland.gov.ie\/ga\/wp-json\/wp\/v2\/creativenation-tags?post=13515"}],"curies":[{"name":"wp","href":"https:\/\/api.w.org\/{rel}","templated":true}]}}

Comhrá Portráidíochta

<!-- This site is optimized with the Yoast SEO plugin v25.9 - https://yoast.com/wordpress/plugins/seo/ -->
<title>Comhrá Portráidíochta - Creative Ireland Programme</title>
<meta name="description" content="D&#039;eisigh na húdaráis áitiúla i Ros Comáin, i Sligeach, i Liatroim agus i nDún na nGall gairm scoile le gairid do dhaoine a bhfuil 70 bliain slán acu atá ag déanamh cocúin faoi láthair agus a mbeadh suim acu suí do phortráid a phéinteáilfeadh Andy Parsons agus iad ar dhá láthair." />
<meta name="robots" content="index, follow, max-snippet:-1, max-image-preview:large, max-video-preview:-1" />
<link rel="canonical" href="https://www.creativeireland.gov.ie/ga/blog/comhra-portraidiochta/" />
<meta property="og:locale" content="ga_IE" />
<meta property="og:type" content="article" />
<meta property="og:title" content="Comhrá Portráidíochta - Creative Ireland Programme" />
<meta property="og:url" content="https://www.creativeireland.gov.ie/ga/blog/comhra-portraidiochta/" />
<meta property="og:site_name" content="Creative Ireland Programme" />
<meta property="article:publisher" content="https://www.facebook.com/CreativeIrl/" />
<meta property="og:image" content="https://www.creativeireland.gov.ie/app/uploads/2020/10/Maisie-Roscommon-sitting-1.jpg" />
	<meta property="og:image:width" content="2000" />
	<meta property="og:image:height" content="1504" />
	<meta property="og:image:type" content="image/jpeg" />
<meta name="twitter:card" content="summary_large_image" />
<meta name="twitter:site" content="@creativeirl" />
<script type="application/ld+json" class="yoast-schema-graph">{"@context":"https://schema.org","@graph":[{"@type":"WebPage","@id":"https://www.creativeireland.gov.ie/ga/blog/comhra-portraidiochta/","url":"https://www.creativeireland.gov.ie/ga/blog/comhra-portraidiochta/","name":"Comhrá Portráidíochta - Creative Ireland Programme","isPartOf":{"@id":"https://www.creativeireland.gov.ie/ga/#website"},"primaryImageOfPage":{"@id":"https://www.creativeireland.gov.ie/ga/blog/comhra-portraidiochta/#primaryimage"},"image":{"@id":"https://www.creativeireland.gov.ie/ga/blog/comhra-portraidiochta/#primaryimage"},"thumbnailUrl":"https://www.creativeireland.gov.ie/app/uploads/2020/10/Maisie-Roscommon-sitting-1.jpg","datePublished":"2021-03-11T16:16:47+00:00","breadcrumb":{"@id":"https://www.creativeireland.gov.ie/ga/blog/comhra-portraidiochta/#breadcrumb"},"inLanguage":"ga-IE","potentialAction":[{"@type":"ReadAction","target":["https://www.creativeireland.gov.ie/ga/blog/comhra-portraidiochta/"]}]},{"@type":"ImageObject","inLanguage":"ga-IE","@id":"https://www.creativeireland.gov.ie/ga/blog/comhra-portraidiochta/#primaryimage","url":"https://www.creativeireland.gov.ie/app/uploads/2020/10/Maisie-Roscommon-sitting-1.jpg","contentUrl":"https://www.creativeireland.gov.ie/app/uploads/2020/10/Maisie-Roscommon-sitting-1.jpg","width":2000,"height":1504},{"@type":"BreadcrumbList","@id":"https://www.creativeireland.gov.ie/ga/blog/comhra-portraidiochta/#breadcrumb","itemListElement":[{"@type":"ListItem","position":1,"name":"Home","item":"https://www.creativeireland.gov.ie/ga/"},{"@type":"ListItem","position":2,"name":"Comhrá Portráidíochta"}]},{"@type":"WebSite","@id":"https://www.creativeireland.gov.ie/ga/#website","url":"https://www.creativeireland.gov.ie/ga/","name":"Creative Ireland Programme","description":"The Creative Ireland Programme is guided by a vision that every person in Ireland will have the opportunity to realise their full creative potential. It is a five year all-of-Government initiative, from 2017 to 2022, to place creativity at the centre of public policy.","potentialAction":[{"@type":"SearchAction","target":{"@type":"EntryPoint","urlTemplate":"https://www.creativeireland.gov.ie/ga/?s={search_term_string}"},"query-input":{"@type":"PropertyValueSpecification","valueRequired":true,"valueName":"search_term_string"}}],"inLanguage":"ga-IE"}]}</script>
<!-- / Yoast SEO plugin. -->

Comhrá Portráidíochta - Creative Ireland Programme

D'eisigh na húdaráis áitiúla i Ros Comáin, i Sligeach, i Liatroim agus i nDún na nGall gairm scoile le gairid do dhaoine a bhfuil 70 bliain slán acu atá ag déanamh cocúin faoi láthair agus a mbeadh suim acu suí do phortráid a phéinteáilfeadh Andy Parsons agus iad ar dhá láthair.
