{"id":13534,"date":"2021-03-11T18:53:25","date_gmt":"2021-03-11T18:53:25","guid":{"rendered":"https:\/\/www.creativeireland.gov.ie\/?post_type=creativenation&#038;p=13534"},"modified":"2021-03-18T12:12:02","modified_gmt":"2021-03-18T12:12:02","slug":"togra-o-age-and-opportunity-dfhonn-ceol-damhsa-agus-amharclannaiocht-a-chur-ar-siul-in-ionaid-curaim-ar-fud-na-heireann","status":"publish","type":"creativenation","link":"https:\/\/www.creativeireland.gov.ie\/ga\/blog\/togra-o-age-and-opportunity-dfhonn-ceol-damhsa-agus-amharclannaiocht-a-chur-ar-siul-in-ionaid-curaim-ar-fud-na-heireann\/","title":{"rendered":"Togra \u00f3 Age and Opportunity d&#8217;fhonn ceol, damhsa agus amharclanna\u00edocht a chur ar si\u00fal in ionaid c\u00faraim ar fud na h\u00c9ireann"},"content":{"rendered":"","protected":false},"featured_media":12679,"menu_order":0,"template":"page-creative-nation-advanced-content.php","categories":[],"creativenation-tags":[],"class_list":["post-13534","creativenation","type-creativenation","status-publish","has-post-thumbnail","hentry"],"acf":[],"yoast_head":"<!-- This site is optimized with the Yoast SEO plugin v25.9 - https:\/\/yoast.com\/wordpress\/plugins\/seo\/ -->\n<title>Togra \u00f3 Age and Opportunity d&#039;fhonn ceol, damhsa agus amharclanna\u00edocht a chur ar si\u00fal in ionaid c\u00faraim ar fud na h\u00c9ireann - Creative Ireland Programme<\/title>\n<meta name=\"description\" content=\"F\u00f3gra\u00edtear tionscnamh nua le Age and Opportunity tr\u00edna gcuirfear \u00f3c\u00e1id\u00ed spreag\u00fala sp\u00e9isi\u00fala nua eala\u00edne ar si\u00fal don lucht c\u00f3naithe, don lucht foirne agus do na daoine muinteartha in ionaid c\u00faraim le cist\u00edocht faoin sc\u00e9im Cr\u00edonna Ild\u00e1nach at\u00e1 ina chuid den chl\u00e1r \u00c9ire Ild\u00e1nach agus le c\u00fanamh taca \u00f3n gComhairle Eala\u00edon.\" \/>\n<meta name=\"robots\" content=\"index, follow, max-snippet:-1, max-image-preview:large, max-video-preview:-1\" \/>\n<link rel=\"canonical\" href=\"https:\/\/www.creativeireland.gov.ie\/ga\/blog\/togra-o-age-and-opportunity-dfhonn-ceol-damhsa-agus-amharclannaiocht-a-chur-ar-siul-in-ionaid-curaim-ar-fud-na-heireann\/\" \/>\n<meta property=\"og:locale\" content=\"ga_IE\" \/>\n<meta property=\"og:type\" content=\"article\" \/>\n<meta property=\"og:title\" content=\"Togra \u00f3 Age and Opportunity d&#039;fhonn ceol, damhsa agus amharclanna\u00edocht a chur ar si\u00fal in ionaid c\u00faraim ar fud na h\u00c9ireann - Creative Ireland Programme\" \/>\n<meta property=\"og:url\" content=\"https:\/\/www.creativeireland.gov.ie\/ga\/blog\/togra-o-age-and-opportunity-dfhonn-ceol-damhsa-agus-amharclannaiocht-a-chur-ar-siul-in-ionaid-curaim-ar-fud-na-heireann\/\" \/>\n<meta property=\"og:site_name\" content=\"Creative Ireland Programme\" \/>\n<meta property=\"article:publisher\" content=\"https:\/\/www.facebook.com\/CreativeIrl\/\" \/>\n<meta property=\"article:modified_time\" content=\"2021-03-18T12:12:02+00:00\" \/>\n<meta property=\"og:image\" content=\"https:\/\/www.creativeireland.gov.ie\/app\/uploads\/2020\/12\/Donegal-residency-2019.png\" \/>\n\t<meta property=\"og:image:width\" content=\"1000\" \/>\n\t<meta property=\"og:image:height\" content=\"562\" \/>\n\t<meta property=\"og:image:type\" content=\"image\/png\" \/>\n<meta name=\"twitter:card\" content=\"summary_large_image\" \/>\n<meta name=\"twitter:site\" content=\"@creativeirl\" \/>\n<script type=\"application\/ld+json\" class=\"yoast-schema-graph\">{\"@context\":\"https:\/\/schema.org\",\"@graph\":[{\"@type\":\"WebPage\",\"@id\":\"https:\/\/www.creativeireland.gov.ie\/ga\/blog\/togra-o-age-and-opportunity-dfhonn-ceol-damhsa-agus-amharclannaiocht-a-chur-ar-siul-in-ionaid-curaim-ar-fud-na-heireann\/\",\"url\":\"https:\/\/www.creativeireland.gov.ie\/ga\/blog\/togra-o-age-and-opportunity-dfhonn-ceol-damhsa-agus-amharclannaiocht-a-chur-ar-siul-in-ionaid-curaim-ar-fud-na-heireann\/\",\"name\":\"Togra \u00f3 Age and Opportunity d'fhonn ceol, damhsa agus amharclanna\u00edocht a chur ar si\u00fal in ionaid c\u00faraim ar fud na h\u00c9ireann - Creative Ireland Programme\",\"isPartOf\":{\"@id\":\"https:\/\/www.creativeireland.gov.ie\/ga\/#website\"},\"primaryImageOfPage\":{\"@id\":\"https:\/\/www.creativeireland.gov.ie\/ga\/blog\/togra-o-age-and-opportunity-dfhonn-ceol-damhsa-agus-amharclannaiocht-a-chur-ar-siul-in-ionaid-curaim-ar-fud-na-heireann\/#primaryimage\"},\"image\":{\"@id\":\"https:\/\/www.creativeireland.gov.ie\/ga\/blog\/togra-o-age-and-opportunity-dfhonn-ceol-damhsa-agus-amharclannaiocht-a-chur-ar-siul-in-ionaid-curaim-ar-fud-na-heireann\/#primaryimage\"},\"thumbnailUrl\":\"https:\/\/www.creativeireland.gov.ie\/app\/uploads\/2020\/12\/Donegal-residency-2019.png\",\"datePublished\":\"2021-03-11T18:53:25+00:00\",\"dateModified\":\"2021-03-18T12:12:02+00:00\",\"breadcrumb\":{\"@id\":\"https:\/\/www.creativeireland.gov.ie\/ga\/blog\/togra-o-age-and-opportunity-dfhonn-ceol-damhsa-agus-amharclannaiocht-a-chur-ar-siul-in-ionaid-curaim-ar-fud-na-heireann\/#breadcrumb\"},\"inLanguage\":\"ga-IE\",\"potentialAction\":[{\"@type\":\"ReadAction\",\"target\":[\"https:\/\/www.creativeireland.gov.ie\/ga\/blog\/togra-o-age-and-opportunity-dfhonn-ceol-damhsa-agus-amharclannaiocht-a-chur-ar-siul-in-ionaid-curaim-ar-fud-na-heireann\/\"]}]},{\"@type\":\"ImageObject\",\"inLanguage\":\"ga-IE\",\"@id\":\"https:\/\/www.creativeireland.gov.ie\/ga\/blog\/togra-o-age-and-opportunity-dfhonn-ceol-damhsa-agus-amharclannaiocht-a-chur-ar-siul-in-ionaid-curaim-ar-fud-na-heireann\/#primaryimage\",\"url\":\"https:\/\/www.creativeireland.gov.ie\/app\/uploads\/2020\/12\/Donegal-residency-2019.png\",\"contentUrl\":\"https:\/\/www.creativeireland.gov.ie\/app\/uploads\/2020\/12\/Donegal-residency-2019.png\",\"width\":1000,\"height\":562},{\"@type\":\"BreadcrumbList\",\"@id\":\"https:\/\/www.creativeireland.gov.ie\/ga\/blog\/togra-o-age-and-opportunity-dfhonn-ceol-damhsa-agus-amharclannaiocht-a-chur-ar-siul-in-ionaid-curaim-ar-fud-na-heireann\/#breadcrumb\",\"itemListElement\":[{\"@type\":\"ListItem\",\"position\":1,\"name\":\"Home\",\"item\":\"https:\/\/www.creativeireland.gov.ie\/ga\/\"},{\"@type\":\"ListItem\",\"position\":2,\"name\":\"Togra \u00f3 Age and Opportunity d&#8217;fhonn ceol, damhsa agus amharclanna\u00edocht a chur ar si\u00fal in ionaid c\u00faraim ar fud na h\u00c9ireann\"}]},{\"@type\":\"WebSite\",\"@id\":\"https:\/\/www.creativeireland.gov.ie\/ga\/#website\",\"url\":\"https:\/\/www.creativeireland.gov.ie\/ga\/\",\"name\":\"Creative Ireland Programme\",\"description\":\"The Creative Ireland Programme is guided by a vision that every person in Ireland will have the opportunity to realise their full creative potential. It is a five year all-of-Government initiative, from 2017 to 2022, to place creativity at the centre of public policy.\",\"potentialAction\":[{\"@type\":\"SearchAction\",\"target\":{\"@type\":\"EntryPoint\",\"urlTemplate\":\"https:\/\/www.creativeireland.gov.ie\/ga\/?s={search_term_string}\"},\"query-input\":{\"@type\":\"PropertyValueSpecification\",\"valueRequired\":true,\"valueName\":\"search_term_string\"}}],\"inLanguage\":\"ga-IE\"}]}<\/script>\n<!-- \/ Yoast SEO plugin. -->","yoast_head_json":{"title":"Togra \u00f3 Age and Opportunity d'fhonn ceol, damhsa agus amharclanna\u00edocht a chur ar si\u00fal in ionaid c\u00faraim ar fud na h\u00c9ireann - Creative Ireland Programme","description":"F\u00f3gra\u00edtear tionscnamh nua le Age and Opportunity tr\u00edna gcuirfear \u00f3c\u00e1id\u00ed spreag\u00fala sp\u00e9isi\u00fala nua eala\u00edne ar si\u00fal don lucht c\u00f3naithe, don lucht foirne agus do na daoine muinteartha in ionaid c\u00faraim le cist\u00edocht faoin sc\u00e9im Cr\u00edonna Ild\u00e1nach at\u00e1 ina chuid den chl\u00e1r \u00c9ire Ild\u00e1nach agus le c\u00fanamh taca \u00f3n gComhairle Eala\u00edon.","robots":{"index":"index","follow":"follow","max-snippet":"max-snippet:-1","max-image-preview":"max-image-preview:large","max-video-preview":"max-video-preview:-1"},"canonical":"https:\/\/www.creativeireland.gov.ie\/ga\/blog\/togra-o-age-and-opportunity-dfhonn-ceol-damhsa-agus-amharclannaiocht-a-chur-ar-siul-in-ionaid-curaim-ar-fud-na-heireann\/","og_locale":"ga_IE","og_type":"article","og_title":"Togra \u00f3 Age and Opportunity d'fhonn ceol, damhsa agus amharclanna\u00edocht a chur ar si\u00fal in ionaid c\u00faraim ar fud na h\u00c9ireann - Creative Ireland Programme","og_url":"https:\/\/www.creativeireland.gov.ie\/ga\/blog\/togra-o-age-and-opportunity-dfhonn-ceol-damhsa-agus-amharclannaiocht-a-chur-ar-siul-in-ionaid-curaim-ar-fud-na-heireann\/","og_site_name":"Creative Ireland Programme","article_publisher":"https:\/\/www.facebook.com\/CreativeIrl\/","article_modified_time":"2021-03-18T12:12:02+00:00","og_image":[{"width":1000,"height":562,"url":"https:\/\/www.creativeireland.gov.ie\/app\/uploads\/2020\/12\/Donegal-residency-2019.png","type":"image\/png"}],"twitter_card":"summary_large_image","twitter_site":"@creativeirl","schema":{"@context":"https:\/\/schema.org","@graph":[{"@type":"WebPage","@id":"https:\/\/www.creativeireland.gov.ie\/ga\/blog\/togra-o-age-and-opportunity-dfhonn-ceol-damhsa-agus-amharclannaiocht-a-chur-ar-siul-in-ionaid-curaim-ar-fud-na-heireann\/","url":"https:\/\/www.creativeireland.gov.ie\/ga\/blog\/togra-o-age-and-opportunity-dfhonn-ceol-damhsa-agus-amharclannaiocht-a-chur-ar-siul-in-ionaid-curaim-ar-fud-na-heireann\/","name":"Togra \u00f3 Age and Opportunity d'fhonn ceol, damhsa agus amharclanna\u00edocht a chur ar si\u00fal in ionaid c\u00faraim ar fud na h\u00c9ireann - Creative Ireland Programme","isPartOf":{"@id":"https:\/\/www.creativeireland.gov.ie\/ga\/#website"},"primaryImageOfPage":{"@id":"https:\/\/www.creativeireland.gov.ie\/ga\/blog\/togra-o-age-and-opportunity-dfhonn-ceol-damhsa-agus-amharclannaiocht-a-chur-ar-siul-in-ionaid-curaim-ar-fud-na-heireann\/#primaryimage"},"image":{"@id":"https:\/\/www.creativeireland.gov.ie\/ga\/blog\/togra-o-age-and-opportunity-dfhonn-ceol-damhsa-agus-amharclannaiocht-a-chur-ar-siul-in-ionaid-curaim-ar-fud-na-heireann\/#primaryimage"},"thumbnailUrl":"https:\/\/www.creativeireland.gov.ie\/app\/uploads\/2020\/12\/Donegal-residency-2019.png","datePublished":"2021-03-11T18:53:25+00:00","dateModified":"2021-03-18T12:12:02+00:00","breadcrumb":{"@id":"https:\/\/www.creativeireland.gov.ie\/ga\/blog\/togra-o-age-and-opportunity-dfhonn-ceol-damhsa-agus-amharclannaiocht-a-chur-ar-siul-in-ionaid-curaim-ar-fud-na-heireann\/#breadcrumb"},"inLanguage":"ga-IE","potentialAction":[{"@type":"ReadAction","target":["https:\/\/www.creativeireland.gov.ie\/ga\/blog\/togra-o-age-and-opportunity-dfhonn-ceol-damhsa-agus-amharclannaiocht-a-chur-ar-siul-in-ionaid-curaim-ar-fud-na-heireann\/"]}]},{"@type":"ImageObject","inLanguage":"ga-IE","@id":"https:\/\/www.creativeireland.gov.ie\/ga\/blog\/togra-o-age-and-opportunity-dfhonn-ceol-damhsa-agus-amharclannaiocht-a-chur-ar-siul-in-ionaid-curaim-ar-fud-na-heireann\/#primaryimage","url":"https:\/\/www.creativeireland.gov.ie\/app\/uploads\/2020\/12\/Donegal-residency-2019.png","contentUrl":"https:\/\/www.creativeireland.gov.ie\/app\/uploads\/2020\/12\/Donegal-residency-2019.png","width":1000,"height":562},{"@type":"BreadcrumbList","@id":"https:\/\/www.creativeireland.gov.ie\/ga\/blog\/togra-o-age-and-opportunity-dfhonn-ceol-damhsa-agus-amharclannaiocht-a-chur-ar-siul-in-ionaid-curaim-ar-fud-na-heireann\/#breadcrumb","itemListElement":[{"@type":"ListItem","position":1,"name":"Home","item":"https:\/\/www.creativeireland.gov.ie\/ga\/"},{"@type":"ListItem","position":2,"name":"Togra \u00f3 Age and Opportunity d&#8217;fhonn ceol, damhsa agus amharclanna\u00edocht a chur ar si\u00fal in ionaid c\u00faraim ar fud na h\u00c9ireann"}]},{"@type":"WebSite","@id":"https:\/\/www.creativeireland.gov.ie\/ga\/#website","url":"https:\/\/www.creativeireland.gov.ie\/ga\/","name":"Creative Ireland Programme","description":"The Creative Ireland Programme is guided by a vision that every person in Ireland will have the opportunity to realise their full creative potential. It is a five year all-of-Government initiative, from 2017 to 2022, to place creativity at the centre of public policy.","potentialAction":[{"@type":"SearchAction","target":{"@type":"EntryPoint","urlTemplate":"https:\/\/www.creativeireland.gov.ie\/ga\/?s={search_term_string}"},"query-input":{"@type":"PropertyValueSpecification","valueRequired":true,"valueName":"search_term_string"}}],"inLanguage":"ga-IE"}]}},"_links":{"self":[{"href":"https:\/\/www.creativeireland.gov.ie\/ga\/wp-json\/wp\/v2\/creativenation\/13534","targetHints":{"allow":["GET"]}}],"collection":[{"href":"https:\/\/www.creativeireland.gov.ie\/ga\/wp-json\/wp\/v2\/creativenation"}],"about":[{"href":"https:\/\/www.creativeireland.gov.ie\/ga\/wp-json\/wp\/v2\/types\/creativenation"}],"wp:featuredmedia":[{"embeddable":true,"href":"https:\/\/www.creativeireland.gov.ie\/ga\/wp-json\/wp\/v2\/media\/12679"}],"wp:attachment":[{"href":"https:\/\/www.creativeireland.gov.ie\/ga\/wp-json\/wp\/v2\/media?parent=13534"}],"wp:term":[{"taxonomy":"category","embeddable":true,"href":"https:\/\/www.creativeireland.gov.ie\/ga\/wp-json\/wp\/v2\/categories?post=13534"},{"taxonomy":"creativenation-tags","embeddable":true,"href":"https:\/\/www.creativeireland.gov.ie\/ga\/wp-json\/wp\/v2\/creativenation-tags?post=13534"}],"curies":[{"name":"wp","href":"https:\/\/api.w.org\/{rel}","templated":true}]}}

Togra ó Age and Opportunity d&#8217;fhonn ceol, damhsa agus amharclannaíocht a chur ar siúl in ionaid cúraim ar fud na hÉireann

<!-- This site is optimized with the Yoast SEO plugin v25.9 - https://yoast.com/wordpress/plugins/seo/ -->
<title>Togra ó Age and Opportunity d&#039;fhonn ceol, damhsa agus amharclannaíocht a chur ar siúl in ionaid cúraim ar fud na hÉireann - Creative Ireland Programme</title>
<meta name="description" content="Fógraítear tionscnamh nua le Age and Opportunity trína gcuirfear ócáidí spreagúla spéisiúla nua ealaíne ar siúl don lucht cónaithe, don lucht foirne agus do na daoine muinteartha in ionaid cúraim le cistíocht faoin scéim Críonna Ildánach atá ina chuid den chlár Éire Ildánach agus le cúnamh taca ón gComhairle Ealaíon." />
<meta name="robots" content="index, follow, max-snippet:-1, max-image-preview:large, max-video-preview:-1" />
<link rel="canonical" href="https://www.creativeireland.gov.ie/ga/blog/togra-o-age-and-opportunity-dfhonn-ceol-damhsa-agus-amharclannaiocht-a-chur-ar-siul-in-ionaid-curaim-ar-fud-na-heireann/" />
<meta property="og:locale" content="ga_IE" />
<meta property="og:type" content="article" />
<meta property="og:title" content="Togra ó Age and Opportunity d&#039;fhonn ceol, damhsa agus amharclannaíocht a chur ar siúl in ionaid cúraim ar fud na hÉireann - Creative Ireland Programme" />
<meta property="og:url" content="https://www.creativeireland.gov.ie/ga/blog/togra-o-age-and-opportunity-dfhonn-ceol-damhsa-agus-amharclannaiocht-a-chur-ar-siul-in-ionaid-curaim-ar-fud-na-heireann/" />
<meta property="og:site_name" content="Creative Ireland Programme" />
<meta property="article:publisher" content="https://www.facebook.com/CreativeIrl/" />
<meta property="article:modified_time" content="2021-03-18T12:12:02+00:00" />
<meta property="og:image" content="https://www.creativeireland.gov.ie/app/uploads/2020/12/Donegal-residency-2019.png" />
	<meta property="og:image:width" content="1000" />
	<meta property="og:image:height" content="562" />
	<meta property="og:image:type" content="image/png" />
<meta name="twitter:card" content="summary_large_image" />
<meta name="twitter:site" content="@creativeirl" />
<script type="application/ld+json" class="yoast-schema-graph">{"@context":"https://schema.org","@graph":[{"@type":"WebPage","@id":"https://www.creativeireland.gov.ie/ga/blog/togra-o-age-and-opportunity-dfhonn-ceol-damhsa-agus-amharclannaiocht-a-chur-ar-siul-in-ionaid-curaim-ar-fud-na-heireann/","url":"https://www.creativeireland.gov.ie/ga/blog/togra-o-age-and-opportunity-dfhonn-ceol-damhsa-agus-amharclannaiocht-a-chur-ar-siul-in-ionaid-curaim-ar-fud-na-heireann/","name":"Togra ó Age and Opportunity d'fhonn ceol, damhsa agus amharclannaíocht a chur ar siúl in ionaid cúraim ar fud na hÉireann - Creative Ireland Programme","isPartOf":{"@id":"https://www.creativeireland.gov.ie/ga/#website"},"primaryImageOfPage":{"@id":"https://www.creativeireland.gov.ie/ga/blog/togra-o-age-and-opportunity-dfhonn-ceol-damhsa-agus-amharclannaiocht-a-chur-ar-siul-in-ionaid-curaim-ar-fud-na-heireann/#primaryimage"},"image":{"@id":"https://www.creativeireland.gov.ie/ga/blog/togra-o-age-and-opportunity-dfhonn-ceol-damhsa-agus-amharclannaiocht-a-chur-ar-siul-in-ionaid-curaim-ar-fud-na-heireann/#primaryimage"},"thumbnailUrl":"https://www.creativeireland.gov.ie/app/uploads/2020/12/Donegal-residency-2019.png","datePublished":"2021-03-11T18:53:25+00:00","dateModified":"2021-03-18T12:12:02+00:00","breadcrumb":{"@id":"https://www.creativeireland.gov.ie/ga/blog/togra-o-age-and-opportunity-dfhonn-ceol-damhsa-agus-amharclannaiocht-a-chur-ar-siul-in-ionaid-curaim-ar-fud-na-heireann/#breadcrumb"},"inLanguage":"ga-IE","potentialAction":[{"@type":"ReadAction","target":["https://www.creativeireland.gov.ie/ga/blog/togra-o-age-and-opportunity-dfhonn-ceol-damhsa-agus-amharclannaiocht-a-chur-ar-siul-in-ionaid-curaim-ar-fud-na-heireann/"]}]},{"@type":"ImageObject","inLanguage":"ga-IE","@id":"https://www.creativeireland.gov.ie/ga/blog/togra-o-age-and-opportunity-dfhonn-ceol-damhsa-agus-amharclannaiocht-a-chur-ar-siul-in-ionaid-curaim-ar-fud-na-heireann/#primaryimage","url":"https://www.creativeireland.gov.ie/app/uploads/2020/12/Donegal-residency-2019.png","contentUrl":"https://www.creativeireland.gov.ie/app/uploads/2020/12/Donegal-residency-2019.png","width":1000,"height":562},{"@type":"BreadcrumbList","@id":"https://www.creativeireland.gov.ie/ga/blog/togra-o-age-and-opportunity-dfhonn-ceol-damhsa-agus-amharclannaiocht-a-chur-ar-siul-in-ionaid-curaim-ar-fud-na-heireann/#breadcrumb","itemListElement":[{"@type":"ListItem","position":1,"name":"Home","item":"https://www.creativeireland.gov.ie/ga/"},{"@type":"ListItem","position":2,"name":"Togra ó Age and Opportunity d&#8217;fhonn ceol, damhsa agus amharclannaíocht a chur ar siúl in ionaid cúraim ar fud na hÉireann"}]},{"@type":"WebSite","@id":"https://www.creativeireland.gov.ie/ga/#website","url":"https://www.creativeireland.gov.ie/ga/","name":"Creative Ireland Programme","description":"The Creative Ireland Programme is guided by a vision that every person in Ireland will have the opportunity to realise their full creative potential. It is a five year all-of-Government initiative, from 2017 to 2022, to place creativity at the centre of public policy.","potentialAction":[{"@type":"SearchAction","target":{"@type":"EntryPoint","urlTemplate":"https://www.creativeireland.gov.ie/ga/?s={search_term_string}"},"query-input":{"@type":"PropertyValueSpecification","valueRequired":true,"valueName":"search_term_string"}}],"inLanguage":"ga-IE"}]}</script>
<!-- / Yoast SEO plugin. -->

Togra ó Age and Opportunity d'fhonn ceol, damhsa agus amharclannaíocht a chur ar siúl in ionaid cúraim ar fud na hÉireann - Creative Ireland Programme

Fógraítear tionscnamh nua le Age and Opportunity trína gcuirfear ócáidí spreagúla spéisiúla nua ealaíne ar siúl don lucht cónaithe, don lucht foirne agus do na daoine muinteartha in ionaid cúraim le cistíocht faoin scéim Críonna Ildánach atá ina chuid den chlár Éire Ildánach agus le cúnamh taca ón gComhairle Ealaíon.
