{"id":24590,"date":"2023-03-01T10:26:42","date_gmt":"2023-03-01T10:26:42","guid":{"rendered":"https:\/\/www.creativeireland.gov.ie\/blog\/the-coiffured\/"},"modified":"2023-05-02T17:14:55","modified_gmt":"2023-05-02T16:14:55","slug":"the-coiffured","status":"publish","type":"creativenation","link":"https:\/\/www.creativeireland.gov.ie\/ga\/blog\/the-coiffured\/","title":{"rendered":"The Coiffured"},"content":{"rendered":"","protected":false},"featured_media":23758,"menu_order":0,"template":"page-creative-nation-advanced-content.php","categories":[350],"creativenation-tags":[],"class_list":["post-24590","creativenation","type-creativenation","status-publish","has-post-thumbnail","hentry","category-creative-industries-ga"],"acf":[],"yoast_head":"<!-- This site is optimized with the Yoast SEO plugin v25.9 - https:\/\/yoast.com\/wordpress\/plugins\/seo\/ -->\n<title>The Coiffured - Creative Ireland Programme<\/title>\n<meta name=\"description\" content=\"Is taispe\u00e1ntas aonair uath\u00fail \u00e9 The Coiffured de shaothar leis an eala\u00edont\u00f3ir Amanda Jane Graham, at\u00e1 ina c\u00f3na\u00ed i Liatroim.\" \/>\n<meta name=\"robots\" content=\"index, follow, max-snippet:-1, max-image-preview:large, max-video-preview:-1\" \/>\n<link rel=\"canonical\" href=\"https:\/\/www.creativeireland.gov.ie\/ga\/blog\/the-coiffured\/\" \/>\n<meta property=\"og:locale\" content=\"ga_IE\" \/>\n<meta property=\"og:type\" content=\"article\" \/>\n<meta property=\"og:title\" content=\"The Coiffured - Creative Ireland Programme\" \/>\n<meta property=\"og:description\" content=\"Is taispe\u00e1ntas aonair uath\u00fail \u00e9 The Coiffured de shaothar leis an eala\u00edont\u00f3ir Amanda Jane Graham, at\u00e1 ina c\u00f3na\u00ed i Liatroim.\" \/>\n<meta property=\"og:url\" content=\"https:\/\/www.creativeireland.gov.ie\/ga\/blog\/the-coiffured\/\" \/>\n<meta property=\"og:site_name\" content=\"Creative Ireland Programme\" \/>\n<meta property=\"article:publisher\" content=\"https:\/\/www.facebook.com\/CreativeIrl\/\" \/>\n<meta property=\"article:modified_time\" content=\"2023-05-02T16:14:55+00:00\" \/>\n<meta property=\"og:image\" content=\"https:\/\/www.creativeireland.gov.ie\/app\/uploads\/2023\/03\/TheCoiffured-00000002.jpg\" \/>\n\t<meta property=\"og:image:width\" content=\"1200\" \/>\n\t<meta property=\"og:image:height\" content=\"600\" \/>\n\t<meta property=\"og:image:type\" content=\"image\/jpeg\" \/>\n<meta name=\"twitter:card\" content=\"summary_large_image\" \/>\n<meta name=\"twitter:site\" content=\"@creativeirl\" \/>\n<script type=\"application\/ld+json\" class=\"yoast-schema-graph\">{\"@context\":\"https:\/\/schema.org\",\"@graph\":[{\"@type\":\"WebPage\",\"@id\":\"https:\/\/www.creativeireland.gov.ie\/ga\/blog\/the-coiffured\/\",\"url\":\"https:\/\/www.creativeireland.gov.ie\/ga\/blog\/the-coiffured\/\",\"name\":\"The Coiffured - Creative Ireland Programme\",\"isPartOf\":{\"@id\":\"https:\/\/www.creativeireland.gov.ie\/ga\/#website\"},\"primaryImageOfPage\":{\"@id\":\"https:\/\/www.creativeireland.gov.ie\/ga\/blog\/the-coiffured\/#primaryimage\"},\"image\":{\"@id\":\"https:\/\/www.creativeireland.gov.ie\/ga\/blog\/the-coiffured\/#primaryimage\"},\"thumbnailUrl\":\"https:\/\/www.creativeireland.gov.ie\/app\/uploads\/2023\/03\/TheCoiffured-00000002.jpg\",\"datePublished\":\"2023-03-01T10:26:42+00:00\",\"dateModified\":\"2023-05-02T16:14:55+00:00\",\"description\":\"Is taispe\u00e1ntas aonair uath\u00fail \u00e9 The Coiffured de shaothar leis an eala\u00edont\u00f3ir Amanda Jane Graham, at\u00e1 ina c\u00f3na\u00ed i Liatroim.\",\"breadcrumb\":{\"@id\":\"https:\/\/www.creativeireland.gov.ie\/ga\/blog\/the-coiffured\/#breadcrumb\"},\"inLanguage\":\"ga-IE\",\"potentialAction\":[{\"@type\":\"ReadAction\",\"target\":[\"https:\/\/www.creativeireland.gov.ie\/ga\/blog\/the-coiffured\/\"]}]},{\"@type\":\"ImageObject\",\"inLanguage\":\"ga-IE\",\"@id\":\"https:\/\/www.creativeireland.gov.ie\/ga\/blog\/the-coiffured\/#primaryimage\",\"url\":\"https:\/\/www.creativeireland.gov.ie\/app\/uploads\/2023\/03\/TheCoiffured-00000002.jpg\",\"contentUrl\":\"https:\/\/www.creativeireland.gov.ie\/app\/uploads\/2023\/03\/TheCoiffured-00000002.jpg\",\"width\":1200,\"height\":600},{\"@type\":\"BreadcrumbList\",\"@id\":\"https:\/\/www.creativeireland.gov.ie\/ga\/blog\/the-coiffured\/#breadcrumb\",\"itemListElement\":[{\"@type\":\"ListItem\",\"position\":1,\"name\":\"Home\",\"item\":\"https:\/\/www.creativeireland.gov.ie\/ga\/\"},{\"@type\":\"ListItem\",\"position\":2,\"name\":\"The Coiffured\"}]},{\"@type\":\"WebSite\",\"@id\":\"https:\/\/www.creativeireland.gov.ie\/ga\/#website\",\"url\":\"https:\/\/www.creativeireland.gov.ie\/ga\/\",\"name\":\"Creative Ireland Programme\",\"description\":\"The Creative Ireland Programme is guided by a vision that every person in Ireland will have the opportunity to realise their full creative potential. It is a five year all-of-Government initiative, from 2017 to 2022, to place creativity at the centre of public policy.\",\"potentialAction\":[{\"@type\":\"SearchAction\",\"target\":{\"@type\":\"EntryPoint\",\"urlTemplate\":\"https:\/\/www.creativeireland.gov.ie\/ga\/?s={search_term_string}\"},\"query-input\":{\"@type\":\"PropertyValueSpecification\",\"valueRequired\":true,\"valueName\":\"search_term_string\"}}],\"inLanguage\":\"ga-IE\"}]}<\/script>\n<!-- \/ Yoast SEO plugin. -->","yoast_head_json":{"title":"The Coiffured - Creative Ireland Programme","description":"Is taispe\u00e1ntas aonair uath\u00fail \u00e9 The Coiffured de shaothar leis an eala\u00edont\u00f3ir Amanda Jane Graham, at\u00e1 ina c\u00f3na\u00ed i Liatroim.","robots":{"index":"index","follow":"follow","max-snippet":"max-snippet:-1","max-image-preview":"max-image-preview:large","max-video-preview":"max-video-preview:-1"},"canonical":"https:\/\/www.creativeireland.gov.ie\/ga\/blog\/the-coiffured\/","og_locale":"ga_IE","og_type":"article","og_title":"The Coiffured - Creative Ireland Programme","og_description":"Is taispe\u00e1ntas aonair uath\u00fail \u00e9 The Coiffured de shaothar leis an eala\u00edont\u00f3ir Amanda Jane Graham, at\u00e1 ina c\u00f3na\u00ed i Liatroim.","og_url":"https:\/\/www.creativeireland.gov.ie\/ga\/blog\/the-coiffured\/","og_site_name":"Creative Ireland Programme","article_publisher":"https:\/\/www.facebook.com\/CreativeIrl\/","article_modified_time":"2023-05-02T16:14:55+00:00","og_image":[{"width":1200,"height":600,"url":"https:\/\/www.creativeireland.gov.ie\/app\/uploads\/2023\/03\/TheCoiffured-00000002.jpg","type":"image\/jpeg"}],"twitter_card":"summary_large_image","twitter_site":"@creativeirl","schema":{"@context":"https:\/\/schema.org","@graph":[{"@type":"WebPage","@id":"https:\/\/www.creativeireland.gov.ie\/ga\/blog\/the-coiffured\/","url":"https:\/\/www.creativeireland.gov.ie\/ga\/blog\/the-coiffured\/","name":"The Coiffured - Creative Ireland Programme","isPartOf":{"@id":"https:\/\/www.creativeireland.gov.ie\/ga\/#website"},"primaryImageOfPage":{"@id":"https:\/\/www.creativeireland.gov.ie\/ga\/blog\/the-coiffured\/#primaryimage"},"image":{"@id":"https:\/\/www.creativeireland.gov.ie\/ga\/blog\/the-coiffured\/#primaryimage"},"thumbnailUrl":"https:\/\/www.creativeireland.gov.ie\/app\/uploads\/2023\/03\/TheCoiffured-00000002.jpg","datePublished":"2023-03-01T10:26:42+00:00","dateModified":"2023-05-02T16:14:55+00:00","description":"Is taispe\u00e1ntas aonair uath\u00fail \u00e9 The Coiffured de shaothar leis an eala\u00edont\u00f3ir Amanda Jane Graham, at\u00e1 ina c\u00f3na\u00ed i Liatroim.","breadcrumb":{"@id":"https:\/\/www.creativeireland.gov.ie\/ga\/blog\/the-coiffured\/#breadcrumb"},"inLanguage":"ga-IE","potentialAction":[{"@type":"ReadAction","target":["https:\/\/www.creativeireland.gov.ie\/ga\/blog\/the-coiffured\/"]}]},{"@type":"ImageObject","inLanguage":"ga-IE","@id":"https:\/\/www.creativeireland.gov.ie\/ga\/blog\/the-coiffured\/#primaryimage","url":"https:\/\/www.creativeireland.gov.ie\/app\/uploads\/2023\/03\/TheCoiffured-00000002.jpg","contentUrl":"https:\/\/www.creativeireland.gov.ie\/app\/uploads\/2023\/03\/TheCoiffured-00000002.jpg","width":1200,"height":600},{"@type":"BreadcrumbList","@id":"https:\/\/www.creativeireland.gov.ie\/ga\/blog\/the-coiffured\/#breadcrumb","itemListElement":[{"@type":"ListItem","position":1,"name":"Home","item":"https:\/\/www.creativeireland.gov.ie\/ga\/"},{"@type":"ListItem","position":2,"name":"The Coiffured"}]},{"@type":"WebSite","@id":"https:\/\/www.creativeireland.gov.ie\/ga\/#website","url":"https:\/\/www.creativeireland.gov.ie\/ga\/","name":"Creative Ireland Programme","description":"The Creative Ireland Programme is guided by a vision that every person in Ireland will have the opportunity to realise their full creative potential. It is a five year all-of-Government initiative, from 2017 to 2022, to place creativity at the centre of public policy.","potentialAction":[{"@type":"SearchAction","target":{"@type":"EntryPoint","urlTemplate":"https:\/\/www.creativeireland.gov.ie\/ga\/?s={search_term_string}"},"query-input":{"@type":"PropertyValueSpecification","valueRequired":true,"valueName":"search_term_string"}}],"inLanguage":"ga-IE"}]}},"_links":{"self":[{"href":"https:\/\/www.creativeireland.gov.ie\/ga\/wp-json\/wp\/v2\/creativenation\/24590","targetHints":{"allow":["GET"]}}],"collection":[{"href":"https:\/\/www.creativeireland.gov.ie\/ga\/wp-json\/wp\/v2\/creativenation"}],"about":[{"href":"https:\/\/www.creativeireland.gov.ie\/ga\/wp-json\/wp\/v2\/types\/creativenation"}],"wp:featuredmedia":[{"embeddable":true,"href":"https:\/\/www.creativeireland.gov.ie\/ga\/wp-json\/wp\/v2\/media\/23758"}],"wp:attachment":[{"href":"https:\/\/www.creativeireland.gov.ie\/ga\/wp-json\/wp\/v2\/media?parent=24590"}],"wp:term":[{"taxonomy":"category","embeddable":true,"href":"https:\/\/www.creativeireland.gov.ie\/ga\/wp-json\/wp\/v2\/categories?post=24590"},{"taxonomy":"creativenation-tags","embeddable":true,"href":"https:\/\/www.creativeireland.gov.ie\/ga\/wp-json\/wp\/v2\/creativenation-tags?post=24590"}],"curies":[{"name":"wp","href":"https:\/\/api.w.org\/{rel}","templated":true}]}}

<!-- This site is optimized with the Yoast SEO plugin v25.9 - https://yoast.com/wordpress/plugins/seo/ -->
<title>The Coiffured - Creative Ireland Programme</title>
<meta name="description" content="Is taispeántas aonair uathúil é The Coiffured de shaothar leis an ealaíontóir Amanda Jane Graham, atá ina cónaí i Liatroim." />
<meta name="robots" content="index, follow, max-snippet:-1, max-image-preview:large, max-video-preview:-1" />
<link rel="canonical" href="https://www.creativeireland.gov.ie/ga/blog/the-coiffured/" />
<meta property="og:locale" content="ga_IE" />
<meta property="og:type" content="article" />
<meta property="og:title" content="The Coiffured - Creative Ireland Programme" />
<meta property="og:description" content="Is taispeántas aonair uathúil é The Coiffured de shaothar leis an ealaíontóir Amanda Jane Graham, atá ina cónaí i Liatroim." />
<meta property="og:url" content="https://www.creativeireland.gov.ie/ga/blog/the-coiffured/" />
<meta property="og:site_name" content="Creative Ireland Programme" />
<meta property="article:publisher" content="https://www.facebook.com/CreativeIrl/" />
<meta property="article:modified_time" content="2023-05-02T16:14:55+00:00" />
<meta property="og:image" content="https://www.creativeireland.gov.ie/app/uploads/2023/03/TheCoiffured-00000002.jpg" />
	<meta property="og:image:width" content="1200" />
	<meta property="og:image:height" content="600" />
	<meta property="og:image:type" content="image/jpeg" />
<meta name="twitter:card" content="summary_large_image" />
<meta name="twitter:site" content="@creativeirl" />
<script type="application/ld+json" class="yoast-schema-graph">{"@context":"https://schema.org","@graph":[{"@type":"WebPage","@id":"https://www.creativeireland.gov.ie/ga/blog/the-coiffured/","url":"https://www.creativeireland.gov.ie/ga/blog/the-coiffured/","name":"The Coiffured - Creative Ireland Programme","isPartOf":{"@id":"https://www.creativeireland.gov.ie/ga/#website"},"primaryImageOfPage":{"@id":"https://www.creativeireland.gov.ie/ga/blog/the-coiffured/#primaryimage"},"image":{"@id":"https://www.creativeireland.gov.ie/ga/blog/the-coiffured/#primaryimage"},"thumbnailUrl":"https://www.creativeireland.gov.ie/app/uploads/2023/03/TheCoiffured-00000002.jpg","datePublished":"2023-03-01T10:26:42+00:00","dateModified":"2023-05-02T16:14:55+00:00","description":"Is taispeántas aonair uathúil é The Coiffured de shaothar leis an ealaíontóir Amanda Jane Graham, atá ina cónaí i Liatroim.","breadcrumb":{"@id":"https://www.creativeireland.gov.ie/ga/blog/the-coiffured/#breadcrumb"},"inLanguage":"ga-IE","potentialAction":[{"@type":"ReadAction","target":["https://www.creativeireland.gov.ie/ga/blog/the-coiffured/"]}]},{"@type":"ImageObject","inLanguage":"ga-IE","@id":"https://www.creativeireland.gov.ie/ga/blog/the-coiffured/#primaryimage","url":"https://www.creativeireland.gov.ie/app/uploads/2023/03/TheCoiffured-00000002.jpg","contentUrl":"https://www.creativeireland.gov.ie/app/uploads/2023/03/TheCoiffured-00000002.jpg","width":1200,"height":600},{"@type":"BreadcrumbList","@id":"https://www.creativeireland.gov.ie/ga/blog/the-coiffured/#breadcrumb","itemListElement":[{"@type":"ListItem","position":1,"name":"Home","item":"https://www.creativeireland.gov.ie/ga/"},{"@type":"ListItem","position":2,"name":"The Coiffured"}]},{"@type":"WebSite","@id":"https://www.creativeireland.gov.ie/ga/#website","url":"https://www.creativeireland.gov.ie/ga/","name":"Creative Ireland Programme","description":"The Creative Ireland Programme is guided by a vision that every person in Ireland will have the opportunity to realise their full creative potential. It is a five year all-of-Government initiative, from 2017 to 2022, to place creativity at the centre of public policy.","potentialAction":[{"@type":"SearchAction","target":{"@type":"EntryPoint","urlTemplate":"https://www.creativeireland.gov.ie/ga/?s={search_term_string}"},"query-input":{"@type":"PropertyValueSpecification","valueRequired":true,"valueName":"search_term_string"}}],"inLanguage":"ga-IE"}]}</script>
<!-- / Yoast SEO plugin. -->

Is taispeántas aonair uathúil é The Coiffured de shaothar leis an ealaíontóir Amanda Jane Graham, atá ina cónaí i Liatroim.
