{"id":25051,"date":"2023-05-11T15:24:41","date_gmt":"2023-05-11T14:24:41","guid":{"rendered":"https:\/\/www.creativeireland.gov.ie\/blog\/minister-catherine-martin-launches-cruinniu-na-nog-2023\/"},"modified":"2023-05-22T11:23:44","modified_gmt":"2023-05-22T10:23:44","slug":"minister-catherine-martin-launches-cruinniu-na-nog-2023","status":"publish","type":"creativenation","link":"https:\/\/www.creativeireland.gov.ie\/ga\/blog\/minister-catherine-martin-launches-cruinniu-na-nog-2023\/","title":{"rendered":"Cruinni\u00fa na n\u00d3g 2023"},"content":{"rendered":"","protected":false},"featured_media":24828,"menu_order":0,"template":"page-creative-nation-advanced-content.php","categories":[363],"creativenation-tags":[209,379],"class_list":["post-25051","creativenation","type-creativenation","status-publish","has-post-thumbnail","hentry","category-creative-youth-ga","creativenation-tags-creative-youth-ga","creativenation-tags-cruinniu-na-nog-ga"],"acf":[],"yoast_head":"<!-- This site is optimized with the Yoast SEO plugin v25.9 - https:\/\/yoast.com\/wordpress\/plugins\/seo\/ -->\n<title>Cruinni\u00fa na n\u00d3g 2023 - Creative Ireland Programme<\/title>\n<meta name=\"description\" content=\"Cruinni\u00fa na n\u00d3g 2023 \u2013 l\u00e1 l\u00e1n le gn\u00edomha\u00edochta\u00ed spleodracha, cruthaitheacha agus saor in aisce do na m\u00edlte daoine \u00f3ga.\" \/>\n<meta name=\"robots\" content=\"index, follow, max-snippet:-1, max-image-preview:large, max-video-preview:-1\" \/>\n<link rel=\"canonical\" href=\"https:\/\/www.creativeireland.gov.ie\/ga\/blog\/minister-catherine-martin-launches-cruinniu-na-nog-2023\/\" \/>\n<meta property=\"og:locale\" content=\"ga_IE\" \/>\n<meta property=\"og:type\" content=\"article\" \/>\n<meta property=\"og:title\" content=\"Cruinni\u00fa na n\u00d3g 2023 - Creative Ireland Programme\" \/>\n<meta property=\"og:description\" content=\"Cruinni\u00fa na n\u00d3g 2023 \u2013 l\u00e1 l\u00e1n le gn\u00edomha\u00edochta\u00ed spleodracha, cruthaitheacha agus saor in aisce do na m\u00edlte daoine \u00f3ga.\" \/>\n<meta property=\"og:url\" content=\"https:\/\/www.creativeireland.gov.ie\/ga\/blog\/minister-catherine-martin-launches-cruinniu-na-nog-2023\/\" \/>\n<meta property=\"og:site_name\" content=\"Creative Ireland Programme\" \/>\n<meta property=\"article:publisher\" content=\"https:\/\/www.facebook.com\/CreativeIrl\/\" \/>\n<meta property=\"article:modified_time\" content=\"2023-05-22T10:23:44+00:00\" \/>\n<meta property=\"og:image\" content=\"https:\/\/www.creativeireland.gov.ie\/app\/uploads\/2023\/05\/NO-FEE-7-Cruinniu-na-nOg-2023-launch-scaled.jpg\" \/>\n\t<meta property=\"og:image:width\" content=\"2560\" \/>\n\t<meta property=\"og:image:height\" content=\"1931\" \/>\n\t<meta property=\"og:image:type\" content=\"image\/jpeg\" \/>\n<meta name=\"twitter:card\" content=\"summary_large_image\" \/>\n<meta name=\"twitter:site\" content=\"@creativeirl\" \/>\n<script type=\"application\/ld+json\" class=\"yoast-schema-graph\">{\"@context\":\"https:\/\/schema.org\",\"@graph\":[{\"@type\":\"WebPage\",\"@id\":\"https:\/\/www.creativeireland.gov.ie\/ga\/blog\/minister-catherine-martin-launches-cruinniu-na-nog-2023\/\",\"url\":\"https:\/\/www.creativeireland.gov.ie\/ga\/blog\/minister-catherine-martin-launches-cruinniu-na-nog-2023\/\",\"name\":\"Cruinni\u00fa na n\u00d3g 2023 - Creative Ireland Programme\",\"isPartOf\":{\"@id\":\"https:\/\/www.creativeireland.gov.ie\/ga\/#website\"},\"primaryImageOfPage\":{\"@id\":\"https:\/\/www.creativeireland.gov.ie\/ga\/blog\/minister-catherine-martin-launches-cruinniu-na-nog-2023\/#primaryimage\"},\"image\":{\"@id\":\"https:\/\/www.creativeireland.gov.ie\/ga\/blog\/minister-catherine-martin-launches-cruinniu-na-nog-2023\/#primaryimage\"},\"thumbnailUrl\":\"https:\/\/www.creativeireland.gov.ie\/app\/uploads\/2023\/05\/NO-FEE-7-Cruinniu-na-nOg-2023-launch-scaled.jpg\",\"datePublished\":\"2023-05-11T14:24:41+00:00\",\"dateModified\":\"2023-05-22T10:23:44+00:00\",\"description\":\"Cruinni\u00fa na n\u00d3g 2023 \u2013 l\u00e1 l\u00e1n le gn\u00edomha\u00edochta\u00ed spleodracha, cruthaitheacha agus saor in aisce do na m\u00edlte daoine \u00f3ga.\",\"breadcrumb\":{\"@id\":\"https:\/\/www.creativeireland.gov.ie\/ga\/blog\/minister-catherine-martin-launches-cruinniu-na-nog-2023\/#breadcrumb\"},\"inLanguage\":\"ga-IE\",\"potentialAction\":[{\"@type\":\"ReadAction\",\"target\":[\"https:\/\/www.creativeireland.gov.ie\/ga\/blog\/minister-catherine-martin-launches-cruinniu-na-nog-2023\/\"]}]},{\"@type\":\"ImageObject\",\"inLanguage\":\"ga-IE\",\"@id\":\"https:\/\/www.creativeireland.gov.ie\/ga\/blog\/minister-catherine-martin-launches-cruinniu-na-nog-2023\/#primaryimage\",\"url\":\"https:\/\/www.creativeireland.gov.ie\/app\/uploads\/2023\/05\/NO-FEE-7-Cruinniu-na-nOg-2023-launch-scaled.jpg\",\"contentUrl\":\"https:\/\/www.creativeireland.gov.ie\/app\/uploads\/2023\/05\/NO-FEE-7-Cruinniu-na-nOg-2023-launch-scaled.jpg\",\"width\":2560,\"height\":1931,\"caption\":\"NO REPRO FEE 11\/5\/2023 Cruinni\u00fa na n\u00d3g 2023 is launched! Minister Catherine Martin met with the Cruinni\u00fa na n\u00d3g 2023 ambassadors (from right) Jodie Byrne (14), Sib\u00e9al de Sp\u00e1inn (8), Jamie (the King) Forde (17), Archie Evans (15) and Caterina Chiu Paone (8) at the Mud Island Community Garden to launch a programme of over 500 free creative events for children and young people for Cruinni\u00fa na n\u00d3g 2023 that will take place on 10th June 2023 on the island of Ireland. PHOTO: Mark Stedman\"},{\"@type\":\"BreadcrumbList\",\"@id\":\"https:\/\/www.creativeireland.gov.ie\/ga\/blog\/minister-catherine-martin-launches-cruinniu-na-nog-2023\/#breadcrumb\",\"itemListElement\":[{\"@type\":\"ListItem\",\"position\":1,\"name\":\"Home\",\"item\":\"https:\/\/www.creativeireland.gov.ie\/ga\/\"},{\"@type\":\"ListItem\",\"position\":2,\"name\":\"Cruinni\u00fa na n\u00d3g 2023\"}]},{\"@type\":\"WebSite\",\"@id\":\"https:\/\/www.creativeireland.gov.ie\/ga\/#website\",\"url\":\"https:\/\/www.creativeireland.gov.ie\/ga\/\",\"name\":\"Creative Ireland Programme\",\"description\":\"The Creative Ireland Programme is guided by a vision that every person in Ireland will have the opportunity to realise their full creative potential. It is a five year all-of-Government initiative, from 2017 to 2022, to place creativity at the centre of public policy.\",\"potentialAction\":[{\"@type\":\"SearchAction\",\"target\":{\"@type\":\"EntryPoint\",\"urlTemplate\":\"https:\/\/www.creativeireland.gov.ie\/ga\/?s={search_term_string}\"},\"query-input\":{\"@type\":\"PropertyValueSpecification\",\"valueRequired\":true,\"valueName\":\"search_term_string\"}}],\"inLanguage\":\"ga-IE\"}]}<\/script>\n<!-- \/ Yoast SEO plugin. -->","yoast_head_json":{"title":"Cruinni\u00fa na n\u00d3g 2023 - Creative Ireland Programme","description":"Cruinni\u00fa na n\u00d3g 2023 \u2013 l\u00e1 l\u00e1n le gn\u00edomha\u00edochta\u00ed spleodracha, cruthaitheacha agus saor in aisce do na m\u00edlte daoine \u00f3ga.","robots":{"index":"index","follow":"follow","max-snippet":"max-snippet:-1","max-image-preview":"max-image-preview:large","max-video-preview":"max-video-preview:-1"},"canonical":"https:\/\/www.creativeireland.gov.ie\/ga\/blog\/minister-catherine-martin-launches-cruinniu-na-nog-2023\/","og_locale":"ga_IE","og_type":"article","og_title":"Cruinni\u00fa na n\u00d3g 2023 - Creative Ireland Programme","og_description":"Cruinni\u00fa na n\u00d3g 2023 \u2013 l\u00e1 l\u00e1n le gn\u00edomha\u00edochta\u00ed spleodracha, cruthaitheacha agus saor in aisce do na m\u00edlte daoine \u00f3ga.","og_url":"https:\/\/www.creativeireland.gov.ie\/ga\/blog\/minister-catherine-martin-launches-cruinniu-na-nog-2023\/","og_site_name":"Creative Ireland Programme","article_publisher":"https:\/\/www.facebook.com\/CreativeIrl\/","article_modified_time":"2023-05-22T10:23:44+00:00","og_image":[{"width":2560,"height":1931,"url":"https:\/\/www.creativeireland.gov.ie\/app\/uploads\/2023\/05\/NO-FEE-7-Cruinniu-na-nOg-2023-launch-scaled.jpg","type":"image\/jpeg"}],"twitter_card":"summary_large_image","twitter_site":"@creativeirl","schema":{"@context":"https:\/\/schema.org","@graph":[{"@type":"WebPage","@id":"https:\/\/www.creativeireland.gov.ie\/ga\/blog\/minister-catherine-martin-launches-cruinniu-na-nog-2023\/","url":"https:\/\/www.creativeireland.gov.ie\/ga\/blog\/minister-catherine-martin-launches-cruinniu-na-nog-2023\/","name":"Cruinni\u00fa na n\u00d3g 2023 - Creative Ireland Programme","isPartOf":{"@id":"https:\/\/www.creativeireland.gov.ie\/ga\/#website"},"primaryImageOfPage":{"@id":"https:\/\/www.creativeireland.gov.ie\/ga\/blog\/minister-catherine-martin-launches-cruinniu-na-nog-2023\/#primaryimage"},"image":{"@id":"https:\/\/www.creativeireland.gov.ie\/ga\/blog\/minister-catherine-martin-launches-cruinniu-na-nog-2023\/#primaryimage"},"thumbnailUrl":"https:\/\/www.creativeireland.gov.ie\/app\/uploads\/2023\/05\/NO-FEE-7-Cruinniu-na-nOg-2023-launch-scaled.jpg","datePublished":"2023-05-11T14:24:41+00:00","dateModified":"2023-05-22T10:23:44+00:00","description":"Cruinni\u00fa na n\u00d3g 2023 \u2013 l\u00e1 l\u00e1n le gn\u00edomha\u00edochta\u00ed spleodracha, cruthaitheacha agus saor in aisce do na m\u00edlte daoine \u00f3ga.","breadcrumb":{"@id":"https:\/\/www.creativeireland.gov.ie\/ga\/blog\/minister-catherine-martin-launches-cruinniu-na-nog-2023\/#breadcrumb"},"inLanguage":"ga-IE","potentialAction":[{"@type":"ReadAction","target":["https:\/\/www.creativeireland.gov.ie\/ga\/blog\/minister-catherine-martin-launches-cruinniu-na-nog-2023\/"]}]},{"@type":"ImageObject","inLanguage":"ga-IE","@id":"https:\/\/www.creativeireland.gov.ie\/ga\/blog\/minister-catherine-martin-launches-cruinniu-na-nog-2023\/#primaryimage","url":"https:\/\/www.creativeireland.gov.ie\/app\/uploads\/2023\/05\/NO-FEE-7-Cruinniu-na-nOg-2023-launch-scaled.jpg","contentUrl":"https:\/\/www.creativeireland.gov.ie\/app\/uploads\/2023\/05\/NO-FEE-7-Cruinniu-na-nOg-2023-launch-scaled.jpg","width":2560,"height":1931,"caption":"NO REPRO FEE 11\/5\/2023 Cruinni\u00fa na n\u00d3g 2023 is launched! Minister Catherine Martin met with the Cruinni\u00fa na n\u00d3g 2023 ambassadors (from right) Jodie Byrne (14), Sib\u00e9al de Sp\u00e1inn (8), Jamie (the King) Forde (17), Archie Evans (15) and Caterina Chiu Paone (8) at the Mud Island Community Garden to launch a programme of over 500 free creative events for children and young people for Cruinni\u00fa na n\u00d3g 2023 that will take place on 10th June 2023 on the island of Ireland. PHOTO: Mark Stedman"},{"@type":"BreadcrumbList","@id":"https:\/\/www.creativeireland.gov.ie\/ga\/blog\/minister-catherine-martin-launches-cruinniu-na-nog-2023\/#breadcrumb","itemListElement":[{"@type":"ListItem","position":1,"name":"Home","item":"https:\/\/www.creativeireland.gov.ie\/ga\/"},{"@type":"ListItem","position":2,"name":"Cruinni\u00fa na n\u00d3g 2023"}]},{"@type":"WebSite","@id":"https:\/\/www.creativeireland.gov.ie\/ga\/#website","url":"https:\/\/www.creativeireland.gov.ie\/ga\/","name":"Creative Ireland Programme","description":"The Creative Ireland Programme is guided by a vision that every person in Ireland will have the opportunity to realise their full creative potential. It is a five year all-of-Government initiative, from 2017 to 2022, to place creativity at the centre of public policy.","potentialAction":[{"@type":"SearchAction","target":{"@type":"EntryPoint","urlTemplate":"https:\/\/www.creativeireland.gov.ie\/ga\/?s={search_term_string}"},"query-input":{"@type":"PropertyValueSpecification","valueRequired":true,"valueName":"search_term_string"}}],"inLanguage":"ga-IE"}]}},"_links":{"self":[{"href":"https:\/\/www.creativeireland.gov.ie\/ga\/wp-json\/wp\/v2\/creativenation\/25051","targetHints":{"allow":["GET"]}}],"collection":[{"href":"https:\/\/www.creativeireland.gov.ie\/ga\/wp-json\/wp\/v2\/creativenation"}],"about":[{"href":"https:\/\/www.creativeireland.gov.ie\/ga\/wp-json\/wp\/v2\/types\/creativenation"}],"wp:featuredmedia":[{"embeddable":true,"href":"https:\/\/www.creativeireland.gov.ie\/ga\/wp-json\/wp\/v2\/media\/24828"}],"wp:attachment":[{"href":"https:\/\/www.creativeireland.gov.ie\/ga\/wp-json\/wp\/v2\/media?parent=25051"}],"wp:term":[{"taxonomy":"category","embeddable":true,"href":"https:\/\/www.creativeireland.gov.ie\/ga\/wp-json\/wp\/v2\/categories?post=25051"},{"taxonomy":"creativenation-tags","embeddable":true,"href":"https:\/\/www.creativeireland.gov.ie\/ga\/wp-json\/wp\/v2\/creativenation-tags?post=25051"}],"curies":[{"name":"wp","href":"https:\/\/api.w.org\/{rel}","templated":true}]}}

Cruinniú na nÓg 2023

<!-- This site is optimized with the Yoast SEO plugin v25.9 - https://yoast.com/wordpress/plugins/seo/ -->
<title>Cruinniú na nÓg 2023 - Creative Ireland Programme</title>
<meta name="description" content="Cruinniú na nÓg 2023 – lá lán le gníomhaíochtaí spleodracha, cruthaitheacha agus saor in aisce do na mílte daoine óga." />
<meta name="robots" content="index, follow, max-snippet:-1, max-image-preview:large, max-video-preview:-1" />
<link rel="canonical" href="https://www.creativeireland.gov.ie/ga/blog/minister-catherine-martin-launches-cruinniu-na-nog-2023/" />
<meta property="og:locale" content="ga_IE" />
<meta property="og:type" content="article" />
<meta property="og:title" content="Cruinniú na nÓg 2023 - Creative Ireland Programme" />
<meta property="og:description" content="Cruinniú na nÓg 2023 – lá lán le gníomhaíochtaí spleodracha, cruthaitheacha agus saor in aisce do na mílte daoine óga." />
<meta property="og:url" content="https://www.creativeireland.gov.ie/ga/blog/minister-catherine-martin-launches-cruinniu-na-nog-2023/" />
<meta property="og:site_name" content="Creative Ireland Programme" />
<meta property="article:publisher" content="https://www.facebook.com/CreativeIrl/" />
<meta property="article:modified_time" content="2023-05-22T10:23:44+00:00" />
<meta property="og:image" content="https://www.creativeireland.gov.ie/app/uploads/2023/05/NO-FEE-7-Cruinniu-na-nOg-2023-launch-scaled.jpg" />
	<meta property="og:image:width" content="2560" />
	<meta property="og:image:height" content="1931" />
	<meta property="og:image:type" content="image/jpeg" />
<meta name="twitter:card" content="summary_large_image" />
<meta name="twitter:site" content="@creativeirl" />
<script type="application/ld+json" class="yoast-schema-graph">{"@context":"https://schema.org","@graph":[{"@type":"WebPage","@id":"https://www.creativeireland.gov.ie/ga/blog/minister-catherine-martin-launches-cruinniu-na-nog-2023/","url":"https://www.creativeireland.gov.ie/ga/blog/minister-catherine-martin-launches-cruinniu-na-nog-2023/","name":"Cruinniú na nÓg 2023 - Creative Ireland Programme","isPartOf":{"@id":"https://www.creativeireland.gov.ie/ga/#website"},"primaryImageOfPage":{"@id":"https://www.creativeireland.gov.ie/ga/blog/minister-catherine-martin-launches-cruinniu-na-nog-2023/#primaryimage"},"image":{"@id":"https://www.creativeireland.gov.ie/ga/blog/minister-catherine-martin-launches-cruinniu-na-nog-2023/#primaryimage"},"thumbnailUrl":"https://www.creativeireland.gov.ie/app/uploads/2023/05/NO-FEE-7-Cruinniu-na-nOg-2023-launch-scaled.jpg","datePublished":"2023-05-11T14:24:41+00:00","dateModified":"2023-05-22T10:23:44+00:00","description":"Cruinniú na nÓg 2023 – lá lán le gníomhaíochtaí spleodracha, cruthaitheacha agus saor in aisce do na mílte daoine óga.","breadcrumb":{"@id":"https://www.creativeireland.gov.ie/ga/blog/minister-catherine-martin-launches-cruinniu-na-nog-2023/#breadcrumb"},"inLanguage":"ga-IE","potentialAction":[{"@type":"ReadAction","target":["https://www.creativeireland.gov.ie/ga/blog/minister-catherine-martin-launches-cruinniu-na-nog-2023/"]}]},{"@type":"ImageObject","inLanguage":"ga-IE","@id":"https://www.creativeireland.gov.ie/ga/blog/minister-catherine-martin-launches-cruinniu-na-nog-2023/#primaryimage","url":"https://www.creativeireland.gov.ie/app/uploads/2023/05/NO-FEE-7-Cruinniu-na-nOg-2023-launch-scaled.jpg","contentUrl":"https://www.creativeireland.gov.ie/app/uploads/2023/05/NO-FEE-7-Cruinniu-na-nOg-2023-launch-scaled.jpg","width":2560,"height":1931,"caption":"NO REPRO FEE 11/5/2023 Cruinniú na nÓg 2023 is launched! Minister Catherine Martin met with the Cruinniú na nÓg 2023 ambassadors (from right) Jodie Byrne (14), Sibéal de Spáinn (8), Jamie (the King) Forde (17), Archie Evans (15) and Caterina Chiu Paone (8) at the Mud Island Community Garden to launch a programme of over 500 free creative events for children and young people for Cruinniú na nÓg 2023 that will take place on 10th June 2023 on the island of Ireland. PHOTO: Mark Stedman"},{"@type":"BreadcrumbList","@id":"https://www.creativeireland.gov.ie/ga/blog/minister-catherine-martin-launches-cruinniu-na-nog-2023/#breadcrumb","itemListElement":[{"@type":"ListItem","position":1,"name":"Home","item":"https://www.creativeireland.gov.ie/ga/"},{"@type":"ListItem","position":2,"name":"Cruinniú na nÓg 2023"}]},{"@type":"WebSite","@id":"https://www.creativeireland.gov.ie/ga/#website","url":"https://www.creativeireland.gov.ie/ga/","name":"Creative Ireland Programme","description":"The Creative Ireland Programme is guided by a vision that every person in Ireland will have the opportunity to realise their full creative potential. It is a five year all-of-Government initiative, from 2017 to 2022, to place creativity at the centre of public policy.","potentialAction":[{"@type":"SearchAction","target":{"@type":"EntryPoint","urlTemplate":"https://www.creativeireland.gov.ie/ga/?s={search_term_string}"},"query-input":{"@type":"PropertyValueSpecification","valueRequired":true,"valueName":"search_term_string"}}],"inLanguage":"ga-IE"}]}</script>
<!-- / Yoast SEO plugin. -->

Cruinniú na nÓg 2023 - Creative Ireland Programme

Cruinniú na nÓg 2023 – lá lán le gníomhaíochtaí spleodracha, cruthaitheacha agus saor in aisce do na mílte daoine óga.

NO REPRO FEE 11/5/2023 Cruinniú na nÓg 2023 is launched! Minister Catherine Martin met with the Cruinniú na nÓg 2023 ambassadors (from right) Jodie Byrne (14), Sibéal de Spáinn (8), Jamie (the King) Forde (17), Archie Evans (15) and Caterina Chiu Paone (8) at the Mud Island Community Garden to launch a programme of over 500 free creative events for children and young people for Cruinniú na nÓg 2023 that will take place on 10th June 2023 on the island of Ireland. PHOTO: Mark Stedman
