{"id":25585,"date":"2023-06-16T12:36:11","date_gmt":"2023-06-16T11:36:11","guid":{"rendered":"https:\/\/www.creativeireland.gov.ie\/blog\/four-new-projects-to-explore-traveller-wellbeing-through-creativity\/"},"modified":"2023-07-03T11:56:48","modified_gmt":"2023-07-03T10:56:48","slug":"four-new-projects-to-explore-traveller-wellbeing-through-creativity","status":"publish","type":"creativenation","link":"https:\/\/www.creativeireland.gov.ie\/ga\/blog\/four-new-projects-to-explore-traveller-wellbeing-through-creativity\/","title":{"rendered":"Ceithre thionscadal nua chun foll\u00e1ine an Lucht Si\u00fail a fhiosr\u00fa tr\u00edd an\u00a0gcruthaitheacht"},"content":{"rendered":"","protected":false},"featured_media":25432,"menu_order":0,"template":"page-creative-nation-advanced-content.php","categories":[337],"creativenation-tags":[323],"class_list":["post-25585","creativenation","type-creativenation","status-publish","has-post-thumbnail","hentry","category-creativity-in-older-age-ga","creativenation-tags-health-wellbeing-ga"],"acf":[],"yoast_head":"<!-- This site is optimized with the Yoast SEO plugin v25.9 - https:\/\/yoast.com\/wordpress\/plugins\/seo\/ -->\n<title>Ceithre thionscadal nua chun foll\u00e1ine an Lucht Si\u00fail a fhiosr\u00fa tr\u00edd an\u00a0gcruthaitheacht - Creative Ireland Programme<\/title>\n<meta name=\"description\" content=\"Ag lean\u00faint ar aghaidh \u00f3 chl\u00e1r 2022 ar \u00e9irigh chomh maith sin leis, t\u00e1 Cl\u00e1r \u00c9ire Ild\u00e1nach agus \u00e1r gcomhph\u00e1irtithe sa Roinn Sl\u00e1inte (Cl\u00e1r \u00c9ire Shl\u00e1inti\u00fail), sa FSS agus sa Chomhairle Eala\u00edon ag maoini\u00fa ceithre thionscadal ar\u00eds faoi thionscnamh Foll\u00e1ine an Lucht Si\u00fail tr\u00edd an gCruthaitheacht.\" \/>\n<meta name=\"robots\" content=\"index, follow, max-snippet:-1, max-image-preview:large, max-video-preview:-1\" \/>\n<link rel=\"canonical\" href=\"https:\/\/www.creativeireland.gov.ie\/ga\/blog\/four-new-projects-to-explore-traveller-wellbeing-through-creativity\/\" \/>\n<meta property=\"og:locale\" content=\"ga_IE\" \/>\n<meta property=\"og:type\" content=\"article\" \/>\n<meta property=\"og:title\" content=\"Ceithre thionscadal nua chun foll\u00e1ine an Lucht Si\u00fail a fhiosr\u00fa tr\u00edd an\u00a0gcruthaitheacht - Creative Ireland Programme\" \/>\n<meta property=\"og:url\" content=\"https:\/\/www.creativeireland.gov.ie\/ga\/blog\/four-new-projects-to-explore-traveller-wellbeing-through-creativity\/\" \/>\n<meta property=\"og:site_name\" content=\"Creative Ireland Programme\" \/>\n<meta property=\"article:publisher\" content=\"https:\/\/www.facebook.com\/CreativeIrl\/\" \/>\n<meta property=\"article:modified_time\" content=\"2023-07-03T10:56:48+00:00\" \/>\n<meta property=\"og:image\" content=\"https:\/\/www.creativeireland.gov.ie\/app\/uploads\/2023\/06\/The-Rose-Tattoo-image.png\" \/>\n\t<meta property=\"og:image:width\" content=\"412\" \/>\n\t<meta property=\"og:image:height\" content=\"567\" \/>\n\t<meta property=\"og:image:type\" content=\"image\/png\" \/>\n<meta name=\"twitter:card\" content=\"summary_large_image\" \/>\n<meta name=\"twitter:site\" content=\"@creativeirl\" \/>\n<script type=\"application\/ld+json\" class=\"yoast-schema-graph\">{\"@context\":\"https:\/\/schema.org\",\"@graph\":[{\"@type\":\"WebPage\",\"@id\":\"https:\/\/www.creativeireland.gov.ie\/ga\/blog\/four-new-projects-to-explore-traveller-wellbeing-through-creativity\/\",\"url\":\"https:\/\/www.creativeireland.gov.ie\/ga\/blog\/four-new-projects-to-explore-traveller-wellbeing-through-creativity\/\",\"name\":\"Ceithre thionscadal nua chun foll\u00e1ine an Lucht Si\u00fail a fhiosr\u00fa tr\u00edd an\u00a0gcruthaitheacht - Creative Ireland Programme\",\"isPartOf\":{\"@id\":\"https:\/\/www.creativeireland.gov.ie\/ga\/#website\"},\"primaryImageOfPage\":{\"@id\":\"https:\/\/www.creativeireland.gov.ie\/ga\/blog\/four-new-projects-to-explore-traveller-wellbeing-through-creativity\/#primaryimage\"},\"image\":{\"@id\":\"https:\/\/www.creativeireland.gov.ie\/ga\/blog\/four-new-projects-to-explore-traveller-wellbeing-through-creativity\/#primaryimage\"},\"thumbnailUrl\":\"https:\/\/www.creativeireland.gov.ie\/app\/uploads\/2023\/06\/The-Rose-Tattoo-image.png\",\"datePublished\":\"2023-06-16T11:36:11+00:00\",\"dateModified\":\"2023-07-03T10:56:48+00:00\",\"breadcrumb\":{\"@id\":\"https:\/\/www.creativeireland.gov.ie\/ga\/blog\/four-new-projects-to-explore-traveller-wellbeing-through-creativity\/#breadcrumb\"},\"inLanguage\":\"ga-IE\",\"potentialAction\":[{\"@type\":\"ReadAction\",\"target\":[\"https:\/\/www.creativeireland.gov.ie\/ga\/blog\/four-new-projects-to-explore-traveller-wellbeing-through-creativity\/\"]}]},{\"@type\":\"ImageObject\",\"inLanguage\":\"ga-IE\",\"@id\":\"https:\/\/www.creativeireland.gov.ie\/ga\/blog\/four-new-projects-to-explore-traveller-wellbeing-through-creativity\/#primaryimage\",\"url\":\"https:\/\/www.creativeireland.gov.ie\/app\/uploads\/2023\/06\/The-Rose-Tattoo-image.png\",\"contentUrl\":\"https:\/\/www.creativeireland.gov.ie\/app\/uploads\/2023\/06\/The-Rose-Tattoo-image.png\",\"width\":412,\"height\":567},{\"@type\":\"BreadcrumbList\",\"@id\":\"https:\/\/www.creativeireland.gov.ie\/ga\/blog\/four-new-projects-to-explore-traveller-wellbeing-through-creativity\/#breadcrumb\",\"itemListElement\":[{\"@type\":\"ListItem\",\"position\":1,\"name\":\"Home\",\"item\":\"https:\/\/www.creativeireland.gov.ie\/ga\/\"},{\"@type\":\"ListItem\",\"position\":2,\"name\":\"Ceithre thionscadal nua chun foll\u00e1ine an Lucht Si\u00fail a fhiosr\u00fa tr\u00edd an\u00a0gcruthaitheacht\"}]},{\"@type\":\"WebSite\",\"@id\":\"https:\/\/www.creativeireland.gov.ie\/ga\/#website\",\"url\":\"https:\/\/www.creativeireland.gov.ie\/ga\/\",\"name\":\"Creative Ireland Programme\",\"description\":\"The Creative Ireland Programme is guided by a vision that every person in Ireland will have the opportunity to realise their full creative potential. It is a five year all-of-Government initiative, from 2017 to 2022, to place creativity at the centre of public policy.\",\"potentialAction\":[{\"@type\":\"SearchAction\",\"target\":{\"@type\":\"EntryPoint\",\"urlTemplate\":\"https:\/\/www.creativeireland.gov.ie\/ga\/?s={search_term_string}\"},\"query-input\":{\"@type\":\"PropertyValueSpecification\",\"valueRequired\":true,\"valueName\":\"search_term_string\"}}],\"inLanguage\":\"ga-IE\"}]}<\/script>\n<!-- \/ Yoast SEO plugin. -->","yoast_head_json":{"title":"Ceithre thionscadal nua chun foll\u00e1ine an Lucht Si\u00fail a fhiosr\u00fa tr\u00edd an\u00a0gcruthaitheacht - Creative Ireland Programme","description":"Ag lean\u00faint ar aghaidh \u00f3 chl\u00e1r 2022 ar \u00e9irigh chomh maith sin leis, t\u00e1 Cl\u00e1r \u00c9ire Ild\u00e1nach agus \u00e1r gcomhph\u00e1irtithe sa Roinn Sl\u00e1inte (Cl\u00e1r \u00c9ire Shl\u00e1inti\u00fail), sa FSS agus sa Chomhairle Eala\u00edon ag maoini\u00fa ceithre thionscadal ar\u00eds faoi thionscnamh Foll\u00e1ine an Lucht Si\u00fail tr\u00edd an gCruthaitheacht.","robots":{"index":"index","follow":"follow","max-snippet":"max-snippet:-1","max-image-preview":"max-image-preview:large","max-video-preview":"max-video-preview:-1"},"canonical":"https:\/\/www.creativeireland.gov.ie\/ga\/blog\/four-new-projects-to-explore-traveller-wellbeing-through-creativity\/","og_locale":"ga_IE","og_type":"article","og_title":"Ceithre thionscadal nua chun foll\u00e1ine an Lucht Si\u00fail a fhiosr\u00fa tr\u00edd an\u00a0gcruthaitheacht - Creative Ireland Programme","og_url":"https:\/\/www.creativeireland.gov.ie\/ga\/blog\/four-new-projects-to-explore-traveller-wellbeing-through-creativity\/","og_site_name":"Creative Ireland Programme","article_publisher":"https:\/\/www.facebook.com\/CreativeIrl\/","article_modified_time":"2023-07-03T10:56:48+00:00","og_image":[{"width":412,"height":567,"url":"https:\/\/www.creativeireland.gov.ie\/app\/uploads\/2023\/06\/The-Rose-Tattoo-image.png","type":"image\/png"}],"twitter_card":"summary_large_image","twitter_site":"@creativeirl","schema":{"@context":"https:\/\/schema.org","@graph":[{"@type":"WebPage","@id":"https:\/\/www.creativeireland.gov.ie\/ga\/blog\/four-new-projects-to-explore-traveller-wellbeing-through-creativity\/","url":"https:\/\/www.creativeireland.gov.ie\/ga\/blog\/four-new-projects-to-explore-traveller-wellbeing-through-creativity\/","name":"Ceithre thionscadal nua chun foll\u00e1ine an Lucht Si\u00fail a fhiosr\u00fa tr\u00edd an\u00a0gcruthaitheacht - Creative Ireland Programme","isPartOf":{"@id":"https:\/\/www.creativeireland.gov.ie\/ga\/#website"},"primaryImageOfPage":{"@id":"https:\/\/www.creativeireland.gov.ie\/ga\/blog\/four-new-projects-to-explore-traveller-wellbeing-through-creativity\/#primaryimage"},"image":{"@id":"https:\/\/www.creativeireland.gov.ie\/ga\/blog\/four-new-projects-to-explore-traveller-wellbeing-through-creativity\/#primaryimage"},"thumbnailUrl":"https:\/\/www.creativeireland.gov.ie\/app\/uploads\/2023\/06\/The-Rose-Tattoo-image.png","datePublished":"2023-06-16T11:36:11+00:00","dateModified":"2023-07-03T10:56:48+00:00","breadcrumb":{"@id":"https:\/\/www.creativeireland.gov.ie\/ga\/blog\/four-new-projects-to-explore-traveller-wellbeing-through-creativity\/#breadcrumb"},"inLanguage":"ga-IE","potentialAction":[{"@type":"ReadAction","target":["https:\/\/www.creativeireland.gov.ie\/ga\/blog\/four-new-projects-to-explore-traveller-wellbeing-through-creativity\/"]}]},{"@type":"ImageObject","inLanguage":"ga-IE","@id":"https:\/\/www.creativeireland.gov.ie\/ga\/blog\/four-new-projects-to-explore-traveller-wellbeing-through-creativity\/#primaryimage","url":"https:\/\/www.creativeireland.gov.ie\/app\/uploads\/2023\/06\/The-Rose-Tattoo-image.png","contentUrl":"https:\/\/www.creativeireland.gov.ie\/app\/uploads\/2023\/06\/The-Rose-Tattoo-image.png","width":412,"height":567},{"@type":"BreadcrumbList","@id":"https:\/\/www.creativeireland.gov.ie\/ga\/blog\/four-new-projects-to-explore-traveller-wellbeing-through-creativity\/#breadcrumb","itemListElement":[{"@type":"ListItem","position":1,"name":"Home","item":"https:\/\/www.creativeireland.gov.ie\/ga\/"},{"@type":"ListItem","position":2,"name":"Ceithre thionscadal nua chun foll\u00e1ine an Lucht Si\u00fail a fhiosr\u00fa tr\u00edd an\u00a0gcruthaitheacht"}]},{"@type":"WebSite","@id":"https:\/\/www.creativeireland.gov.ie\/ga\/#website","url":"https:\/\/www.creativeireland.gov.ie\/ga\/","name":"Creative Ireland Programme","description":"The Creative Ireland Programme is guided by a vision that every person in Ireland will have the opportunity to realise their full creative potential. It is a five year all-of-Government initiative, from 2017 to 2022, to place creativity at the centre of public policy.","potentialAction":[{"@type":"SearchAction","target":{"@type":"EntryPoint","urlTemplate":"https:\/\/www.creativeireland.gov.ie\/ga\/?s={search_term_string}"},"query-input":{"@type":"PropertyValueSpecification","valueRequired":true,"valueName":"search_term_string"}}],"inLanguage":"ga-IE"}]}},"_links":{"self":[{"href":"https:\/\/www.creativeireland.gov.ie\/ga\/wp-json\/wp\/v2\/creativenation\/25585","targetHints":{"allow":["GET"]}}],"collection":[{"href":"https:\/\/www.creativeireland.gov.ie\/ga\/wp-json\/wp\/v2\/creativenation"}],"about":[{"href":"https:\/\/www.creativeireland.gov.ie\/ga\/wp-json\/wp\/v2\/types\/creativenation"}],"wp:featuredmedia":[{"embeddable":true,"href":"https:\/\/www.creativeireland.gov.ie\/ga\/wp-json\/wp\/v2\/media\/25432"}],"wp:attachment":[{"href":"https:\/\/www.creativeireland.gov.ie\/ga\/wp-json\/wp\/v2\/media?parent=25585"}],"wp:term":[{"taxonomy":"category","embeddable":true,"href":"https:\/\/www.creativeireland.gov.ie\/ga\/wp-json\/wp\/v2\/categories?post=25585"},{"taxonomy":"creativenation-tags","embeddable":true,"href":"https:\/\/www.creativeireland.gov.ie\/ga\/wp-json\/wp\/v2\/creativenation-tags?post=25585"}],"curies":[{"name":"wp","href":"https:\/\/api.w.org\/{rel}","templated":true}]}}

Ceithre thionscadal nua chun folláine an Lucht Siúil a fhiosrú tríd an gcruthaitheacht

<!-- This site is optimized with the Yoast SEO plugin v25.9 - https://yoast.com/wordpress/plugins/seo/ -->
<title>Ceithre thionscadal nua chun folláine an Lucht Siúil a fhiosrú tríd an gcruthaitheacht - Creative Ireland Programme</title>
<meta name="description" content="Ag leanúint ar aghaidh ó chlár 2022 ar éirigh chomh maith sin leis, tá Clár Éire Ildánach agus ár gcomhpháirtithe sa Roinn Sláinte (Clár Éire Shláintiúil), sa FSS agus sa Chomhairle Ealaíon ag maoiniú ceithre thionscadal arís faoi thionscnamh Folláine an Lucht Siúil tríd an gCruthaitheacht." />
<meta name="robots" content="index, follow, max-snippet:-1, max-image-preview:large, max-video-preview:-1" />
<link rel="canonical" href="https://www.creativeireland.gov.ie/ga/blog/four-new-projects-to-explore-traveller-wellbeing-through-creativity/" />
<meta property="og:locale" content="ga_IE" />
<meta property="og:type" content="article" />
<meta property="og:title" content="Ceithre thionscadal nua chun folláine an Lucht Siúil a fhiosrú tríd an gcruthaitheacht - Creative Ireland Programme" />
<meta property="og:url" content="https://www.creativeireland.gov.ie/ga/blog/four-new-projects-to-explore-traveller-wellbeing-through-creativity/" />
<meta property="og:site_name" content="Creative Ireland Programme" />
<meta property="article:publisher" content="https://www.facebook.com/CreativeIrl/" />
<meta property="article:modified_time" content="2023-07-03T10:56:48+00:00" />
<meta property="og:image" content="https://www.creativeireland.gov.ie/app/uploads/2023/06/The-Rose-Tattoo-image.png" />
	<meta property="og:image:width" content="412" />
	<meta property="og:image:height" content="567" />
	<meta property="og:image:type" content="image/png" />
<meta name="twitter:card" content="summary_large_image" />
<meta name="twitter:site" content="@creativeirl" />
<script type="application/ld+json" class="yoast-schema-graph">{"@context":"https://schema.org","@graph":[{"@type":"WebPage","@id":"https://www.creativeireland.gov.ie/ga/blog/four-new-projects-to-explore-traveller-wellbeing-through-creativity/","url":"https://www.creativeireland.gov.ie/ga/blog/four-new-projects-to-explore-traveller-wellbeing-through-creativity/","name":"Ceithre thionscadal nua chun folláine an Lucht Siúil a fhiosrú tríd an gcruthaitheacht - Creative Ireland Programme","isPartOf":{"@id":"https://www.creativeireland.gov.ie/ga/#website"},"primaryImageOfPage":{"@id":"https://www.creativeireland.gov.ie/ga/blog/four-new-projects-to-explore-traveller-wellbeing-through-creativity/#primaryimage"},"image":{"@id":"https://www.creativeireland.gov.ie/ga/blog/four-new-projects-to-explore-traveller-wellbeing-through-creativity/#primaryimage"},"thumbnailUrl":"https://www.creativeireland.gov.ie/app/uploads/2023/06/The-Rose-Tattoo-image.png","datePublished":"2023-06-16T11:36:11+00:00","dateModified":"2023-07-03T10:56:48+00:00","breadcrumb":{"@id":"https://www.creativeireland.gov.ie/ga/blog/four-new-projects-to-explore-traveller-wellbeing-through-creativity/#breadcrumb"},"inLanguage":"ga-IE","potentialAction":[{"@type":"ReadAction","target":["https://www.creativeireland.gov.ie/ga/blog/four-new-projects-to-explore-traveller-wellbeing-through-creativity/"]}]},{"@type":"ImageObject","inLanguage":"ga-IE","@id":"https://www.creativeireland.gov.ie/ga/blog/four-new-projects-to-explore-traveller-wellbeing-through-creativity/#primaryimage","url":"https://www.creativeireland.gov.ie/app/uploads/2023/06/The-Rose-Tattoo-image.png","contentUrl":"https://www.creativeireland.gov.ie/app/uploads/2023/06/The-Rose-Tattoo-image.png","width":412,"height":567},{"@type":"BreadcrumbList","@id":"https://www.creativeireland.gov.ie/ga/blog/four-new-projects-to-explore-traveller-wellbeing-through-creativity/#breadcrumb","itemListElement":[{"@type":"ListItem","position":1,"name":"Home","item":"https://www.creativeireland.gov.ie/ga/"},{"@type":"ListItem","position":2,"name":"Ceithre thionscadal nua chun folláine an Lucht Siúil a fhiosrú tríd an gcruthaitheacht"}]},{"@type":"WebSite","@id":"https://www.creativeireland.gov.ie/ga/#website","url":"https://www.creativeireland.gov.ie/ga/","name":"Creative Ireland Programme","description":"The Creative Ireland Programme is guided by a vision that every person in Ireland will have the opportunity to realise their full creative potential. It is a five year all-of-Government initiative, from 2017 to 2022, to place creativity at the centre of public policy.","potentialAction":[{"@type":"SearchAction","target":{"@type":"EntryPoint","urlTemplate":"https://www.creativeireland.gov.ie/ga/?s={search_term_string}"},"query-input":{"@type":"PropertyValueSpecification","valueRequired":true,"valueName":"search_term_string"}}],"inLanguage":"ga-IE"}]}</script>
<!-- / Yoast SEO plugin. -->

Ceithre thionscadal nua chun folláine an Lucht Siúil a fhiosrú tríd an gcruthaitheacht - Creative Ireland Programme

Ag leanúint ar aghaidh ó chlár 2022 ar éirigh chomh maith sin leis, tá Clár Éire Ildánach agus ár gcomhpháirtithe sa Roinn Sláinte (Clár Éire Shláintiúil), sa FSS agus sa Chomhairle Ealaíon ag maoiniú ceithre thionscadal arís faoi thionscnamh Folláine an Lucht Siúil tríd an gCruthaitheacht.
