{"id":25681,"date":"2023-07-03T10:18:56","date_gmt":"2023-07-03T09:18:56","guid":{"rendered":"https:\/\/www.creativeireland.gov.ie\/blog\/more-support-for-opportunities-in-creative-technology-problem-solving\/"},"modified":"2023-07-03T10:21:34","modified_gmt":"2023-07-03T09:21:34","slug":"more-support-for-opportunities-in-creative-technology-problem-solving","status":"publish","type":"creativenation","link":"https:\/\/www.creativeireland.gov.ie\/ga\/blog\/more-support-for-opportunities-in-creative-technology-problem-solving\/","title":{"rendered":"Cl\u00e1r \u00c9ire Ild\u00e1nach chun tac\u00fa le n\u00edos m\u00f3 deiseanna i dTeicneola\u00edocht Chruthaitheach agus R\u00e9iteach Fadhbanna Cruthaitheach do ph\u00e1ist\u00ed agus daoine \u00f3ga in 2023"},"content":{"rendered":"","protected":false},"featured_media":25680,"menu_order":0,"template":"page-creative-nation-advanced-content.php","categories":[363],"creativenation-tags":[],"class_list":["post-25681","creativenation","type-creativenation","status-publish","has-post-thumbnail","hentry","category-creative-youth-ga"],"acf":[],"yoast_head":"<!-- This site is optimized with the Yoast SEO plugin v25.9 - https:\/\/yoast.com\/wordpress\/plugins\/seo\/ -->\n<title>Cl\u00e1r \u00c9ire Ild\u00e1nach chun tac\u00fa le n\u00edos m\u00f3 deiseanna i dTeicneola\u00edocht Chruthaitheach agus R\u00e9iteach Fadhbanna Cruthaitheach do ph\u00e1ist\u00ed agus daoine \u00f3ga in 2023 - Creative Ireland Programme<\/title>\n<meta name=\"description\" content=\"Agus b\u00e9\u00edm n\u00edos m\u00f3 \u00e1 cur ar chothromas, \u00e9ags\u00falacht agus ionchuimsi\u00fa leis an Phlean \u00d3ige Ild\u00e1nach, d\u00e9anfar leathn\u00fa n\u00edos m\u00f3 ar Chl\u00e1r an Smaoinimh Mh\u00f3ir i su\u00edomhanna \u00e1irithe.\" \/>\n<meta name=\"robots\" content=\"index, follow, max-snippet:-1, max-image-preview:large, max-video-preview:-1\" \/>\n<link rel=\"canonical\" href=\"https:\/\/www.creativeireland.gov.ie\/ga\/blog\/more-support-for-opportunities-in-creative-technology-problem-solving\/\" \/>\n<meta property=\"og:locale\" content=\"ga_IE\" \/>\n<meta property=\"og:type\" content=\"article\" \/>\n<meta property=\"og:title\" content=\"Cl\u00e1r \u00c9ire Ild\u00e1nach chun tac\u00fa le n\u00edos m\u00f3 deiseanna i dTeicneola\u00edocht Chruthaitheach agus R\u00e9iteach Fadhbanna Cruthaitheach do ph\u00e1ist\u00ed agus daoine \u00f3ga in 2023 - Creative Ireland Programme\" \/>\n<meta property=\"og:description\" content=\"Agus b\u00e9\u00edm n\u00edos m\u00f3 \u00e1 cur ar chothromas, \u00e9ags\u00falacht agus ionchuimsi\u00fa leis an Phlean \u00d3ige Ild\u00e1nach, d\u00e9anfar leathn\u00fa n\u00edos m\u00f3 ar Chl\u00e1r an Smaoinimh Mh\u00f3ir i su\u00edomhanna \u00e1irithe.\" \/>\n<meta property=\"og:url\" content=\"https:\/\/www.creativeireland.gov.ie\/ga\/blog\/more-support-for-opportunities-in-creative-technology-problem-solving\/\" \/>\n<meta property=\"og:site_name\" content=\"Creative Ireland Programme\" \/>\n<meta property=\"article:publisher\" content=\"https:\/\/www.facebook.com\/CreativeIrl\/\" \/>\n<meta property=\"article:modified_time\" content=\"2023-07-03T09:21:34+00:00\" \/>\n<meta property=\"og:image\" content=\"https:\/\/www.creativeireland.gov.ie\/app\/uploads\/2023\/07\/Image-1-The-Big-Idea-Ruth-Medjber-scaled.jpg\" \/>\n\t<meta property=\"og:image:width\" content=\"2560\" \/>\n\t<meta property=\"og:image:height\" content=\"1707\" \/>\n\t<meta property=\"og:image:type\" content=\"image\/jpeg\" \/>\n<meta name=\"twitter:card\" content=\"summary_large_image\" \/>\n<meta name=\"twitter:site\" content=\"@creativeirl\" \/>\n<script type=\"application\/ld+json\" class=\"yoast-schema-graph\">{\"@context\":\"https:\/\/schema.org\",\"@graph\":[{\"@type\":\"WebPage\",\"@id\":\"https:\/\/www.creativeireland.gov.ie\/ga\/blog\/more-support-for-opportunities-in-creative-technology-problem-solving\/\",\"url\":\"https:\/\/www.creativeireland.gov.ie\/ga\/blog\/more-support-for-opportunities-in-creative-technology-problem-solving\/\",\"name\":\"Cl\u00e1r \u00c9ire Ild\u00e1nach chun tac\u00fa le n\u00edos m\u00f3 deiseanna i dTeicneola\u00edocht Chruthaitheach agus R\u00e9iteach Fadhbanna Cruthaitheach do ph\u00e1ist\u00ed agus daoine \u00f3ga in 2023 - Creative Ireland Programme\",\"isPartOf\":{\"@id\":\"https:\/\/www.creativeireland.gov.ie\/ga\/#website\"},\"primaryImageOfPage\":{\"@id\":\"https:\/\/www.creativeireland.gov.ie\/ga\/blog\/more-support-for-opportunities-in-creative-technology-problem-solving\/#primaryimage\"},\"image\":{\"@id\":\"https:\/\/www.creativeireland.gov.ie\/ga\/blog\/more-support-for-opportunities-in-creative-technology-problem-solving\/#primaryimage\"},\"thumbnailUrl\":\"https:\/\/www.creativeireland.gov.ie\/app\/uploads\/2023\/07\/Image-1-The-Big-Idea-Ruth-Medjber-scaled.jpg\",\"datePublished\":\"2023-07-03T09:18:56+00:00\",\"dateModified\":\"2023-07-03T09:21:34+00:00\",\"description\":\"Agus b\u00e9\u00edm n\u00edos m\u00f3 \u00e1 cur ar chothromas, \u00e9ags\u00falacht agus ionchuimsi\u00fa leis an Phlean \u00d3ige Ild\u00e1nach, d\u00e9anfar leathn\u00fa n\u00edos m\u00f3 ar Chl\u00e1r an Smaoinimh Mh\u00f3ir i su\u00edomhanna \u00e1irithe.\",\"breadcrumb\":{\"@id\":\"https:\/\/www.creativeireland.gov.ie\/ga\/blog\/more-support-for-opportunities-in-creative-technology-problem-solving\/#breadcrumb\"},\"inLanguage\":\"ga-IE\",\"potentialAction\":[{\"@type\":\"ReadAction\",\"target\":[\"https:\/\/www.creativeireland.gov.ie\/ga\/blog\/more-support-for-opportunities-in-creative-technology-problem-solving\/\"]}]},{\"@type\":\"ImageObject\",\"inLanguage\":\"ga-IE\",\"@id\":\"https:\/\/www.creativeireland.gov.ie\/ga\/blog\/more-support-for-opportunities-in-creative-technology-problem-solving\/#primaryimage\",\"url\":\"https:\/\/www.creativeireland.gov.ie\/app\/uploads\/2023\/07\/Image-1-The-Big-Idea-Ruth-Medjber-scaled.jpg\",\"contentUrl\":\"https:\/\/www.creativeireland.gov.ie\/app\/uploads\/2023\/07\/Image-1-The-Big-Idea-Ruth-Medjber-scaled.jpg\",\"width\":2560,\"height\":1707,\"caption\":\"Four teenagers sitting on the ground against a red wall\"},{\"@type\":\"BreadcrumbList\",\"@id\":\"https:\/\/www.creativeireland.gov.ie\/ga\/blog\/more-support-for-opportunities-in-creative-technology-problem-solving\/#breadcrumb\",\"itemListElement\":[{\"@type\":\"ListItem\",\"position\":1,\"name\":\"Home\",\"item\":\"https:\/\/www.creativeireland.gov.ie\/ga\/\"},{\"@type\":\"ListItem\",\"position\":2,\"name\":\"Cl\u00e1r \u00c9ire Ild\u00e1nach chun tac\u00fa le n\u00edos m\u00f3 deiseanna i dTeicneola\u00edocht Chruthaitheach agus R\u00e9iteach Fadhbanna Cruthaitheach do ph\u00e1ist\u00ed agus daoine \u00f3ga in 2023\"}]},{\"@type\":\"WebSite\",\"@id\":\"https:\/\/www.creativeireland.gov.ie\/ga\/#website\",\"url\":\"https:\/\/www.creativeireland.gov.ie\/ga\/\",\"name\":\"Creative Ireland Programme\",\"description\":\"The Creative Ireland Programme is guided by a vision that every person in Ireland will have the opportunity to realise their full creative potential. It is a five year all-of-Government initiative, from 2017 to 2022, to place creativity at the centre of public policy.\",\"potentialAction\":[{\"@type\":\"SearchAction\",\"target\":{\"@type\":\"EntryPoint\",\"urlTemplate\":\"https:\/\/www.creativeireland.gov.ie\/ga\/?s={search_term_string}\"},\"query-input\":{\"@type\":\"PropertyValueSpecification\",\"valueRequired\":true,\"valueName\":\"search_term_string\"}}],\"inLanguage\":\"ga-IE\"}]}<\/script>\n<!-- \/ Yoast SEO plugin. -->","yoast_head_json":{"title":"Cl\u00e1r \u00c9ire Ild\u00e1nach chun tac\u00fa le n\u00edos m\u00f3 deiseanna i dTeicneola\u00edocht Chruthaitheach agus R\u00e9iteach Fadhbanna Cruthaitheach do ph\u00e1ist\u00ed agus daoine \u00f3ga in 2023 - Creative Ireland Programme","description":"Agus b\u00e9\u00edm n\u00edos m\u00f3 \u00e1 cur ar chothromas, \u00e9ags\u00falacht agus ionchuimsi\u00fa leis an Phlean \u00d3ige Ild\u00e1nach, d\u00e9anfar leathn\u00fa n\u00edos m\u00f3 ar Chl\u00e1r an Smaoinimh Mh\u00f3ir i su\u00edomhanna \u00e1irithe.","robots":{"index":"index","follow":"follow","max-snippet":"max-snippet:-1","max-image-preview":"max-image-preview:large","max-video-preview":"max-video-preview:-1"},"canonical":"https:\/\/www.creativeireland.gov.ie\/ga\/blog\/more-support-for-opportunities-in-creative-technology-problem-solving\/","og_locale":"ga_IE","og_type":"article","og_title":"Cl\u00e1r \u00c9ire Ild\u00e1nach chun tac\u00fa le n\u00edos m\u00f3 deiseanna i dTeicneola\u00edocht Chruthaitheach agus R\u00e9iteach Fadhbanna Cruthaitheach do ph\u00e1ist\u00ed agus daoine \u00f3ga in 2023 - Creative Ireland Programme","og_description":"Agus b\u00e9\u00edm n\u00edos m\u00f3 \u00e1 cur ar chothromas, \u00e9ags\u00falacht agus ionchuimsi\u00fa leis an Phlean \u00d3ige Ild\u00e1nach, d\u00e9anfar leathn\u00fa n\u00edos m\u00f3 ar Chl\u00e1r an Smaoinimh Mh\u00f3ir i su\u00edomhanna \u00e1irithe.","og_url":"https:\/\/www.creativeireland.gov.ie\/ga\/blog\/more-support-for-opportunities-in-creative-technology-problem-solving\/","og_site_name":"Creative Ireland Programme","article_publisher":"https:\/\/www.facebook.com\/CreativeIrl\/","article_modified_time":"2023-07-03T09:21:34+00:00","og_image":[{"width":2560,"height":1707,"url":"https:\/\/www.creativeireland.gov.ie\/app\/uploads\/2023\/07\/Image-1-The-Big-Idea-Ruth-Medjber-scaled.jpg","type":"image\/jpeg"}],"twitter_card":"summary_large_image","twitter_site":"@creativeirl","schema":{"@context":"https:\/\/schema.org","@graph":[{"@type":"WebPage","@id":"https:\/\/www.creativeireland.gov.ie\/ga\/blog\/more-support-for-opportunities-in-creative-technology-problem-solving\/","url":"https:\/\/www.creativeireland.gov.ie\/ga\/blog\/more-support-for-opportunities-in-creative-technology-problem-solving\/","name":"Cl\u00e1r \u00c9ire Ild\u00e1nach chun tac\u00fa le n\u00edos m\u00f3 deiseanna i dTeicneola\u00edocht Chruthaitheach agus R\u00e9iteach Fadhbanna Cruthaitheach do ph\u00e1ist\u00ed agus daoine \u00f3ga in 2023 - Creative Ireland Programme","isPartOf":{"@id":"https:\/\/www.creativeireland.gov.ie\/ga\/#website"},"primaryImageOfPage":{"@id":"https:\/\/www.creativeireland.gov.ie\/ga\/blog\/more-support-for-opportunities-in-creative-technology-problem-solving\/#primaryimage"},"image":{"@id":"https:\/\/www.creativeireland.gov.ie\/ga\/blog\/more-support-for-opportunities-in-creative-technology-problem-solving\/#primaryimage"},"thumbnailUrl":"https:\/\/www.creativeireland.gov.ie\/app\/uploads\/2023\/07\/Image-1-The-Big-Idea-Ruth-Medjber-scaled.jpg","datePublished":"2023-07-03T09:18:56+00:00","dateModified":"2023-07-03T09:21:34+00:00","description":"Agus b\u00e9\u00edm n\u00edos m\u00f3 \u00e1 cur ar chothromas, \u00e9ags\u00falacht agus ionchuimsi\u00fa leis an Phlean \u00d3ige Ild\u00e1nach, d\u00e9anfar leathn\u00fa n\u00edos m\u00f3 ar Chl\u00e1r an Smaoinimh Mh\u00f3ir i su\u00edomhanna \u00e1irithe.","breadcrumb":{"@id":"https:\/\/www.creativeireland.gov.ie\/ga\/blog\/more-support-for-opportunities-in-creative-technology-problem-solving\/#breadcrumb"},"inLanguage":"ga-IE","potentialAction":[{"@type":"ReadAction","target":["https:\/\/www.creativeireland.gov.ie\/ga\/blog\/more-support-for-opportunities-in-creative-technology-problem-solving\/"]}]},{"@type":"ImageObject","inLanguage":"ga-IE","@id":"https:\/\/www.creativeireland.gov.ie\/ga\/blog\/more-support-for-opportunities-in-creative-technology-problem-solving\/#primaryimage","url":"https:\/\/www.creativeireland.gov.ie\/app\/uploads\/2023\/07\/Image-1-The-Big-Idea-Ruth-Medjber-scaled.jpg","contentUrl":"https:\/\/www.creativeireland.gov.ie\/app\/uploads\/2023\/07\/Image-1-The-Big-Idea-Ruth-Medjber-scaled.jpg","width":2560,"height":1707,"caption":"Four teenagers sitting on the ground against a red wall"},{"@type":"BreadcrumbList","@id":"https:\/\/www.creativeireland.gov.ie\/ga\/blog\/more-support-for-opportunities-in-creative-technology-problem-solving\/#breadcrumb","itemListElement":[{"@type":"ListItem","position":1,"name":"Home","item":"https:\/\/www.creativeireland.gov.ie\/ga\/"},{"@type":"ListItem","position":2,"name":"Cl\u00e1r \u00c9ire Ild\u00e1nach chun tac\u00fa le n\u00edos m\u00f3 deiseanna i dTeicneola\u00edocht Chruthaitheach agus R\u00e9iteach Fadhbanna Cruthaitheach do ph\u00e1ist\u00ed agus daoine \u00f3ga in 2023"}]},{"@type":"WebSite","@id":"https:\/\/www.creativeireland.gov.ie\/ga\/#website","url":"https:\/\/www.creativeireland.gov.ie\/ga\/","name":"Creative Ireland Programme","description":"The Creative Ireland Programme is guided by a vision that every person in Ireland will have the opportunity to realise their full creative potential. It is a five year all-of-Government initiative, from 2017 to 2022, to place creativity at the centre of public policy.","potentialAction":[{"@type":"SearchAction","target":{"@type":"EntryPoint","urlTemplate":"https:\/\/www.creativeireland.gov.ie\/ga\/?s={search_term_string}"},"query-input":{"@type":"PropertyValueSpecification","valueRequired":true,"valueName":"search_term_string"}}],"inLanguage":"ga-IE"}]}},"_links":{"self":[{"href":"https:\/\/www.creativeireland.gov.ie\/ga\/wp-json\/wp\/v2\/creativenation\/25681","targetHints":{"allow":["GET"]}}],"collection":[{"href":"https:\/\/www.creativeireland.gov.ie\/ga\/wp-json\/wp\/v2\/creativenation"}],"about":[{"href":"https:\/\/www.creativeireland.gov.ie\/ga\/wp-json\/wp\/v2\/types\/creativenation"}],"wp:featuredmedia":[{"embeddable":true,"href":"https:\/\/www.creativeireland.gov.ie\/ga\/wp-json\/wp\/v2\/media\/25680"}],"wp:attachment":[{"href":"https:\/\/www.creativeireland.gov.ie\/ga\/wp-json\/wp\/v2\/media?parent=25681"}],"wp:term":[{"taxonomy":"category","embeddable":true,"href":"https:\/\/www.creativeireland.gov.ie\/ga\/wp-json\/wp\/v2\/categories?post=25681"},{"taxonomy":"creativenation-tags","embeddable":true,"href":"https:\/\/www.creativeireland.gov.ie\/ga\/wp-json\/wp\/v2\/creativenation-tags?post=25681"}],"curies":[{"name":"wp","href":"https:\/\/api.w.org\/{rel}","templated":true}]}}

Clár Éire Ildánach chun tacú le níos mó deiseanna i dTeicneolaíocht Chruthaitheach agus Réiteach Fadhbanna Cruthaitheach do pháistí agus daoine óga in 2023

<!-- This site is optimized with the Yoast SEO plugin v25.9 - https://yoast.com/wordpress/plugins/seo/ -->
<title>Clár Éire Ildánach chun tacú le níos mó deiseanna i dTeicneolaíocht Chruthaitheach agus Réiteach Fadhbanna Cruthaitheach do pháistí agus daoine óga in 2023 - Creative Ireland Programme</title>
<meta name="description" content="Agus béím níos mó á cur ar chothromas, éagsúlacht agus ionchuimsiú leis an Phlean Óige Ildánach, déanfar leathnú níos mó ar Chlár an Smaoinimh Mhóir i suíomhanna áirithe." />
<meta name="robots" content="index, follow, max-snippet:-1, max-image-preview:large, max-video-preview:-1" />
<link rel="canonical" href="https://www.creativeireland.gov.ie/ga/blog/more-support-for-opportunities-in-creative-technology-problem-solving/" />
<meta property="og:locale" content="ga_IE" />
<meta property="og:type" content="article" />
<meta property="og:title" content="Clár Éire Ildánach chun tacú le níos mó deiseanna i dTeicneolaíocht Chruthaitheach agus Réiteach Fadhbanna Cruthaitheach do pháistí agus daoine óga in 2023 - Creative Ireland Programme" />
<meta property="og:description" content="Agus béím níos mó á cur ar chothromas, éagsúlacht agus ionchuimsiú leis an Phlean Óige Ildánach, déanfar leathnú níos mó ar Chlár an Smaoinimh Mhóir i suíomhanna áirithe." />
<meta property="og:url" content="https://www.creativeireland.gov.ie/ga/blog/more-support-for-opportunities-in-creative-technology-problem-solving/" />
<meta property="og:site_name" content="Creative Ireland Programme" />
<meta property="article:publisher" content="https://www.facebook.com/CreativeIrl/" />
<meta property="article:modified_time" content="2023-07-03T09:21:34+00:00" />
<meta property="og:image" content="https://www.creativeireland.gov.ie/app/uploads/2023/07/Image-1-The-Big-Idea-Ruth-Medjber-scaled.jpg" />
	<meta property="og:image:width" content="2560" />
	<meta property="og:image:height" content="1707" />
	<meta property="og:image:type" content="image/jpeg" />
<meta name="twitter:card" content="summary_large_image" />
<meta name="twitter:site" content="@creativeirl" />
<script type="application/ld+json" class="yoast-schema-graph">{"@context":"https://schema.org","@graph":[{"@type":"WebPage","@id":"https://www.creativeireland.gov.ie/ga/blog/more-support-for-opportunities-in-creative-technology-problem-solving/","url":"https://www.creativeireland.gov.ie/ga/blog/more-support-for-opportunities-in-creative-technology-problem-solving/","name":"Clár Éire Ildánach chun tacú le níos mó deiseanna i dTeicneolaíocht Chruthaitheach agus Réiteach Fadhbanna Cruthaitheach do pháistí agus daoine óga in 2023 - Creative Ireland Programme","isPartOf":{"@id":"https://www.creativeireland.gov.ie/ga/#website"},"primaryImageOfPage":{"@id":"https://www.creativeireland.gov.ie/ga/blog/more-support-for-opportunities-in-creative-technology-problem-solving/#primaryimage"},"image":{"@id":"https://www.creativeireland.gov.ie/ga/blog/more-support-for-opportunities-in-creative-technology-problem-solving/#primaryimage"},"thumbnailUrl":"https://www.creativeireland.gov.ie/app/uploads/2023/07/Image-1-The-Big-Idea-Ruth-Medjber-scaled.jpg","datePublished":"2023-07-03T09:18:56+00:00","dateModified":"2023-07-03T09:21:34+00:00","description":"Agus béím níos mó á cur ar chothromas, éagsúlacht agus ionchuimsiú leis an Phlean Óige Ildánach, déanfar leathnú níos mó ar Chlár an Smaoinimh Mhóir i suíomhanna áirithe.","breadcrumb":{"@id":"https://www.creativeireland.gov.ie/ga/blog/more-support-for-opportunities-in-creative-technology-problem-solving/#breadcrumb"},"inLanguage":"ga-IE","potentialAction":[{"@type":"ReadAction","target":["https://www.creativeireland.gov.ie/ga/blog/more-support-for-opportunities-in-creative-technology-problem-solving/"]}]},{"@type":"ImageObject","inLanguage":"ga-IE","@id":"https://www.creativeireland.gov.ie/ga/blog/more-support-for-opportunities-in-creative-technology-problem-solving/#primaryimage","url":"https://www.creativeireland.gov.ie/app/uploads/2023/07/Image-1-The-Big-Idea-Ruth-Medjber-scaled.jpg","contentUrl":"https://www.creativeireland.gov.ie/app/uploads/2023/07/Image-1-The-Big-Idea-Ruth-Medjber-scaled.jpg","width":2560,"height":1707,"caption":"Four teenagers sitting on the ground against a red wall"},{"@type":"BreadcrumbList","@id":"https://www.creativeireland.gov.ie/ga/blog/more-support-for-opportunities-in-creative-technology-problem-solving/#breadcrumb","itemListElement":[{"@type":"ListItem","position":1,"name":"Home","item":"https://www.creativeireland.gov.ie/ga/"},{"@type":"ListItem","position":2,"name":"Clár Éire Ildánach chun tacú le níos mó deiseanna i dTeicneolaíocht Chruthaitheach agus Réiteach Fadhbanna Cruthaitheach do pháistí agus daoine óga in 2023"}]},{"@type":"WebSite","@id":"https://www.creativeireland.gov.ie/ga/#website","url":"https://www.creativeireland.gov.ie/ga/","name":"Creative Ireland Programme","description":"The Creative Ireland Programme is guided by a vision that every person in Ireland will have the opportunity to realise their full creative potential. It is a five year all-of-Government initiative, from 2017 to 2022, to place creativity at the centre of public policy.","potentialAction":[{"@type":"SearchAction","target":{"@type":"EntryPoint","urlTemplate":"https://www.creativeireland.gov.ie/ga/?s={search_term_string}"},"query-input":{"@type":"PropertyValueSpecification","valueRequired":true,"valueName":"search_term_string"}}],"inLanguage":"ga-IE"}]}</script>
<!-- / Yoast SEO plugin. -->

Clár Éire Ildánach chun tacú le níos mó deiseanna i dTeicneolaíocht Chruthaitheach agus Réiteach Fadhbanna Cruthaitheach do pháistí agus daoine óga in 2023 - Creative Ireland Programme

Agus béím níos mó á cur ar chothromas, éagsúlacht agus ionchuimsiú leis an Phlean Óige Ildánach, déanfar leathnú níos mó ar Chlár an Smaoinimh Mhóir i suíomhanna áirithe.
