{"id":26351,"date":"2023-06-15T15:54:33","date_gmt":"2023-06-15T14:54:33","guid":{"rendered":"https:\/\/www.creativeireland.gov.ie\/blog\/tilda-online-webinar-creative-activity-in-the-ageing-population\/"},"modified":"2023-08-16T19:09:55","modified_gmt":"2023-08-16T18:09:55","slug":"tilda-online-webinar-creative-activity-in-the-ageing-population","status":"publish","type":"creativenation","link":"https:\/\/www.creativeireland.gov.ie\/ga\/blog\/tilda-online-webinar-creative-activity-in-the-ageing-population\/","title":{"rendered":"TILDA online webinar: Creative Activity in the Ageing Population"},"content":{"rendered":"","protected":false},"featured_media":16393,"menu_order":0,"template":"page-creative-nation-advanced-content.php","categories":[337],"creativenation-tags":[323],"class_list":["post-26351","creativenation","type-creativenation","status-publish","has-post-thumbnail","hentry","category-creativity-in-older-age-ga","creativenation-tags-health-wellbeing-ga"],"acf":[],"yoast_head":"<!-- This site is optimized with the Yoast SEO plugin v25.9 - https:\/\/yoast.com\/wordpress\/plugins\/seo\/ -->\n<title>TILDA online webinar: Creative Activity in the Ageing Population - Creative Ireland Programme<\/title>\n<meta name=\"description\" content=\"Tugann Cl\u00e1r \u00c9ire Ild\u00e1nach agus Staid\u00e9ar Fadaimseartha na h\u00c9ireann um Dhul in Aois (TILDA), Col\u00e1istena Tr\u00edon\u00f3ide, Baile \u00c1tha Cliath, cuireadh duit chuig seimine\u00e1r gr\u00e9as\u00e1in faoi sti\u00fair saineolaithe chun foilsi\u00fatuarasc\u00e1il TILDA ar Ghn\u00edomha\u00edocht Chruthaitheach sa Daonra at\u00e1 ag dul in Aois a sheoladh.\" \/>\n<meta name=\"robots\" content=\"index, follow, max-snippet:-1, max-image-preview:large, max-video-preview:-1\" \/>\n<link rel=\"canonical\" href=\"https:\/\/www.creativeireland.gov.ie\/ga\/blog\/tilda-online-webinar-creative-activity-in-the-ageing-population\/\" \/>\n<meta property=\"og:locale\" content=\"ga_IE\" \/>\n<meta property=\"og:type\" content=\"article\" \/>\n<meta property=\"og:title\" content=\"TILDA online webinar: Creative Activity in the Ageing Population - Creative Ireland Programme\" \/>\n<meta property=\"og:description\" content=\"Tugann Cl\u00e1r \u00c9ire Ild\u00e1nach agus Staid\u00e9ar Fadaimseartha na h\u00c9ireann um Dhul in Aois (TILDA), Col\u00e1istena Tr\u00edon\u00f3ide, Baile \u00c1tha Cliath, cuireadh duit chuig seimine\u00e1r gr\u00e9as\u00e1in faoi sti\u00fair saineolaithe chun foilsi\u00fatuarasc\u00e1il TILDA ar Ghn\u00edomha\u00edocht Chruthaitheach sa Daonra at\u00e1 ag dul in Aois a sheoladh.\" \/>\n<meta property=\"og:url\" content=\"https:\/\/www.creativeireland.gov.ie\/ga\/blog\/tilda-online-webinar-creative-activity-in-the-ageing-population\/\" \/>\n<meta property=\"og:site_name\" content=\"Creative Ireland Programme\" \/>\n<meta property=\"article:publisher\" content=\"https:\/\/www.facebook.com\/CreativeIrl\/\" \/>\n<meta property=\"article:modified_time\" content=\"2023-08-16T18:09:55+00:00\" \/>\n<meta property=\"og:image\" content=\"https:\/\/www.creativeireland.gov.ie\/app\/uploads\/2021\/09\/istock-1244977658-1024x684.jpg\" \/>\n\t<meta property=\"og:image:width\" content=\"1024\" \/>\n\t<meta property=\"og:image:height\" content=\"684\" \/>\n\t<meta property=\"og:image:type\" content=\"image\/jpeg\" \/>\n<meta name=\"twitter:card\" content=\"summary_large_image\" \/>\n<meta name=\"twitter:site\" content=\"@creativeirl\" \/>\n<script type=\"application\/ld+json\" class=\"yoast-schema-graph\">{\"@context\":\"https:\/\/schema.org\",\"@graph\":[{\"@type\":\"WebPage\",\"@id\":\"https:\/\/www.creativeireland.gov.ie\/ga\/blog\/tilda-online-webinar-creative-activity-in-the-ageing-population\/\",\"url\":\"https:\/\/www.creativeireland.gov.ie\/ga\/blog\/tilda-online-webinar-creative-activity-in-the-ageing-population\/\",\"name\":\"TILDA online webinar: Creative Activity in the Ageing Population - Creative Ireland Programme\",\"isPartOf\":{\"@id\":\"https:\/\/www.creativeireland.gov.ie\/ga\/#website\"},\"primaryImageOfPage\":{\"@id\":\"https:\/\/www.creativeireland.gov.ie\/ga\/blog\/tilda-online-webinar-creative-activity-in-the-ageing-population\/#primaryimage\"},\"image\":{\"@id\":\"https:\/\/www.creativeireland.gov.ie\/ga\/blog\/tilda-online-webinar-creative-activity-in-the-ageing-population\/#primaryimage\"},\"thumbnailUrl\":\"https:\/\/www.creativeireland.gov.ie\/app\/uploads\/2021\/09\/istock-1244977658.jpg\",\"datePublished\":\"2023-06-15T14:54:33+00:00\",\"dateModified\":\"2023-08-16T18:09:55+00:00\",\"description\":\"Tugann Cl\u00e1r \u00c9ire Ild\u00e1nach agus Staid\u00e9ar Fadaimseartha na h\u00c9ireann um Dhul in Aois (TILDA), Col\u00e1istena Tr\u00edon\u00f3ide, Baile \u00c1tha Cliath, cuireadh duit chuig seimine\u00e1r gr\u00e9as\u00e1in faoi sti\u00fair saineolaithe chun foilsi\u00fatuarasc\u00e1il TILDA ar Ghn\u00edomha\u00edocht Chruthaitheach sa Daonra at\u00e1 ag dul in Aois a sheoladh.\",\"breadcrumb\":{\"@id\":\"https:\/\/www.creativeireland.gov.ie\/ga\/blog\/tilda-online-webinar-creative-activity-in-the-ageing-population\/#breadcrumb\"},\"inLanguage\":\"ga-IE\",\"potentialAction\":[{\"@type\":\"ReadAction\",\"target\":[\"https:\/\/www.creativeireland.gov.ie\/ga\/blog\/tilda-online-webinar-creative-activity-in-the-ageing-population\/\"]}]},{\"@type\":\"ImageObject\",\"inLanguage\":\"ga-IE\",\"@id\":\"https:\/\/www.creativeireland.gov.ie\/ga\/blog\/tilda-online-webinar-creative-activity-in-the-ageing-population\/#primaryimage\",\"url\":\"https:\/\/www.creativeireland.gov.ie\/app\/uploads\/2021\/09\/istock-1244977658.jpg\",\"contentUrl\":\"https:\/\/www.creativeireland.gov.ie\/app\/uploads\/2021\/09\/istock-1244977658.jpg\",\"width\":2560,\"height\":1709,\"caption\":\"Older lady painting clay pots\"},{\"@type\":\"BreadcrumbList\",\"@id\":\"https:\/\/www.creativeireland.gov.ie\/ga\/blog\/tilda-online-webinar-creative-activity-in-the-ageing-population\/#breadcrumb\",\"itemListElement\":[{\"@type\":\"ListItem\",\"position\":1,\"name\":\"Home\",\"item\":\"https:\/\/www.creativeireland.gov.ie\/ga\/\"},{\"@type\":\"ListItem\",\"position\":2,\"name\":\"TILDA online webinar: Creative Activity in the Ageing Population\"}]},{\"@type\":\"WebSite\",\"@id\":\"https:\/\/www.creativeireland.gov.ie\/ga\/#website\",\"url\":\"https:\/\/www.creativeireland.gov.ie\/ga\/\",\"name\":\"Creative Ireland Programme\",\"description\":\"The Creative Ireland Programme is guided by a vision that every person in Ireland will have the opportunity to realise their full creative potential. It is a five year all-of-Government initiative, from 2017 to 2022, to place creativity at the centre of public policy.\",\"potentialAction\":[{\"@type\":\"SearchAction\",\"target\":{\"@type\":\"EntryPoint\",\"urlTemplate\":\"https:\/\/www.creativeireland.gov.ie\/ga\/?s={search_term_string}\"},\"query-input\":{\"@type\":\"PropertyValueSpecification\",\"valueRequired\":true,\"valueName\":\"search_term_string\"}}],\"inLanguage\":\"ga-IE\"}]}<\/script>\n<!-- \/ Yoast SEO plugin. -->","yoast_head_json":{"title":"TILDA online webinar: Creative Activity in the Ageing Population - Creative Ireland Programme","description":"Tugann Cl\u00e1r \u00c9ire Ild\u00e1nach agus Staid\u00e9ar Fadaimseartha na h\u00c9ireann um Dhul in Aois (TILDA), Col\u00e1istena Tr\u00edon\u00f3ide, Baile \u00c1tha Cliath, cuireadh duit chuig seimine\u00e1r gr\u00e9as\u00e1in faoi sti\u00fair saineolaithe chun foilsi\u00fatuarasc\u00e1il TILDA ar Ghn\u00edomha\u00edocht Chruthaitheach sa Daonra at\u00e1 ag dul in Aois a sheoladh.","robots":{"index":"index","follow":"follow","max-snippet":"max-snippet:-1","max-image-preview":"max-image-preview:large","max-video-preview":"max-video-preview:-1"},"canonical":"https:\/\/www.creativeireland.gov.ie\/ga\/blog\/tilda-online-webinar-creative-activity-in-the-ageing-population\/","og_locale":"ga_IE","og_type":"article","og_title":"TILDA online webinar: Creative Activity in the Ageing Population - Creative Ireland Programme","og_description":"Tugann Cl\u00e1r \u00c9ire Ild\u00e1nach agus Staid\u00e9ar Fadaimseartha na h\u00c9ireann um Dhul in Aois (TILDA), Col\u00e1istena Tr\u00edon\u00f3ide, Baile \u00c1tha Cliath, cuireadh duit chuig seimine\u00e1r gr\u00e9as\u00e1in faoi sti\u00fair saineolaithe chun foilsi\u00fatuarasc\u00e1il TILDA ar Ghn\u00edomha\u00edocht Chruthaitheach sa Daonra at\u00e1 ag dul in Aois a sheoladh.","og_url":"https:\/\/www.creativeireland.gov.ie\/ga\/blog\/tilda-online-webinar-creative-activity-in-the-ageing-population\/","og_site_name":"Creative Ireland Programme","article_publisher":"https:\/\/www.facebook.com\/CreativeIrl\/","article_modified_time":"2023-08-16T18:09:55+00:00","og_image":[{"width":1024,"height":684,"url":"https:\/\/www.creativeireland.gov.ie\/app\/uploads\/2021\/09\/istock-1244977658-1024x684.jpg","type":"image\/jpeg"}],"twitter_card":"summary_large_image","twitter_site":"@creativeirl","schema":{"@context":"https:\/\/schema.org","@graph":[{"@type":"WebPage","@id":"https:\/\/www.creativeireland.gov.ie\/ga\/blog\/tilda-online-webinar-creative-activity-in-the-ageing-population\/","url":"https:\/\/www.creativeireland.gov.ie\/ga\/blog\/tilda-online-webinar-creative-activity-in-the-ageing-population\/","name":"TILDA online webinar: Creative Activity in the Ageing Population - Creative Ireland Programme","isPartOf":{"@id":"https:\/\/www.creativeireland.gov.ie\/ga\/#website"},"primaryImageOfPage":{"@id":"https:\/\/www.creativeireland.gov.ie\/ga\/blog\/tilda-online-webinar-creative-activity-in-the-ageing-population\/#primaryimage"},"image":{"@id":"https:\/\/www.creativeireland.gov.ie\/ga\/blog\/tilda-online-webinar-creative-activity-in-the-ageing-population\/#primaryimage"},"thumbnailUrl":"https:\/\/www.creativeireland.gov.ie\/app\/uploads\/2021\/09\/istock-1244977658.jpg","datePublished":"2023-06-15T14:54:33+00:00","dateModified":"2023-08-16T18:09:55+00:00","description":"Tugann Cl\u00e1r \u00c9ire Ild\u00e1nach agus Staid\u00e9ar Fadaimseartha na h\u00c9ireann um Dhul in Aois (TILDA), Col\u00e1istena Tr\u00edon\u00f3ide, Baile \u00c1tha Cliath, cuireadh duit chuig seimine\u00e1r gr\u00e9as\u00e1in faoi sti\u00fair saineolaithe chun foilsi\u00fatuarasc\u00e1il TILDA ar Ghn\u00edomha\u00edocht Chruthaitheach sa Daonra at\u00e1 ag dul in Aois a sheoladh.","breadcrumb":{"@id":"https:\/\/www.creativeireland.gov.ie\/ga\/blog\/tilda-online-webinar-creative-activity-in-the-ageing-population\/#breadcrumb"},"inLanguage":"ga-IE","potentialAction":[{"@type":"ReadAction","target":["https:\/\/www.creativeireland.gov.ie\/ga\/blog\/tilda-online-webinar-creative-activity-in-the-ageing-population\/"]}]},{"@type":"ImageObject","inLanguage":"ga-IE","@id":"https:\/\/www.creativeireland.gov.ie\/ga\/blog\/tilda-online-webinar-creative-activity-in-the-ageing-population\/#primaryimage","url":"https:\/\/www.creativeireland.gov.ie\/app\/uploads\/2021\/09\/istock-1244977658.jpg","contentUrl":"https:\/\/www.creativeireland.gov.ie\/app\/uploads\/2021\/09\/istock-1244977658.jpg","width":2560,"height":1709,"caption":"Older lady painting clay pots"},{"@type":"BreadcrumbList","@id":"https:\/\/www.creativeireland.gov.ie\/ga\/blog\/tilda-online-webinar-creative-activity-in-the-ageing-population\/#breadcrumb","itemListElement":[{"@type":"ListItem","position":1,"name":"Home","item":"https:\/\/www.creativeireland.gov.ie\/ga\/"},{"@type":"ListItem","position":2,"name":"TILDA online webinar: Creative Activity in the Ageing Population"}]},{"@type":"WebSite","@id":"https:\/\/www.creativeireland.gov.ie\/ga\/#website","url":"https:\/\/www.creativeireland.gov.ie\/ga\/","name":"Creative Ireland Programme","description":"The Creative Ireland Programme is guided by a vision that every person in Ireland will have the opportunity to realise their full creative potential. It is a five year all-of-Government initiative, from 2017 to 2022, to place creativity at the centre of public policy.","potentialAction":[{"@type":"SearchAction","target":{"@type":"EntryPoint","urlTemplate":"https:\/\/www.creativeireland.gov.ie\/ga\/?s={search_term_string}"},"query-input":{"@type":"PropertyValueSpecification","valueRequired":true,"valueName":"search_term_string"}}],"inLanguage":"ga-IE"}]}},"_links":{"self":[{"href":"https:\/\/www.creativeireland.gov.ie\/ga\/wp-json\/wp\/v2\/creativenation\/26351","targetHints":{"allow":["GET"]}}],"collection":[{"href":"https:\/\/www.creativeireland.gov.ie\/ga\/wp-json\/wp\/v2\/creativenation"}],"about":[{"href":"https:\/\/www.creativeireland.gov.ie\/ga\/wp-json\/wp\/v2\/types\/creativenation"}],"wp:featuredmedia":[{"embeddable":true,"href":"https:\/\/www.creativeireland.gov.ie\/ga\/wp-json\/wp\/v2\/media\/16393"}],"wp:attachment":[{"href":"https:\/\/www.creativeireland.gov.ie\/ga\/wp-json\/wp\/v2\/media?parent=26351"}],"wp:term":[{"taxonomy":"category","embeddable":true,"href":"https:\/\/www.creativeireland.gov.ie\/ga\/wp-json\/wp\/v2\/categories?post=26351"},{"taxonomy":"creativenation-tags","embeddable":true,"href":"https:\/\/www.creativeireland.gov.ie\/ga\/wp-json\/wp\/v2\/creativenation-tags?post=26351"}],"curies":[{"name":"wp","href":"https:\/\/api.w.org\/{rel}","templated":true}]}}

<!-- This site is optimized with the Yoast SEO plugin v25.9 - https://yoast.com/wordpress/plugins/seo/ -->
<title>TILDA online webinar: Creative Activity in the Ageing Population - Creative Ireland Programme</title>
<meta name="description" content="Tugann Clár Éire Ildánach agus Staidéar Fadaimseartha na hÉireann um Dhul in Aois (TILDA), Coláistena Tríonóide, Baile Átha Cliath, cuireadh duit chuig seimineár gréasáin faoi stiúir saineolaithe chun foilsiútuarascáil TILDA ar Ghníomhaíocht Chruthaitheach sa Daonra atá ag dul in Aois a sheoladh." />
<meta name="robots" content="index, follow, max-snippet:-1, max-image-preview:large, max-video-preview:-1" />
<link rel="canonical" href="https://www.creativeireland.gov.ie/ga/blog/tilda-online-webinar-creative-activity-in-the-ageing-population/" />
<meta property="og:locale" content="ga_IE" />
<meta property="og:type" content="article" />
<meta property="og:title" content="TILDA online webinar: Creative Activity in the Ageing Population - Creative Ireland Programme" />
<meta property="og:description" content="Tugann Clár Éire Ildánach agus Staidéar Fadaimseartha na hÉireann um Dhul in Aois (TILDA), Coláistena Tríonóide, Baile Átha Cliath, cuireadh duit chuig seimineár gréasáin faoi stiúir saineolaithe chun foilsiútuarascáil TILDA ar Ghníomhaíocht Chruthaitheach sa Daonra atá ag dul in Aois a sheoladh." />
<meta property="og:url" content="https://www.creativeireland.gov.ie/ga/blog/tilda-online-webinar-creative-activity-in-the-ageing-population/" />
<meta property="og:site_name" content="Creative Ireland Programme" />
<meta property="article:publisher" content="https://www.facebook.com/CreativeIrl/" />
<meta property="article:modified_time" content="2023-08-16T18:09:55+00:00" />
<meta property="og:image" content="https://www.creativeireland.gov.ie/app/uploads/2021/09/istock-1244977658-1024x684.jpg" />
	<meta property="og:image:width" content="1024" />
	<meta property="og:image:height" content="684" />
	<meta property="og:image:type" content="image/jpeg" />
<meta name="twitter:card" content="summary_large_image" />
<meta name="twitter:site" content="@creativeirl" />
<script type="application/ld+json" class="yoast-schema-graph">{"@context":"https://schema.org","@graph":[{"@type":"WebPage","@id":"https://www.creativeireland.gov.ie/ga/blog/tilda-online-webinar-creative-activity-in-the-ageing-population/","url":"https://www.creativeireland.gov.ie/ga/blog/tilda-online-webinar-creative-activity-in-the-ageing-population/","name":"TILDA online webinar: Creative Activity in the Ageing Population - Creative Ireland Programme","isPartOf":{"@id":"https://www.creativeireland.gov.ie/ga/#website"},"primaryImageOfPage":{"@id":"https://www.creativeireland.gov.ie/ga/blog/tilda-online-webinar-creative-activity-in-the-ageing-population/#primaryimage"},"image":{"@id":"https://www.creativeireland.gov.ie/ga/blog/tilda-online-webinar-creative-activity-in-the-ageing-population/#primaryimage"},"thumbnailUrl":"https://www.creativeireland.gov.ie/app/uploads/2021/09/istock-1244977658.jpg","datePublished":"2023-06-15T14:54:33+00:00","dateModified":"2023-08-16T18:09:55+00:00","description":"Tugann Clár Éire Ildánach agus Staidéar Fadaimseartha na hÉireann um Dhul in Aois (TILDA), Coláistena Tríonóide, Baile Átha Cliath, cuireadh duit chuig seimineár gréasáin faoi stiúir saineolaithe chun foilsiútuarascáil TILDA ar Ghníomhaíocht Chruthaitheach sa Daonra atá ag dul in Aois a sheoladh.","breadcrumb":{"@id":"https://www.creativeireland.gov.ie/ga/blog/tilda-online-webinar-creative-activity-in-the-ageing-population/#breadcrumb"},"inLanguage":"ga-IE","potentialAction":[{"@type":"ReadAction","target":["https://www.creativeireland.gov.ie/ga/blog/tilda-online-webinar-creative-activity-in-the-ageing-population/"]}]},{"@type":"ImageObject","inLanguage":"ga-IE","@id":"https://www.creativeireland.gov.ie/ga/blog/tilda-online-webinar-creative-activity-in-the-ageing-population/#primaryimage","url":"https://www.creativeireland.gov.ie/app/uploads/2021/09/istock-1244977658.jpg","contentUrl":"https://www.creativeireland.gov.ie/app/uploads/2021/09/istock-1244977658.jpg","width":2560,"height":1709,"caption":"Older lady painting clay pots"},{"@type":"BreadcrumbList","@id":"https://www.creativeireland.gov.ie/ga/blog/tilda-online-webinar-creative-activity-in-the-ageing-population/#breadcrumb","itemListElement":[{"@type":"ListItem","position":1,"name":"Home","item":"https://www.creativeireland.gov.ie/ga/"},{"@type":"ListItem","position":2,"name":"TILDA online webinar: Creative Activity in the Ageing Population"}]},{"@type":"WebSite","@id":"https://www.creativeireland.gov.ie/ga/#website","url":"https://www.creativeireland.gov.ie/ga/","name":"Creative Ireland Programme","description":"The Creative Ireland Programme is guided by a vision that every person in Ireland will have the opportunity to realise their full creative potential. It is a five year all-of-Government initiative, from 2017 to 2022, to place creativity at the centre of public policy.","potentialAction":[{"@type":"SearchAction","target":{"@type":"EntryPoint","urlTemplate":"https://www.creativeireland.gov.ie/ga/?s={search_term_string}"},"query-input":{"@type":"PropertyValueSpecification","valueRequired":true,"valueName":"search_term_string"}}],"inLanguage":"ga-IE"}]}</script>
<!-- / Yoast SEO plugin. -->

Tugann Clár Éire Ildánach agus Staidéar Fadaimseartha na hÉireann um Dhul in Aois (TILDA), Coláistena Tríonóide, Baile Átha Cliath, cuireadh duit chuig seimineár gréasáin faoi stiúir saineolaithe chun foilsiútuarascáil TILDA ar Ghníomhaíocht Chruthaitheach sa Daonra atá ag dul in Aois a sheoladh.
