{"id":28432,"date":"2023-04-20T10:30:57","date_gmt":"2023-04-20T09:30:57","guid":{"rendered":"https:\/\/www.creativeireland.gov.ie\/blog\/kerry-climate-action-project-creates-momentum-for-action\/"},"modified":"2023-12-21T14:49:52","modified_gmt":"2023-12-21T14:49:52","slug":"kerry-climate-action-project-creates-momentum-for-action","status":"publish","type":"creativenation","link":"https:\/\/www.creativeireland.gov.ie\/ga\/blog\/kerry-climate-action-project-creates-momentum-for-action\/","title":{"rendered":"Kerry climate action project creates \u201cmomentum for action\u201d"},"content":{"rendered":"","protected":false},"featured_media":24243,"menu_order":0,"template":"page-creative-nation-advanced-content.php","categories":[339],"creativenation-tags":[],"class_list":["post-28432","creativenation","type-creativenation","status-publish","has-post-thumbnail","hentry","category-creativity-and-climate-change-ga"],"acf":[],"yoast_head":"<!-- This site is optimized with the Yoast SEO plugin v25.9 - https:\/\/yoast.com\/wordpress\/plugins\/seo\/ -->\n<title>Kerry climate action project creates \u201cmomentum for action\u201d - Creative Ireland Programme<\/title>\n<meta name=\"description\" content=\"I rith 2022, d\u2019oibrigh an t-eala\u00edont\u00f3ir leabaithe Lisa Fingleton le pobal feirmeoireachta an Daingin chun \u00e9ags\u00fal\u00fa cruthaitheach a dh\u00e9anamh agus iarracht a dh\u00e9anamh aghaidh a thabhairt ar athr\u00fa aer\u00e1ide.\" \/>\n<meta name=\"robots\" content=\"index, follow, max-snippet:-1, max-image-preview:large, max-video-preview:-1\" \/>\n<link rel=\"canonical\" href=\"https:\/\/www.creativeireland.gov.ie\/ga\/blog\/kerry-climate-action-project-creates-momentum-for-action\/\" \/>\n<meta property=\"og:locale\" content=\"ga_IE\" \/>\n<meta property=\"og:type\" content=\"article\" \/>\n<meta property=\"og:title\" content=\"Kerry climate action project creates \u201cmomentum for action\u201d - Creative Ireland Programme\" \/>\n<meta property=\"og:description\" content=\"I rith 2022, d\u2019oibrigh an t-eala\u00edont\u00f3ir leabaithe Lisa Fingleton le pobal feirmeoireachta an Daingin chun \u00e9ags\u00fal\u00fa cruthaitheach a dh\u00e9anamh agus iarracht a dh\u00e9anamh aghaidh a thabhairt ar athr\u00fa aer\u00e1ide.\" \/>\n<meta property=\"og:url\" content=\"https:\/\/www.creativeireland.gov.ie\/ga\/blog\/kerry-climate-action-project-creates-momentum-for-action\/\" \/>\n<meta property=\"og:site_name\" content=\"Creative Ireland Programme\" \/>\n<meta property=\"article:publisher\" content=\"https:\/\/www.facebook.com\/CreativeIrl\/\" \/>\n<meta property=\"article:modified_time\" content=\"2023-12-21T14:49:52+00:00\" \/>\n<meta property=\"og:image\" content=\"https:\/\/www.creativeireland.gov.ie\/app\/uploads\/2023\/04\/Screenshot-2023-04-06-at-15.14.52.png\" \/>\n\t<meta property=\"og:image:width\" content=\"523\" \/>\n\t<meta property=\"og:image:height\" content=\"389\" \/>\n\t<meta property=\"og:image:type\" content=\"image\/png\" \/>\n<meta name=\"twitter:card\" content=\"summary_large_image\" \/>\n<meta name=\"twitter:site\" content=\"@creativeirl\" \/>\n<script type=\"application\/ld+json\" class=\"yoast-schema-graph\">{\"@context\":\"https:\/\/schema.org\",\"@graph\":[{\"@type\":\"WebPage\",\"@id\":\"https:\/\/www.creativeireland.gov.ie\/ga\/blog\/kerry-climate-action-project-creates-momentum-for-action\/\",\"url\":\"https:\/\/www.creativeireland.gov.ie\/ga\/blog\/kerry-climate-action-project-creates-momentum-for-action\/\",\"name\":\"Kerry climate action project creates \u201cmomentum for action\u201d - Creative Ireland Programme\",\"isPartOf\":{\"@id\":\"https:\/\/www.creativeireland.gov.ie\/ga\/#website\"},\"primaryImageOfPage\":{\"@id\":\"https:\/\/www.creativeireland.gov.ie\/ga\/blog\/kerry-climate-action-project-creates-momentum-for-action\/#primaryimage\"},\"image\":{\"@id\":\"https:\/\/www.creativeireland.gov.ie\/ga\/blog\/kerry-climate-action-project-creates-momentum-for-action\/#primaryimage\"},\"thumbnailUrl\":\"https:\/\/www.creativeireland.gov.ie\/app\/uploads\/2023\/04\/Screenshot-2023-04-06-at-15.14.52.png\",\"datePublished\":\"2023-04-20T09:30:57+00:00\",\"dateModified\":\"2023-12-21T14:49:52+00:00\",\"description\":\"I rith 2022, d\u2019oibrigh an t-eala\u00edont\u00f3ir leabaithe Lisa Fingleton le pobal feirmeoireachta an Daingin chun \u00e9ags\u00fal\u00fa cruthaitheach a dh\u00e9anamh agus iarracht a dh\u00e9anamh aghaidh a thabhairt ar athr\u00fa aer\u00e1ide.\",\"breadcrumb\":{\"@id\":\"https:\/\/www.creativeireland.gov.ie\/ga\/blog\/kerry-climate-action-project-creates-momentum-for-action\/#breadcrumb\"},\"inLanguage\":\"ga-IE\",\"potentialAction\":[{\"@type\":\"ReadAction\",\"target\":[\"https:\/\/www.creativeireland.gov.ie\/ga\/blog\/kerry-climate-action-project-creates-momentum-for-action\/\"]}]},{\"@type\":\"ImageObject\",\"inLanguage\":\"ga-IE\",\"@id\":\"https:\/\/www.creativeireland.gov.ie\/ga\/blog\/kerry-climate-action-project-creates-momentum-for-action\/#primaryimage\",\"url\":\"https:\/\/www.creativeireland.gov.ie\/app\/uploads\/2023\/04\/Screenshot-2023-04-06-at-15.14.52.png\",\"contentUrl\":\"https:\/\/www.creativeireland.gov.ie\/app\/uploads\/2023\/04\/Screenshot-2023-04-06-at-15.14.52.png\",\"width\":523,\"height\":389,\"caption\":\"Kerry farmer with her cows on a bright day\"},{\"@type\":\"BreadcrumbList\",\"@id\":\"https:\/\/www.creativeireland.gov.ie\/ga\/blog\/kerry-climate-action-project-creates-momentum-for-action\/#breadcrumb\",\"itemListElement\":[{\"@type\":\"ListItem\",\"position\":1,\"name\":\"Home\",\"item\":\"https:\/\/www.creativeireland.gov.ie\/ga\/\"},{\"@type\":\"ListItem\",\"position\":2,\"name\":\"Kerry climate action project creates \u201cmomentum for action\u201d\"}]},{\"@type\":\"WebSite\",\"@id\":\"https:\/\/www.creativeireland.gov.ie\/ga\/#website\",\"url\":\"https:\/\/www.creativeireland.gov.ie\/ga\/\",\"name\":\"Creative Ireland Programme\",\"description\":\"The Creative Ireland Programme is guided by a vision that every person in Ireland will have the opportunity to realise their full creative potential. It is a five year all-of-Government initiative, from 2017 to 2022, to place creativity at the centre of public policy.\",\"potentialAction\":[{\"@type\":\"SearchAction\",\"target\":{\"@type\":\"EntryPoint\",\"urlTemplate\":\"https:\/\/www.creativeireland.gov.ie\/ga\/?s={search_term_string}\"},\"query-input\":{\"@type\":\"PropertyValueSpecification\",\"valueRequired\":true,\"valueName\":\"search_term_string\"}}],\"inLanguage\":\"ga-IE\"}]}<\/script>\n<!-- \/ Yoast SEO plugin. -->","yoast_head_json":{"title":"Kerry climate action project creates \u201cmomentum for action\u201d - Creative Ireland Programme","description":"I rith 2022, d\u2019oibrigh an t-eala\u00edont\u00f3ir leabaithe Lisa Fingleton le pobal feirmeoireachta an Daingin chun \u00e9ags\u00fal\u00fa cruthaitheach a dh\u00e9anamh agus iarracht a dh\u00e9anamh aghaidh a thabhairt ar athr\u00fa aer\u00e1ide.","robots":{"index":"index","follow":"follow","max-snippet":"max-snippet:-1","max-image-preview":"max-image-preview:large","max-video-preview":"max-video-preview:-1"},"canonical":"https:\/\/www.creativeireland.gov.ie\/ga\/blog\/kerry-climate-action-project-creates-momentum-for-action\/","og_locale":"ga_IE","og_type":"article","og_title":"Kerry climate action project creates \u201cmomentum for action\u201d - Creative Ireland Programme","og_description":"I rith 2022, d\u2019oibrigh an t-eala\u00edont\u00f3ir leabaithe Lisa Fingleton le pobal feirmeoireachta an Daingin chun \u00e9ags\u00fal\u00fa cruthaitheach a dh\u00e9anamh agus iarracht a dh\u00e9anamh aghaidh a thabhairt ar athr\u00fa aer\u00e1ide.","og_url":"https:\/\/www.creativeireland.gov.ie\/ga\/blog\/kerry-climate-action-project-creates-momentum-for-action\/","og_site_name":"Creative Ireland Programme","article_publisher":"https:\/\/www.facebook.com\/CreativeIrl\/","article_modified_time":"2023-12-21T14:49:52+00:00","og_image":[{"width":523,"height":389,"url":"https:\/\/www.creativeireland.gov.ie\/app\/uploads\/2023\/04\/Screenshot-2023-04-06-at-15.14.52.png","type":"image\/png"}],"twitter_card":"summary_large_image","twitter_site":"@creativeirl","schema":{"@context":"https:\/\/schema.org","@graph":[{"@type":"WebPage","@id":"https:\/\/www.creativeireland.gov.ie\/ga\/blog\/kerry-climate-action-project-creates-momentum-for-action\/","url":"https:\/\/www.creativeireland.gov.ie\/ga\/blog\/kerry-climate-action-project-creates-momentum-for-action\/","name":"Kerry climate action project creates \u201cmomentum for action\u201d - Creative Ireland Programme","isPartOf":{"@id":"https:\/\/www.creativeireland.gov.ie\/ga\/#website"},"primaryImageOfPage":{"@id":"https:\/\/www.creativeireland.gov.ie\/ga\/blog\/kerry-climate-action-project-creates-momentum-for-action\/#primaryimage"},"image":{"@id":"https:\/\/www.creativeireland.gov.ie\/ga\/blog\/kerry-climate-action-project-creates-momentum-for-action\/#primaryimage"},"thumbnailUrl":"https:\/\/www.creativeireland.gov.ie\/app\/uploads\/2023\/04\/Screenshot-2023-04-06-at-15.14.52.png","datePublished":"2023-04-20T09:30:57+00:00","dateModified":"2023-12-21T14:49:52+00:00","description":"I rith 2022, d\u2019oibrigh an t-eala\u00edont\u00f3ir leabaithe Lisa Fingleton le pobal feirmeoireachta an Daingin chun \u00e9ags\u00fal\u00fa cruthaitheach a dh\u00e9anamh agus iarracht a dh\u00e9anamh aghaidh a thabhairt ar athr\u00fa aer\u00e1ide.","breadcrumb":{"@id":"https:\/\/www.creativeireland.gov.ie\/ga\/blog\/kerry-climate-action-project-creates-momentum-for-action\/#breadcrumb"},"inLanguage":"ga-IE","potentialAction":[{"@type":"ReadAction","target":["https:\/\/www.creativeireland.gov.ie\/ga\/blog\/kerry-climate-action-project-creates-momentum-for-action\/"]}]},{"@type":"ImageObject","inLanguage":"ga-IE","@id":"https:\/\/www.creativeireland.gov.ie\/ga\/blog\/kerry-climate-action-project-creates-momentum-for-action\/#primaryimage","url":"https:\/\/www.creativeireland.gov.ie\/app\/uploads\/2023\/04\/Screenshot-2023-04-06-at-15.14.52.png","contentUrl":"https:\/\/www.creativeireland.gov.ie\/app\/uploads\/2023\/04\/Screenshot-2023-04-06-at-15.14.52.png","width":523,"height":389,"caption":"Kerry farmer with her cows on a bright day"},{"@type":"BreadcrumbList","@id":"https:\/\/www.creativeireland.gov.ie\/ga\/blog\/kerry-climate-action-project-creates-momentum-for-action\/#breadcrumb","itemListElement":[{"@type":"ListItem","position":1,"name":"Home","item":"https:\/\/www.creativeireland.gov.ie\/ga\/"},{"@type":"ListItem","position":2,"name":"Kerry climate action project creates \u201cmomentum for action\u201d"}]},{"@type":"WebSite","@id":"https:\/\/www.creativeireland.gov.ie\/ga\/#website","url":"https:\/\/www.creativeireland.gov.ie\/ga\/","name":"Creative Ireland Programme","description":"The Creative Ireland Programme is guided by a vision that every person in Ireland will have the opportunity to realise their full creative potential. It is a five year all-of-Government initiative, from 2017 to 2022, to place creativity at the centre of public policy.","potentialAction":[{"@type":"SearchAction","target":{"@type":"EntryPoint","urlTemplate":"https:\/\/www.creativeireland.gov.ie\/ga\/?s={search_term_string}"},"query-input":{"@type":"PropertyValueSpecification","valueRequired":true,"valueName":"search_term_string"}}],"inLanguage":"ga-IE"}]}},"_links":{"self":[{"href":"https:\/\/www.creativeireland.gov.ie\/ga\/wp-json\/wp\/v2\/creativenation\/28432","targetHints":{"allow":["GET"]}}],"collection":[{"href":"https:\/\/www.creativeireland.gov.ie\/ga\/wp-json\/wp\/v2\/creativenation"}],"about":[{"href":"https:\/\/www.creativeireland.gov.ie\/ga\/wp-json\/wp\/v2\/types\/creativenation"}],"wp:featuredmedia":[{"embeddable":true,"href":"https:\/\/www.creativeireland.gov.ie\/ga\/wp-json\/wp\/v2\/media\/24243"}],"wp:attachment":[{"href":"https:\/\/www.creativeireland.gov.ie\/ga\/wp-json\/wp\/v2\/media?parent=28432"}],"wp:term":[{"taxonomy":"category","embeddable":true,"href":"https:\/\/www.creativeireland.gov.ie\/ga\/wp-json\/wp\/v2\/categories?post=28432"},{"taxonomy":"creativenation-tags","embeddable":true,"href":"https:\/\/www.creativeireland.gov.ie\/ga\/wp-json\/wp\/v2\/creativenation-tags?post=28432"}],"curies":[{"name":"wp","href":"https:\/\/api.w.org\/{rel}","templated":true}]}}

<!-- This site is optimized with the Yoast SEO plugin v25.9 - https://yoast.com/wordpress/plugins/seo/ -->
<title>Kerry climate action project creates “momentum for action” - Creative Ireland Programme</title>
<meta name="description" content="I rith 2022, d’oibrigh an t-ealaíontóir leabaithe Lisa Fingleton le pobal feirmeoireachta an Daingin chun éagsúlú cruthaitheach a dhéanamh agus iarracht a dhéanamh aghaidh a thabhairt ar athrú aeráide." />
<meta name="robots" content="index, follow, max-snippet:-1, max-image-preview:large, max-video-preview:-1" />
<link rel="canonical" href="https://www.creativeireland.gov.ie/ga/blog/kerry-climate-action-project-creates-momentum-for-action/" />
<meta property="og:locale" content="ga_IE" />
<meta property="og:type" content="article" />
<meta property="og:title" content="Kerry climate action project creates “momentum for action” - Creative Ireland Programme" />
<meta property="og:description" content="I rith 2022, d’oibrigh an t-ealaíontóir leabaithe Lisa Fingleton le pobal feirmeoireachta an Daingin chun éagsúlú cruthaitheach a dhéanamh agus iarracht a dhéanamh aghaidh a thabhairt ar athrú aeráide." />
<meta property="og:url" content="https://www.creativeireland.gov.ie/ga/blog/kerry-climate-action-project-creates-momentum-for-action/" />
<meta property="og:site_name" content="Creative Ireland Programme" />
<meta property="article:publisher" content="https://www.facebook.com/CreativeIrl/" />
<meta property="article:modified_time" content="2023-12-21T14:49:52+00:00" />
<meta property="og:image" content="https://www.creativeireland.gov.ie/app/uploads/2023/04/Screenshot-2023-04-06-at-15.14.52.png" />
	<meta property="og:image:width" content="523" />
	<meta property="og:image:height" content="389" />
	<meta property="og:image:type" content="image/png" />
<meta name="twitter:card" content="summary_large_image" />
<meta name="twitter:site" content="@creativeirl" />
<script type="application/ld+json" class="yoast-schema-graph">{"@context":"https://schema.org","@graph":[{"@type":"WebPage","@id":"https://www.creativeireland.gov.ie/ga/blog/kerry-climate-action-project-creates-momentum-for-action/","url":"https://www.creativeireland.gov.ie/ga/blog/kerry-climate-action-project-creates-momentum-for-action/","name":"Kerry climate action project creates “momentum for action” - Creative Ireland Programme","isPartOf":{"@id":"https://www.creativeireland.gov.ie/ga/#website"},"primaryImageOfPage":{"@id":"https://www.creativeireland.gov.ie/ga/blog/kerry-climate-action-project-creates-momentum-for-action/#primaryimage"},"image":{"@id":"https://www.creativeireland.gov.ie/ga/blog/kerry-climate-action-project-creates-momentum-for-action/#primaryimage"},"thumbnailUrl":"https://www.creativeireland.gov.ie/app/uploads/2023/04/Screenshot-2023-04-06-at-15.14.52.png","datePublished":"2023-04-20T09:30:57+00:00","dateModified":"2023-12-21T14:49:52+00:00","description":"I rith 2022, d’oibrigh an t-ealaíontóir leabaithe Lisa Fingleton le pobal feirmeoireachta an Daingin chun éagsúlú cruthaitheach a dhéanamh agus iarracht a dhéanamh aghaidh a thabhairt ar athrú aeráide.","breadcrumb":{"@id":"https://www.creativeireland.gov.ie/ga/blog/kerry-climate-action-project-creates-momentum-for-action/#breadcrumb"},"inLanguage":"ga-IE","potentialAction":[{"@type":"ReadAction","target":["https://www.creativeireland.gov.ie/ga/blog/kerry-climate-action-project-creates-momentum-for-action/"]}]},{"@type":"ImageObject","inLanguage":"ga-IE","@id":"https://www.creativeireland.gov.ie/ga/blog/kerry-climate-action-project-creates-momentum-for-action/#primaryimage","url":"https://www.creativeireland.gov.ie/app/uploads/2023/04/Screenshot-2023-04-06-at-15.14.52.png","contentUrl":"https://www.creativeireland.gov.ie/app/uploads/2023/04/Screenshot-2023-04-06-at-15.14.52.png","width":523,"height":389,"caption":"Kerry farmer with her cows on a bright day"},{"@type":"BreadcrumbList","@id":"https://www.creativeireland.gov.ie/ga/blog/kerry-climate-action-project-creates-momentum-for-action/#breadcrumb","itemListElement":[{"@type":"ListItem","position":1,"name":"Home","item":"https://www.creativeireland.gov.ie/ga/"},{"@type":"ListItem","position":2,"name":"Kerry climate action project creates “momentum for action”"}]},{"@type":"WebSite","@id":"https://www.creativeireland.gov.ie/ga/#website","url":"https://www.creativeireland.gov.ie/ga/","name":"Creative Ireland Programme","description":"The Creative Ireland Programme is guided by a vision that every person in Ireland will have the opportunity to realise their full creative potential. It is a five year all-of-Government initiative, from 2017 to 2022, to place creativity at the centre of public policy.","potentialAction":[{"@type":"SearchAction","target":{"@type":"EntryPoint","urlTemplate":"https://www.creativeireland.gov.ie/ga/?s={search_term_string}"},"query-input":{"@type":"PropertyValueSpecification","valueRequired":true,"valueName":"search_term_string"}}],"inLanguage":"ga-IE"}]}</script>
<!-- / Yoast SEO plugin. -->

I rith 2022, d’oibrigh an t-ealaíontóir leabaithe Lisa Fingleton le pobal feirmeoireachta an Daingin chun éagsúlú cruthaitheach a dhéanamh agus iarracht a dhéanamh aghaidh a thabhairt ar athrú aeráide.
