{"id":29883,"date":"2024-01-19T12:17:00","date_gmt":"2024-01-19T12:17:00","guid":{"rendered":"https:\/\/www.creativeireland.gov.ie\/?post_type=creativenation&#038;p=29883"},"modified":"2024-04-18T12:23:48","modified_gmt":"2024-04-18T11:23:48","slug":"dun-laoghaire-rathdown-creative-brainwaves-dementia-inclusive-creative-programme","status":"publish","type":"creativenation","link":"https:\/\/www.creativeireland.gov.ie\/ga\/blog\/dun-laoghaire-rathdown-creative-brainwaves-dementia-inclusive-creative-programme\/","title":{"rendered":"D\u00fan Laoghaire R\u00e1th an D\u00fain: Creative Brainwaves, Cl\u00e1r Cruthaitheach a Ionchuims\u00edonn Daoine a bhfuil N\u00e9altr\u00fa orthu"},"content":{"rendered":"","protected":false},"featured_media":29761,"menu_order":0,"template":"page-creative-nation-advanced-content.php","categories":[337],"creativenation-tags":[],"class_list":["post-29883","creativenation","type-creativenation","status-publish","has-post-thumbnail","hentry","category-creativity-in-older-age-ga"],"acf":[],"yoast_head":"<!-- This site is optimized with the Yoast SEO plugin v25.9 - https:\/\/yoast.com\/wordpress\/plugins\/seo\/ -->\n<title>D\u00fan Laoghaire R\u00e1th an D\u00fain: Creative Brainwaves, Cl\u00e1r Cruthaitheach a Ionchuims\u00edonn Daoine a bhfuil N\u00e9altr\u00fa orthu - Creative Ireland Programme<\/title>\n<meta name=\"description\" content=\"Cl\u00e1r spreag\u00fail, nu\u00e1lach ab ea Creative Brainwaves, a cuireadh ar f\u00e1il le linn 2023 agus \u00e9 mar aidhm aige cur leis an tuiscint at\u00e1 ar an gcaoi gur f\u00e9idir leis an gcruthaitheacht feabhas chur ar shaol na ndaoine a bhfuil n\u00e9altr\u00fa orthu.\" \/>\n<meta name=\"robots\" content=\"index, follow, max-snippet:-1, max-image-preview:large, max-video-preview:-1\" \/>\n<link rel=\"canonical\" href=\"https:\/\/www.creativeireland.gov.ie\/ga\/blog\/dun-laoghaire-rathdown-creative-brainwaves-dementia-inclusive-creative-programme\/\" \/>\n<meta property=\"og:locale\" content=\"ga_IE\" \/>\n<meta property=\"og:type\" content=\"article\" \/>\n<meta property=\"og:title\" content=\"D\u00fan Laoghaire R\u00e1th an D\u00fain: Creative Brainwaves, Cl\u00e1r Cruthaitheach a Ionchuims\u00edonn Daoine a bhfuil N\u00e9altr\u00fa orthu - Creative Ireland Programme\" \/>\n<meta property=\"og:url\" content=\"https:\/\/www.creativeireland.gov.ie\/ga\/blog\/dun-laoghaire-rathdown-creative-brainwaves-dementia-inclusive-creative-programme\/\" \/>\n<meta property=\"og:site_name\" content=\"Creative Ireland Programme\" \/>\n<meta property=\"article:publisher\" content=\"https:\/\/www.facebook.com\/CreativeIrl\/\" \/>\n<meta property=\"article:modified_time\" content=\"2024-04-18T11:23:48+00:00\" \/>\n<meta property=\"og:image\" content=\"https:\/\/www.creativeireland.gov.ie\/app\/uploads\/2024\/04\/multisensory-art-project-in-care-setting-2.jpg\" \/>\n\t<meta property=\"og:image:width\" content=\"1581\" \/>\n\t<meta property=\"og:image:height\" content=\"1294\" \/>\n\t<meta property=\"og:image:type\" content=\"image\/jpeg\" \/>\n<meta name=\"twitter:card\" content=\"summary_large_image\" \/>\n<meta name=\"twitter:site\" content=\"@creativeirl\" \/>\n<script type=\"application\/ld+json\" class=\"yoast-schema-graph\">{\"@context\":\"https:\/\/schema.org\",\"@graph\":[{\"@type\":\"WebPage\",\"@id\":\"https:\/\/www.creativeireland.gov.ie\/ga\/blog\/dun-laoghaire-rathdown-creative-brainwaves-dementia-inclusive-creative-programme\/\",\"url\":\"https:\/\/www.creativeireland.gov.ie\/ga\/blog\/dun-laoghaire-rathdown-creative-brainwaves-dementia-inclusive-creative-programme\/\",\"name\":\"D\u00fan Laoghaire R\u00e1th an D\u00fain: Creative Brainwaves, Cl\u00e1r Cruthaitheach a Ionchuims\u00edonn Daoine a bhfuil N\u00e9altr\u00fa orthu - Creative Ireland Programme\",\"isPartOf\":{\"@id\":\"https:\/\/www.creativeireland.gov.ie\/ga\/#website\"},\"primaryImageOfPage\":{\"@id\":\"https:\/\/www.creativeireland.gov.ie\/ga\/blog\/dun-laoghaire-rathdown-creative-brainwaves-dementia-inclusive-creative-programme\/#primaryimage\"},\"image\":{\"@id\":\"https:\/\/www.creativeireland.gov.ie\/ga\/blog\/dun-laoghaire-rathdown-creative-brainwaves-dementia-inclusive-creative-programme\/#primaryimage\"},\"thumbnailUrl\":\"https:\/\/www.creativeireland.gov.ie\/app\/uploads\/2024\/04\/multisensory-art-project-in-care-setting-2.jpg\",\"datePublished\":\"2024-01-19T12:17:00+00:00\",\"dateModified\":\"2024-04-18T11:23:48+00:00\",\"breadcrumb\":{\"@id\":\"https:\/\/www.creativeireland.gov.ie\/ga\/blog\/dun-laoghaire-rathdown-creative-brainwaves-dementia-inclusive-creative-programme\/#breadcrumb\"},\"inLanguage\":\"ga-IE\",\"potentialAction\":[{\"@type\":\"ReadAction\",\"target\":[\"https:\/\/www.creativeireland.gov.ie\/ga\/blog\/dun-laoghaire-rathdown-creative-brainwaves-dementia-inclusive-creative-programme\/\"]}]},{\"@type\":\"ImageObject\",\"inLanguage\":\"ga-IE\",\"@id\":\"https:\/\/www.creativeireland.gov.ie\/ga\/blog\/dun-laoghaire-rathdown-creative-brainwaves-dementia-inclusive-creative-programme\/#primaryimage\",\"url\":\"https:\/\/www.creativeireland.gov.ie\/app\/uploads\/2024\/04\/multisensory-art-project-in-care-setting-2.jpg\",\"contentUrl\":\"https:\/\/www.creativeireland.gov.ie\/app\/uploads\/2024\/04\/multisensory-art-project-in-care-setting-2.jpg\",\"width\":1581,\"height\":1294},{\"@type\":\"BreadcrumbList\",\"@id\":\"https:\/\/www.creativeireland.gov.ie\/ga\/blog\/dun-laoghaire-rathdown-creative-brainwaves-dementia-inclusive-creative-programme\/#breadcrumb\",\"itemListElement\":[{\"@type\":\"ListItem\",\"position\":1,\"name\":\"Home\",\"item\":\"https:\/\/www.creativeireland.gov.ie\/ga\/\"},{\"@type\":\"ListItem\",\"position\":2,\"name\":\"D\u00fan Laoghaire R\u00e1th an D\u00fain: Creative Brainwaves, Cl\u00e1r Cruthaitheach a Ionchuims\u00edonn Daoine a bhfuil N\u00e9altr\u00fa orthu\"}]},{\"@type\":\"WebSite\",\"@id\":\"https:\/\/www.creativeireland.gov.ie\/ga\/#website\",\"url\":\"https:\/\/www.creativeireland.gov.ie\/ga\/\",\"name\":\"Creative Ireland Programme\",\"description\":\"The Creative Ireland Programme is guided by a vision that every person in Ireland will have the opportunity to realise their full creative potential. It is a five year all-of-Government initiative, from 2017 to 2022, to place creativity at the centre of public policy.\",\"potentialAction\":[{\"@type\":\"SearchAction\",\"target\":{\"@type\":\"EntryPoint\",\"urlTemplate\":\"https:\/\/www.creativeireland.gov.ie\/ga\/?s={search_term_string}\"},\"query-input\":{\"@type\":\"PropertyValueSpecification\",\"valueRequired\":true,\"valueName\":\"search_term_string\"}}],\"inLanguage\":\"ga-IE\"}]}<\/script>\n<!-- \/ Yoast SEO plugin. -->","yoast_head_json":{"title":"D\u00fan Laoghaire R\u00e1th an D\u00fain: Creative Brainwaves, Cl\u00e1r Cruthaitheach a Ionchuims\u00edonn Daoine a bhfuil N\u00e9altr\u00fa orthu - Creative Ireland Programme","description":"Cl\u00e1r spreag\u00fail, nu\u00e1lach ab ea Creative Brainwaves, a cuireadh ar f\u00e1il le linn 2023 agus \u00e9 mar aidhm aige cur leis an tuiscint at\u00e1 ar an gcaoi gur f\u00e9idir leis an gcruthaitheacht feabhas chur ar shaol na ndaoine a bhfuil n\u00e9altr\u00fa orthu.","robots":{"index":"index","follow":"follow","max-snippet":"max-snippet:-1","max-image-preview":"max-image-preview:large","max-video-preview":"max-video-preview:-1"},"canonical":"https:\/\/www.creativeireland.gov.ie\/ga\/blog\/dun-laoghaire-rathdown-creative-brainwaves-dementia-inclusive-creative-programme\/","og_locale":"ga_IE","og_type":"article","og_title":"D\u00fan Laoghaire R\u00e1th an D\u00fain: Creative Brainwaves, Cl\u00e1r Cruthaitheach a Ionchuims\u00edonn Daoine a bhfuil N\u00e9altr\u00fa orthu - Creative Ireland Programme","og_url":"https:\/\/www.creativeireland.gov.ie\/ga\/blog\/dun-laoghaire-rathdown-creative-brainwaves-dementia-inclusive-creative-programme\/","og_site_name":"Creative Ireland Programme","article_publisher":"https:\/\/www.facebook.com\/CreativeIrl\/","article_modified_time":"2024-04-18T11:23:48+00:00","og_image":[{"width":1581,"height":1294,"url":"https:\/\/www.creativeireland.gov.ie\/app\/uploads\/2024\/04\/multisensory-art-project-in-care-setting-2.jpg","type":"image\/jpeg"}],"twitter_card":"summary_large_image","twitter_site":"@creativeirl","schema":{"@context":"https:\/\/schema.org","@graph":[{"@type":"WebPage","@id":"https:\/\/www.creativeireland.gov.ie\/ga\/blog\/dun-laoghaire-rathdown-creative-brainwaves-dementia-inclusive-creative-programme\/","url":"https:\/\/www.creativeireland.gov.ie\/ga\/blog\/dun-laoghaire-rathdown-creative-brainwaves-dementia-inclusive-creative-programme\/","name":"D\u00fan Laoghaire R\u00e1th an D\u00fain: Creative Brainwaves, Cl\u00e1r Cruthaitheach a Ionchuims\u00edonn Daoine a bhfuil N\u00e9altr\u00fa orthu - Creative Ireland Programme","isPartOf":{"@id":"https:\/\/www.creativeireland.gov.ie\/ga\/#website"},"primaryImageOfPage":{"@id":"https:\/\/www.creativeireland.gov.ie\/ga\/blog\/dun-laoghaire-rathdown-creative-brainwaves-dementia-inclusive-creative-programme\/#primaryimage"},"image":{"@id":"https:\/\/www.creativeireland.gov.ie\/ga\/blog\/dun-laoghaire-rathdown-creative-brainwaves-dementia-inclusive-creative-programme\/#primaryimage"},"thumbnailUrl":"https:\/\/www.creativeireland.gov.ie\/app\/uploads\/2024\/04\/multisensory-art-project-in-care-setting-2.jpg","datePublished":"2024-01-19T12:17:00+00:00","dateModified":"2024-04-18T11:23:48+00:00","breadcrumb":{"@id":"https:\/\/www.creativeireland.gov.ie\/ga\/blog\/dun-laoghaire-rathdown-creative-brainwaves-dementia-inclusive-creative-programme\/#breadcrumb"},"inLanguage":"ga-IE","potentialAction":[{"@type":"ReadAction","target":["https:\/\/www.creativeireland.gov.ie\/ga\/blog\/dun-laoghaire-rathdown-creative-brainwaves-dementia-inclusive-creative-programme\/"]}]},{"@type":"ImageObject","inLanguage":"ga-IE","@id":"https:\/\/www.creativeireland.gov.ie\/ga\/blog\/dun-laoghaire-rathdown-creative-brainwaves-dementia-inclusive-creative-programme\/#primaryimage","url":"https:\/\/www.creativeireland.gov.ie\/app\/uploads\/2024\/04\/multisensory-art-project-in-care-setting-2.jpg","contentUrl":"https:\/\/www.creativeireland.gov.ie\/app\/uploads\/2024\/04\/multisensory-art-project-in-care-setting-2.jpg","width":1581,"height":1294},{"@type":"BreadcrumbList","@id":"https:\/\/www.creativeireland.gov.ie\/ga\/blog\/dun-laoghaire-rathdown-creative-brainwaves-dementia-inclusive-creative-programme\/#breadcrumb","itemListElement":[{"@type":"ListItem","position":1,"name":"Home","item":"https:\/\/www.creativeireland.gov.ie\/ga\/"},{"@type":"ListItem","position":2,"name":"D\u00fan Laoghaire R\u00e1th an D\u00fain: Creative Brainwaves, Cl\u00e1r Cruthaitheach a Ionchuims\u00edonn Daoine a bhfuil N\u00e9altr\u00fa orthu"}]},{"@type":"WebSite","@id":"https:\/\/www.creativeireland.gov.ie\/ga\/#website","url":"https:\/\/www.creativeireland.gov.ie\/ga\/","name":"Creative Ireland Programme","description":"The Creative Ireland Programme is guided by a vision that every person in Ireland will have the opportunity to realise their full creative potential. It is a five year all-of-Government initiative, from 2017 to 2022, to place creativity at the centre of public policy.","potentialAction":[{"@type":"SearchAction","target":{"@type":"EntryPoint","urlTemplate":"https:\/\/www.creativeireland.gov.ie\/ga\/?s={search_term_string}"},"query-input":{"@type":"PropertyValueSpecification","valueRequired":true,"valueName":"search_term_string"}}],"inLanguage":"ga-IE"}]}},"_links":{"self":[{"href":"https:\/\/www.creativeireland.gov.ie\/ga\/wp-json\/wp\/v2\/creativenation\/29883","targetHints":{"allow":["GET"]}}],"collection":[{"href":"https:\/\/www.creativeireland.gov.ie\/ga\/wp-json\/wp\/v2\/creativenation"}],"about":[{"href":"https:\/\/www.creativeireland.gov.ie\/ga\/wp-json\/wp\/v2\/types\/creativenation"}],"wp:featuredmedia":[{"embeddable":true,"href":"https:\/\/www.creativeireland.gov.ie\/ga\/wp-json\/wp\/v2\/media\/29761"}],"wp:attachment":[{"href":"https:\/\/www.creativeireland.gov.ie\/ga\/wp-json\/wp\/v2\/media?parent=29883"}],"wp:term":[{"taxonomy":"category","embeddable":true,"href":"https:\/\/www.creativeireland.gov.ie\/ga\/wp-json\/wp\/v2\/categories?post=29883"},{"taxonomy":"creativenation-tags","embeddable":true,"href":"https:\/\/www.creativeireland.gov.ie\/ga\/wp-json\/wp\/v2\/creativenation-tags?post=29883"}],"curies":[{"name":"wp","href":"https:\/\/api.w.org\/{rel}","templated":true}]}}

Dún Laoghaire Ráth an Dúin: Creative Brainwaves, Clár Cruthaitheach a Ionchuimsíonn Daoine a bhfuil Néaltrú orthu

<!-- This site is optimized with the Yoast SEO plugin v25.9 - https://yoast.com/wordpress/plugins/seo/ -->
<title>Dún Laoghaire Ráth an Dúin: Creative Brainwaves, Clár Cruthaitheach a Ionchuimsíonn Daoine a bhfuil Néaltrú orthu - Creative Ireland Programme</title>
<meta name="description" content="Clár spreagúil, nuálach ab ea Creative Brainwaves, a cuireadh ar fáil le linn 2023 agus é mar aidhm aige cur leis an tuiscint atá ar an gcaoi gur féidir leis an gcruthaitheacht feabhas chur ar shaol na ndaoine a bhfuil néaltrú orthu." />
<meta name="robots" content="index, follow, max-snippet:-1, max-image-preview:large, max-video-preview:-1" />
<link rel="canonical" href="https://www.creativeireland.gov.ie/ga/blog/dun-laoghaire-rathdown-creative-brainwaves-dementia-inclusive-creative-programme/" />
<meta property="og:locale" content="ga_IE" />
<meta property="og:type" content="article" />
<meta property="og:title" content="Dún Laoghaire Ráth an Dúin: Creative Brainwaves, Clár Cruthaitheach a Ionchuimsíonn Daoine a bhfuil Néaltrú orthu - Creative Ireland Programme" />
<meta property="og:url" content="https://www.creativeireland.gov.ie/ga/blog/dun-laoghaire-rathdown-creative-brainwaves-dementia-inclusive-creative-programme/" />
<meta property="og:site_name" content="Creative Ireland Programme" />
<meta property="article:publisher" content="https://www.facebook.com/CreativeIrl/" />
<meta property="article:modified_time" content="2024-04-18T11:23:48+00:00" />
<meta property="og:image" content="https://www.creativeireland.gov.ie/app/uploads/2024/04/multisensory-art-project-in-care-setting-2.jpg" />
	<meta property="og:image:width" content="1581" />
	<meta property="og:image:height" content="1294" />
	<meta property="og:image:type" content="image/jpeg" />
<meta name="twitter:card" content="summary_large_image" />
<meta name="twitter:site" content="@creativeirl" />
<script type="application/ld+json" class="yoast-schema-graph">{"@context":"https://schema.org","@graph":[{"@type":"WebPage","@id":"https://www.creativeireland.gov.ie/ga/blog/dun-laoghaire-rathdown-creative-brainwaves-dementia-inclusive-creative-programme/","url":"https://www.creativeireland.gov.ie/ga/blog/dun-laoghaire-rathdown-creative-brainwaves-dementia-inclusive-creative-programme/","name":"Dún Laoghaire Ráth an Dúin: Creative Brainwaves, Clár Cruthaitheach a Ionchuimsíonn Daoine a bhfuil Néaltrú orthu - Creative Ireland Programme","isPartOf":{"@id":"https://www.creativeireland.gov.ie/ga/#website"},"primaryImageOfPage":{"@id":"https://www.creativeireland.gov.ie/ga/blog/dun-laoghaire-rathdown-creative-brainwaves-dementia-inclusive-creative-programme/#primaryimage"},"image":{"@id":"https://www.creativeireland.gov.ie/ga/blog/dun-laoghaire-rathdown-creative-brainwaves-dementia-inclusive-creative-programme/#primaryimage"},"thumbnailUrl":"https://www.creativeireland.gov.ie/app/uploads/2024/04/multisensory-art-project-in-care-setting-2.jpg","datePublished":"2024-01-19T12:17:00+00:00","dateModified":"2024-04-18T11:23:48+00:00","breadcrumb":{"@id":"https://www.creativeireland.gov.ie/ga/blog/dun-laoghaire-rathdown-creative-brainwaves-dementia-inclusive-creative-programme/#breadcrumb"},"inLanguage":"ga-IE","potentialAction":[{"@type":"ReadAction","target":["https://www.creativeireland.gov.ie/ga/blog/dun-laoghaire-rathdown-creative-brainwaves-dementia-inclusive-creative-programme/"]}]},{"@type":"ImageObject","inLanguage":"ga-IE","@id":"https://www.creativeireland.gov.ie/ga/blog/dun-laoghaire-rathdown-creative-brainwaves-dementia-inclusive-creative-programme/#primaryimage","url":"https://www.creativeireland.gov.ie/app/uploads/2024/04/multisensory-art-project-in-care-setting-2.jpg","contentUrl":"https://www.creativeireland.gov.ie/app/uploads/2024/04/multisensory-art-project-in-care-setting-2.jpg","width":1581,"height":1294},{"@type":"BreadcrumbList","@id":"https://www.creativeireland.gov.ie/ga/blog/dun-laoghaire-rathdown-creative-brainwaves-dementia-inclusive-creative-programme/#breadcrumb","itemListElement":[{"@type":"ListItem","position":1,"name":"Home","item":"https://www.creativeireland.gov.ie/ga/"},{"@type":"ListItem","position":2,"name":"Dún Laoghaire Ráth an Dúin: Creative Brainwaves, Clár Cruthaitheach a Ionchuimsíonn Daoine a bhfuil Néaltrú orthu"}]},{"@type":"WebSite","@id":"https://www.creativeireland.gov.ie/ga/#website","url":"https://www.creativeireland.gov.ie/ga/","name":"Creative Ireland Programme","description":"The Creative Ireland Programme is guided by a vision that every person in Ireland will have the opportunity to realise their full creative potential. It is a five year all-of-Government initiative, from 2017 to 2022, to place creativity at the centre of public policy.","potentialAction":[{"@type":"SearchAction","target":{"@type":"EntryPoint","urlTemplate":"https://www.creativeireland.gov.ie/ga/?s={search_term_string}"},"query-input":{"@type":"PropertyValueSpecification","valueRequired":true,"valueName":"search_term_string"}}],"inLanguage":"ga-IE"}]}</script>
<!-- / Yoast SEO plugin. -->

Dún Laoghaire Ráth an Dúin: Creative Brainwaves, Clár Cruthaitheach a Ionchuimsíonn Daoine a bhfuil Néaltrú orthu - Creative Ireland Programme

Clár spreagúil, nuálach ab ea Creative Brainwaves, a cuireadh ar fáil le linn 2023 agus é mar aidhm aige cur leis an tuiscint atá ar an gcaoi gur féidir leis an gcruthaitheacht feabhas chur ar shaol na ndaoine a bhfuil néaltrú orthu.
