{"id":32139,"date":"2024-08-02T13:24:23","date_gmt":"2024-08-02T12:24:23","guid":{"rendered":"https:\/\/www.creativeireland.gov.ie\/?post_type=creativenation&#038;p=32139"},"modified":"2024-08-02T13:24:24","modified_gmt":"2024-08-02T12:24:24","slug":"osclaitear-kinship-ecolab-i-bpairc-ghleann-na-tra-moire","status":"publish","type":"creativenation","link":"https:\/\/www.creativeireland.gov.ie\/ga\/blog\/osclaitear-kinship-ecolab-i-bpairc-ghleann-na-tra-moire\/","title":{"rendered":"<strong>Oscla\u00edtear KinShip EcoLab<\/strong><strong><\/strong>"},"content":{"rendered":"\n<p><strong>i bP\u00e1irc Ghleann na Tr\u00e1 M\u00f3ire<\/strong><strong><\/strong><\/p>\n","protected":false},"featured_media":31185,"menu_order":0,"template":"page-creative-nation-advanced-content.php","categories":[339],"creativenation-tags":[],"class_list":["post-32139","creativenation","type-creativenation","status-publish","has-post-thumbnail","hentry","category-creativity-and-climate-change-ga"],"acf":[],"yoast_head":"<!-- This site is optimized with the Yoast SEO plugin v25.9 - https:\/\/yoast.com\/wordpress\/plugins\/seo\/ -->\n<title>Oscla\u00edtear KinShip EcoLab - Creative Ireland Programme<\/title>\n<meta name=\"description\" content=\"Oscla\u00edtear KinShip EcoLabi bP\u00e1irc Ghleann na Tr\u00e1 M\u00f3ire\" \/>\n<meta name=\"robots\" content=\"index, follow, max-snippet:-1, max-image-preview:large, max-video-preview:-1\" \/>\n<link rel=\"canonical\" href=\"https:\/\/www.creativeireland.gov.ie\/ga\/blog\/osclaitear-kinship-ecolab-i-bpairc-ghleann-na-tra-moire\/\" \/>\n<meta property=\"og:locale\" content=\"ga_IE\" \/>\n<meta property=\"og:type\" content=\"article\" \/>\n<meta property=\"og:title\" content=\"Oscla\u00edtear KinShip EcoLab - Creative Ireland Programme\" \/>\n<meta property=\"og:description\" content=\"Oscla\u00edtear KinShip EcoLabi bP\u00e1irc Ghleann na Tr\u00e1 M\u00f3ire\" \/>\n<meta property=\"og:url\" content=\"https:\/\/www.creativeireland.gov.ie\/ga\/blog\/osclaitear-kinship-ecolab-i-bpairc-ghleann-na-tra-moire\/\" \/>\n<meta property=\"og:site_name\" content=\"Creative Ireland Programme\" \/>\n<meta property=\"article:publisher\" content=\"https:\/\/www.facebook.com\/CreativeIrl\/\" \/>\n<meta property=\"article:modified_time\" content=\"2024-08-02T12:24:24+00:00\" \/>\n<meta property=\"og:image\" content=\"https:\/\/www.creativeireland.gov.ie\/app\/uploads\/2024\/07\/Image-2-LLGG--scaled.jpg\" \/>\n\t<meta property=\"og:image:width\" content=\"2560\" \/>\n\t<meta property=\"og:image:height\" content=\"1707\" \/>\n\t<meta property=\"og:image:type\" content=\"image\/jpeg\" \/>\n<meta name=\"twitter:card\" content=\"summary_large_image\" \/>\n<meta name=\"twitter:site\" content=\"@creativeirl\" \/>\n<meta name=\"twitter:label1\" content=\"Est. reading time\" \/>\n\t<meta name=\"twitter:data1\" content=\"1 minute\" \/>\n<script type=\"application\/ld+json\" class=\"yoast-schema-graph\">{\"@context\":\"https:\/\/schema.org\",\"@graph\":[{\"@type\":\"WebPage\",\"@id\":\"https:\/\/www.creativeireland.gov.ie\/ga\/blog\/osclaitear-kinship-ecolab-i-bpairc-ghleann-na-tra-moire\/\",\"url\":\"https:\/\/www.creativeireland.gov.ie\/ga\/blog\/osclaitear-kinship-ecolab-i-bpairc-ghleann-na-tra-moire\/\",\"name\":\"Oscla\u00edtear KinShip EcoLab - Creative Ireland Programme\",\"isPartOf\":{\"@id\":\"https:\/\/www.creativeireland.gov.ie\/ga\/#website\"},\"primaryImageOfPage\":{\"@id\":\"https:\/\/www.creativeireland.gov.ie\/ga\/blog\/osclaitear-kinship-ecolab-i-bpairc-ghleann-na-tra-moire\/#primaryimage\"},\"image\":{\"@id\":\"https:\/\/www.creativeireland.gov.ie\/ga\/blog\/osclaitear-kinship-ecolab-i-bpairc-ghleann-na-tra-moire\/#primaryimage\"},\"thumbnailUrl\":\"https:\/\/www.creativeireland.gov.ie\/app\/uploads\/2024\/07\/Image-2-LLGG--scaled.jpg\",\"datePublished\":\"2024-08-02T12:24:23+00:00\",\"dateModified\":\"2024-08-02T12:24:24+00:00\",\"description\":\"Oscla\u00edtear KinShip EcoLabi bP\u00e1irc Ghleann na Tr\u00e1 M\u00f3ire\",\"breadcrumb\":{\"@id\":\"https:\/\/www.creativeireland.gov.ie\/ga\/blog\/osclaitear-kinship-ecolab-i-bpairc-ghleann-na-tra-moire\/#breadcrumb\"},\"inLanguage\":\"ga-IE\",\"potentialAction\":[{\"@type\":\"ReadAction\",\"target\":[\"https:\/\/www.creativeireland.gov.ie\/ga\/blog\/osclaitear-kinship-ecolab-i-bpairc-ghleann-na-tra-moire\/\"]}]},{\"@type\":\"ImageObject\",\"inLanguage\":\"ga-IE\",\"@id\":\"https:\/\/www.creativeireland.gov.ie\/ga\/blog\/osclaitear-kinship-ecolab-i-bpairc-ghleann-na-tra-moire\/#primaryimage\",\"url\":\"https:\/\/www.creativeireland.gov.ie\/app\/uploads\/2024\/07\/Image-2-LLGG--scaled.jpg\",\"contentUrl\":\"https:\/\/www.creativeireland.gov.ie\/app\/uploads\/2024\/07\/Image-2-LLGG--scaled.jpg\",\"width\":2560,\"height\":1707,\"caption\":\"Freddie Grennall\"},{\"@type\":\"BreadcrumbList\",\"@id\":\"https:\/\/www.creativeireland.gov.ie\/ga\/blog\/osclaitear-kinship-ecolab-i-bpairc-ghleann-na-tra-moire\/#breadcrumb\",\"itemListElement\":[{\"@type\":\"ListItem\",\"position\":1,\"name\":\"Home\",\"item\":\"https:\/\/www.creativeireland.gov.ie\/ga\/\"},{\"@type\":\"ListItem\",\"position\":2,\"name\":\"Oscla\u00edtear KinShip EcoLab\"}]},{\"@type\":\"WebSite\",\"@id\":\"https:\/\/www.creativeireland.gov.ie\/ga\/#website\",\"url\":\"https:\/\/www.creativeireland.gov.ie\/ga\/\",\"name\":\"Creative Ireland Programme\",\"description\":\"The Creative Ireland Programme is guided by a vision that every person in Ireland will have the opportunity to realise their full creative potential. It is a five year all-of-Government initiative, from 2017 to 2022, to place creativity at the centre of public policy.\",\"potentialAction\":[{\"@type\":\"SearchAction\",\"target\":{\"@type\":\"EntryPoint\",\"urlTemplate\":\"https:\/\/www.creativeireland.gov.ie\/ga\/?s={search_term_string}\"},\"query-input\":{\"@type\":\"PropertyValueSpecification\",\"valueRequired\":true,\"valueName\":\"search_term_string\"}}],\"inLanguage\":\"ga-IE\"}]}<\/script>\n<!-- \/ Yoast SEO plugin. -->","yoast_head_json":{"title":"Oscla\u00edtear KinShip EcoLab - Creative Ireland Programme","description":"Oscla\u00edtear KinShip EcoLabi bP\u00e1irc Ghleann na Tr\u00e1 M\u00f3ire","robots":{"index":"index","follow":"follow","max-snippet":"max-snippet:-1","max-image-preview":"max-image-preview:large","max-video-preview":"max-video-preview:-1"},"canonical":"https:\/\/www.creativeireland.gov.ie\/ga\/blog\/osclaitear-kinship-ecolab-i-bpairc-ghleann-na-tra-moire\/","og_locale":"ga_IE","og_type":"article","og_title":"Oscla\u00edtear KinShip EcoLab - Creative Ireland Programme","og_description":"Oscla\u00edtear KinShip EcoLabi bP\u00e1irc Ghleann na Tr\u00e1 M\u00f3ire","og_url":"https:\/\/www.creativeireland.gov.ie\/ga\/blog\/osclaitear-kinship-ecolab-i-bpairc-ghleann-na-tra-moire\/","og_site_name":"Creative Ireland Programme","article_publisher":"https:\/\/www.facebook.com\/CreativeIrl\/","article_modified_time":"2024-08-02T12:24:24+00:00","og_image":[{"width":2560,"height":1707,"url":"https:\/\/www.creativeireland.gov.ie\/app\/uploads\/2024\/07\/Image-2-LLGG--scaled.jpg","type":"image\/jpeg"}],"twitter_card":"summary_large_image","twitter_site":"@creativeirl","twitter_misc":{"Est. reading time":"1 minute"},"schema":{"@context":"https:\/\/schema.org","@graph":[{"@type":"WebPage","@id":"https:\/\/www.creativeireland.gov.ie\/ga\/blog\/osclaitear-kinship-ecolab-i-bpairc-ghleann-na-tra-moire\/","url":"https:\/\/www.creativeireland.gov.ie\/ga\/blog\/osclaitear-kinship-ecolab-i-bpairc-ghleann-na-tra-moire\/","name":"Oscla\u00edtear KinShip EcoLab - Creative Ireland Programme","isPartOf":{"@id":"https:\/\/www.creativeireland.gov.ie\/ga\/#website"},"primaryImageOfPage":{"@id":"https:\/\/www.creativeireland.gov.ie\/ga\/blog\/osclaitear-kinship-ecolab-i-bpairc-ghleann-na-tra-moire\/#primaryimage"},"image":{"@id":"https:\/\/www.creativeireland.gov.ie\/ga\/blog\/osclaitear-kinship-ecolab-i-bpairc-ghleann-na-tra-moire\/#primaryimage"},"thumbnailUrl":"https:\/\/www.creativeireland.gov.ie\/app\/uploads\/2024\/07\/Image-2-LLGG--scaled.jpg","datePublished":"2024-08-02T12:24:23+00:00","dateModified":"2024-08-02T12:24:24+00:00","description":"Oscla\u00edtear KinShip EcoLabi bP\u00e1irc Ghleann na Tr\u00e1 M\u00f3ire","breadcrumb":{"@id":"https:\/\/www.creativeireland.gov.ie\/ga\/blog\/osclaitear-kinship-ecolab-i-bpairc-ghleann-na-tra-moire\/#breadcrumb"},"inLanguage":"ga-IE","potentialAction":[{"@type":"ReadAction","target":["https:\/\/www.creativeireland.gov.ie\/ga\/blog\/osclaitear-kinship-ecolab-i-bpairc-ghleann-na-tra-moire\/"]}]},{"@type":"ImageObject","inLanguage":"ga-IE","@id":"https:\/\/www.creativeireland.gov.ie\/ga\/blog\/osclaitear-kinship-ecolab-i-bpairc-ghleann-na-tra-moire\/#primaryimage","url":"https:\/\/www.creativeireland.gov.ie\/app\/uploads\/2024\/07\/Image-2-LLGG--scaled.jpg","contentUrl":"https:\/\/www.creativeireland.gov.ie\/app\/uploads\/2024\/07\/Image-2-LLGG--scaled.jpg","width":2560,"height":1707,"caption":"Freddie Grennall"},{"@type":"BreadcrumbList","@id":"https:\/\/www.creativeireland.gov.ie\/ga\/blog\/osclaitear-kinship-ecolab-i-bpairc-ghleann-na-tra-moire\/#breadcrumb","itemListElement":[{"@type":"ListItem","position":1,"name":"Home","item":"https:\/\/www.creativeireland.gov.ie\/ga\/"},{"@type":"ListItem","position":2,"name":"Oscla\u00edtear KinShip EcoLab"}]},{"@type":"WebSite","@id":"https:\/\/www.creativeireland.gov.ie\/ga\/#website","url":"https:\/\/www.creativeireland.gov.ie\/ga\/","name":"Creative Ireland Programme","description":"The Creative Ireland Programme is guided by a vision that every person in Ireland will have the opportunity to realise their full creative potential. It is a five year all-of-Government initiative, from 2017 to 2022, to place creativity at the centre of public policy.","potentialAction":[{"@type":"SearchAction","target":{"@type":"EntryPoint","urlTemplate":"https:\/\/www.creativeireland.gov.ie\/ga\/?s={search_term_string}"},"query-input":{"@type":"PropertyValueSpecification","valueRequired":true,"valueName":"search_term_string"}}],"inLanguage":"ga-IE"}]}},"_links":{"self":[{"href":"https:\/\/www.creativeireland.gov.ie\/ga\/wp-json\/wp\/v2\/creativenation\/32139","targetHints":{"allow":["GET"]}}],"collection":[{"href":"https:\/\/www.creativeireland.gov.ie\/ga\/wp-json\/wp\/v2\/creativenation"}],"about":[{"href":"https:\/\/www.creativeireland.gov.ie\/ga\/wp-json\/wp\/v2\/types\/creativenation"}],"wp:featuredmedia":[{"embeddable":true,"href":"https:\/\/www.creativeireland.gov.ie\/ga\/wp-json\/wp\/v2\/media\/31185"}],"wp:attachment":[{"href":"https:\/\/www.creativeireland.gov.ie\/ga\/wp-json\/wp\/v2\/media?parent=32139"}],"wp:term":[{"taxonomy":"category","embeddable":true,"href":"https:\/\/www.creativeireland.gov.ie\/ga\/wp-json\/wp\/v2\/categories?post=32139"},{"taxonomy":"creativenation-tags","embeddable":true,"href":"https:\/\/www.creativeireland.gov.ie\/ga\/wp-json\/wp\/v2\/creativenation-tags?post=32139"}],"curies":[{"name":"wp","href":"https:\/\/api.w.org\/{rel}","templated":true}]}}

<strong>Osclaítear KinShip EcoLab</strong><strong></strong>

<p><strong>i bPáirc Ghleann na Trá Móire</strong><strong></strong></p>

<!-- This site is optimized with the Yoast SEO plugin v25.9 - https://yoast.com/wordpress/plugins/seo/ -->
<title>Osclaítear KinShip EcoLab - Creative Ireland Programme</title>
<meta name="description" content="Osclaítear KinShip EcoLabi bPáirc Ghleann na Trá Móire" />
<meta name="robots" content="index, follow, max-snippet:-1, max-image-preview:large, max-video-preview:-1" />
<link rel="canonical" href="https://www.creativeireland.gov.ie/ga/blog/osclaitear-kinship-ecolab-i-bpairc-ghleann-na-tra-moire/" />
<meta property="og:locale" content="ga_IE" />
<meta property="og:type" content="article" />
<meta property="og:title" content="Osclaítear KinShip EcoLab - Creative Ireland Programme" />
<meta property="og:description" content="Osclaítear KinShip EcoLabi bPáirc Ghleann na Trá Móire" />
<meta property="og:url" content="https://www.creativeireland.gov.ie/ga/blog/osclaitear-kinship-ecolab-i-bpairc-ghleann-na-tra-moire/" />
<meta property="og:site_name" content="Creative Ireland Programme" />
<meta property="article:publisher" content="https://www.facebook.com/CreativeIrl/" />
<meta property="article:modified_time" content="2024-08-02T12:24:24+00:00" />
<meta property="og:image" content="https://www.creativeireland.gov.ie/app/uploads/2024/07/Image-2-LLGG--scaled.jpg" />
	<meta property="og:image:width" content="2560" />
	<meta property="og:image:height" content="1707" />
	<meta property="og:image:type" content="image/jpeg" />
<meta name="twitter:card" content="summary_large_image" />
<meta name="twitter:site" content="@creativeirl" />
<meta name="twitter:label1" content="Est. reading time" />
	<meta name="twitter:data1" content="1 minute" />
<script type="application/ld+json" class="yoast-schema-graph">{"@context":"https://schema.org","@graph":[{"@type":"WebPage","@id":"https://www.creativeireland.gov.ie/ga/blog/osclaitear-kinship-ecolab-i-bpairc-ghleann-na-tra-moire/","url":"https://www.creativeireland.gov.ie/ga/blog/osclaitear-kinship-ecolab-i-bpairc-ghleann-na-tra-moire/","name":"Osclaítear KinShip EcoLab - Creative Ireland Programme","isPartOf":{"@id":"https://www.creativeireland.gov.ie/ga/#website"},"primaryImageOfPage":{"@id":"https://www.creativeireland.gov.ie/ga/blog/osclaitear-kinship-ecolab-i-bpairc-ghleann-na-tra-moire/#primaryimage"},"image":{"@id":"https://www.creativeireland.gov.ie/ga/blog/osclaitear-kinship-ecolab-i-bpairc-ghleann-na-tra-moire/#primaryimage"},"thumbnailUrl":"https://www.creativeireland.gov.ie/app/uploads/2024/07/Image-2-LLGG--scaled.jpg","datePublished":"2024-08-02T12:24:23+00:00","dateModified":"2024-08-02T12:24:24+00:00","description":"Osclaítear KinShip EcoLabi bPáirc Ghleann na Trá Móire","breadcrumb":{"@id":"https://www.creativeireland.gov.ie/ga/blog/osclaitear-kinship-ecolab-i-bpairc-ghleann-na-tra-moire/#breadcrumb"},"inLanguage":"ga-IE","potentialAction":[{"@type":"ReadAction","target":["https://www.creativeireland.gov.ie/ga/blog/osclaitear-kinship-ecolab-i-bpairc-ghleann-na-tra-moire/"]}]},{"@type":"ImageObject","inLanguage":"ga-IE","@id":"https://www.creativeireland.gov.ie/ga/blog/osclaitear-kinship-ecolab-i-bpairc-ghleann-na-tra-moire/#primaryimage","url":"https://www.creativeireland.gov.ie/app/uploads/2024/07/Image-2-LLGG--scaled.jpg","contentUrl":"https://www.creativeireland.gov.ie/app/uploads/2024/07/Image-2-LLGG--scaled.jpg","width":2560,"height":1707,"caption":"Freddie Grennall"},{"@type":"BreadcrumbList","@id":"https://www.creativeireland.gov.ie/ga/blog/osclaitear-kinship-ecolab-i-bpairc-ghleann-na-tra-moire/#breadcrumb","itemListElement":[{"@type":"ListItem","position":1,"name":"Home","item":"https://www.creativeireland.gov.ie/ga/"},{"@type":"ListItem","position":2,"name":"Osclaítear KinShip EcoLab"}]},{"@type":"WebSite","@id":"https://www.creativeireland.gov.ie/ga/#website","url":"https://www.creativeireland.gov.ie/ga/","name":"Creative Ireland Programme","description":"The Creative Ireland Programme is guided by a vision that every person in Ireland will have the opportunity to realise their full creative potential. It is a five year all-of-Government initiative, from 2017 to 2022, to place creativity at the centre of public policy.","potentialAction":[{"@type":"SearchAction","target":{"@type":"EntryPoint","urlTemplate":"https://www.creativeireland.gov.ie/ga/?s={search_term_string}"},"query-input":{"@type":"PropertyValueSpecification","valueRequired":true,"valueName":"search_term_string"}}],"inLanguage":"ga-IE"}]}</script>
<!-- / Yoast SEO plugin. -->

Osclaítear KinShip EcoLab - Creative Ireland Programme

Osclaítear KinShip EcoLabi bPáirc Ghleann na Trá Móire

Osclaítear KinShip EcoLab
