{"id":3576,"date":"2019-12-09T11:13:12","date_gmt":"2019-12-09T11:13:12","guid":{"rendered":"http:\/\/ci.test:8000\/youth-theatre\/"},"modified":"2020-01-16T16:23:28","modified_gmt":"2020-01-16T16:23:28","slug":"youth-theatre-ireland","status":"publish","type":"page","link":"https:\/\/www.creativeireland.gov.ie\/ga\/comhphairtithe\/youth-theatre-ireland\/","title":{"rendered":"Youth Theatre Ireland"},"content":{"rendered":"","protected":false},"excerpt":{"rendered":"","protected":false},"author":1,"featured_media":9286,"parent":3357,"menu_order":0,"comment_status":"closed","ping_status":"closed","template":"page-creative-nation-basic-content.php","meta":{"footnotes":""},"class_list":["post-3576","page","type-page","status-publish","has-post-thumbnail","hentry"],"acf":[],"yoast_head":"<!-- This site is optimized with the Yoast SEO plugin v25.9 - https:\/\/yoast.com\/wordpress\/plugins\/seo\/ -->\n<title>Youth Theatre Ireland - Creative Ireland Programme<\/title>\n<meta name=\"description\" content=\"Gach uile thr\u00e1thn\u00f3na den tseachtain, b\u00edonn daoine \u00f3ga ar fud na t\u00edre, \u00f3 Cheann Mhalainne go Carn U\u00ed N\u00e9id, i mbun amharclanna\u00edochta.\" \/>\n<meta name=\"robots\" content=\"index, follow, max-snippet:-1, max-image-preview:large, max-video-preview:-1\" \/>\n<link rel=\"canonical\" href=\"https:\/\/www.creativeireland.gov.ie\/ga\/comhphairtithe\/youth-theatre-ireland\/\" \/>\n<meta property=\"og:locale\" content=\"ga_IE\" \/>\n<meta property=\"og:type\" content=\"article\" \/>\n<meta property=\"og:title\" content=\"Youth Theatre Ireland - Creative Ireland Programme\" \/>\n<meta property=\"og:description\" content=\"Gach uile thr\u00e1thn\u00f3na den tseachtain, b\u00edonn daoine \u00f3ga ar fud na t\u00edre, \u00f3 Cheann Mhalainne go Carn U\u00ed N\u00e9id, i mbun amharclanna\u00edochta.\" \/>\n<meta property=\"og:url\" content=\"https:\/\/www.creativeireland.gov.ie\/ga\/comhphairtithe\/youth-theatre-ireland\/\" \/>\n<meta property=\"og:site_name\" content=\"Creative Ireland Programme\" \/>\n<meta property=\"article:publisher\" content=\"https:\/\/www.facebook.com\/CreativeIrl\/\" \/>\n<meta property=\"article:modified_time\" content=\"2020-01-16T16:23:28+00:00\" \/>\n<meta property=\"og:image\" content=\"https:\/\/www.creativeireland.gov.ie\/app\/uploads\/2020\/01\/Youth-Theatre-Ireland-Thumbnail.jpg\" \/>\n\t<meta property=\"og:image:width\" content=\"385\" \/>\n\t<meta property=\"og:image:height\" content=\"380\" \/>\n\t<meta property=\"og:image:type\" content=\"image\/jpeg\" \/>\n<meta name=\"twitter:card\" content=\"summary_large_image\" \/>\n<meta name=\"twitter:site\" content=\"@creativeirl\" \/>\n<script type=\"application\/ld+json\" class=\"yoast-schema-graph\">{\"@context\":\"https:\/\/schema.org\",\"@graph\":[{\"@type\":\"WebPage\",\"@id\":\"https:\/\/www.creativeireland.gov.ie\/ga\/comhphairtithe\/youth-theatre-ireland\/\",\"url\":\"https:\/\/www.creativeireland.gov.ie\/ga\/comhphairtithe\/youth-theatre-ireland\/\",\"name\":\"Youth Theatre Ireland - Creative Ireland Programme\",\"isPartOf\":{\"@id\":\"https:\/\/www.creativeireland.gov.ie\/ga\/#website\"},\"primaryImageOfPage\":{\"@id\":\"https:\/\/www.creativeireland.gov.ie\/ga\/comhphairtithe\/youth-theatre-ireland\/#primaryimage\"},\"image\":{\"@id\":\"https:\/\/www.creativeireland.gov.ie\/ga\/comhphairtithe\/youth-theatre-ireland\/#primaryimage\"},\"thumbnailUrl\":\"https:\/\/www.creativeireland.gov.ie\/app\/uploads\/2020\/01\/Youth-Theatre-Ireland-Thumbnail.jpg\",\"datePublished\":\"2019-12-09T11:13:12+00:00\",\"dateModified\":\"2020-01-16T16:23:28+00:00\",\"description\":\"Gach uile thr\u00e1thn\u00f3na den tseachtain, b\u00edonn daoine \u00f3ga ar fud na t\u00edre, \u00f3 Cheann Mhalainne go Carn U\u00ed N\u00e9id, i mbun amharclanna\u00edochta.\",\"breadcrumb\":{\"@id\":\"https:\/\/www.creativeireland.gov.ie\/ga\/comhphairtithe\/youth-theatre-ireland\/#breadcrumb\"},\"inLanguage\":\"ga-IE\",\"potentialAction\":[{\"@type\":\"ReadAction\",\"target\":[\"https:\/\/www.creativeireland.gov.ie\/ga\/comhphairtithe\/youth-theatre-ireland\/\"]}]},{\"@type\":\"ImageObject\",\"inLanguage\":\"ga-IE\",\"@id\":\"https:\/\/www.creativeireland.gov.ie\/ga\/comhphairtithe\/youth-theatre-ireland\/#primaryimage\",\"url\":\"https:\/\/www.creativeireland.gov.ie\/app\/uploads\/2020\/01\/Youth-Theatre-Ireland-Thumbnail.jpg\",\"contentUrl\":\"https:\/\/www.creativeireland.gov.ie\/app\/uploads\/2020\/01\/Youth-Theatre-Ireland-Thumbnail.jpg\",\"width\":385,\"height\":380,\"caption\":\"Photo Ros Kavanagh\"},{\"@type\":\"BreadcrumbList\",\"@id\":\"https:\/\/www.creativeireland.gov.ie\/ga\/comhphairtithe\/youth-theatre-ireland\/#breadcrumb\",\"itemListElement\":[{\"@type\":\"ListItem\",\"position\":1,\"name\":\"Home\",\"item\":\"https:\/\/www.creativeireland.gov.ie\/ga\/\"},{\"@type\":\"ListItem\",\"position\":2,\"name\":\"\u00d3ige Ild\u00e1nach\",\"item\":\"https:\/\/www.creativeireland.gov.ie\/ga\/oige-ildanach\/\"},{\"@type\":\"ListItem\",\"position\":3,\"name\":\"Youth Theatre Ireland\"}]},{\"@type\":\"WebSite\",\"@id\":\"https:\/\/www.creativeireland.gov.ie\/ga\/#website\",\"url\":\"https:\/\/www.creativeireland.gov.ie\/ga\/\",\"name\":\"Creative Ireland Programme\",\"description\":\"The Creative Ireland Programme is guided by a vision that every person in Ireland will have the opportunity to realise their full creative potential. It is a five year all-of-Government initiative, from 2017 to 2022, to place creativity at the centre of public policy.\",\"potentialAction\":[{\"@type\":\"SearchAction\",\"target\":{\"@type\":\"EntryPoint\",\"urlTemplate\":\"https:\/\/www.creativeireland.gov.ie\/ga\/?s={search_term_string}\"},\"query-input\":{\"@type\":\"PropertyValueSpecification\",\"valueRequired\":true,\"valueName\":\"search_term_string\"}}],\"inLanguage\":\"ga-IE\"}]}<\/script>\n<!-- \/ Yoast SEO plugin. -->","yoast_head_json":{"title":"Youth Theatre Ireland - Creative Ireland Programme","description":"Gach uile thr\u00e1thn\u00f3na den tseachtain, b\u00edonn daoine \u00f3ga ar fud na t\u00edre, \u00f3 Cheann Mhalainne go Carn U\u00ed N\u00e9id, i mbun amharclanna\u00edochta.","robots":{"index":"index","follow":"follow","max-snippet":"max-snippet:-1","max-image-preview":"max-image-preview:large","max-video-preview":"max-video-preview:-1"},"canonical":"https:\/\/www.creativeireland.gov.ie\/ga\/comhphairtithe\/youth-theatre-ireland\/","og_locale":"ga_IE","og_type":"article","og_title":"Youth Theatre Ireland - Creative Ireland Programme","og_description":"Gach uile thr\u00e1thn\u00f3na den tseachtain, b\u00edonn daoine \u00f3ga ar fud na t\u00edre, \u00f3 Cheann Mhalainne go Carn U\u00ed N\u00e9id, i mbun amharclanna\u00edochta.","og_url":"https:\/\/www.creativeireland.gov.ie\/ga\/comhphairtithe\/youth-theatre-ireland\/","og_site_name":"Creative Ireland Programme","article_publisher":"https:\/\/www.facebook.com\/CreativeIrl\/","article_modified_time":"2020-01-16T16:23:28+00:00","og_image":[{"width":385,"height":380,"url":"https:\/\/www.creativeireland.gov.ie\/app\/uploads\/2020\/01\/Youth-Theatre-Ireland-Thumbnail.jpg","type":"image\/jpeg"}],"twitter_card":"summary_large_image","twitter_site":"@creativeirl","schema":{"@context":"https:\/\/schema.org","@graph":[{"@type":"WebPage","@id":"https:\/\/www.creativeireland.gov.ie\/ga\/comhphairtithe\/youth-theatre-ireland\/","url":"https:\/\/www.creativeireland.gov.ie\/ga\/comhphairtithe\/youth-theatre-ireland\/","name":"Youth Theatre Ireland - Creative Ireland Programme","isPartOf":{"@id":"https:\/\/www.creativeireland.gov.ie\/ga\/#website"},"primaryImageOfPage":{"@id":"https:\/\/www.creativeireland.gov.ie\/ga\/comhphairtithe\/youth-theatre-ireland\/#primaryimage"},"image":{"@id":"https:\/\/www.creativeireland.gov.ie\/ga\/comhphairtithe\/youth-theatre-ireland\/#primaryimage"},"thumbnailUrl":"https:\/\/www.creativeireland.gov.ie\/app\/uploads\/2020\/01\/Youth-Theatre-Ireland-Thumbnail.jpg","datePublished":"2019-12-09T11:13:12+00:00","dateModified":"2020-01-16T16:23:28+00:00","description":"Gach uile thr\u00e1thn\u00f3na den tseachtain, b\u00edonn daoine \u00f3ga ar fud na t\u00edre, \u00f3 Cheann Mhalainne go Carn U\u00ed N\u00e9id, i mbun amharclanna\u00edochta.","breadcrumb":{"@id":"https:\/\/www.creativeireland.gov.ie\/ga\/comhphairtithe\/youth-theatre-ireland\/#breadcrumb"},"inLanguage":"ga-IE","potentialAction":[{"@type":"ReadAction","target":["https:\/\/www.creativeireland.gov.ie\/ga\/comhphairtithe\/youth-theatre-ireland\/"]}]},{"@type":"ImageObject","inLanguage":"ga-IE","@id":"https:\/\/www.creativeireland.gov.ie\/ga\/comhphairtithe\/youth-theatre-ireland\/#primaryimage","url":"https:\/\/www.creativeireland.gov.ie\/app\/uploads\/2020\/01\/Youth-Theatre-Ireland-Thumbnail.jpg","contentUrl":"https:\/\/www.creativeireland.gov.ie\/app\/uploads\/2020\/01\/Youth-Theatre-Ireland-Thumbnail.jpg","width":385,"height":380,"caption":"Photo Ros Kavanagh"},{"@type":"BreadcrumbList","@id":"https:\/\/www.creativeireland.gov.ie\/ga\/comhphairtithe\/youth-theatre-ireland\/#breadcrumb","itemListElement":[{"@type":"ListItem","position":1,"name":"Home","item":"https:\/\/www.creativeireland.gov.ie\/ga\/"},{"@type":"ListItem","position":2,"name":"\u00d3ige Ild\u00e1nach","item":"https:\/\/www.creativeireland.gov.ie\/ga\/oige-ildanach\/"},{"@type":"ListItem","position":3,"name":"Youth Theatre Ireland"}]},{"@type":"WebSite","@id":"https:\/\/www.creativeireland.gov.ie\/ga\/#website","url":"https:\/\/www.creativeireland.gov.ie\/ga\/","name":"Creative Ireland Programme","description":"The Creative Ireland Programme is guided by a vision that every person in Ireland will have the opportunity to realise their full creative potential. It is a five year all-of-Government initiative, from 2017 to 2022, to place creativity at the centre of public policy.","potentialAction":[{"@type":"SearchAction","target":{"@type":"EntryPoint","urlTemplate":"https:\/\/www.creativeireland.gov.ie\/ga\/?s={search_term_string}"},"query-input":{"@type":"PropertyValueSpecification","valueRequired":true,"valueName":"search_term_string"}}],"inLanguage":"ga-IE"}]}},"_links":{"self":[{"href":"https:\/\/www.creativeireland.gov.ie\/ga\/wp-json\/wp\/v2\/pages\/3576","targetHints":{"allow":["GET"]}}],"collection":[{"href":"https:\/\/www.creativeireland.gov.ie\/ga\/wp-json\/wp\/v2\/pages"}],"about":[{"href":"https:\/\/www.creativeireland.gov.ie\/ga\/wp-json\/wp\/v2\/types\/page"}],"author":[{"embeddable":true,"href":"https:\/\/www.creativeireland.gov.ie\/ga\/wp-json\/wp\/v2\/users\/1"}],"replies":[{"embeddable":true,"href":"https:\/\/www.creativeireland.gov.ie\/ga\/wp-json\/wp\/v2\/comments?post=3576"}],"version-history":[{"count":13,"href":"https:\/\/www.creativeireland.gov.ie\/ga\/wp-json\/wp\/v2\/pages\/3576\/revisions"}],"predecessor-version":[{"id":9134,"href":"https:\/\/www.creativeireland.gov.ie\/ga\/wp-json\/wp\/v2\/pages\/3576\/revisions\/9134"}],"up":[{"embeddable":true,"href":"https:\/\/www.creativeireland.gov.ie\/ga\/wp-json\/wp\/v2\/pages\/3357"}],"wp:featuredmedia":[{"embeddable":true,"href":"https:\/\/www.creativeireland.gov.ie\/ga\/wp-json\/wp\/v2\/media\/9286"}],"wp:attachment":[{"href":"https:\/\/www.creativeireland.gov.ie\/ga\/wp-json\/wp\/v2\/media?parent=3576"}],"curies":[{"name":"wp","href":"https:\/\/api.w.org\/{rel}","templated":true}]}}

<!-- This site is optimized with the Yoast SEO plugin v25.9 - https://yoast.com/wordpress/plugins/seo/ -->
<title>Youth Theatre Ireland - Creative Ireland Programme</title>
<meta name="description" content="Gach uile thráthnóna den tseachtain, bíonn daoine óga ar fud na tíre, ó Cheann Mhalainne go Carn Uí Néid, i mbun amharclannaíochta." />
<meta name="robots" content="index, follow, max-snippet:-1, max-image-preview:large, max-video-preview:-1" />
<link rel="canonical" href="https://www.creativeireland.gov.ie/ga/comhphairtithe/youth-theatre-ireland/" />
<meta property="og:locale" content="ga_IE" />
<meta property="og:type" content="article" />
<meta property="og:title" content="Youth Theatre Ireland - Creative Ireland Programme" />
<meta property="og:description" content="Gach uile thráthnóna den tseachtain, bíonn daoine óga ar fud na tíre, ó Cheann Mhalainne go Carn Uí Néid, i mbun amharclannaíochta." />
<meta property="og:url" content="https://www.creativeireland.gov.ie/ga/comhphairtithe/youth-theatre-ireland/" />
<meta property="og:site_name" content="Creative Ireland Programme" />
<meta property="article:publisher" content="https://www.facebook.com/CreativeIrl/" />
<meta property="article:modified_time" content="2020-01-16T16:23:28+00:00" />
<meta property="og:image" content="https://www.creativeireland.gov.ie/app/uploads/2020/01/Youth-Theatre-Ireland-Thumbnail.jpg" />
	<meta property="og:image:width" content="385" />
	<meta property="og:image:height" content="380" />
	<meta property="og:image:type" content="image/jpeg" />
<meta name="twitter:card" content="summary_large_image" />
<meta name="twitter:site" content="@creativeirl" />
<script type="application/ld+json" class="yoast-schema-graph">{"@context":"https://schema.org","@graph":[{"@type":"WebPage","@id":"https://www.creativeireland.gov.ie/ga/comhphairtithe/youth-theatre-ireland/","url":"https://www.creativeireland.gov.ie/ga/comhphairtithe/youth-theatre-ireland/","name":"Youth Theatre Ireland - Creative Ireland Programme","isPartOf":{"@id":"https://www.creativeireland.gov.ie/ga/#website"},"primaryImageOfPage":{"@id":"https://www.creativeireland.gov.ie/ga/comhphairtithe/youth-theatre-ireland/#primaryimage"},"image":{"@id":"https://www.creativeireland.gov.ie/ga/comhphairtithe/youth-theatre-ireland/#primaryimage"},"thumbnailUrl":"https://www.creativeireland.gov.ie/app/uploads/2020/01/Youth-Theatre-Ireland-Thumbnail.jpg","datePublished":"2019-12-09T11:13:12+00:00","dateModified":"2020-01-16T16:23:28+00:00","description":"Gach uile thráthnóna den tseachtain, bíonn daoine óga ar fud na tíre, ó Cheann Mhalainne go Carn Uí Néid, i mbun amharclannaíochta.","breadcrumb":{"@id":"https://www.creativeireland.gov.ie/ga/comhphairtithe/youth-theatre-ireland/#breadcrumb"},"inLanguage":"ga-IE","potentialAction":[{"@type":"ReadAction","target":["https://www.creativeireland.gov.ie/ga/comhphairtithe/youth-theatre-ireland/"]}]},{"@type":"ImageObject","inLanguage":"ga-IE","@id":"https://www.creativeireland.gov.ie/ga/comhphairtithe/youth-theatre-ireland/#primaryimage","url":"https://www.creativeireland.gov.ie/app/uploads/2020/01/Youth-Theatre-Ireland-Thumbnail.jpg","contentUrl":"https://www.creativeireland.gov.ie/app/uploads/2020/01/Youth-Theatre-Ireland-Thumbnail.jpg","width":385,"height":380,"caption":"Photo Ros Kavanagh"},{"@type":"BreadcrumbList","@id":"https://www.creativeireland.gov.ie/ga/comhphairtithe/youth-theatre-ireland/#breadcrumb","itemListElement":[{"@type":"ListItem","position":1,"name":"Home","item":"https://www.creativeireland.gov.ie/ga/"},{"@type":"ListItem","position":2,"name":"Óige Ildánach","item":"https://www.creativeireland.gov.ie/ga/oige-ildanach/"},{"@type":"ListItem","position":3,"name":"Youth Theatre Ireland"}]},{"@type":"WebSite","@id":"https://www.creativeireland.gov.ie/ga/#website","url":"https://www.creativeireland.gov.ie/ga/","name":"Creative Ireland Programme","description":"The Creative Ireland Programme is guided by a vision that every person in Ireland will have the opportunity to realise their full creative potential. It is a five year all-of-Government initiative, from 2017 to 2022, to place creativity at the centre of public policy.","potentialAction":[{"@type":"SearchAction","target":{"@type":"EntryPoint","urlTemplate":"https://www.creativeireland.gov.ie/ga/?s={search_term_string}"},"query-input":{"@type":"PropertyValueSpecification","valueRequired":true,"valueName":"search_term_string"}}],"inLanguage":"ga-IE"}]}</script>
<!-- / Yoast SEO plugin. -->

Gach uile thráthnóna den tseachtain, bíonn daoine óga ar fud na tíre, ó Cheann Mhalainne go Carn Uí Néid, i mbun amharclannaíochta.

Óige Ildánach
