{"id":5622,"date":"2020-01-08T13:17:25","date_gmt":"2020-01-08T13:17:25","guid":{"rendered":"https:\/\/prod-creativeireland.zestydev.com\/comhphairtithe\/riam-le-cheile\/"},"modified":"2020-01-08T13:21:21","modified_gmt":"2020-01-08T13:21:21","slug":"riam-le-cheile","status":"publish","type":"page","link":"https:\/\/www.creativeireland.gov.ie\/ga\/comhphairtithe\/riam-le-cheile\/","title":{"rendered":"RIAM &#8211; Le Cheile"},"content":{"rendered":"","protected":false},"excerpt":{"rendered":"","protected":false},"author":1,"featured_media":5614,"parent":3357,"menu_order":0,"comment_status":"closed","ping_status":"closed","template":"page-creative-nation-basic-content.php","meta":{"footnotes":""},"class_list":["post-5622","page","type-page","status-publish","has-post-thumbnail","hentry"],"acf":[],"yoast_head":"<!-- This site is optimized with the Yoast SEO plugin v25.9 - https:\/\/yoast.com\/wordpress\/plugins\/seo\/ -->\n<title>RIAM - Le Cheile - Creative Ireland Programme<\/title>\n<meta name=\"description\" content=\"Le c\u00fanamh taca \u00f3 \u00c9ire Ild\u00e1nach faoin gCiste N\u00e1isi\u00fanta Cruthaitheachta, thug Ceol-Acadamh R\u00edoga na h\u00c9ireann Ceolfhoireann Oscailte \u00d3ige na h\u00c9ireann chun cinn.\u00a0 Is \u00e9 an comp\u00e1ntas seo an ch\u00e9ad cheann d\u00e1 leith\u00e9id in \u00c9irinn agus is daoine faoi mh\u00edchumas na ceolt\u00f3ir\u00ed ar fad, daoine a bhfuil siondr\u00f3m Down, uathachas agus pairilis cheirbeach ag gabh\u00e1il d\u00f3ibh ina measc.\" \/>\n<meta name=\"robots\" content=\"index, follow, max-snippet:-1, max-image-preview:large, max-video-preview:-1\" \/>\n<link rel=\"canonical\" href=\"https:\/\/www.creativeireland.gov.ie\/ga\/comhphairtithe\/riam-le-cheile\/\" \/>\n<meta property=\"og:locale\" content=\"ga_IE\" \/>\n<meta property=\"og:type\" content=\"article\" \/>\n<meta property=\"og:title\" content=\"RIAM - Le Cheile - Creative Ireland Programme\" \/>\n<meta property=\"og:description\" content=\"Le c\u00fanamh taca \u00f3 \u00c9ire Ild\u00e1nach faoin gCiste N\u00e1isi\u00fanta Cruthaitheachta, thug Ceol-Acadamh R\u00edoga na h\u00c9ireann Ceolfhoireann Oscailte \u00d3ige na h\u00c9ireann chun cinn.\u00a0 Is \u00e9 an comp\u00e1ntas seo an ch\u00e9ad cheann d\u00e1 leith\u00e9id in \u00c9irinn agus is daoine faoi mh\u00edchumas na ceolt\u00f3ir\u00ed ar fad, daoine a bhfuil siondr\u00f3m Down, uathachas agus pairilis cheirbeach ag gabh\u00e1il d\u00f3ibh ina measc.\" \/>\n<meta property=\"og:url\" content=\"https:\/\/www.creativeireland.gov.ie\/ga\/comhphairtithe\/riam-le-cheile\/\" \/>\n<meta property=\"og:site_name\" content=\"Creative Ireland Programme\" \/>\n<meta property=\"article:publisher\" content=\"https:\/\/www.facebook.com\/CreativeIrl\/\" \/>\n<meta property=\"article:modified_time\" content=\"2020-01-08T13:21:21+00:00\" \/>\n<meta property=\"og:image\" content=\"https:\/\/www.creativeireland.gov.ie\/app\/uploads\/2020\/01\/Le-Cheile-Project-Chello-Player-e1578489678706.jpg\" \/>\n\t<meta property=\"og:image:width\" content=\"900\" \/>\n\t<meta property=\"og:image:height\" content=\"423\" \/>\n\t<meta property=\"og:image:type\" content=\"image\/jpeg\" \/>\n<meta name=\"twitter:card\" content=\"summary_large_image\" \/>\n<meta name=\"twitter:site\" content=\"@creativeirl\" \/>\n<script type=\"application\/ld+json\" class=\"yoast-schema-graph\">{\"@context\":\"https:\/\/schema.org\",\"@graph\":[{\"@type\":\"WebPage\",\"@id\":\"https:\/\/www.creativeireland.gov.ie\/ga\/comhphairtithe\/riam-le-cheile\/\",\"url\":\"https:\/\/www.creativeireland.gov.ie\/ga\/comhphairtithe\/riam-le-cheile\/\",\"name\":\"RIAM - Le Cheile - Creative Ireland Programme\",\"isPartOf\":{\"@id\":\"https:\/\/www.creativeireland.gov.ie\/ga\/#website\"},\"primaryImageOfPage\":{\"@id\":\"https:\/\/www.creativeireland.gov.ie\/ga\/comhphairtithe\/riam-le-cheile\/#primaryimage\"},\"image\":{\"@id\":\"https:\/\/www.creativeireland.gov.ie\/ga\/comhphairtithe\/riam-le-cheile\/#primaryimage\"},\"thumbnailUrl\":\"https:\/\/www.creativeireland.gov.ie\/app\/uploads\/2020\/01\/Le-Cheile-Project-Chello-Player-e1578489678706.jpg\",\"datePublished\":\"2020-01-08T13:17:25+00:00\",\"dateModified\":\"2020-01-08T13:21:21+00:00\",\"description\":\"Le c\u00fanamh taca \u00f3 \u00c9ire Ild\u00e1nach faoin gCiste N\u00e1isi\u00fanta Cruthaitheachta, thug Ceol-Acadamh R\u00edoga na h\u00c9ireann Ceolfhoireann Oscailte \u00d3ige na h\u00c9ireann chun cinn.\u00a0 Is \u00e9 an comp\u00e1ntas seo an ch\u00e9ad cheann d\u00e1 leith\u00e9id in \u00c9irinn agus is daoine faoi mh\u00edchumas na ceolt\u00f3ir\u00ed ar fad, daoine a bhfuil siondr\u00f3m Down, uathachas agus pairilis cheirbeach ag gabh\u00e1il d\u00f3ibh ina measc.\",\"breadcrumb\":{\"@id\":\"https:\/\/www.creativeireland.gov.ie\/ga\/comhphairtithe\/riam-le-cheile\/#breadcrumb\"},\"inLanguage\":\"ga-IE\",\"potentialAction\":[{\"@type\":\"ReadAction\",\"target\":[\"https:\/\/www.creativeireland.gov.ie\/ga\/comhphairtithe\/riam-le-cheile\/\"]}]},{\"@type\":\"ImageObject\",\"inLanguage\":\"ga-IE\",\"@id\":\"https:\/\/www.creativeireland.gov.ie\/ga\/comhphairtithe\/riam-le-cheile\/#primaryimage\",\"url\":\"https:\/\/www.creativeireland.gov.ie\/app\/uploads\/2020\/01\/Le-Cheile-Project-Chello-Player-e1578489678706.jpg\",\"contentUrl\":\"https:\/\/www.creativeireland.gov.ie\/app\/uploads\/2020\/01\/Le-Cheile-Project-Chello-Player-e1578489678706.jpg\",\"width\":900,\"height\":423,\"caption\":\"Le Ch\u00e9ile participant Adrian Conaghan with Royal Irish Academy of Music (RIAM) student Schuyler Perry PHOTO: Mark Stedman\"},{\"@type\":\"BreadcrumbList\",\"@id\":\"https:\/\/www.creativeireland.gov.ie\/ga\/comhphairtithe\/riam-le-cheile\/#breadcrumb\",\"itemListElement\":[{\"@type\":\"ListItem\",\"position\":1,\"name\":\"Home\",\"item\":\"https:\/\/www.creativeireland.gov.ie\/ga\/\"},{\"@type\":\"ListItem\",\"position\":2,\"name\":\"Comhph\u00e1irt\u00edochta\u00ed\",\"item\":\"https:\/\/www.creativeireland.gov.ie\/ga\/comhphairtithe\/\"},{\"@type\":\"ListItem\",\"position\":3,\"name\":\"RIAM &#8211; Le Cheile\"}]},{\"@type\":\"WebSite\",\"@id\":\"https:\/\/www.creativeireland.gov.ie\/ga\/#website\",\"url\":\"https:\/\/www.creativeireland.gov.ie\/ga\/\",\"name\":\"Creative Ireland Programme\",\"description\":\"The Creative Ireland Programme is guided by a vision that every person in Ireland will have the opportunity to realise their full creative potential. It is a five year all-of-Government initiative, from 2017 to 2022, to place creativity at the centre of public policy.\",\"potentialAction\":[{\"@type\":\"SearchAction\",\"target\":{\"@type\":\"EntryPoint\",\"urlTemplate\":\"https:\/\/www.creativeireland.gov.ie\/ga\/?s={search_term_string}\"},\"query-input\":{\"@type\":\"PropertyValueSpecification\",\"valueRequired\":true,\"valueName\":\"search_term_string\"}}],\"inLanguage\":\"ga-IE\"}]}<\/script>\n<!-- \/ Yoast SEO plugin. -->","yoast_head_json":{"title":"RIAM - Le Cheile - Creative Ireland Programme","description":"Le c\u00fanamh taca \u00f3 \u00c9ire Ild\u00e1nach faoin gCiste N\u00e1isi\u00fanta Cruthaitheachta, thug Ceol-Acadamh R\u00edoga na h\u00c9ireann Ceolfhoireann Oscailte \u00d3ige na h\u00c9ireann chun cinn.\u00a0 Is \u00e9 an comp\u00e1ntas seo an ch\u00e9ad cheann d\u00e1 leith\u00e9id in \u00c9irinn agus is daoine faoi mh\u00edchumas na ceolt\u00f3ir\u00ed ar fad, daoine a bhfuil siondr\u00f3m Down, uathachas agus pairilis cheirbeach ag gabh\u00e1il d\u00f3ibh ina measc.","robots":{"index":"index","follow":"follow","max-snippet":"max-snippet:-1","max-image-preview":"max-image-preview:large","max-video-preview":"max-video-preview:-1"},"canonical":"https:\/\/www.creativeireland.gov.ie\/ga\/comhphairtithe\/riam-le-cheile\/","og_locale":"ga_IE","og_type":"article","og_title":"RIAM - Le Cheile - Creative Ireland Programme","og_description":"Le c\u00fanamh taca \u00f3 \u00c9ire Ild\u00e1nach faoin gCiste N\u00e1isi\u00fanta Cruthaitheachta, thug Ceol-Acadamh R\u00edoga na h\u00c9ireann Ceolfhoireann Oscailte \u00d3ige na h\u00c9ireann chun cinn.\u00a0 Is \u00e9 an comp\u00e1ntas seo an ch\u00e9ad cheann d\u00e1 leith\u00e9id in \u00c9irinn agus is daoine faoi mh\u00edchumas na ceolt\u00f3ir\u00ed ar fad, daoine a bhfuil siondr\u00f3m Down, uathachas agus pairilis cheirbeach ag gabh\u00e1il d\u00f3ibh ina measc.","og_url":"https:\/\/www.creativeireland.gov.ie\/ga\/comhphairtithe\/riam-le-cheile\/","og_site_name":"Creative Ireland Programme","article_publisher":"https:\/\/www.facebook.com\/CreativeIrl\/","article_modified_time":"2020-01-08T13:21:21+00:00","og_image":[{"width":900,"height":423,"url":"https:\/\/www.creativeireland.gov.ie\/app\/uploads\/2020\/01\/Le-Cheile-Project-Chello-Player-e1578489678706.jpg","type":"image\/jpeg"}],"twitter_card":"summary_large_image","twitter_site":"@creativeirl","schema":{"@context":"https:\/\/schema.org","@graph":[{"@type":"WebPage","@id":"https:\/\/www.creativeireland.gov.ie\/ga\/comhphairtithe\/riam-le-cheile\/","url":"https:\/\/www.creativeireland.gov.ie\/ga\/comhphairtithe\/riam-le-cheile\/","name":"RIAM - Le Cheile - Creative Ireland Programme","isPartOf":{"@id":"https:\/\/www.creativeireland.gov.ie\/ga\/#website"},"primaryImageOfPage":{"@id":"https:\/\/www.creativeireland.gov.ie\/ga\/comhphairtithe\/riam-le-cheile\/#primaryimage"},"image":{"@id":"https:\/\/www.creativeireland.gov.ie\/ga\/comhphairtithe\/riam-le-cheile\/#primaryimage"},"thumbnailUrl":"https:\/\/www.creativeireland.gov.ie\/app\/uploads\/2020\/01\/Le-Cheile-Project-Chello-Player-e1578489678706.jpg","datePublished":"2020-01-08T13:17:25+00:00","dateModified":"2020-01-08T13:21:21+00:00","description":"Le c\u00fanamh taca \u00f3 \u00c9ire Ild\u00e1nach faoin gCiste N\u00e1isi\u00fanta Cruthaitheachta, thug Ceol-Acadamh R\u00edoga na h\u00c9ireann Ceolfhoireann Oscailte \u00d3ige na h\u00c9ireann chun cinn.\u00a0 Is \u00e9 an comp\u00e1ntas seo an ch\u00e9ad cheann d\u00e1 leith\u00e9id in \u00c9irinn agus is daoine faoi mh\u00edchumas na ceolt\u00f3ir\u00ed ar fad, daoine a bhfuil siondr\u00f3m Down, uathachas agus pairilis cheirbeach ag gabh\u00e1il d\u00f3ibh ina measc.","breadcrumb":{"@id":"https:\/\/www.creativeireland.gov.ie\/ga\/comhphairtithe\/riam-le-cheile\/#breadcrumb"},"inLanguage":"ga-IE","potentialAction":[{"@type":"ReadAction","target":["https:\/\/www.creativeireland.gov.ie\/ga\/comhphairtithe\/riam-le-cheile\/"]}]},{"@type":"ImageObject","inLanguage":"ga-IE","@id":"https:\/\/www.creativeireland.gov.ie\/ga\/comhphairtithe\/riam-le-cheile\/#primaryimage","url":"https:\/\/www.creativeireland.gov.ie\/app\/uploads\/2020\/01\/Le-Cheile-Project-Chello-Player-e1578489678706.jpg","contentUrl":"https:\/\/www.creativeireland.gov.ie\/app\/uploads\/2020\/01\/Le-Cheile-Project-Chello-Player-e1578489678706.jpg","width":900,"height":423,"caption":"Le Ch\u00e9ile participant Adrian Conaghan with Royal Irish Academy of Music (RIAM) student Schuyler Perry PHOTO: Mark Stedman"},{"@type":"BreadcrumbList","@id":"https:\/\/www.creativeireland.gov.ie\/ga\/comhphairtithe\/riam-le-cheile\/#breadcrumb","itemListElement":[{"@type":"ListItem","position":1,"name":"Home","item":"https:\/\/www.creativeireland.gov.ie\/ga\/"},{"@type":"ListItem","position":2,"name":"Comhph\u00e1irt\u00edochta\u00ed","item":"https:\/\/www.creativeireland.gov.ie\/ga\/comhphairtithe\/"},{"@type":"ListItem","position":3,"name":"RIAM &#8211; Le Cheile"}]},{"@type":"WebSite","@id":"https:\/\/www.creativeireland.gov.ie\/ga\/#website","url":"https:\/\/www.creativeireland.gov.ie\/ga\/","name":"Creative Ireland Programme","description":"The Creative Ireland Programme is guided by a vision that every person in Ireland will have the opportunity to realise their full creative potential. It is a five year all-of-Government initiative, from 2017 to 2022, to place creativity at the centre of public policy.","potentialAction":[{"@type":"SearchAction","target":{"@type":"EntryPoint","urlTemplate":"https:\/\/www.creativeireland.gov.ie\/ga\/?s={search_term_string}"},"query-input":{"@type":"PropertyValueSpecification","valueRequired":true,"valueName":"search_term_string"}}],"inLanguage":"ga-IE"}]}},"_links":{"self":[{"href":"https:\/\/www.creativeireland.gov.ie\/ga\/wp-json\/wp\/v2\/pages\/5622","targetHints":{"allow":["GET"]}}],"collection":[{"href":"https:\/\/www.creativeireland.gov.ie\/ga\/wp-json\/wp\/v2\/pages"}],"about":[{"href":"https:\/\/www.creativeireland.gov.ie\/ga\/wp-json\/wp\/v2\/types\/page"}],"author":[{"embeddable":true,"href":"https:\/\/www.creativeireland.gov.ie\/ga\/wp-json\/wp\/v2\/users\/1"}],"replies":[{"embeddable":true,"href":"https:\/\/www.creativeireland.gov.ie\/ga\/wp-json\/wp\/v2\/comments?post=5622"}],"version-history":[{"count":3,"href":"https:\/\/www.creativeireland.gov.ie\/ga\/wp-json\/wp\/v2\/pages\/5622\/revisions"}],"predecessor-version":[{"id":5625,"href":"https:\/\/www.creativeireland.gov.ie\/ga\/wp-json\/wp\/v2\/pages\/5622\/revisions\/5625"}],"up":[{"embeddable":true,"href":"https:\/\/www.creativeireland.gov.ie\/ga\/wp-json\/wp\/v2\/pages\/3357"}],"wp:featuredmedia":[{"embeddable":true,"href":"https:\/\/www.creativeireland.gov.ie\/ga\/wp-json\/wp\/v2\/media\/5614"}],"wp:attachment":[{"href":"https:\/\/www.creativeireland.gov.ie\/ga\/wp-json\/wp\/v2\/media?parent=5622"}],"curies":[{"name":"wp","href":"https:\/\/api.w.org\/{rel}","templated":true}]}}

<!-- This site is optimized with the Yoast SEO plugin v25.9 - https://yoast.com/wordpress/plugins/seo/ -->
<title>RIAM - Le Cheile - Creative Ireland Programme</title>
<meta name="description" content="Le cúnamh taca ó Éire Ildánach faoin gCiste Náisiúnta Cruthaitheachta, thug Ceol-Acadamh Ríoga na hÉireann Ceolfhoireann Oscailte Óige na hÉireann chun cinn.  Is é an compántas seo an chéad cheann dá leithéid in Éirinn agus is daoine faoi mhíchumas na ceoltóirí ar fad, daoine a bhfuil siondróm Down, uathachas agus pairilis cheirbeach ag gabháil dóibh ina measc." />
<meta name="robots" content="index, follow, max-snippet:-1, max-image-preview:large, max-video-preview:-1" />
<link rel="canonical" href="https://www.creativeireland.gov.ie/ga/comhphairtithe/riam-le-cheile/" />
<meta property="og:locale" content="ga_IE" />
<meta property="og:type" content="article" />
<meta property="og:title" content="RIAM - Le Cheile - Creative Ireland Programme" />
<meta property="og:description" content="Le cúnamh taca ó Éire Ildánach faoin gCiste Náisiúnta Cruthaitheachta, thug Ceol-Acadamh Ríoga na hÉireann Ceolfhoireann Oscailte Óige na hÉireann chun cinn.  Is é an compántas seo an chéad cheann dá leithéid in Éirinn agus is daoine faoi mhíchumas na ceoltóirí ar fad, daoine a bhfuil siondróm Down, uathachas agus pairilis cheirbeach ag gabháil dóibh ina measc." />
<meta property="og:url" content="https://www.creativeireland.gov.ie/ga/comhphairtithe/riam-le-cheile/" />
<meta property="og:site_name" content="Creative Ireland Programme" />
<meta property="article:publisher" content="https://www.facebook.com/CreativeIrl/" />
<meta property="article:modified_time" content="2020-01-08T13:21:21+00:00" />
<meta property="og:image" content="https://www.creativeireland.gov.ie/app/uploads/2020/01/Le-Cheile-Project-Chello-Player-e1578489678706.jpg" />
	<meta property="og:image:width" content="900" />
	<meta property="og:image:height" content="423" />
	<meta property="og:image:type" content="image/jpeg" />
<meta name="twitter:card" content="summary_large_image" />
<meta name="twitter:site" content="@creativeirl" />
<script type="application/ld+json" class="yoast-schema-graph">{"@context":"https://schema.org","@graph":[{"@type":"WebPage","@id":"https://www.creativeireland.gov.ie/ga/comhphairtithe/riam-le-cheile/","url":"https://www.creativeireland.gov.ie/ga/comhphairtithe/riam-le-cheile/","name":"RIAM - Le Cheile - Creative Ireland Programme","isPartOf":{"@id":"https://www.creativeireland.gov.ie/ga/#website"},"primaryImageOfPage":{"@id":"https://www.creativeireland.gov.ie/ga/comhphairtithe/riam-le-cheile/#primaryimage"},"image":{"@id":"https://www.creativeireland.gov.ie/ga/comhphairtithe/riam-le-cheile/#primaryimage"},"thumbnailUrl":"https://www.creativeireland.gov.ie/app/uploads/2020/01/Le-Cheile-Project-Chello-Player-e1578489678706.jpg","datePublished":"2020-01-08T13:17:25+00:00","dateModified":"2020-01-08T13:21:21+00:00","description":"Le cúnamh taca ó Éire Ildánach faoin gCiste Náisiúnta Cruthaitheachta, thug Ceol-Acadamh Ríoga na hÉireann Ceolfhoireann Oscailte Óige na hÉireann chun cinn.  Is é an compántas seo an chéad cheann dá leithéid in Éirinn agus is daoine faoi mhíchumas na ceoltóirí ar fad, daoine a bhfuil siondróm Down, uathachas agus pairilis cheirbeach ag gabháil dóibh ina measc.","breadcrumb":{"@id":"https://www.creativeireland.gov.ie/ga/comhphairtithe/riam-le-cheile/#breadcrumb"},"inLanguage":"ga-IE","potentialAction":[{"@type":"ReadAction","target":["https://www.creativeireland.gov.ie/ga/comhphairtithe/riam-le-cheile/"]}]},{"@type":"ImageObject","inLanguage":"ga-IE","@id":"https://www.creativeireland.gov.ie/ga/comhphairtithe/riam-le-cheile/#primaryimage","url":"https://www.creativeireland.gov.ie/app/uploads/2020/01/Le-Cheile-Project-Chello-Player-e1578489678706.jpg","contentUrl":"https://www.creativeireland.gov.ie/app/uploads/2020/01/Le-Cheile-Project-Chello-Player-e1578489678706.jpg","width":900,"height":423,"caption":"Le Chéile participant Adrian Conaghan with Royal Irish Academy of Music (RIAM) student Schuyler Perry PHOTO: Mark Stedman"},{"@type":"BreadcrumbList","@id":"https://www.creativeireland.gov.ie/ga/comhphairtithe/riam-le-cheile/#breadcrumb","itemListElement":[{"@type":"ListItem","position":1,"name":"Home","item":"https://www.creativeireland.gov.ie/ga/"},{"@type":"ListItem","position":2,"name":"Comhpháirtíochtaí","item":"https://www.creativeireland.gov.ie/ga/comhphairtithe/"},{"@type":"ListItem","position":3,"name":"RIAM &#8211; Le Cheile"}]},{"@type":"WebSite","@id":"https://www.creativeireland.gov.ie/ga/#website","url":"https://www.creativeireland.gov.ie/ga/","name":"Creative Ireland Programme","description":"The Creative Ireland Programme is guided by a vision that every person in Ireland will have the opportunity to realise their full creative potential. It is a five year all-of-Government initiative, from 2017 to 2022, to place creativity at the centre of public policy.","potentialAction":[{"@type":"SearchAction","target":{"@type":"EntryPoint","urlTemplate":"https://www.creativeireland.gov.ie/ga/?s={search_term_string}"},"query-input":{"@type":"PropertyValueSpecification","valueRequired":true,"valueName":"search_term_string"}}],"inLanguage":"ga-IE"}]}</script>
<!-- / Yoast SEO plugin. -->

Le cúnamh taca ó Éire Ildánach faoin gCiste Náisiúnta Cruthaitheachta, thug Ceol-Acadamh Ríoga na hÉireann Ceolfhoireann Oscailte Óige na hÉireann chun cinn.  Is é an compántas seo an chéad cheann dá leithéid in Éirinn agus is daoine faoi mhíchumas na ceoltóirí ar fad, daoine a bhfuil siondróm Down, uathachas agus pairilis cheirbeach ag gabháil dóibh ina measc.

Le Chéile participant Adrian Conaghan with Royal Irish Academy of Music (RIAM) student Schuyler Perry PHOTO: Mark Stedman

Comhpháirtíochtaí
