{"id":8959,"date":"2019-12-18T11:38:00","date_gmt":"2019-12-18T11:38:00","guid":{"rendered":"https:\/\/prod-creativeireland.zestydev.com\/kildare\/"},"modified":"2026-01-12T16:53:22","modified_gmt":"2026-01-12T16:53:22","slug":"kildare","status":"publish","type":"page","link":"https:\/\/www.creativeireland.gov.ie\/ga\/kildare\/","title":{"rendered":"Cill Dara"},"content":{"rendered":"","protected":false},"excerpt":{"rendered":"","protected":false},"author":6,"featured_media":0,"parent":0,"menu_order":0,"comment_status":"closed","ping_status":"closed","template":"page-county.php","meta":{"footnotes":""},"class_list":["post-8959","page","type-page","status-publish","hentry"],"acf":[],"yoast_head":"<!-- This site is optimized with the Yoast SEO plugin v25.9 - https:\/\/yoast.com\/wordpress\/plugins\/seo\/ -->\n<title>Cill Dara - Creative Ireland Programme<\/title>\n<meta name=\"description\" content=\"Ceaptar Contae Chill Dara, &#039;an Contae ina mb\u00edonn an F\u00e9ar Giortach\u2019, le machair\u00ed fairsinge an Churraigh, le Cnoc Al\u00faine, le portaigh agus can\u00e1lacha, le hOllscoil Mh\u00e1 Nuad agus le stair Chuallacht na gCairde i mBeal \u00c1tha an Tuair.\" \/>\n<meta name=\"robots\" content=\"index, follow, max-snippet:-1, max-image-preview:large, max-video-preview:-1\" \/>\n<link rel=\"canonical\" href=\"https:\/\/www.creativeireland.gov.ie\/ga\/kildare\/\" \/>\n<meta property=\"og:locale\" content=\"ga_IE\" \/>\n<meta property=\"og:type\" content=\"article\" \/>\n<meta property=\"og:title\" content=\"Cill Dara - Creative Ireland Programme\" \/>\n<meta property=\"og:url\" content=\"https:\/\/www.creativeireland.gov.ie\/ga\/kildare\/\" \/>\n<meta property=\"og:site_name\" content=\"Creative Ireland Programme\" \/>\n<meta property=\"article:publisher\" content=\"https:\/\/www.facebook.com\/CreativeIrl\/\" \/>\n<meta property=\"article:modified_time\" content=\"2026-01-12T16:53:22+00:00\" \/>\n<meta name=\"twitter:card\" content=\"summary_large_image\" \/>\n<meta name=\"twitter:site\" content=\"@creativeirl\" \/>\n<script type=\"application\/ld+json\" class=\"yoast-schema-graph\">{\"@context\":\"https:\/\/schema.org\",\"@graph\":[{\"@type\":\"WebPage\",\"@id\":\"https:\/\/www.creativeireland.gov.ie\/ga\/kildare\/\",\"url\":\"https:\/\/www.creativeireland.gov.ie\/ga\/kildare\/\",\"name\":\"Cill Dara - Creative Ireland Programme\",\"isPartOf\":{\"@id\":\"https:\/\/www.creativeireland.gov.ie\/ga\/#website\"},\"datePublished\":\"2019-12-18T11:38:00+00:00\",\"dateModified\":\"2026-01-12T16:53:22+00:00\",\"breadcrumb\":{\"@id\":\"https:\/\/www.creativeireland.gov.ie\/ga\/kildare\/#breadcrumb\"},\"inLanguage\":\"ga-IE\",\"potentialAction\":[{\"@type\":\"ReadAction\",\"target\":[\"https:\/\/www.creativeireland.gov.ie\/ga\/kildare\/\"]}]},{\"@type\":\"BreadcrumbList\",\"@id\":\"https:\/\/www.creativeireland.gov.ie\/ga\/kildare\/#breadcrumb\",\"itemListElement\":[{\"@type\":\"ListItem\",\"position\":1,\"name\":\"Home\",\"item\":\"https:\/\/www.creativeireland.gov.ie\/ga\/\"},{\"@type\":\"ListItem\",\"position\":2,\"name\":\"Cill Dara\"}]},{\"@type\":\"WebSite\",\"@id\":\"https:\/\/www.creativeireland.gov.ie\/ga\/#website\",\"url\":\"https:\/\/www.creativeireland.gov.ie\/ga\/\",\"name\":\"Creative Ireland Programme\",\"description\":\"The Creative Ireland Programme is guided by a vision that every person in Ireland will have the opportunity to realise their full creative potential. It is a five year all-of-Government initiative, from 2017 to 2022, to place creativity at the centre of public policy.\",\"potentialAction\":[{\"@type\":\"SearchAction\",\"target\":{\"@type\":\"EntryPoint\",\"urlTemplate\":\"https:\/\/www.creativeireland.gov.ie\/ga\/?s={search_term_string}\"},\"query-input\":{\"@type\":\"PropertyValueSpecification\",\"valueRequired\":true,\"valueName\":\"search_term_string\"}}],\"inLanguage\":\"ga-IE\"}]}<\/script>\n<!-- \/ Yoast SEO plugin. -->","yoast_head_json":{"title":"Cill Dara - Creative Ireland Programme","description":"Ceaptar Contae Chill Dara, 'an Contae ina mb\u00edonn an F\u00e9ar Giortach\u2019, le machair\u00ed fairsinge an Churraigh, le Cnoc Al\u00faine, le portaigh agus can\u00e1lacha, le hOllscoil Mh\u00e1 Nuad agus le stair Chuallacht na gCairde i mBeal \u00c1tha an Tuair.","robots":{"index":"index","follow":"follow","max-snippet":"max-snippet:-1","max-image-preview":"max-image-preview:large","max-video-preview":"max-video-preview:-1"},"canonical":"https:\/\/www.creativeireland.gov.ie\/ga\/kildare\/","og_locale":"ga_IE","og_type":"article","og_title":"Cill Dara - Creative Ireland Programme","og_url":"https:\/\/www.creativeireland.gov.ie\/ga\/kildare\/","og_site_name":"Creative Ireland Programme","article_publisher":"https:\/\/www.facebook.com\/CreativeIrl\/","article_modified_time":"2026-01-12T16:53:22+00:00","twitter_card":"summary_large_image","twitter_site":"@creativeirl","schema":{"@context":"https:\/\/schema.org","@graph":[{"@type":"WebPage","@id":"https:\/\/www.creativeireland.gov.ie\/ga\/kildare\/","url":"https:\/\/www.creativeireland.gov.ie\/ga\/kildare\/","name":"Cill Dara - Creative Ireland Programme","isPartOf":{"@id":"https:\/\/www.creativeireland.gov.ie\/ga\/#website"},"datePublished":"2019-12-18T11:38:00+00:00","dateModified":"2026-01-12T16:53:22+00:00","breadcrumb":{"@id":"https:\/\/www.creativeireland.gov.ie\/ga\/kildare\/#breadcrumb"},"inLanguage":"ga-IE","potentialAction":[{"@type":"ReadAction","target":["https:\/\/www.creativeireland.gov.ie\/ga\/kildare\/"]}]},{"@type":"BreadcrumbList","@id":"https:\/\/www.creativeireland.gov.ie\/ga\/kildare\/#breadcrumb","itemListElement":[{"@type":"ListItem","position":1,"name":"Home","item":"https:\/\/www.creativeireland.gov.ie\/ga\/"},{"@type":"ListItem","position":2,"name":"Cill Dara"}]},{"@type":"WebSite","@id":"https:\/\/www.creativeireland.gov.ie\/ga\/#website","url":"https:\/\/www.creativeireland.gov.ie\/ga\/","name":"Creative Ireland Programme","description":"The Creative Ireland Programme is guided by a vision that every person in Ireland will have the opportunity to realise their full creative potential. It is a five year all-of-Government initiative, from 2017 to 2022, to place creativity at the centre of public policy.","potentialAction":[{"@type":"SearchAction","target":{"@type":"EntryPoint","urlTemplate":"https:\/\/www.creativeireland.gov.ie\/ga\/?s={search_term_string}"},"query-input":{"@type":"PropertyValueSpecification","valueRequired":true,"valueName":"search_term_string"}}],"inLanguage":"ga-IE"}]}},"_links":{"self":[{"href":"https:\/\/www.creativeireland.gov.ie\/ga\/wp-json\/wp\/v2\/pages\/8959","targetHints":{"allow":["GET"]}}],"collection":[{"href":"https:\/\/www.creativeireland.gov.ie\/ga\/wp-json\/wp\/v2\/pages"}],"about":[{"href":"https:\/\/www.creativeireland.gov.ie\/ga\/wp-json\/wp\/v2\/types\/page"}],"author":[{"embeddable":true,"href":"https:\/\/www.creativeireland.gov.ie\/ga\/wp-json\/wp\/v2\/users\/6"}],"replies":[{"embeddable":true,"href":"https:\/\/www.creativeireland.gov.ie\/ga\/wp-json\/wp\/v2\/comments?post=8959"}],"version-history":[{"count":36,"href":"https:\/\/www.creativeireland.gov.ie\/ga\/wp-json\/wp\/v2\/pages\/8959\/revisions"}],"predecessor-version":[{"id":39640,"href":"https:\/\/www.creativeireland.gov.ie\/ga\/wp-json\/wp\/v2\/pages\/8959\/revisions\/39640"}],"wp:attachment":[{"href":"https:\/\/www.creativeireland.gov.ie\/ga\/wp-json\/wp\/v2\/media?parent=8959"}],"curies":[{"name":"wp","href":"https:\/\/api.w.org\/{rel}","templated":true}]}}

<!-- This site is optimized with the Yoast SEO plugin v25.9 - https://yoast.com/wordpress/plugins/seo/ -->
<title>Cill Dara - Creative Ireland Programme</title>
<meta name="description" content="Ceaptar Contae Chill Dara, &#039;an Contae ina mbíonn an Féar Giortach’, le machairí fairsinge an Churraigh, le Cnoc Alúine, le portaigh agus canálacha, le hOllscoil Mhá Nuad agus le stair Chuallacht na gCairde i mBeal Átha an Tuair." />
<meta name="robots" content="index, follow, max-snippet:-1, max-image-preview:large, max-video-preview:-1" />
<link rel="canonical" href="https://www.creativeireland.gov.ie/ga/kildare/" />
<meta property="og:locale" content="ga_IE" />
<meta property="og:type" content="article" />
<meta property="og:title" content="Cill Dara - Creative Ireland Programme" />
<meta property="og:url" content="https://www.creativeireland.gov.ie/ga/kildare/" />
<meta property="og:site_name" content="Creative Ireland Programme" />
<meta property="article:publisher" content="https://www.facebook.com/CreativeIrl/" />
<meta property="article:modified_time" content="2026-01-12T16:53:22+00:00" />
<meta name="twitter:card" content="summary_large_image" />
<meta name="twitter:site" content="@creativeirl" />
<script type="application/ld+json" class="yoast-schema-graph">{"@context":"https://schema.org","@graph":[{"@type":"WebPage","@id":"https://www.creativeireland.gov.ie/ga/kildare/","url":"https://www.creativeireland.gov.ie/ga/kildare/","name":"Cill Dara - Creative Ireland Programme","isPartOf":{"@id":"https://www.creativeireland.gov.ie/ga/#website"},"datePublished":"2019-12-18T11:38:00+00:00","dateModified":"2026-01-12T16:53:22+00:00","breadcrumb":{"@id":"https://www.creativeireland.gov.ie/ga/kildare/#breadcrumb"},"inLanguage":"ga-IE","potentialAction":[{"@type":"ReadAction","target":["https://www.creativeireland.gov.ie/ga/kildare/"]}]},{"@type":"BreadcrumbList","@id":"https://www.creativeireland.gov.ie/ga/kildare/#breadcrumb","itemListElement":[{"@type":"ListItem","position":1,"name":"Home","item":"https://www.creativeireland.gov.ie/ga/"},{"@type":"ListItem","position":2,"name":"Cill Dara"}]},{"@type":"WebSite","@id":"https://www.creativeireland.gov.ie/ga/#website","url":"https://www.creativeireland.gov.ie/ga/","name":"Creative Ireland Programme","description":"The Creative Ireland Programme is guided by a vision that every person in Ireland will have the opportunity to realise their full creative potential. It is a five year all-of-Government initiative, from 2017 to 2022, to place creativity at the centre of public policy.","potentialAction":[{"@type":"SearchAction","target":{"@type":"EntryPoint","urlTemplate":"https://www.creativeireland.gov.ie/ga/?s={search_term_string}"},"query-input":{"@type":"PropertyValueSpecification","valueRequired":true,"valueName":"search_term_string"}}],"inLanguage":"ga-IE"}]}</script>
<!-- / Yoast SEO plugin. -->

Ceaptar Contae Chill Dara, 'an Contae ina mbíonn an Féar Giortach’, le machairí fairsinge an Churraigh, le Cnoc Alúine, le portaigh agus canálacha, le hOllscoil Mhá Nuad agus le stair Chuallacht na gCairde i mBeal Átha an Tuair.
